[INFO] fetching crate cranpose-app-shell 0.12.0...
[INFO] testing cranpose-app-shell-0.12.0 against 1.99.0-beta.8+cargoflags=--release for beta-release-1.100-2
[INFO] extracting crate cranpose-app-shell 0.12.0 into /workspace/builds/worker-6-tc1/source
[INFO] started tweaking crates.io crate cranpose-app-shell 0.12.0
[INFO] removed 0 missing tests
[INFO] finished tweaking crates.io crate cranpose-app-shell 0.12.0
[INFO] tweaked toml for crates.io crate cranpose-app-shell 0.12.0 written to /workspace/builds/worker-6-tc1/source/Cargo.toml
[INFO] validating manifest of crates.io crate cranpose-app-shell 0.12.0 on toolchain 1.99.0-beta.8
[INFO] running `Command { std: CARGO_HOME="/workspace/cargo-home" RUSTUP_HOME="/workspace/rustup-home" "/workspace/cargo-home/bin/cargo" "+1.99.0-beta.8" "metadata" "--manifest-path" "Cargo.toml" "--no-deps", kill_on_drop: false }`
[INFO] crate crates.io crate cranpose-app-shell 0.12.0 already has a lockfile, it will not be regenerated
[INFO] running `Command { std: CARGO_HOME="/workspace/cargo-home" RUSTUP_HOME="/workspace/rustup-home" "/workspace/cargo-home/bin/cargo" "+1.99.0-beta.8" "fetch" "--manifest-path" "Cargo.toml", kill_on_drop: false }`
[INFO] [stderr]     Updating crates.io index
[INFO] [stderr]  Downloading crates ...
[INFO] [stderr]   Downloaded wasm-bindgen-macro v0.2.129
[INFO] [stderr]   Downloaded wasm-bindgen-shared v0.2.129
[INFO] [stderr]   Downloaded wasm-bindgen-macro-support v0.2.129
[INFO] [stderr]   Downloaded stats_alloc v0.1.10
[INFO] [stderr]   Downloaded cranpose-runtime-std v0.12.0
[INFO] [stderr]   Downloaded ab_glyph_rasterizer v0.1.10
[INFO] [stderr]   Downloaded wasm-bindgen-futures v0.4.79
[INFO] [stderr]   Downloaded strict-num v0.1.1
[INFO] [stderr]   Downloaded objc2-io-surface v0.3.2
[INFO] [stderr]   Downloaded owned_ttf_parser v0.25.1
[INFO] [stderr]   Downloaded error-code v3.4.0
[INFO] [stderr]   Downloaded cursor-icon v1.2.0
[INFO] [stderr]   Downloaded wasm-bindgen v0.2.129
[INFO] [stderr]   Downloaded clipboard-win v5.4.1
[INFO] [stderr]   Downloaded ab_glyph v0.2.32
[INFO] [stderr]   Downloaded bytemuck_derive v1.12.1
[INFO] [stderr]   Downloaded cranpose-ui-layout v0.12.0
[INFO] [stderr]   Downloaded smallvec v1.16.2
[INFO] [stderr]   Downloaded pollster v0.4.0
[INFO] [stderr]   Downloaded cranpose-macros v0.12.0
[INFO] [stderr]   Downloaded cranpose-animation v0.12.0
[INFO] [stderr]   Downloaded tiny-skia-path v0.12.0
[INFO] [stderr]   Downloaded arboard v3.6.1
[INFO] [stderr]   Downloaded js-sys v0.3.106
[INFO] [stderr]   Downloaded objc2-core-graphics v0.3.2
[INFO] [stderr]   Downloaded cranpose-foundation v0.12.0
[INFO] [stderr]   Downloaded ttf-parser v0.25.1
[INFO] [stderr]   Downloaded cranpose-ui-graphics v0.12.0
[INFO] [stderr]   Downloaded tiny-skia v0.12.0
[INFO] [stderr]   Downloaded cranpose-core v0.12.0
[INFO] [stderr]   Downloaded objc2-app-kit v0.3.2
[INFO] [stderr]   Downloaded web-sys v0.3.106
[INFO] [stderr]   Downloaded libc v0.2.190
[INFO] [stderr]   Downloaded cranpose-ui v0.12.0
[INFO] [stderr]   Downloaded tokio v1.53.2
[INFO] [stderr]   Downloaded cranpose-render-common v0.12.0
[INFO] running `Command { std: "docker" "create" "-v" "/var/lib/crater-agent-workspace/builds/worker-6-tc1/source:/opt/rustwide/workdir:ro,Z" "-v" "/var/lib/crater-agent-workspace/builds/worker-6-tc1/target:/opt/rustwide/target:rw,Z" "-v" "/var/lib/crater-agent-workspace/cargo-home:/opt/rustwide/cargo-home:ro,Z" "-v" "/var/lib/crater-agent-workspace/rustup-home:/opt/rustwide/rustup-home:ro,Z" "-m" "1610612736" "--network" "none" "ghcr.io/rust-lang/crates-build-env/linux@sha256:77db811e55d90add9212f6832c23229e3de5f1c1f9905e8cb07319ea15df73ac" "sleep" "infinity", kill_on_drop: false }`
[INFO] [stdout] 804b5eef94ab9214128d4e623daa190b54282cd75d5d8c5b41a6b73865248e6c
[INFO] running `Command { std: "docker" "start" "804b5eef94ab9214128d4e623daa190b54282cd75d5d8c5b41a6b73865248e6c", kill_on_drop: false }`
[INFO] running `Command { std: "docker" "inspect" "804b5eef94ab9214128d4e623daa190b54282cd75d5d8c5b41a6b73865248e6c", kill_on_drop: false }`
[INFO] running `Command { std: "docker" "exec" "-e" "SOURCE_DIR=/opt/rustwide/workdir" "-e" "CARGO_HOME=/opt/rustwide/cargo-home" "-e" "RUSTUP_HOME=/opt/rustwide/rustup-home" "-e" "CARGO_TARGET_DIR=/opt/rustwide/target" "-w" "/opt/rustwide/workdir" "--user" "0:0" "804b5eef94ab9214128d4e623daa190b54282cd75d5d8c5b41a6b73865248e6c" "/opt/rustwide/cargo-home/bin/cargo" "+1.99.0-beta.8" "metadata" "--no-deps" "--format-version=1", kill_on_drop: false }`
[INFO] running `Command { std: "docker" "inspect" "804b5eef94ab9214128d4e623daa190b54282cd75d5d8c5b41a6b73865248e6c", kill_on_drop: false }`
[INFO] running `Command { std: "docker" "exec" "-e" "SOURCE_DIR=/opt/rustwide/workdir" "-e" "CARGO_HOME=/opt/rustwide/cargo-home" "-e" "RUSTUP_HOME=/opt/rustwide/rustup-home" "-e" "CARGO_TARGET_DIR=/opt/rustwide/target" "-e" "CARGO_INCREMENTAL=0" "-e" "RUST_BACKTRACE=full" "-e" "RUSTFLAGS=--cap-lints=warn" "-e" "RUSTDOCFLAGS=--cap-lints=warn" "-w" "/opt/rustwide/workdir" "--user" "0:0" "804b5eef94ab9214128d4e623daa190b54282cd75d5d8c5b41a6b73865248e6c" "/opt/rustwide/cargo-home/bin/cargo" "+1.99.0-beta.8" "build" "--frozen" "--message-format=json" "--release", kill_on_drop: false }`
[INFO] [stderr]    Compiling proc-macro2 v1.0.107
[INFO] [stderr]    Compiling unicode-ident v1.0.26
[INFO] [stderr]    Compiling quote v1.0.47
[INFO] [stderr]    Compiling thiserror v2.0.21
[INFO] [stderr]    Compiling portable-atomic v1.15.0
[INFO] [stderr]    Compiling parking v2.2.1
[INFO] [stderr]    Compiling foldhash v0.2.0
[INFO] [stderr]    Compiling log v0.4.34
[INFO] [stderr]    Compiling cranpose-ui-graphics v0.12.0
[INFO] [stderr]    Compiling event-listener v5.4.2
[INFO] [stderr]    Compiling hashbrown v0.17.1
[INFO] [stderr]    Compiling futures-task v0.3.34
[INFO] [stderr]    Compiling smallvec v1.16.2
[INFO] [stderr]    Compiling web-time v1.1.0
[INFO] [stderr]    Compiling pollster v0.4.0
[INFO] [stderr]    Compiling arrayvec v0.7.8
[INFO] [stderr]    Compiling winnow v1.0.4
[INFO] [stderr]    Compiling toml_datetime v1.1.1+spec-1.1.0
[INFO] [stderr]    Compiling cursor-icon v1.2.0
[INFO] [stderr]    Compiling icu_properties_data v2.3.0
[INFO] [stderr]    Compiling litemap v0.8.3
[INFO] [stderr]    Compiling writeable v0.6.4
[INFO] [stderr]    Compiling syn v3.0.6
[INFO] [stderr]    Compiling ttf-parser v0.25.1
[INFO] [stderr]    Compiling indexmap v2.14.2
[INFO] [stderr]    Compiling unicode-segmentation v1.13.3
[INFO] [stderr]    Compiling strict-num v0.1.1
[INFO] [stderr]    Compiling cfg-if v1.0.5
[INFO] [stderr]    Compiling ab_glyph_rasterizer v0.1.10
[INFO] [stderr]    Compiling toml_parser v1.1.3+spec-1.1.0
[INFO] [stderr]    Compiling toml_edit v0.25.15+spec-1.1.0
[INFO] [stderr]    Compiling proc-macro-crate v3.5.0
[INFO] [stderr]    Compiling owned_ttf_parser v0.25.1
[INFO] [stderr]    Compiling ab_glyph v0.2.32
[INFO] [stderr]    Compiling synstructure v0.14.0
[INFO] [stderr]    Compiling zerovec-derive v0.11.6
[INFO] [stderr]    Compiling zerofrom-derive v0.1.8
[INFO] [stderr]    Compiling yoke-derive v0.8.4
[INFO] [stderr]    Compiling thiserror-impl v2.0.21
[INFO] [stderr]    Compiling bytemuck_derive v1.12.1
[INFO] [stderr]    Compiling displaydoc v0.2.7
[INFO] [stderr]    Compiling cranpose-macros v0.12.0
[INFO] [stderr]    Compiling zerofrom v0.1.8
[INFO] [stderr]    Compiling yoke v0.8.3
[INFO] [stderr]    Compiling bytemuck v1.25.2
[INFO] [stderr]    Compiling zerovec v0.11.8
[INFO] [stderr]    Compiling zerotrie v0.2.5
[INFO] [stderr]    Compiling cranpose-core v0.12.0
[INFO] [stderr]    Compiling tiny-skia-path v0.12.0
[INFO] [stderr]    Compiling tiny-skia v0.12.0
[INFO] [stderr]    Compiling tinystr v0.8.4
[INFO] [stderr]    Compiling potential_utf v0.1.6
[INFO] [stderr]    Compiling icu_collections v2.3.0
[INFO] [stderr]    Compiling icu_locale_core v2.3.0
[INFO] [stderr]    Compiling icu_provider v2.3.1
[INFO] [stderr]    Compiling icu_properties v2.3.0
[INFO] [stderr]    Compiling cranpose-ui-layout v0.12.0
[INFO] [stderr]    Compiling cranpose-animation v0.12.0
[INFO] [stderr]    Compiling cranpose-runtime-std v0.12.0
[INFO] [stderr]    Compiling cranpose-foundation v0.12.0
[INFO] [stderr]    Compiling cranpose-ui v0.12.0
[INFO] [stderr]    Compiling cranpose-render-common v0.12.0
[INFO] [stderr]    Compiling cranpose-app-shell v0.12.0 (/opt/rustwide/workdir)
[INFO] [stderr]     Finished `release` profile [optimized] target(s) in 3m 05s
[INFO] running `Command { std: "docker" "inspect" "804b5eef94ab9214128d4e623daa190b54282cd75d5d8c5b41a6b73865248e6c", kill_on_drop: false }`
[INFO] running `Command { std: "docker" "exec" "-e" "SOURCE_DIR=/opt/rustwide/workdir" "-e" "CARGO_HOME=/opt/rustwide/cargo-home" "-e" "RUSTUP_HOME=/opt/rustwide/rustup-home" "-e" "CARGO_TARGET_DIR=/opt/rustwide/target" "-e" "CARGO_INCREMENTAL=0" "-e" "RUST_BACKTRACE=full" "-e" "RUSTFLAGS=--cap-lints=warn" "-e" "RUSTDOCFLAGS=--cap-lints=warn" "-w" "/opt/rustwide/workdir" "--user" "0:0" "804b5eef94ab9214128d4e623daa190b54282cd75d5d8c5b41a6b73865248e6c" "/opt/rustwide/cargo-home/bin/cargo" "+1.99.0-beta.8" "test" "--frozen" "--no-run" "--message-format=json" "--release", kill_on_drop: false }`
[INFO] [stderr]    Compiling stats_alloc v0.1.10
[INFO] [stderr]    Compiling cranpose-app-shell v0.12.0 (/opt/rustwide/workdir)
[INFO] [stdout] error[E0432]: unresolved import `cranpose_macros`
[INFO] [stdout]   --> tests/undrawn_lazy_slots.rs:10:5
[INFO] [stdout]    |
[INFO] [stdout] 10 | use cranpose_macros::composable;
[INFO] [stdout]    |     ^^^^^^^^^^^^^^^ use of unresolved module or unlinked crate `cranpose_macros`
[INFO] [stdout]    |
[INFO] [stdout] help: there is a crate or module with a similar name
[INFO] [stdout]    |
[INFO] [stdout] 10 - use cranpose_macros::composable;
[INFO] [stdout] 10 + use cranpose_core::composable;
[INFO] [stdout]    |
[INFO] [stdout] 
[INFO] [stdout] 
[INFO] [stdout] error[E0432]: unresolved import `cranpose_macros`
[INFO] [stdout]  --> tests/dirty_routing.rs:5:5
[INFO] [stdout]   |
[INFO] [stdout] 5 | use cranpose_macros::composable;
[INFO] [stdout]   |     ^^^^^^^^^^^^^^^ use of unresolved module or unlinked crate `cranpose_macros`
[INFO] [stdout]   |
[INFO] [stdout] help: there is a crate or module with a similar name
[INFO] [stdout]   |
[INFO] [stdout] 5 - use cranpose_macros::composable;
[INFO] [stdout] 5 + use cranpose_core::composable;
[INFO] [stdout]   |
[INFO] [stdout] 
[INFO] [stdout] 
[INFO] [stdout] error[E0432]: unresolved import `cranpose_macros`
[INFO] [stdout]  --> tests/subcomposition_teardown.rs:5:5
[INFO] [stdout]   |
[INFO] [stdout] 5 | use cranpose_macros::composable;
[INFO] [stdout]   |     ^^^^^^^^^^^^^^^ use of unresolved module or unlinked crate `cranpose_macros`
[INFO] [stdout]   |
[INFO] [stdout] help: there is a crate or module with a similar name
[INFO] [stdout]   |
[INFO] [stdout] 5 - use cranpose_macros::composable;
[INFO] [stdout] 5 + use cranpose_core::composable;
[INFO] [stdout]   |
[INFO] [stdout] 
[INFO] [stdout] 
[INFO] [stdout] error[E0432]: unresolved import `cranpose_macros`
[INFO] [stdout]   --> tests/resizing_parent.rs:14:5
[INFO] [stdout]    |
[INFO] [stdout] 14 | use cranpose_macros::composable;
[INFO] [stdout]    |     ^^^^^^^^^^^^^^^ use of unresolved module or unlinked crate `cranpose_macros`
[INFO] [stdout]    |
[INFO] [stdout] help: there is a crate or module with a similar name
[INFO] [stdout]    |
[INFO] [stdout] 14 - use cranpose_macros::composable;
[INFO] [stdout] 14 + use cranpose_core::composable;
[INFO] [stdout]    |
[INFO] [stdout] 
[INFO] [stdout] 
[INFO] [stdout] error[E0432]: unresolved import `cranpose_macros`
[INFO] [stdout]   --> tests/lazy_beyond_items.rs:10:5
[INFO] [stdout]    |
[INFO] [stdout] 10 | use cranpose_macros::composable;
[INFO] [stdout]    |     ^^^^^^^^^^^^^^^ use of unresolved module or unlinked crate `cranpose_macros`
[INFO] [stdout]    |
[INFO] [stdout] help: there is a crate or module with a similar name
[INFO] [stdout]    |
[INFO] [stdout] 10 - use cranpose_macros::composable;
[INFO] [stdout] 10 + use cranpose_core::composable;
[INFO] [stdout]    |
[INFO] [stdout] 
[INFO] [stdout] 
[INFO] [stdout] error[E0432]: unresolved import `cranpose_macros`
[INFO] [stdout]   --> tests/idle_prefetch_budget.rs:15:5
[INFO] [stdout]    |
[INFO] [stdout] 15 | use cranpose_macros::composable;
[INFO] [stdout]    |     ^^^^^^^^^^^^^^^ use of unresolved module or unlinked crate `cranpose_macros`
[INFO] [stdout]    |
[INFO] [stdout] help: there is a crate or module with a similar name
[INFO] [stdout]    |
[INFO] [stdout] 15 - use cranpose_macros::composable;
[INFO] [stdout] 15 + use cranpose_core::composable;
[INFO] [stdout]    |
[INFO] [stdout] 
[INFO] [stdout] 
[INFO] [stdout] For more information about this error, try `rustc --explain E0432`.
[INFO] [stdout] 
[INFO] [stdout] For more information about this error, try `rustc --explain E0432`.
[INFO] [stdout] 
[INFO] [stderr] error: could not compile `cranpose-app-shell` (test "dirty_routing") due to 1 previous error
[INFO] [stderr] warning: build failed, waiting for other jobs to finish...
[INFO] [stdout] For more information about this error, try `rustc --explain E0432`.
[INFO] [stdout] 
[INFO] [stderr] error: could not compile `cranpose-app-shell` (test "subcomposition_teardown") due to 1 previous error
[INFO] [stderr] error: could not compile `cranpose-app-shell` (test "undrawn_lazy_slots") due to 1 previous error
[INFO] [stdout] For more information about this error, try `rustc --explain E0432`.
[INFO] [stdout] 
[INFO] [stderr] error: could not compile `cranpose-app-shell` (test "idle_prefetch_budget") due to 1 previous error
[INFO] [stdout] For more information about this error, try `rustc --explain E0432`.
[INFO] [stdout] 
[INFO] [stderr] error: could not compile `cranpose-app-shell` (test "resizing_parent") due to 1 previous error
[INFO] [stdout] For more information about this error, try `rustc --explain E0432`.
[INFO] [stdout] 
[INFO] [stderr] error: could not compile `cranpose-app-shell` (test "lazy_beyond_items") due to 1 previous error
[INFO] [stdout] error[E0432]: unresolved import `cranpose_macros`
[INFO] [stdout]   --> src/tests/app_shell_tests.rs:17:5
[INFO] [stdout]    |
[INFO] [stdout] 17 | use cranpose_macros::composable;
[INFO] [stdout]    |     ^^^^^^^^^^^^^^^ use of unresolved module or unlinked crate `cranpose_macros`
[INFO] [stdout]    |
[INFO] [stdout] help: there is a crate or module with a similar name
[INFO] [stdout]    |
[INFO] [stdout] 17 - use cranpose_macros::composable;
[INFO] [stdout] 17 + use cranpose_core::composable;
[INFO] [stdout]    |
[INFO] [stdout] 
[INFO] [stdout] 
[INFO] [stdout] error[E0433]: cannot find module or crate `cranpose_liquid` in this scope
[INFO] [stdout]  --> src/tests/liquid_lens_frame_tests.rs:1:5
[INFO] [stdout]   |
[INFO] [stdout] 1 | use cranpose_liquid::prelude::{
[INFO] [stdout]   |     ^^^^^^^^^^^^^^^ use of unresolved module or unlinked crate `cranpose_liquid`
[INFO] [stdout]   |
[INFO] [stdout] help: there is a crate or module with a similar name
[INFO] [stdout]   |
[INFO] [stdout] 1 - use cranpose_liquid::prelude::{
[INFO] [stdout] 1 + use cranpose_ui::prelude::{
[INFO] [stdout]   |
[INFO] [stdout] 
[INFO] [stdout] 
[INFO] [stdout] error[E0432]: unresolved import `cranpose_macros`
[INFO] [stdout]  --> src/tests/disposal_state_tests.rs:7:5
[INFO] [stdout]   |
[INFO] [stdout] 7 | use cranpose_macros::composable;
[INFO] [stdout]   |     ^^^^^^^^^^^^^^^ use of unresolved module or unlinked crate `cranpose_macros`
[INFO] [stdout]   |
[INFO] [stdout] help: there is a crate or module with a similar name
[INFO] [stdout]   |
[INFO] [stdout] 7 - use cranpose_macros::composable;
[INFO] [stdout] 7 + use cranpose_core::composable;
[INFO] [stdout]   |
[INFO] [stdout] 
[INFO] [stdout] 
[INFO] [stdout] Some errors have detailed explanations: E0432, E0433.
[INFO] [stdout] 
[INFO] [stdout] For more information about an error, try `rustc --explain E0432`.
[INFO] [stdout] 
[INFO] [stderr] error: could not compile `cranpose-app-shell` (lib test) due to 3 previous errors
[INFO] running `Command { std: "docker" "inspect" "804b5eef94ab9214128d4e623daa190b54282cd75d5d8c5b41a6b73865248e6c", kill_on_drop: false }`
[INFO] running `Command { std: "docker" "rm" "-f" "804b5eef94ab9214128d4e623daa190b54282cd75d5d8c5b41a6b73865248e6c", kill_on_drop: false }`
[INFO] [stdout] 804b5eef94ab9214128d4e623daa190b54282cd75d5d8c5b41a6b73865248e6c
