[INFO] fetching crate cranelift-jit 0.136.3...
[INFO] testing cranelift-jit-0.136.3 against 1.99.0-beta.8+cargoflags=--release for beta-release-1.100-2
[INFO] extracting crate cranelift-jit 0.136.3 into /workspace/builds/worker-4-tc1/source
[INFO] started tweaking crates.io crate cranelift-jit 0.136.3
[INFO] removed 0 missing examples
[INFO] removed 0 missing tests
[INFO] finished tweaking crates.io crate cranelift-jit 0.136.3
[INFO] tweaked toml for crates.io crate cranelift-jit 0.136.3 written to /workspace/builds/worker-4-tc1/source/Cargo.toml
[INFO] validating manifest of crates.io crate cranelift-jit 0.136.3 on toolchain 1.99.0-beta.8
[INFO] running `Command { std: CARGO_HOME="/workspace/cargo-home" RUSTUP_HOME="/workspace/rustup-home" "/workspace/cargo-home/bin/cargo" "+1.99.0-beta.8" "metadata" "--manifest-path" "Cargo.toml" "--no-deps", kill_on_drop: false }`
[INFO] crate crates.io crate cranelift-jit 0.136.3 already has a lockfile, it will not be regenerated
[INFO] running `Command { std: CARGO_HOME="/workspace/cargo-home" RUSTUP_HOME="/workspace/rustup-home" "/workspace/cargo-home/bin/cargo" "+1.99.0-beta.8" "fetch" "--manifest-path" "Cargo.toml", kill_on_drop: false }`
[INFO] [stderr]     Updating crates.io index
[INFO] [stderr]  Downloading crates ...
[INFO] [stderr]   Downloaded quote v1.0.41
[INFO] [stderr]   Downloaded wasmtime-internal-unwinder v49.0.3
[INFO] [stderr]   Downloaded wasmtime-internal-core v49.0.3
[INFO] [stderr]   Downloaded cobs v0.3.0
[INFO] [stderr]   Downloaded cranelift-control v0.136.3
[INFO] [stderr]   Downloaded cranelift-srcgen v0.136.3
[INFO] [stderr]   Downloaded wasmtime-internal-jit-icache-coherence v49.0.3
[INFO] [stderr]   Downloaded embedded-io v0.6.1
[INFO] [stderr]   Downloaded block-buffer v0.10.2
[INFO] [stderr]   Downloaded embedded-io v0.4.0
[INFO] [stderr]   Downloaded cranelift-bitset v0.136.3
[INFO] [stderr]   Downloaded cranelift-codegen-shared v0.136.3
[INFO] [stderr]   Downloaded cranelift-native v0.136.3
[INFO] [stderr]   Downloaded cpufeatures v0.2.7
[INFO] [stderr]   Downloaded target-lexicon v0.13.5
[INFO] [stderr]   Downloaded cranelift-entity v0.136.3
[INFO] [stderr]   Downloaded cranelift-module v0.136.3
[INFO] [stderr]   Downloaded thiserror-impl v2.0.17
[INFO] [stderr]   Downloaded cranelift-assembler-x64 v0.136.3
[INFO] [stderr]   Downloaded sha2 v0.10.2
[INFO] [stderr]   Downloaded arbitrary v1.4.2
[INFO] [stderr]   Downloaded typenum v1.15.0
[INFO] [stderr]   Downloaded generic-array v0.14.5
[INFO] [stderr]   Downloaded cranelift-bforest v0.136.3
[INFO] [stderr]   Downloaded cranelift-assembler-x64-meta v0.136.3
[INFO] [stderr]   Downloaded region v3.0.2
[INFO] [stderr]   Downloaded memmap2 v0.9.11
[INFO] [stderr]   Downloaded cranelift-frontend v0.136.3
[INFO] [stderr]   Downloaded postcard v1.1.3
[INFO] [stderr]   Downloaded thiserror v2.0.17
[INFO] [stderr]   Downloaded log v0.4.28
[INFO] [stderr]   Downloaded allocator-api2 v0.2.20
[INFO] [stderr]   Downloaded cranelift-isle v0.136.3
[INFO] [stderr]   Downloaded cranelift-codegen-meta v0.136.3
[INFO] [stderr]   Downloaded regalloc2 v0.15.2
[INFO] [stderr]   Downloaded wasmtime-environ v49.0.3
[INFO] [stderr]   Downloaded wasmparser v0.258.3
[INFO] [stderr]   Downloaded gimli v0.33.0
[INFO] [stderr]   Downloaded object v0.40.0
[INFO] [stderr]   Downloaded libc v0.2.185
[INFO] [stderr]   Downloaded cranelift-codegen v0.136.3
[INFO] running `Command { std: "docker" "create" "-v" "/var/lib/crater-agent-workspace/builds/worker-4-tc1/source:/opt/rustwide/workdir:ro,Z" "-v" "/var/lib/crater-agent-workspace/builds/worker-4-tc1/target:/opt/rustwide/target:rw,Z" "-v" "/var/lib/crater-agent-workspace/cargo-home:/opt/rustwide/cargo-home:ro,Z" "-v" "/var/lib/crater-agent-workspace/rustup-home:/opt/rustwide/rustup-home:ro,Z" "-m" "1610612736" "--network" "none" "ghcr.io/rust-lang/crates-build-env/linux@sha256:77db811e55d90add9212f6832c23229e3de5f1c1f9905e8cb07319ea15df73ac" "sleep" "infinity", kill_on_drop: false }`
[INFO] [stdout] 2893e7095fe543489c68e76347df472bfaee5b690d0bb30024745e3c876a30ae
[INFO] running `Command { std: "docker" "start" "2893e7095fe543489c68e76347df472bfaee5b690d0bb30024745e3c876a30ae", kill_on_drop: false }`
[INFO] running `Command { std: "docker" "inspect" "2893e7095fe543489c68e76347df472bfaee5b690d0bb30024745e3c876a30ae", kill_on_drop: false }`
[INFO] running `Command { std: "docker" "exec" "-e" "SOURCE_DIR=/opt/rustwide/workdir" "-e" "CARGO_HOME=/opt/rustwide/cargo-home" "-e" "RUSTUP_HOME=/opt/rustwide/rustup-home" "-e" "CARGO_TARGET_DIR=/opt/rustwide/target" "-w" "/opt/rustwide/workdir" "--user" "0:0" "2893e7095fe543489c68e76347df472bfaee5b690d0bb30024745e3c876a30ae" "/opt/rustwide/cargo-home/bin/cargo" "+1.99.0-beta.8" "metadata" "--no-deps" "--format-version=1", kill_on_drop: false }`
[INFO] running `Command { std: "docker" "inspect" "2893e7095fe543489c68e76347df472bfaee5b690d0bb30024745e3c876a30ae", kill_on_drop: false }`
[INFO] running `Command { std: "docker" "exec" "-e" "SOURCE_DIR=/opt/rustwide/workdir" "-e" "CARGO_HOME=/opt/rustwide/cargo-home" "-e" "RUSTUP_HOME=/opt/rustwide/rustup-home" "-e" "CARGO_TARGET_DIR=/opt/rustwide/target" "-e" "CARGO_INCREMENTAL=0" "-e" "RUST_BACKTRACE=full" "-e" "RUSTFLAGS=--cap-lints=warn" "-e" "RUSTDOCFLAGS=--cap-lints=warn" "-w" "/opt/rustwide/workdir" "--user" "0:0" "2893e7095fe543489c68e76347df472bfaee5b690d0bb30024745e3c876a30ae" "/opt/rustwide/cargo-home/bin/cargo" "+1.99.0-beta.8" "build" "--frozen" "--message-format=json" "--release", kill_on_drop: false }`
[INFO] [stderr]    Compiling foldhash v0.2.0
[INFO] [stderr]    Compiling cranelift-srcgen v0.136.3
[INFO] [stderr]    Compiling libm v0.2.16
[INFO] [stderr]    Compiling wasmtime-internal-core v49.0.3
[INFO] [stderr]    Compiling cranelift-isle v0.136.3
[INFO] [stderr]    Compiling cranelift-codegen-shared v0.136.3
[INFO] [stderr]    Compiling heck v0.5.0
[INFO] [stderr]    Compiling equivalent v1.0.1
[INFO] [stderr]    Compiling allocator-api2 v0.2.20
[INFO] [stderr]    Compiling target-lexicon v0.13.5
[INFO] [stderr]    Compiling libc v0.2.185
[INFO] [stderr]    Compiling log v0.4.28
[INFO] [stderr]    Compiling hashbrown v0.16.1
[INFO] [stderr]    Compiling arbitrary v1.4.2
[INFO] [stderr]    Compiling fnv v1.0.7
[INFO] [stderr]    Compiling smallvec v1.15.1
[INFO] [stderr]    Compiling rustc-hash v2.1.1
[INFO] [stderr]    Compiling anyhow v1.0.103
[INFO] [stderr]    Compiling hashbrown v0.17.0
[INFO] [stderr]    Compiling cranelift-assembler-x64-meta v0.136.3
[INFO] [stderr]    Compiling cranelift-codegen-meta v0.136.3
[INFO] [stderr]    Compiling bumpalo v3.20.2
[INFO] [stderr]    Compiling cranelift-assembler-x64 v0.136.3
[INFO] [stderr]    Compiling cranelift-control v0.136.3
[INFO] [stderr]    Compiling memmap2 v0.9.11
[INFO] [stderr]    Compiling region v3.0.2
[INFO] [stderr]    Compiling indexmap v2.14.0
[INFO] [stderr]    Compiling regalloc2 v0.15.2
[INFO] [stderr]    Compiling cranelift-bitset v0.136.3
[INFO] [stderr]    Compiling wasmtime-internal-jit-icache-coherence v49.0.3
[INFO] [stderr]    Compiling cranelift-entity v0.136.3
[INFO] [stderr]    Compiling cranelift-bforest v0.136.3
[INFO] [stderr]    Compiling cranelift-codegen v0.136.3
[INFO] [stderr]    Compiling gimli v0.33.0
[INFO] [stderr]    Compiling cranelift-native v0.136.3
[INFO] [stderr]    Compiling cranelift-module v0.136.3
[INFO] [stderr]    Compiling cranelift-jit v0.136.3 (/opt/rustwide/workdir)
[INFO] [stderr]     Finished `release` profile [optimized] target(s) in 2m 15s
[INFO] running `Command { std: "docker" "inspect" "2893e7095fe543489c68e76347df472bfaee5b690d0bb30024745e3c876a30ae", kill_on_drop: false }`
[INFO] running `Command { std: "docker" "exec" "-e" "SOURCE_DIR=/opt/rustwide/workdir" "-e" "CARGO_HOME=/opt/rustwide/cargo-home" "-e" "RUSTUP_HOME=/opt/rustwide/rustup-home" "-e" "CARGO_TARGET_DIR=/opt/rustwide/target" "-e" "CARGO_INCREMENTAL=0" "-e" "RUST_BACKTRACE=full" "-e" "RUSTFLAGS=--cap-lints=warn" "-e" "RUSTDOCFLAGS=--cap-lints=warn" "-w" "/opt/rustwide/workdir" "--user" "0:0" "2893e7095fe543489c68e76347df472bfaee5b690d0bb30024745e3c876a30ae" "/opt/rustwide/cargo-home/bin/cargo" "+1.99.0-beta.8" "test" "--frozen" "--no-run" "--message-format=json" "--release", kill_on_drop: false }`
[INFO] [stderr]    Compiling cranelift-frontend v0.136.3
[INFO] [stderr]    Compiling cranelift-jit v0.136.3 (/opt/rustwide/workdir)
[INFO] [stdout] error[E0433]: cannot find module or crate `cranelift` in this scope
[INFO] [stdout]  --> examples/jit-minimal.rs:2:5
[INFO] [stdout]   |
[INFO] [stdout] 2 | use cranelift::prelude::*;
[INFO] [stdout]   |     ^^^^^^^^^ use of unresolved module or unlinked crate `cranelift`
[INFO] [stdout]   |
[INFO] [stdout]   = help: if you wanted to use a crate named `cranelift`, use `cargo add cranelift` to add it to your `Cargo.toml`
[INFO] [stdout] 
[INFO] [stdout] 
[INFO] [stdout] error[E0433]: cannot find module or crate `codegen` in this scope
[INFO] [stdout]  --> examples/jit-minimal.rs:1:5
[INFO] [stdout]   |
[INFO] [stdout] 1 | use codegen::ir::UserFuncName;
[INFO] [stdout]   |     ^^^^^^^ use of unresolved module or unlinked crate `codegen`
[INFO] [stdout]   |
[INFO] [stdout]   = help: if you wanted to use a crate named `codegen`, use `cargo add codegen` to add it to your `Cargo.toml`
[INFO] [stdout] 
[INFO] [stdout] 
[INFO] [stdout] error[E0432]: unresolved import `codegen::ir::UserFuncName`
[INFO] [stdout]  --> examples/jit-minimal.rs:1:5
[INFO] [stdout]   |
[INFO] [stdout] 1 | use codegen::ir::UserFuncName;
[INFO] [stdout]   |     ^^^^^^^^^^^^^^^^^^^^^^^^^
[INFO] [stdout] 
[INFO] [stdout] 
[INFO] [stdout] error[E0433]: cannot find module or crate `settings` in this scope
[INFO] [stdout]   --> examples/jit-minimal.rs:16:17
[INFO] [stdout]    |
[INFO] [stdout] 16 |         .finish(settings::Flags::new(flag_builder))
[INFO] [stdout]    |                 ^^^^^^^^ use of unresolved module or unlinked crate `settings`
[INFO] [stdout]    |
[INFO] [stdout]    = help: if you wanted to use a crate named `settings`, use `cargo add settings` to add it to your `Cargo.toml`
[INFO] [stdout] 
[INFO] [stdout] 
[INFO] [stdout] error[E0425]: cannot find type `FunctionBuilder` in this scope
[INFO] [stdout]   --> examples/jit-minimal.rs:41:22
[INFO] [stdout]    |
[INFO] [stdout] 41 |         let mut bcx: FunctionBuilder = FunctionBuilder::new(&mut ctx.func, &mut func_ctx);
[INFO] [stdout]    |                      ^^^^^^^^^^^^^^^ not found in this scope
[INFO] [stdout] 
[INFO] [stdout] 
[INFO] [stdout] error[E0425]: cannot find type `FunctionBuilder` in this scope
[INFO] [stdout]   --> examples/jit-minimal.rs:60:22
[INFO] [stdout]    |
[INFO] [stdout] 60 |         let mut bcx: FunctionBuilder = FunctionBuilder::new(&mut ctx.func, &mut func_ctx);
[INFO] [stdout]    |                      ^^^^^^^^^^^^^^^ not found in this scope
[INFO] [stdout] 
[INFO] [stdout] 
[INFO] [stdout] error[E0433]: cannot find module or crate `settings` in this scope
[INFO] [stdout]  --> examples/jit-minimal.rs:8:28
[INFO] [stdout]   |
[INFO] [stdout] 8 |     let mut flag_builder = settings::builder();
[INFO] [stdout]   |                            ^^^^^^^^ use of unresolved module or unlinked crate `settings`
[INFO] [stdout]   |
[INFO] [stdout]   = help: if you wanted to use a crate named `settings`, use `cargo add settings` to add it to your `Cargo.toml`
[INFO] [stdout] 
[INFO] [stdout] 
[INFO] [stdout] error[E0433]: cannot find type `FunctionBuilderContext` in this scope
[INFO] [stdout]   --> examples/jit-minimal.rs:21:24
[INFO] [stdout]    |
[INFO] [stdout] 21 |     let mut func_ctx = FunctionBuilderContext::new();
[INFO] [stdout]    |                        ^^^^^^^^^^^^^^^^^^^^^^ use of undeclared type `FunctionBuilderContext`
[INFO] [stdout] 
[INFO] [stdout] 
[INFO] [stdout] error[E0433]: cannot find type `AbiParam` in this scope
[INFO] [stdout]   --> examples/jit-minimal.rs:24:23
[INFO] [stdout]    |
[INFO] [stdout] 24 |     sig_a.params.push(AbiParam::new(types::I32));
[INFO] [stdout]    |                       ^^^^^^^^ use of undeclared type `AbiParam`
[INFO] [stdout] 
[INFO] [stdout] 
[INFO] [stdout] error[E0433]: cannot find module or crate `types` in this scope
[INFO] [stdout]   --> examples/jit-minimal.rs:24:37
[INFO] [stdout]    |
[INFO] [stdout] 24 |     sig_a.params.push(AbiParam::new(types::I32));
[INFO] [stdout]    |                                     ^^^^^ use of unresolved module or unlinked crate `types`
[INFO] [stdout]    |
[INFO] [stdout]    = help: if you wanted to use a crate named `types`, use `cargo add types` to add it to your `Cargo.toml`
[INFO] [stdout] 
[INFO] [stdout] 
[INFO] [stdout] error[E0433]: cannot find type `AbiParam` in this scope
[INFO] [stdout]   --> examples/jit-minimal.rs:25:24
[INFO] [stdout]    |
[INFO] [stdout] 25 |     sig_a.returns.push(AbiParam::new(types::I32));
[INFO] [stdout]    |                        ^^^^^^^^ use of undeclared type `AbiParam`
[INFO] [stdout] 
[INFO] [stdout] 
[INFO] [stdout] error[E0433]: cannot find module or crate `types` in this scope
[INFO] [stdout]   --> examples/jit-minimal.rs:25:38
[INFO] [stdout]    |
[INFO] [stdout] 25 |     sig_a.returns.push(AbiParam::new(types::I32));
[INFO] [stdout]    |                                      ^^^^^ use of unresolved module or unlinked crate `types`
[INFO] [stdout]    |
[INFO] [stdout]    = help: if you wanted to use a crate named `types`, use `cargo add types` to add it to your `Cargo.toml`
[INFO] [stdout] 
[INFO] [stdout] 
[INFO] [stdout] error[E0433]: cannot find type `AbiParam` in this scope
[INFO] [stdout]   --> examples/jit-minimal.rs:28:24
[INFO] [stdout]    |
[INFO] [stdout] 28 |     sig_b.returns.push(AbiParam::new(types::I32));
[INFO] [stdout]    |                        ^^^^^^^^ use of undeclared type `AbiParam`
[INFO] [stdout] 
[INFO] [stdout] 
[INFO] [stdout] error[E0433]: cannot find module or crate `types` in this scope
[INFO] [stdout]   --> examples/jit-minimal.rs:28:38
[INFO] [stdout]    |
[INFO] [stdout] 28 |     sig_b.returns.push(AbiParam::new(types::I32));
[INFO] [stdout]    |                                      ^^^^^ use of unresolved module or unlinked crate `types`
[INFO] [stdout]    |
[INFO] [stdout]    = help: if you wanted to use a crate named `types`, use `cargo add types` to add it to your `Cargo.toml`
[INFO] [stdout] 
[INFO] [stdout] 
[INFO] [stdout] error[E0433]: cannot find type `FunctionBuilder` in this scope
[INFO] [stdout]   --> examples/jit-minimal.rs:41:40
[INFO] [stdout]    |
[INFO] [stdout] 41 |         let mut bcx: FunctionBuilder = FunctionBuilder::new(&mut ctx.func, &mut func_ctx);
[INFO] [stdout]    |                                        ^^^^^^^^^^^^^^^ use of undeclared type `FunctionBuilder`
[INFO] [stdout] 
[INFO] [stdout] 
[INFO] [stdout] error[E0433]: cannot find module or crate `types` in this scope
[INFO] [stdout]   --> examples/jit-minimal.rs:47:36
[INFO] [stdout]    |
[INFO] [stdout] 47 |         let cst = bcx.ins().iconst(types::I32, 37);
[INFO] [stdout]    |                                    ^^^^^ use of unresolved module or unlinked crate `types`
[INFO] [stdout]    |
[INFO] [stdout]    = help: if you wanted to use a crate named `types`, use `cargo add types` to add it to your `Cargo.toml`
[INFO] [stdout] 
[INFO] [stdout] 
[INFO] [stdout] error[E0433]: cannot find type `FunctionBuilder` in this scope
[INFO] [stdout]   --> examples/jit-minimal.rs:60:40
[INFO] [stdout]    |
[INFO] [stdout] 60 |         let mut bcx: FunctionBuilder = FunctionBuilder::new(&mut ctx.func, &mut func_ctx);
[INFO] [stdout]    |                                        ^^^^^^^^^^^^^^^ use of undeclared type `FunctionBuilder`
[INFO] [stdout] 
[INFO] [stdout] 
[INFO] [stdout] error[E0433]: cannot find module or crate `types` in this scope
[INFO] [stdout]   --> examples/jit-minimal.rs:65:36
[INFO] [stdout]    |
[INFO] [stdout] 65 |         let arg = bcx.ins().iconst(types::I32, 5);
[INFO] [stdout]    |                                    ^^^^^ use of unresolved module or unlinked crate `types`
[INFO] [stdout]    |
[INFO] [stdout]    = help: if you wanted to use a crate named `types`, use `cargo add types` to add it to your `Cargo.toml`
[INFO] [stdout] 
[INFO] [stdout] 
[INFO] [stdout] Some errors have detailed explanations: E0425, E0432, E0433.
[INFO] [stdout] 
[INFO] [stdout] For more information about an error, try `rustc --explain E0425`.
[INFO] [stdout] 
[INFO] [stderr] error: could not compile `cranelift-jit` (example "jit-minimal") due to 18 previous errors
[INFO] [stderr] warning: build failed, waiting for other jobs to finish...
[INFO] running `Command { std: "docker" "inspect" "2893e7095fe543489c68e76347df472bfaee5b690d0bb30024745e3c876a30ae", kill_on_drop: false }`
[INFO] running `Command { std: "docker" "rm" "-f" "2893e7095fe543489c68e76347df472bfaee5b690d0bb30024745e3c876a30ae", kill_on_drop: false }`
[INFO] [stdout] 2893e7095fe543489c68e76347df472bfaee5b690d0bb30024745e3c876a30ae
