[INFO] fetching crate crabgrab 0.4.0...
[INFO] testing crabgrab-0.4.0 against 1.99.0-beta.8+cargoflags=--release for beta-release-1.100-2
[INFO] extracting crate crabgrab 0.4.0 into /workspace/builds/worker-0-tc1/source
[INFO] started tweaking crates.io crate crabgrab 0.4.0
[INFO] finished tweaking crates.io crate crabgrab 0.4.0
[INFO] tweaked toml for crates.io crate crabgrab 0.4.0 written to /workspace/builds/worker-0-tc1/source/Cargo.toml
[INFO] validating manifest of crates.io crate crabgrab 0.4.0 on toolchain 1.99.0-beta.8
[INFO] running `Command { std: CARGO_HOME="/workspace/cargo-home" RUSTUP_HOME="/workspace/rustup-home" "/workspace/cargo-home/bin/cargo" "+1.99.0-beta.8" "metadata" "--manifest-path" "Cargo.toml" "--no-deps", kill_on_drop: false }`
[INFO] crate crates.io crate crabgrab 0.4.0 already has a lockfile, it will not be regenerated
[INFO] running `Command { std: CARGO_HOME="/workspace/cargo-home" RUSTUP_HOME="/workspace/rustup-home" "/workspace/cargo-home/bin/cargo" "+1.99.0-beta.8" "fetch" "--manifest-path" "Cargo.toml", kill_on_drop: false }`
[INFO] [stderr]  Downloading crates ...
[INFO] [stderr]   Downloaded ahash v0.8.10
[INFO] [stderr]   Downloaded syn v2.0.48
[INFO] [stderr]   Downloaded wgpu-hal v0.21.0
[INFO] [stderr]   Downloaded wgpu-core v0.21.0
[INFO] running `Command { std: "docker" "create" "-v" "/var/lib/crater-agent-workspace/builds/worker-0-tc1/source:/opt/rustwide/workdir:ro,Z" "-v" "/var/lib/crater-agent-workspace/builds/worker-0-tc1/target:/opt/rustwide/target:rw,Z" "-v" "/var/lib/crater-agent-workspace/cargo-home:/opt/rustwide/cargo-home:ro,Z" "-v" "/var/lib/crater-agent-workspace/rustup-home:/opt/rustwide/rustup-home:ro,Z" "-m" "1610612736" "--network" "none" "ghcr.io/rust-lang/crates-build-env/linux@sha256:77db811e55d90add9212f6832c23229e3de5f1c1f9905e8cb07319ea15df73ac" "sleep" "infinity", kill_on_drop: false }`
[INFO] [stdout] 734eecf72f8bbb99bb3405a4a658de2087af1cd01ed9aaa4ceae3773eaebb5b4
[INFO] running `Command { std: "docker" "start" "734eecf72f8bbb99bb3405a4a658de2087af1cd01ed9aaa4ceae3773eaebb5b4", kill_on_drop: false }`
[INFO] running `Command { std: "docker" "inspect" "734eecf72f8bbb99bb3405a4a658de2087af1cd01ed9aaa4ceae3773eaebb5b4", kill_on_drop: false }`
[INFO] running `Command { std: "docker" "exec" "-e" "SOURCE_DIR=/opt/rustwide/workdir" "-e" "CARGO_HOME=/opt/rustwide/cargo-home" "-e" "RUSTUP_HOME=/opt/rustwide/rustup-home" "-e" "CARGO_TARGET_DIR=/opt/rustwide/target" "-w" "/opt/rustwide/workdir" "--user" "0:0" "734eecf72f8bbb99bb3405a4a658de2087af1cd01ed9aaa4ceae3773eaebb5b4" "/opt/rustwide/cargo-home/bin/cargo" "+1.99.0-beta.8" "metadata" "--no-deps" "--format-version=1", kill_on_drop: false }`
[INFO] running `Command { std: "docker" "inspect" "734eecf72f8bbb99bb3405a4a658de2087af1cd01ed9aaa4ceae3773eaebb5b4", kill_on_drop: false }`
[INFO] running `Command { std: "docker" "exec" "-e" "SOURCE_DIR=/opt/rustwide/workdir" "-e" "CARGO_HOME=/opt/rustwide/cargo-home" "-e" "RUSTUP_HOME=/opt/rustwide/rustup-home" "-e" "CARGO_TARGET_DIR=/opt/rustwide/target" "-e" "CARGO_INCREMENTAL=0" "-e" "RUST_BACKTRACE=full" "-e" "RUSTFLAGS=--cap-lints=warn" "-e" "RUSTDOCFLAGS=--cap-lints=warn" "-w" "/opt/rustwide/workdir" "--user" "0:0" "734eecf72f8bbb99bb3405a4a658de2087af1cd01ed9aaa4ceae3773eaebb5b4" "/opt/rustwide/cargo-home/bin/cargo" "+1.99.0-beta.8" "build" "--frozen" "--message-format=json" "--release", kill_on_drop: false }`
[INFO] [stderr]    Compiling proc-macro2 v1.0.78
[INFO] [stderr]    Compiling slab v0.4.9
[INFO] [stderr]    Compiling libc v0.2.151
[INFO] [stderr]    Compiling futures-sink v0.3.30
[INFO] [stderr]    Compiling futures-core v0.3.30
[INFO] [stderr]    Compiling futures-io v0.3.30
[INFO] [stderr]    Compiling pin-project-lite v0.2.13
[INFO] [stderr]    Compiling memchr v2.7.1
[INFO] [stderr]    Compiling futures-task v0.3.30
[INFO] [stderr]    Compiling smallvec v1.13.1
[INFO] [stderr]    Compiling futures-channel v0.3.30
[INFO] [stderr]    Compiling parking_lot_core v0.9.9
[INFO] [stderr]    Compiling parking_lot v0.12.1
[INFO] [stderr]    Compiling quote v1.0.35
[INFO] [stderr]    Compiling syn v2.0.48
[INFO] [stderr]    Compiling futures-macro v0.3.30
[INFO] [stderr]    Compiling futures-util v0.3.30
[INFO] [stderr]    Compiling futures-executor v0.3.30
[INFO] [stderr]    Compiling futures v0.3.30
[INFO] [stderr]    Compiling crabgrab v0.4.0 (/opt/rustwide/workdir)
[INFO] [stdout] error[E0432]: unresolved import `crate::platform::platform_impl`
[INFO] [stdout]   --> src/frame.rs:4:23
[INFO] [stdout]    |
[INFO] [stdout]  4 | use crate::{platform::platform_impl::{ImplAudioFrame, ImplVideoFrame}, util::*};
[INFO] [stdout]    |                       ^^^^^^^^^^^^^ could not find `platform_impl` in `platform`
[INFO] [stdout]    |
[INFO] [stdout] note: found an item that was configured out
[INFO] [stdout]   --> src/platform/mod.rs:6:25
[INFO] [stdout]    |
[INFO] [stdout]  5 | #[cfg(target_os = "macos")]
[INFO] [stdout]    |       ------------------- the item is gated behind the `macos` feature
[INFO] [stdout]  6 | pub(crate) use macos as platform_impl;
[INFO] [stdout]    |                         ^^^^^^^^^^^^^
[INFO] [stdout] note: found an item that was configured out
[INFO] [stdout]   --> src/platform/mod.rs:13:28
[INFO] [stdout]    |
[INFO] [stdout] 12 | #[cfg(target_os = "windows")]
[INFO] [stdout]    |       --------------------- the item is gated behind the `windows` feature
[INFO] [stdout] 13 | pub(crate)  use windows as platform_impl;
[INFO] [stdout]    |                            ^^^^^^^^^^^^^
[INFO] [stdout] 
[INFO] [stdout] 
[INFO] [stdout] error[E0432]: unresolved import `crate::platform::platform_impl`
[INFO] [stdout]   --> src/capture_stream.rs:4:22
[INFO] [stdout]    |
[INFO] [stdout]  4 | use crate::platform::platform_impl::{ImplAudioCaptureConfig, ImplCaptureAccessToken, ImplCaptureConfig, ImplCaptureStream};
[INFO] [stdout]    |                      ^^^^^^^^^^^^^ could not find `platform_impl` in `platform`
[INFO] [stdout]    |
[INFO] [stdout] note: found an item that was configured out
[INFO] [stdout]   --> src/platform/mod.rs:6:25
[INFO] [stdout]    |
[INFO] [stdout]  5 | #[cfg(target_os = "macos")]
[INFO] [stdout]    |       ------------------- the item is gated behind the `macos` feature
[INFO] [stdout]  6 | pub(crate) use macos as platform_impl;
[INFO] [stdout]    |                         ^^^^^^^^^^^^^
[INFO] [stdout] note: found an item that was configured out
[INFO] [stdout]   --> src/platform/mod.rs:13:28
[INFO] [stdout]    |
[INFO] [stdout] 12 | #[cfg(target_os = "windows")]
[INFO] [stdout]    |       --------------------- the item is gated behind the `windows` feature
[INFO] [stdout] 13 | pub(crate)  use windows as platform_impl;
[INFO] [stdout]    |                            ^^^^^^^^^^^^^
[INFO] [stdout] 
[INFO] [stdout] 
[INFO] [stdout] error[E0432]: unresolved import `crate::platform::platform_impl`
[INFO] [stdout]   --> src/capturable_content.rs:3:23
[INFO] [stdout]    |
[INFO] [stdout]  3 | use crate::{platform::platform_impl::{ImplCapturableApplication, ImplCapturableContent, ImplCapturableContentFilter, ImplCapturableD...
[INFO] [stdout]    |                       ^^^^^^^^^^^^^ could not find `platform_impl` in `platform`
[INFO] [stdout]    |
[INFO] [stdout] note: found an item that was configured out
[INFO] [stdout]   --> src/platform/mod.rs:6:25
[INFO] [stdout]    |
[INFO] [stdout]  5 | #[cfg(target_os = "macos")]
[INFO] [stdout]    |       ------------------- the item is gated behind the `macos` feature
[INFO] [stdout]  6 | pub(crate) use macos as platform_impl;
[INFO] [stdout]    |                         ^^^^^^^^^^^^^
[INFO] [stdout] note: found an item that was configured out
[INFO] [stdout]   --> src/platform/mod.rs:13:28
[INFO] [stdout]    |
[INFO] [stdout] 12 | #[cfg(target_os = "windows")]
[INFO] [stdout]    |       --------------------- the item is gated behind the `windows` feature
[INFO] [stdout] 13 | pub(crate)  use windows as platform_impl;
[INFO] [stdout]    |                            ^^^^^^^^^^^^^
[INFO] [stdout] 
[INFO] [stdout] 
[INFO] [stdout] For more information about this error, try `rustc --explain E0432`.
[INFO] [stdout] 
[INFO] [stderr] error: could not compile `crabgrab` (lib) due to 3 previous errors
[INFO] [stderr] warning: build failed, waiting for other jobs to finish...
[INFO] running `Command { std: "docker" "inspect" "734eecf72f8bbb99bb3405a4a658de2087af1cd01ed9aaa4ceae3773eaebb5b4", kill_on_drop: false }`
[INFO] running `Command { std: "docker" "rm" "-f" "734eecf72f8bbb99bb3405a4a658de2087af1cd01ed9aaa4ceae3773eaebb5b4", kill_on_drop: false }`
[INFO] [stdout] 734eecf72f8bbb99bb3405a4a658de2087af1cd01ed9aaa4ceae3773eaebb5b4
