[INFO] fetching crate crabcakes-async-spooled-tempfile 0.0.1...
[INFO] testing crabcakes-async-spooled-tempfile-0.0.1 against 1.99.0-beta.8+cargoflags=--release for beta-release-1.100-2
[INFO] extracting crate crabcakes-async-spooled-tempfile 0.0.1 into /workspace/builds/worker-3-tc1/source
[INFO] started tweaking crates.io crate crabcakes-async-spooled-tempfile 0.0.1
[INFO] finished tweaking crates.io crate crabcakes-async-spooled-tempfile 0.0.1
[INFO] tweaked toml for crates.io crate crabcakes-async-spooled-tempfile 0.0.1 written to /workspace/builds/worker-3-tc1/source/Cargo.toml
[INFO] validating manifest of crates.io crate crabcakes-async-spooled-tempfile 0.0.1 on toolchain 1.99.0-beta.8
[INFO] running `Command { std: CARGO_HOME="/workspace/cargo-home" RUSTUP_HOME="/workspace/rustup-home" "/workspace/cargo-home/bin/cargo" "+1.99.0-beta.8" "metadata" "--manifest-path" "Cargo.toml" "--no-deps", kill_on_drop: false }`
[INFO] crate crates.io crate crabcakes-async-spooled-tempfile 0.0.1 already has a lockfile, it will not be regenerated
[INFO] running `Command { std: CARGO_HOME="/workspace/cargo-home" RUSTUP_HOME="/workspace/rustup-home" "/workspace/cargo-home/bin/cargo" "+1.99.0-beta.8" "fetch" "--manifest-path" "Cargo.toml", kill_on_drop: false }`
[INFO] running `Command { std: "docker" "create" "-v" "/var/lib/crater-agent-workspace/builds/worker-3-tc1/source:/opt/rustwide/workdir:ro,Z" "-v" "/var/lib/crater-agent-workspace/builds/worker-3-tc1/target:/opt/rustwide/target:rw,Z" "-v" "/var/lib/crater-agent-workspace/cargo-home:/opt/rustwide/cargo-home:ro,Z" "-v" "/var/lib/crater-agent-workspace/rustup-home:/opt/rustwide/rustup-home:ro,Z" "-m" "1610612736" "--network" "none" "ghcr.io/rust-lang/crates-build-env/linux@sha256:77db811e55d90add9212f6832c23229e3de5f1c1f9905e8cb07319ea15df73ac" "sleep" "infinity", kill_on_drop: false }`
[INFO] [stdout] cba861cec86425c3bef6e0a966fc7b917acbfaa2a05ee60087ebb80a18a2a46f
[INFO] running `Command { std: "docker" "start" "cba861cec86425c3bef6e0a966fc7b917acbfaa2a05ee60087ebb80a18a2a46f", kill_on_drop: false }`
[INFO] running `Command { std: "docker" "inspect" "cba861cec86425c3bef6e0a966fc7b917acbfaa2a05ee60087ebb80a18a2a46f", kill_on_drop: false }`
[INFO] running `Command { std: "docker" "exec" "-e" "SOURCE_DIR=/opt/rustwide/workdir" "-e" "CARGO_HOME=/opt/rustwide/cargo-home" "-e" "RUSTUP_HOME=/opt/rustwide/rustup-home" "-e" "CARGO_TARGET_DIR=/opt/rustwide/target" "-w" "/opt/rustwide/workdir" "--user" "0:0" "cba861cec86425c3bef6e0a966fc7b917acbfaa2a05ee60087ebb80a18a2a46f" "/opt/rustwide/cargo-home/bin/cargo" "+1.99.0-beta.8" "metadata" "--no-deps" "--format-version=1", kill_on_drop: false }`
[INFO] running `Command { std: "docker" "inspect" "cba861cec86425c3bef6e0a966fc7b917acbfaa2a05ee60087ebb80a18a2a46f", kill_on_drop: false }`
[INFO] running `Command { std: "docker" "exec" "-e" "SOURCE_DIR=/opt/rustwide/workdir" "-e" "CARGO_HOME=/opt/rustwide/cargo-home" "-e" "RUSTUP_HOME=/opt/rustwide/rustup-home" "-e" "CARGO_TARGET_DIR=/opt/rustwide/target" "-e" "CARGO_INCREMENTAL=0" "-e" "RUST_BACKTRACE=full" "-e" "RUSTFLAGS=--cap-lints=warn" "-e" "RUSTDOCFLAGS=--cap-lints=warn" "-w" "/opt/rustwide/workdir" "--user" "0:0" "cba861cec86425c3bef6e0a966fc7b917acbfaa2a05ee60087ebb80a18a2a46f" "/opt/rustwide/cargo-home/bin/cargo" "+1.99.0-beta.8" "build" "--frozen" "--message-format=json" "--release", kill_on_drop: false }`
[INFO] [stderr]    Compiling libc v0.2.176
[INFO] [stderr]    Compiling rustix v1.1.2
[INFO] [stderr]    Compiling linux-raw-sys v0.11.0
[INFO] [stderr]    Compiling bitflags v2.9.4
[INFO] [stderr]    Compiling cfg-if v1.0.3
[INFO] [stderr]    Compiling once_cell v1.21.3
[INFO] [stderr]    Compiling tokio v1.47.1
[INFO] [stderr]    Compiling getrandom v0.3.3
[INFO] [stderr]    Compiling tempfile v3.23.0
[INFO] [stderr]    Compiling crabcakes-async-spooled-tempfile v0.0.1 (/opt/rustwide/workdir)
[INFO] [stderr]     Finished `release` profile [optimized] target(s) in 13.13s
[INFO] running `Command { std: "docker" "inspect" "cba861cec86425c3bef6e0a966fc7b917acbfaa2a05ee60087ebb80a18a2a46f", kill_on_drop: false }`
[INFO] running `Command { std: "docker" "exec" "-e" "SOURCE_DIR=/opt/rustwide/workdir" "-e" "CARGO_HOME=/opt/rustwide/cargo-home" "-e" "RUSTUP_HOME=/opt/rustwide/rustup-home" "-e" "CARGO_TARGET_DIR=/opt/rustwide/target" "-e" "CARGO_INCREMENTAL=0" "-e" "RUST_BACKTRACE=full" "-e" "RUSTFLAGS=--cap-lints=warn" "-e" "RUSTDOCFLAGS=--cap-lints=warn" "-w" "/opt/rustwide/workdir" "--user" "0:0" "cba861cec86425c3bef6e0a966fc7b917acbfaa2a05ee60087ebb80a18a2a46f" "/opt/rustwide/cargo-home/bin/cargo" "+1.99.0-beta.8" "test" "--frozen" "--no-run" "--message-format=json" "--release", kill_on_drop: false }`
[INFO] [stderr]    Compiling crabcakes-async-spooled-tempfile v0.0.1 (/opt/rustwide/workdir)
[INFO] [stdout] error[E0433]: cannot find `test` in `tokio`
[INFO] [stdout]    --> src/lib.rs:370:14
[INFO] [stdout]     |
[INFO] [stdout] 370 |     #[tokio::test]
[INFO] [stdout]     |              ^^^^ could not find `test` in `tokio`
[INFO] [stdout] 
[INFO] [stdout] 
[INFO] [stdout] error[E0433]: cannot find `test` in `tokio`
[INFO] [stdout]    --> src/lib.rs:388:14
[INFO] [stdout]     |
[INFO] [stdout] 388 |     #[tokio::test]
[INFO] [stdout]     |              ^^^^ could not find `test` in `tokio`
[INFO] [stdout] 
[INFO] [stdout] 
[INFO] [stdout] error[E0433]: cannot find `test` in `tokio`
[INFO] [stdout]    --> src/lib.rs:414:14
[INFO] [stdout]     |
[INFO] [stdout] 414 |     #[tokio::test]
[INFO] [stdout]     |              ^^^^ could not find `test` in `tokio`
[INFO] [stdout] 
[INFO] [stdout] 
[INFO] [stdout] error[E0433]: cannot find `test` in `tokio`
[INFO] [stdout]    --> src/lib.rs:435:14
[INFO] [stdout]     |
[INFO] [stdout] 435 |     #[tokio::test]
[INFO] [stdout]     |              ^^^^ could not find `test` in `tokio`
[INFO] [stdout] 
[INFO] [stdout] 
[INFO] [stdout] error[E0433]: cannot find `test` in `tokio`
[INFO] [stdout]    --> src/lib.rs:455:14
[INFO] [stdout]     |
[INFO] [stdout] 455 |     #[tokio::test]
[INFO] [stdout]     |              ^^^^ could not find `test` in `tokio`
[INFO] [stdout] 
[INFO] [stdout] 
[INFO] [stdout] error[E0433]: cannot find `test` in `tokio`
[INFO] [stdout]    --> src/lib.rs:489:14
[INFO] [stdout]     |
[INFO] [stdout] 489 |     #[tokio::test]
[INFO] [stdout]     |              ^^^^ could not find `test` in `tokio`
[INFO] [stdout] 
[INFO] [stdout] 
[INFO] [stdout] error[E0433]: cannot find `test` in `tokio`
[INFO] [stdout]    --> src/lib.rs:506:14
[INFO] [stdout]     |
[INFO] [stdout] 506 |     #[tokio::test]
[INFO] [stdout]     |              ^^^^ could not find `test` in `tokio`
[INFO] [stdout] 
[INFO] [stdout] 
[INFO] [stdout] error[E0433]: cannot find `test` in `tokio`
[INFO] [stdout]    --> src/lib.rs:524:14
[INFO] [stdout]     |
[INFO] [stdout] 524 |     #[tokio::test]
[INFO] [stdout]     |              ^^^^ could not find `test` in `tokio`
[INFO] [stdout] 
[INFO] [stdout] 
[INFO] [stdout] error[E0433]: cannot find `test` in `tokio`
[INFO] [stdout]    --> src/lib.rs:538:14
[INFO] [stdout]     |
[INFO] [stdout] 538 |     #[tokio::test]
[INFO] [stdout]     |              ^^^^ could not find `test` in `tokio`
[INFO] [stdout] 
[INFO] [stdout] 
[INFO] [stdout] error[E0433]: cannot find `test` in `tokio`
[INFO] [stdout]    --> src/lib.rs:555:14
[INFO] [stdout]     |
[INFO] [stdout] 555 |     #[tokio::test]
[INFO] [stdout]     |              ^^^^ could not find `test` in `tokio`
[INFO] [stdout] 
[INFO] [stdout] 
[INFO] [stdout] error[E0433]: cannot find `test` in `tokio`
[INFO] [stdout]    --> src/lib.rs:575:14
[INFO] [stdout]     |
[INFO] [stdout] 575 |     #[tokio::test]
[INFO] [stdout]     |              ^^^^ could not find `test` in `tokio`
[INFO] [stdout] 
[INFO] [stdout] 
[INFO] [stdout] error[E0433]: cannot find `test` in `tokio`
[INFO] [stdout]    --> src/lib.rs:582:14
[INFO] [stdout]     |
[INFO] [stdout] 582 |     #[tokio::test]
[INFO] [stdout]     |              ^^^^ could not find `test` in `tokio`
[INFO] [stdout] 
[INFO] [stdout] 
[INFO] [stdout] For more information about this error, try `rustc --explain E0433`.
[INFO] [stdout] 
[INFO] [stderr] error: could not compile `crabcakes-async-spooled-tempfile` (lib test) due to 12 previous errors
[INFO] running `Command { std: "docker" "inspect" "cba861cec86425c3bef6e0a966fc7b917acbfaa2a05ee60087ebb80a18a2a46f", kill_on_drop: false }`
[INFO] running `Command { std: "docker" "rm" "-f" "cba861cec86425c3bef6e0a966fc7b917acbfaa2a05ee60087ebb80a18a2a46f", kill_on_drop: false }`
[INFO] [stdout] cba861cec86425c3bef6e0a966fc7b917acbfaa2a05ee60087ebb80a18a2a46f
