[INFO] fetching crate crab_rocket_post 0.1.0...
[INFO] testing crab_rocket_post-0.1.0 against 1.99.0-beta.8+cargoflags=--release for beta-release-1.100-2
[INFO] extracting crate crab_rocket_post 0.1.0 into /workspace/builds/worker-2-tc1/source
[INFO] started tweaking crates.io crate crab_rocket_post 0.1.0
[INFO] finished tweaking crates.io crate crab_rocket_post 0.1.0
[INFO] tweaked toml for crates.io crate crab_rocket_post 0.1.0 written to /workspace/builds/worker-2-tc1/source/Cargo.toml
[INFO] validating manifest of crates.io crate crab_rocket_post 0.1.0 on toolchain 1.99.0-beta.8
[INFO] running `Command { std: CARGO_HOME="/workspace/cargo-home" RUSTUP_HOME="/workspace/rustup-home" "/workspace/cargo-home/bin/cargo" "+1.99.0-beta.8" "metadata" "--manifest-path" "Cargo.toml" "--no-deps", kill_on_drop: false }`
[INFO] running `Command { std: CARGO_HOME="/workspace/cargo-home" RUSTUP_HOME="/workspace/rustup-home" "/workspace/cargo-home/bin/cargo" "+1.99.0-beta.8" "generate-lockfile" "--manifest-path" "Cargo.toml", kill_on_drop: false }`
[INFO] [stderr]     Updating crates.io index
[INFO] [stderr]      Locking 217 packages to highest compatible versions
[INFO] [stderr]       Adding chrono-tz v0.9.0 (available: v0.10.4)
[INFO] [stderr]       Adding utoipa v4.2.3 (available: v6.0.0)
[INFO] running `Command { std: CARGO_HOME="/workspace/cargo-home" RUSTUP_HOME="/workspace/rustup-home" "/workspace/cargo-home/bin/cargo" "+1.99.0-beta.8" "fetch" "--manifest-path" "Cargo.toml", kill_on_drop: false }`
[INFO] [stderr]  Downloading crates ...
[INFO] [stderr]   Downloaded deranged v0.5.9
[INFO] [stderr]   Downloaded utoipa-gen v4.3.1
[INFO] [stderr]   Downloaded pq-sys v0.7.6
[INFO] [stderr]   Downloaded crab_rocket_utils v0.1.1
[INFO] [stderr]   Downloaded crab_rocket_schema v0.1.0
[INFO] [stderr]   Downloaded chrono-tz-build v0.3.0
[INFO] [stderr]   Downloaded diesel_derives v2.3.10
[INFO] [stderr]   Downloaded parse-zoneinfo v0.3.1
[INFO] [stderr]   Downloaded diesel v2.3.14
[INFO] [stderr]   Downloaded chrono-tz v0.9.0
[INFO] running `Command { std: "docker" "create" "-v" "/var/lib/crater-agent-workspace/builds/worker-2-tc1/source:/opt/rustwide/workdir:ro,Z" "-v" "/var/lib/crater-agent-workspace/builds/worker-2-tc1/target:/opt/rustwide/target:rw,Z" "-v" "/var/lib/crater-agent-workspace/cargo-home:/opt/rustwide/cargo-home:ro,Z" "-v" "/var/lib/crater-agent-workspace/rustup-home:/opt/rustwide/rustup-home:ro,Z" "-m" "1610612736" "--network" "none" "ghcr.io/rust-lang/crates-build-env/linux@sha256:77db811e55d90add9212f6832c23229e3de5f1c1f9905e8cb07319ea15df73ac" "sleep" "infinity", kill_on_drop: false }`
[INFO] [stdout] 168ea081198afabc393fb77158a9ba29a8d44417c0080502d9b991128c841094
[INFO] running `Command { std: "docker" "start" "168ea081198afabc393fb77158a9ba29a8d44417c0080502d9b991128c841094", kill_on_drop: false }`
[INFO] running `Command { std: "docker" "inspect" "168ea081198afabc393fb77158a9ba29a8d44417c0080502d9b991128c841094", kill_on_drop: false }`
[INFO] running `Command { std: "docker" "exec" "-e" "SOURCE_DIR=/opt/rustwide/workdir" "-e" "CARGO_HOME=/opt/rustwide/cargo-home" "-e" "RUSTUP_HOME=/opt/rustwide/rustup-home" "-e" "CARGO_TARGET_DIR=/opt/rustwide/target" "-w" "/opt/rustwide/workdir" "--user" "0:0" "168ea081198afabc393fb77158a9ba29a8d44417c0080502d9b991128c841094" "/opt/rustwide/cargo-home/bin/cargo" "+1.99.0-beta.8" "metadata" "--no-deps" "--format-version=1", kill_on_drop: false }`
[INFO] running `Command { std: "docker" "inspect" "168ea081198afabc393fb77158a9ba29a8d44417c0080502d9b991128c841094", kill_on_drop: false }`
[INFO] running `Command { std: "docker" "exec" "-e" "SOURCE_DIR=/opt/rustwide/workdir" "-e" "CARGO_HOME=/opt/rustwide/cargo-home" "-e" "RUSTUP_HOME=/opt/rustwide/rustup-home" "-e" "CARGO_TARGET_DIR=/opt/rustwide/target" "-e" "CARGO_INCREMENTAL=0" "-e" "RUST_BACKTRACE=full" "-e" "RUSTFLAGS=--cap-lints=warn" "-e" "RUSTDOCFLAGS=--cap-lints=warn" "-w" "/opt/rustwide/workdir" "--user" "0:0" "168ea081198afabc393fb77158a9ba29a8d44417c0080502d9b991128c841094" "/opt/rustwide/cargo-home/bin/cargo" "+1.99.0-beta.8" "build" "--frozen" "--message-format=json" "--release", kill_on_drop: false }`
[INFO] [stderr]    Compiling syn v3.0.9
[INFO] [stderr]    Compiling syn v2.0.119
[INFO] [stderr]    Compiling proc-macro2-diagnostics v0.10.1
[INFO] [stderr]    Compiling aho-corasick v1.1.5
[INFO] [stderr]    Compiling errno v0.3.14
[INFO] [stderr]    Compiling libc v0.2.191
[INFO] [stderr]    Compiling time-core v0.1.9
[INFO] [stderr]    Compiling pin-project-lite v0.2.17
[INFO] [stderr]    Compiling regex-syntax v0.8.11
[INFO] [stderr]    Compiling futures-sink v0.3.34
[INFO] [stderr]    Compiling equivalent v1.0.3
[INFO] [stderr]    Compiling num-conv v0.2.2
[INFO] [stderr]    Compiling indexmap v2.14.2
[INFO] [stderr]    Compiling signal-hook-registry v1.4.8
[INFO] [stderr]    Compiling time-macros v0.2.32
[INFO] [stderr]    Compiling cookie v0.18.2
[INFO] [stderr]    Compiling siphasher v1.0.4
[INFO] [stderr]    Compiling phf_shared v0.11.3
[INFO] [stderr]    Compiling futures-channel v0.3.34
[INFO] [stderr]    Compiling futures-core v0.3.34
[INFO] [stderr]    Compiling either v1.19.0
[INFO] [stderr]    Compiling rand_core v0.6.4
[INFO] [stderr]    Compiling futures-util v0.3.34
[INFO] [stderr]    Compiling rand v0.8.8
[INFO] [stderr]    Compiling futures-task v0.3.34
[INFO] [stderr]    Compiling zerocopy v0.8.63
[INFO] [stderr]    Compiling itoa v1.0.18
[INFO] [stderr]    Compiling bytes v1.12.1
[INFO] [stderr]    Compiling http v0.2.12
[INFO] [stderr]    Compiling tracing-core v0.1.36
[INFO] [stderr]    Compiling phf_generator v0.11.3
[INFO] [stderr]    Compiling regex-automata v0.4.18
[INFO] [stderr]    Compiling socket2 v0.6.5
[INFO] [stderr]    Compiling mio v1.2.4
[INFO] [stderr]    Compiling httparse v1.10.1
[INFO] [stderr]    Compiling is-terminal v0.4.17
[INFO] [stderr]    Compiling uncased v0.9.10
[INFO] [stderr]    Compiling try-lock v0.2.5
[INFO] [stderr]    Compiling deranged v0.5.9
[INFO] [stderr]    Compiling syn v1.0.109
[INFO] [stderr]    Compiling powerfmt v0.2.1
[INFO] [stderr]    Compiling pq-sys v0.7.6
[INFO] [stderr]    Compiling want v0.3.2
[INFO] [stderr]    Compiling yansi v1.0.1
[INFO] [stderr]    Compiling tokio v1.53.3
[INFO] [stderr]    Compiling serde_derive v1.0.229
[INFO] [stderr]    Compiling tokio-macros v2.7.2
[INFO] [stderr]    Compiling ref-cast-impl v1.0.27
[INFO] [stderr]    Compiling regex v1.13.1
[INFO] [stderr]    Compiling darling_core v0.21.3
[INFO] [stderr]    Compiling time v0.3.55
[INFO] [stderr]    Compiling parse-zoneinfo v0.3.1
[INFO] [stderr]    Compiling devise_core v0.4.2
[INFO] [stderr]    Compiling http-body v0.4.6
[INFO] [stderr]    Compiling encoding_rs v0.8.42
[INFO] [stderr]    Compiling tracing v0.1.44
[INFO] [stderr]    Compiling phf_codegen v0.11.3
[INFO] [stderr]    Compiling pear_codegen v0.2.9
[INFO] [stderr]    Compiling socket2 v0.5.10
[INFO] [stderr]    Compiling phf v0.11.3
[INFO] [stderr]    Compiling ref-cast v1.0.27
[INFO] [stderr]    Compiling darling_macro v0.21.3
[INFO] [stderr]    Compiling getrandom v0.2.17
[INFO] [stderr]    Compiling uuid v1.28.0
[INFO] [stderr]    Compiling serde v1.0.229
[INFO] [stderr]    Compiling darling v0.21.3
[INFO] [stderr]    Compiling futures-io v0.3.34
[INFO] [stderr]    Compiling percent-encoding v2.3.2
[INFO] [stderr]    Compiling diesel_derives v2.3.10
[INFO] [stderr]    Compiling tower-service v0.3.3
[INFO] [stderr]    Compiling httpdate v1.0.3
[INFO] [stderr]    Compiling inlinable_string v0.1.15
[INFO] [stderr]    Compiling winnow v0.7.15
[INFO] [stderr]    Compiling toml_write v0.1.2
[INFO] [stderr]    Compiling chrono v0.4.45
[INFO] [stderr]    Compiling toml_datetime v0.6.11
[INFO] [stderr]    Compiling serde_spanned v0.6.9
[INFO] [stderr]    Compiling hashbrown v0.17.1
[INFO] [stderr]    Compiling pear v0.2.9
[INFO] [stderr]    Compiling hyper v0.14.32
[INFO] [stderr]    Compiling dsl_auto_type v0.2.0
[INFO] [stderr]    Compiling toml_edit v0.22.27
[INFO] [stderr]    Compiling futures v0.3.34
[INFO] [stderr]    Compiling chrono-tz-build v0.3.0
[INFO] [stderr]    Compiling devise_codegen v0.4.2
[INFO] [stderr]    Compiling tokio-util v0.7.20
[INFO] [stderr]    Compiling diesel_table_macro_syntax v0.3.0
[INFO] [stderr]    Compiling proc-macro-error-attr v1.0.4
[INFO] [stderr]    Compiling h2 v0.3.27
[INFO] [stderr]    Compiling stable-pattern v0.1.0
[INFO] [stderr]    Compiling ppv-lite86 v0.2.21
[INFO] [stderr]    Compiling multer v3.1.0
[INFO] [stderr]    Compiling figment v0.10.19
[INFO] [stderr]    Compiling core_detect v1.0.0
[INFO] [stderr]    Compiling smallvec v1.16.3
[INFO] [stderr]    Compiling multiversion_no_op v1.0.0
[INFO] [stderr]    Compiling simdutf8 v0.1.5
[INFO] [stderr]    Compiling log v0.4.34
[INFO] [stderr]    Compiling state v0.6.0
[INFO] [stderr]    Compiling rocket_http v0.5.1
[INFO] [stderr]    Compiling toml v0.8.23
[INFO] [stderr]    Compiling rand_chacha v0.3.1
[INFO] [stderr]    Compiling proc-macro-error v1.0.4
[INFO] [stderr]    Compiling serde_json v1.0.154
[INFO] [stderr]    Compiling devise v0.4.2
[INFO] [stderr]    Compiling chrono-tz v0.9.0
[INFO] [stderr]    Compiling parking_lot_core v0.9.12
[INFO] [stderr]    Compiling async-stream-impl v0.3.6
[INFO] [stderr]    Compiling rocket v0.5.1
[INFO] [stderr]    Compiling downcast-rs v2.0.2
[INFO] [stderr]    Compiling spin v0.9.9
[INFO] [stderr]    Compiling lazy_static v1.5.1
[INFO] [stderr]    Compiling glob v0.3.4
[INFO] [stderr]    Compiling rocket_codegen v0.5.1
[INFO] [stderr]    Compiling colored v2.2.0
[INFO] [stderr]    Compiling parking_lot v0.12.5
[INFO] [stderr]    Compiling async-stream v0.3.6
[INFO] [stderr]    Compiling utoipa-gen v4.3.1
[INFO] [stderr]    Compiling tokio-stream v0.1.19
[INFO] [stderr]    Compiling ubyte v0.10.4
[INFO] [stderr]    Compiling async-trait v0.1.92
[INFO] [stderr]    Compiling num_cpus v1.17.0
[INFO] [stderr]    Compiling binascii v0.1.4
[INFO] [stderr]    Compiling diesel v2.3.14
[INFO] [stderr]    Compiling crab_rocket_utils v0.1.1
[INFO] [stderr]    Compiling utoipa v4.2.3
[INFO] [stderr]    Compiling crab_rocket_schema v0.1.0
[INFO] [stderr]    Compiling crab_rocket_post v0.1.0 (/opt/rustwide/workdir)
[INFO] [stderr]     Finished `release` profile [optimized] target(s) in 4m 34s
[INFO] running `Command { std: "docker" "inspect" "168ea081198afabc393fb77158a9ba29a8d44417c0080502d9b991128c841094", kill_on_drop: false }`
[INFO] running `Command { std: "docker" "exec" "-e" "SOURCE_DIR=/opt/rustwide/workdir" "-e" "CARGO_HOME=/opt/rustwide/cargo-home" "-e" "RUSTUP_HOME=/opt/rustwide/rustup-home" "-e" "CARGO_TARGET_DIR=/opt/rustwide/target" "-e" "CARGO_INCREMENTAL=0" "-e" "RUST_BACKTRACE=full" "-e" "RUSTFLAGS=--cap-lints=warn" "-e" "RUSTDOCFLAGS=--cap-lints=warn" "-w" "/opt/rustwide/workdir" "--user" "0:0" "168ea081198afabc393fb77158a9ba29a8d44417c0080502d9b991128c841094" "/opt/rustwide/cargo-home/bin/cargo" "+1.99.0-beta.8" "test" "--frozen" "--no-run" "--message-format=json" "--release", kill_on_drop: false }`
[INFO] [stderr]    Compiling crab_rocket_post v0.1.0 (/opt/rustwide/workdir)
[INFO] [stdout] error[E0432]: unresolved import `crate::establish_pg_connection`
[INFO] [stdout]   --> src/mappers/post_mapper.rs:88:13
[INFO] [stdout]    |
[INFO] [stdout] 88 |         use crate::establish_pg_connection; // 建立数据库连接
[INFO] [stdout]    |             ^^^^^^^-----------------------
[INFO] [stdout]    |                    |
[INFO] [stdout]    |                    no `establish_pg_connection` in the root
[INFO] [stdout] 
[INFO] [stdout] 
[INFO] [stdout] error[E0432]: unresolved import `crate::establish_pg_connection`
[INFO] [stdout]    --> src/mappers/post_mapper.rs:115:13
[INFO] [stdout]     |
[INFO] [stdout] 115 |         use crate::establish_pg_connection; // 建立数据库连接
[INFO] [stdout]     |             ^^^^^^^-----------------------
[INFO] [stdout]     |                    |
[INFO] [stdout]     |                    no `establish_pg_connection` in the root
[INFO] [stdout] 
[INFO] [stdout] 
[INFO] [stdout] error[E0432]: unresolved import `crate::establish_pg_connection`
[INFO] [stdout]    --> src/mappers/post_mapper.rs:132:13
[INFO] [stdout]     |
[INFO] [stdout] 132 |         use crate::establish_pg_connection; // 建立数据库连接
[INFO] [stdout]     |             ^^^^^^^-----------------------
[INFO] [stdout]     |                    |
[INFO] [stdout]     |                    no `establish_pg_connection` in the root
[INFO] [stdout] 
[INFO] [stdout] 
[INFO] [stdout] error[E0432]: unresolved import `crate::establish_pg_connection`
[INFO] [stdout]    --> src/mappers/post_mapper.rs:149:13
[INFO] [stdout]     |
[INFO] [stdout] 149 |         use crate::establish_pg_connection; // 建立数据库连接
[INFO] [stdout]     |             ^^^^^^^-----------------------
[INFO] [stdout]     |                    |
[INFO] [stdout]     |                    no `establish_pg_connection` in the root
[INFO] [stdout] 
[INFO] [stdout] 
[INFO] [stdout] error[E0432]: unresolved import `crate::establish_pg_connection`
[INFO] [stdout]    --> src/mappers/post_mapper.rs:174:13
[INFO] [stdout]     |
[INFO] [stdout] 174 |         use crate::establish_pg_connection; // 建立数据库连接
[INFO] [stdout]     |             ^^^^^^^-----------------------
[INFO] [stdout]     |                    |
[INFO] [stdout]     |                    no `establish_pg_connection` in the root
[INFO] [stdout] 
[INFO] [stdout] 
[INFO] [stdout] error[E0433]: cannot find `models` in `routes`
[INFO] [stdout]    --> src/services/impl/post_impl.rs:204:28
[INFO] [stdout]     |
[INFO] [stdout] 204 |         use crate::routes::models::post_param::PostParam;
[INFO] [stdout]     |                            ^^^^^^ could not find `models` in `routes`
[INFO] [stdout] 
[INFO] [stdout] 
[INFO] [stdout] error[E0432]: unresolved import `crate::establish_pg_connection`
[INFO] [stdout]    --> src/mappers/post_mapper.rs:191:13
[INFO] [stdout]     |
[INFO] [stdout] 191 |         use crate::establish_pg_connection; // 建立数据库连接
[INFO] [stdout]     |             ^^^^^^^-----------------------
[INFO] [stdout]     |                    |
[INFO] [stdout]     |                    no `establish_pg_connection` in the root
[INFO] [stdout] 
[INFO] [stdout] 
[INFO] [stdout] Some errors have detailed explanations: E0432, E0433.
[INFO] [stdout] 
[INFO] [stdout] For more information about an error, try `rustc --explain E0432`.
[INFO] [stdout] 
[INFO] [stderr] error: could not compile `crab_rocket_post` (lib test) due to 7 previous errors
[INFO] running `Command { std: "docker" "inspect" "168ea081198afabc393fb77158a9ba29a8d44417c0080502d9b991128c841094", kill_on_drop: false }`
[INFO] running `Command { std: "docker" "rm" "-f" "168ea081198afabc393fb77158a9ba29a8d44417c0080502d9b991128c841094", kill_on_drop: false }`
[INFO] [stdout] 168ea081198afabc393fb77158a9ba29a8d44417c0080502d9b991128c841094
