[INFO] fetching crate crab-usb 0.12.1...
[INFO] testing crab-usb-0.12.1 against 1.99.0-beta.8+cargoflags=--release for beta-release-1.100-2
[INFO] extracting crate crab-usb 0.12.1 into /workspace/builds/worker-5-tc1/source
[INFO] started tweaking crates.io crate crab-usb 0.12.1
[INFO] finished tweaking crates.io crate crab-usb 0.12.1
[INFO] tweaked toml for crates.io crate crab-usb 0.12.1 written to /workspace/builds/worker-5-tc1/source/Cargo.toml
[INFO] validating manifest of crates.io crate crab-usb 0.12.1 on toolchain 1.99.0-beta.8
[INFO] running `Command { std: CARGO_HOME="/workspace/cargo-home" RUSTUP_HOME="/workspace/rustup-home" "/workspace/cargo-home/bin/cargo" "+1.99.0-beta.8" "metadata" "--manifest-path" "Cargo.toml" "--no-deps", kill_on_drop: false }`
[INFO] crate crates.io crate crab-usb 0.12.1 already has a lockfile, it will not be regenerated
[INFO] running `Command { std: CARGO_HOME="/workspace/cargo-home" RUSTUP_HOME="/workspace/rustup-home" "/workspace/cargo-home/bin/cargo" "+1.99.0-beta.8" "fetch" "--manifest-path" "Cargo.toml", kill_on_drop: false }`
[INFO] [stderr]     Updating crates.io index
[INFO] [stderr]  Downloading crates ...
[INFO] [stderr]   Downloaded usb-if v0.8.0
[INFO] [stderr]   Downloaded accessor v0.3.3
[INFO] [stderr]   Downloaded trait-ffi v0.3.1
[INFO] [stderr]   Downloaded xhci v0.9.2
[INFO] [stderr]   Downloaded trait-ffi-macros v0.4.0
[INFO] [stderr]   Downloaded mbarrier v0.1.3
[INFO] [stderr]   Downloaded aarch64-cpu-ext v0.1.4
[INFO] [stderr]   Downloaded crossbeam v0.8.5
[INFO] [stderr]   Downloaded ax-sync v0.6.0
[INFO] [stderr]   Downloaded aarch64-cpu v10.0.0
[INFO] [stderr]   Downloaded tock-registers v0.9.0
[INFO] [stderr]   Downloaded ax-crate-interface v0.5.8
[INFO] [stderr]   Downloaded tock-registers v0.10.1
[INFO] [stderr]   Downloaded dma-api v0.10.2
[INFO] [stderr]   Downloaded libusb1-sys v0.7.0
[INFO] running `Command { std: "docker" "create" "-v" "/var/lib/crater-agent-workspace/builds/worker-5-tc1/source:/opt/rustwide/workdir:ro,Z" "-v" "/var/lib/crater-agent-workspace/builds/worker-5-tc1/target:/opt/rustwide/target:rw,Z" "-v" "/var/lib/crater-agent-workspace/cargo-home:/opt/rustwide/cargo-home:ro,Z" "-v" "/var/lib/crater-agent-workspace/rustup-home:/opt/rustwide/rustup-home:ro,Z" "-m" "1610612736" "--network" "none" "ghcr.io/rust-lang/crates-build-env/linux@sha256:77db811e55d90add9212f6832c23229e3de5f1c1f9905e8cb07319ea15df73ac" "sleep" "infinity", kill_on_drop: false }`
[INFO] [stdout] ee550cb861c39154bdf5ff5910de40dd50e16774b6e63ffae344ee776065cebf
[INFO] running `Command { std: "docker" "start" "ee550cb861c39154bdf5ff5910de40dd50e16774b6e63ffae344ee776065cebf", kill_on_drop: false }`
[INFO] running `Command { std: "docker" "inspect" "ee550cb861c39154bdf5ff5910de40dd50e16774b6e63ffae344ee776065cebf", kill_on_drop: false }`
[INFO] running `Command { std: "docker" "exec" "-e" "SOURCE_DIR=/opt/rustwide/workdir" "-e" "CARGO_HOME=/opt/rustwide/cargo-home" "-e" "RUSTUP_HOME=/opt/rustwide/rustup-home" "-e" "CARGO_TARGET_DIR=/opt/rustwide/target" "-w" "/opt/rustwide/workdir" "--user" "0:0" "ee550cb861c39154bdf5ff5910de40dd50e16774b6e63ffae344ee776065cebf" "/opt/rustwide/cargo-home/bin/cargo" "+1.99.0-beta.8" "metadata" "--no-deps" "--format-version=1", kill_on_drop: false }`
[INFO] running `Command { std: "docker" "inspect" "ee550cb861c39154bdf5ff5910de40dd50e16774b6e63ffae344ee776065cebf", kill_on_drop: false }`
[INFO] running `Command { std: "docker" "exec" "-e" "SOURCE_DIR=/opt/rustwide/workdir" "-e" "CARGO_HOME=/opt/rustwide/cargo-home" "-e" "RUSTUP_HOME=/opt/rustwide/rustup-home" "-e" "CARGO_TARGET_DIR=/opt/rustwide/target" "-e" "CARGO_INCREMENTAL=0" "-e" "RUST_BACKTRACE=full" "-e" "RUSTFLAGS=--cap-lints=warn" "-e" "RUSTDOCFLAGS=--cap-lints=warn" "-w" "/opt/rustwide/workdir" "--user" "0:0" "ee550cb861c39154bdf5ff5910de40dd50e16774b6e63ffae344ee776065cebf" "/opt/rustwide/cargo-home/bin/cargo" "+1.99.0-beta.8" "build" "--frozen" "--message-format=json" "--release", kill_on_drop: false }`
[INFO] [stderr]    Compiling syn v3.0.5
[INFO] [stderr]    Compiling syn v2.0.119
[INFO] [stderr]    Compiling unicode-segmentation v1.13.3
[INFO] [stderr]    Compiling crossbeam-utils v0.8.23
[INFO] [stderr]    Compiling futures-core v0.3.34
[INFO] [stderr]    Compiling crossbeam-epoch v0.9.21
[INFO] [stderr]    Compiling thiserror v2.0.20
[INFO] [stderr]    Compiling futures-sink v0.3.34
[INFO] [stderr]    Compiling num-traits v0.2.19
[INFO] [stderr]    Compiling slab v0.4.12
[INFO] [stderr]    Compiling futures-task v0.3.34
[INFO] [stderr]    Compiling anyhow v1.0.104
[INFO] [stderr]    Compiling futures-util v0.3.34
[INFO] [stderr]    Compiling syn v1.0.109
[INFO] [stderr]    Compiling futures-channel v0.3.34
[INFO] [stderr]    Compiling futures-io v0.3.34
[INFO] [stderr]    Compiling convert_case v0.10.0
[INFO] [stderr]    Compiling convert_case v0.8.0
[INFO] [stderr]    Compiling crossbeam-queue v0.3.14
[INFO] [stderr]    Compiling accessor v0.3.3
[INFO] [stderr]    Compiling bit_field v0.10.3
[INFO] [stderr]    Compiling crab-usb v0.12.1 (/opt/rustwide/workdir)
[INFO] [stderr]    Compiling mbarrier v0.1.3
[INFO] [stderr]    Compiling crossbeam v0.8.5
[INFO] [stderr]    Compiling crossbeam-skiplist v0.1.3
[INFO] [stderr]    Compiling tock-registers v0.10.1
[INFO] [stderr]    Compiling bitflags v2.13.2
[INFO] [stderr]    Compiling num-derive v0.3.3
[INFO] [stderr]    Compiling futures v0.3.34
[INFO] [stderr]    Compiling xhci v0.9.2
[INFO] [stderr]    Compiling num_enum_derive v0.7.6
[INFO] [stderr]    Compiling derive_more-impl v2.1.1
[INFO] [stderr]    Compiling enum_dispatch v0.3.13
[INFO] [stderr]    Compiling num_enum v0.7.6
[INFO] [stderr]    Compiling thiserror-impl v2.0.20
[INFO] [stderr]    Compiling trait-ffi-macros v0.4.0
[INFO] [stderr]    Compiling ax-crate-interface v0.5.8
[INFO] [stderr]    Compiling ax-sync v0.6.0
[INFO] [stderr]    Compiling trait-ffi v0.3.1
[INFO] [stderr]    Compiling usb-if v0.8.0
[INFO] [stderr]    Compiling derive_more v2.1.1
[INFO] [stderr]    Compiling dma-api v0.10.2
[INFO] [stderr]     Finished `release` profile [optimized] target(s) in 56.34s
[INFO] running `Command { std: "docker" "inspect" "ee550cb861c39154bdf5ff5910de40dd50e16774b6e63ffae344ee776065cebf", kill_on_drop: false }`
[INFO] running `Command { std: "docker" "exec" "-e" "SOURCE_DIR=/opt/rustwide/workdir" "-e" "CARGO_HOME=/opt/rustwide/cargo-home" "-e" "RUSTUP_HOME=/opt/rustwide/rustup-home" "-e" "CARGO_TARGET_DIR=/opt/rustwide/target" "-e" "CARGO_INCREMENTAL=0" "-e" "RUST_BACKTRACE=full" "-e" "RUSTFLAGS=--cap-lints=warn" "-e" "RUSTDOCFLAGS=--cap-lints=warn" "-w" "/opt/rustwide/workdir" "--user" "0:0" "ee550cb861c39154bdf5ff5910de40dd50e16774b6e63ffae344ee776065cebf" "/opt/rustwide/cargo-home/bin/cargo" "+1.99.0-beta.8" "test" "--frozen" "--no-run" "--message-format=json" "--release", kill_on_drop: false }`
[INFO] [stderr]    Compiling crab-usb v0.12.1 (/opt/rustwide/workdir)
[INFO] [stdout] error: linking with `cc` failed: exit status: 1
[INFO] [stdout]   |
[INFO] [stdout]   = note:  "cc" "-m64" "/opt/rustwide/target/release/deps/rustc59GKCQ/symbols.o" "<17 object files omitted>" "-Wl,--as-needed" "-Wl,-Bstatic" "<sysroot>/lib/rustlib/x86_64-unknown-linux-gnu/lib/{libtest-*,libgetopts-*,librustc_std_workspace_std-*}.rlib" "/opt/rustwide/target/release/deps/{libbitflags-5b3b4bb928a1bc38,libxhci-2f5bc1340320a5d8,libnum_traits-edc15f9ab50e8470,libbit_field-32b251732d850666,libaccessor-1c5adec43b9046d4,libax_sync-8aa4281b0bddd149,libtock_registers-86318bc86da3dafd,libdma_api-f20b11a7991c2388,libcfg_if-6d8dca19095bb388,libderive_more-e916cd058b2e9c2d,libmbarrier-1b3c8b8794dd0d2d,libfutures-8b808b179b90d5cb,libfutures_channel-a769be372d36c2ec,libfutures_util-e1b0adb98f725d3e,libpin_project_lite-9a89bb36c0c56875,libfutures_sink-4c89df5068bae1b1,libfutures_task-560971e82146c611,libfutures_core-6a358effe9b7368e,libusb_if-cd52773c9a1b9dbe,libthiserror-704ea2f7e1826786,libnum_enum-005d5f91ea4bbee4}.rlib" "<sysroot>/lib/rustlib/x86_64-unknown-linux-gnu/lib/{libstd-*,libpanic_unwind-*,libobject-*,libmemchr-*,libaddr2line-*,libgimli-*,libcfg_if-*,librustc_demangle-*,libstd_detect-*,libhashbrown-*,librustc_std_workspace_alloc-*,libminiz_oxide-*,libadler2-*,libunwind-*,liblibc-*,librustc_std_workspace_core-*}.rlib" "/opt/rustwide/target/release/deps/{libanyhow-876c74ff2c74488b,liblog-3c55b5043a18cee7}.rlib" "<sysroot>/lib/rustlib/x86_64-unknown-linux-gnu/lib/{liballoc-*,libcore-*,libcompiler_builtins-*}.rlib" "-Wl,-Bdynamic" "-lgcc_s" "-lutil" "-lrt" "-lpthread" "-lm" "-ldl" "-lc" "-L" "/opt/rustwide/target/release/deps/rustc59GKCQ/raw-dylibs" "-B<sysroot>/lib/rustlib/x86_64-unknown-linux-gnu/bin/gcc-ld" "-fuse-ld=lld" "-Wl,--eh-frame-hdr" "-Wl,-z,noexecstack" "-L" "<sysroot>/lib/rustlib/x86_64-unknown-linux-gnu/lib" "-o" "/opt/rustwide/target/release/deps/crab_usb-f89bdbdbcdee36a9" "-Wl,--gc-sections" "-pie" "-Wl,-z,relro,-z,now" "-Wl,-O1" "-Wl,--strip-debug" "-nodefaultlibs"
[INFO] [stdout]   = note: some arguments are omitted. use `--verbose` to show all linker arguments
[INFO] [stdout]   = note: rust-lld: error: undefined symbol: __SpinOps_acquire
[INFO] [stdout]           >>> referenced by ax_sync.5c1014e654f47cd5-cgu.0
[INFO] [stdout]           >>>               ax_sync-8aa4281b0bddd149.ax_sync.5c1014e654f47cd5-cgu.0.rcgu.o:(ax_sync::interface::spin_acquire) in archive /opt/rustwide/target/release/deps/libax_sync-8aa4281b0bddd149.rlib
[INFO] [stdout]           
[INFO] [stdout]           rust-lld: error: undefined symbol: __SpinOps_release
[INFO] [stdout]           >>> referenced by ax_sync.5c1014e654f47cd5-cgu.0
[INFO] [stdout]           >>>               ax_sync-8aa4281b0bddd149.ax_sync.5c1014e654f47cd5-cgu.0.rcgu.o:(ax_sync::interface::spin_release) in archive /opt/rustwide/target/release/deps/libax_sync-8aa4281b0bddd149.rlib
[INFO] [stdout]           
[INFO] [stdout]           rust-lld: error: undefined symbol: __RwLockOps_acquire
[INFO] [stdout]           >>> referenced by ax_sync.5c1014e654f47cd5-cgu.0
[INFO] [stdout]           >>>               ax_sync-8aa4281b0bddd149.ax_sync.5c1014e654f47cd5-cgu.0.rcgu.o:(ax_sync::interface::rwlock_acquire) in archive /opt/rustwide/target/release/deps/libax_sync-8aa4281b0bddd149.rlib
[INFO] [stdout]           
[INFO] [stdout]           rust-lld: error: undefined symbol: __RwLockOps_release
[INFO] [stdout]           >>> referenced by ax_sync.5c1014e654f47cd5-cgu.0
[INFO] [stdout]           >>>               ax_sync-8aa4281b0bddd149.ax_sync.5c1014e654f47cd5-cgu.0.rcgu.o:(ax_sync::interface::rwlock_release) in archive /opt/rustwide/target/release/deps/libax_sync-8aa4281b0bddd149.rlib
[INFO] [stdout]           collect2: error: ld returned 1 exit status
[INFO] [stdout]           
[INFO] [stdout] 
[INFO] [stdout] 
[INFO] [stderr] error: could not compile `crab-usb` (lib test) due to 1 previous error
[INFO] running `Command { std: "docker" "inspect" "ee550cb861c39154bdf5ff5910de40dd50e16774b6e63ffae344ee776065cebf", kill_on_drop: false }`
[INFO] running `Command { std: "docker" "rm" "-f" "ee550cb861c39154bdf5ff5910de40dd50e16774b6e63ffae344ee776065cebf", kill_on_drop: false }`
[INFO] [stdout] ee550cb861c39154bdf5ff5910de40dd50e16774b6e63ffae344ee776065cebf
