[INFO] fetching crate cpufreq 0.1.6-r1...
[INFO] testing cpufreq-0.1.6-r1 against 1.99.0-beta.8+cargoflags=--release for beta-release-1.100-2
[INFO] extracting crate cpufreq 0.1.6-r1 into /workspace/builds/worker-2-tc1/source
[INFO] started tweaking crates.io crate cpufreq 0.1.6-r1
[INFO] finished tweaking crates.io crate cpufreq 0.1.6-r1
[INFO] tweaked toml for crates.io crate cpufreq 0.1.6-r1 written to /workspace/builds/worker-2-tc1/source/Cargo.toml
[INFO] validating manifest of crates.io crate cpufreq 0.1.6-r1 on toolchain 1.99.0-beta.8
[INFO] running `Command { std: CARGO_HOME="/workspace/cargo-home" RUSTUP_HOME="/workspace/rustup-home" "/workspace/cargo-home/bin/cargo" "+1.99.0-beta.8" "metadata" "--manifest-path" "Cargo.toml" "--no-deps", kill_on_drop: false }`
[INFO] running `Command { std: CARGO_HOME="/workspace/cargo-home" RUSTUP_HOME="/workspace/rustup-home" "/workspace/cargo-home/bin/cargo" "+1.99.0-beta.8" "generate-lockfile" "--manifest-path" "Cargo.toml", kill_on_drop: false }`
[INFO] [stderr]     Updating crates.io index
[INFO] [stderr]     Blocking waiting for file lock on package cache
[INFO] [stderr]      Locking 6 packages to highest compatible versions
[INFO] [stderr]       Adding errno v0.1.8 (available: v0.3.14)
[INFO] running `Command { std: CARGO_HOME="/workspace/cargo-home" RUSTUP_HOME="/workspace/rustup-home" "/workspace/cargo-home/bin/cargo" "+1.99.0-beta.8" "fetch" "--manifest-path" "Cargo.toml", kill_on_drop: false }`
[INFO] [stderr] warning: Cargo.toml: `package.edition` is unspecified, defaulting to `2015` while the latest is `2024`
[INFO] [stderr] warning: Cargo.toml: unused manifest key: package.libs
[INFO] [stderr] warning: `cpufreq` (manifest) generated 2 warnings
[INFO] [stderr]  Downloading crates ...
[INFO] [stderr]   Downloaded errno v0.1.8
[INFO] [stderr]   Downloaded gcc v0.3.55
[INFO] running `Command { std: "docker" "create" "-v" "/var/lib/crater-agent-workspace/builds/worker-2-tc1/source:/opt/rustwide/workdir:ro,Z" "-v" "/var/lib/crater-agent-workspace/builds/worker-2-tc1/target:/opt/rustwide/target:rw,Z" "-v" "/var/lib/crater-agent-workspace/cargo-home:/opt/rustwide/cargo-home:ro,Z" "-v" "/var/lib/crater-agent-workspace/rustup-home:/opt/rustwide/rustup-home:ro,Z" "-m" "1610612736" "--network" "none" "ghcr.io/rust-lang/crates-build-env/linux@sha256:77db811e55d90add9212f6832c23229e3de5f1c1f9905e8cb07319ea15df73ac" "sleep" "infinity", kill_on_drop: false }`
[INFO] [stdout] 14419f5e2a189370d0e393e56ca3d7a25629e0ab13486efed06a8de44df7e18b
[INFO] running `Command { std: "docker" "start" "14419f5e2a189370d0e393e56ca3d7a25629e0ab13486efed06a8de44df7e18b", kill_on_drop: false }`
[INFO] running `Command { std: "docker" "inspect" "14419f5e2a189370d0e393e56ca3d7a25629e0ab13486efed06a8de44df7e18b", kill_on_drop: false }`
[INFO] running `Command { std: "docker" "exec" "-e" "SOURCE_DIR=/opt/rustwide/workdir" "-e" "CARGO_HOME=/opt/rustwide/cargo-home" "-e" "RUSTUP_HOME=/opt/rustwide/rustup-home" "-e" "CARGO_TARGET_DIR=/opt/rustwide/target" "-w" "/opt/rustwide/workdir" "--user" "0:0" "14419f5e2a189370d0e393e56ca3d7a25629e0ab13486efed06a8de44df7e18b" "/opt/rustwide/cargo-home/bin/cargo" "+1.99.0-beta.8" "metadata" "--no-deps" "--format-version=1", kill_on_drop: false }`
[INFO] running `Command { std: "docker" "inspect" "14419f5e2a189370d0e393e56ca3d7a25629e0ab13486efed06a8de44df7e18b", kill_on_drop: false }`
[INFO] running `Command { std: "docker" "exec" "-e" "SOURCE_DIR=/opt/rustwide/workdir" "-e" "CARGO_HOME=/opt/rustwide/cargo-home" "-e" "RUSTUP_HOME=/opt/rustwide/rustup-home" "-e" "CARGO_TARGET_DIR=/opt/rustwide/target" "-e" "CARGO_INCREMENTAL=0" "-e" "RUST_BACKTRACE=full" "-e" "RUSTFLAGS=--cap-lints=warn" "-e" "RUSTDOCFLAGS=--cap-lints=warn" "-w" "/opt/rustwide/workdir" "--user" "0:0" "14419f5e2a189370d0e393e56ca3d7a25629e0ab13486efed06a8de44df7e18b" "/opt/rustwide/cargo-home/bin/cargo" "+1.99.0-beta.8" "build" "--frozen" "--message-format=json" "--release", kill_on_drop: false }`
[INFO] [stderr] warning: Cargo.toml: `package.edition` is unspecified, defaulting to `2015` while the latest is `2024`
[INFO] [stderr] warning: Cargo.toml: unused manifest key: package.libs
[INFO] [stderr] warning: `cpufreq` (manifest) generated 2 warnings
[INFO] [stderr]    Compiling gcc v0.3.55
[INFO] [stderr]    Compiling errno v0.1.8
[INFO] [stderr]    Compiling cpufreq v0.1.6-r1 (/opt/rustwide/workdir)
[INFO] [stdout] warning: use of deprecated function `gcc::compile_library`: crate has been renamed to `cc`, the `gcc` name is not maintained
[INFO] [stdout]   --> build.rs:24:10
[INFO] [stdout]    |
[INFO] [stdout] 24 |     gcc::compile_library("libcpufreq.a", &["src/base/cpufreq.c", "src/base/sysfs.c"]);
[INFO] [stdout]    |          ^^^^^^^^^^^^^^^
[INFO] [stdout]    |
[INFO] [stdout]    = note: `#[warn(deprecated)]` on by default
[INFO] [stdout] 
[INFO] [stdout] 
[INFO] [stderr] warning: cpufreq@0.1.6-r1: cc1: fatal error: src/base/cpufreq.c: No such file or directory
[INFO] [stderr] warning: cpufreq@0.1.6-r1: compilation terminated.
[INFO] [stderr] error: failed to run custom build command for `cpufreq v0.1.6-r1 (/opt/rustwide/workdir)`
[INFO] [stderr] note: To improve backtraces for build dependencies, set the CARGO_PROFILE_RELEASE_BUILD_OVERRIDE_DEBUG=true environment variable to enable debug information generation.
[INFO] [stderr] 
[INFO] [stderr] Caused by:
[INFO] [stderr]   process didn't exit successfully: `/opt/rustwide/target/release/build/cpufreq-3a6116066a252e23/build-script-build` (exit status: 101)
[INFO] [stderr]   --- stdout
[INFO] [stderr]   cargo:rustc-cfg=cpufreq="mock"
[INFO] [stderr]   TARGET = Some("x86_64-unknown-linux-gnu")
[INFO] [stderr]   OPT_LEVEL = Some("3")
[INFO] [stderr]   TARGET = Some("x86_64-unknown-linux-gnu")
[INFO] [stderr]   HOST = Some("x86_64-unknown-linux-gnu")
[INFO] [stderr]   TARGET = Some("x86_64-unknown-linux-gnu")
[INFO] [stderr]   TARGET = Some("x86_64-unknown-linux-gnu")
[INFO] [stderr]   HOST = Some("x86_64-unknown-linux-gnu")
[INFO] [stderr]   CC_x86_64-unknown-linux-gnu = None
[INFO] [stderr]   CC_x86_64_unknown_linux_gnu = None
[INFO] [stderr]   HOST_CC = None
[INFO] [stderr]   CC = None
[INFO] [stderr]   HOST = Some("x86_64-unknown-linux-gnu")
[INFO] [stderr]   TARGET = Some("x86_64-unknown-linux-gnu")
[INFO] [stderr]   HOST = Some("x86_64-unknown-linux-gnu")
[INFO] [stderr]   CFLAGS_x86_64-unknown-linux-gnu = None
[INFO] [stderr]   CFLAGS_x86_64_unknown_linux_gnu = None
[INFO] [stderr]   HOST_CFLAGS = None
[INFO] [stderr]   CFLAGS = None
[INFO] [stderr]   DEBUG = Some("false")
[INFO] [stderr]   running: "cc" "-O3" "-ffunction-sections" "-fdata-sections" "-fPIC" "-m64" "-Wall" "-Wextra" "-o" "/opt/rustwide/target/release/build/cpufreq-d51c8ee77f7ab7fe/out/src/base/cpufreq.o" "-c" "src/base/cpufreq.c"
[INFO] [stderr]   cargo:warning=cc1: fatal error: src/base/cpufreq.c: No such file or directory
[INFO] [stderr]   cargo:warning=compilation terminated.
[INFO] [stderr]   exit status: 1
[INFO] [stderr] 
[INFO] [stderr]   --- stderr
[INFO] [stderr]   /usr/bin/x86_64-linux-gnu-ld.bfd: cannot open output file a.out: Read-only file system
[INFO] [stderr]   /usr/bin/x86_64-linux-gnu-ld.bfd: cannot open output file a.out: Read-only file system
[INFO] [stderr] 
[INFO] [stderr]   thread 'main' (102) panicked at /opt/rustwide/cargo-home/registry/src/index.crates.io-1949cf8c6b5b557f/gcc-0.3.55/src/lib.rs:1672:5:
[INFO] [stderr] 
[INFO] [stderr] 
[INFO] [stderr]   Internal error occurred: Command "cc" "-O3" "-ffunction-sections" "-fdata-sections" "-fPIC" "-m64" "-Wall" "-Wextra" "-o" "/opt/rustwide/target/release/build/cpufreq-d51c8ee77f7ab7fe/out/src/base/cpufreq.o" "-c" "src/base/cpufreq.c" with args "cc" did not execute successfully (status code exit status: 1).
[INFO] [stderr] 
[INFO] [stderr] 
[INFO] [stderr]   stack backtrace:
[INFO] [stderr]      0:     0x63ba1f503161 - <<std[70759c8f55707aa4]::sys::backtrace::BacktraceLock>::print::DisplayBacktrace as core[df12db4294e9bfd3]::fmt::Display>::fmt
[INFO] [stderr]      1:     0x63ba1f516a2a - core[df12db4294e9bfd3]::fmt::write
[INFO] [stderr]      2:     0x63ba1f508c3c - <std[70759c8f55707aa4]::sys::stdio::unix::Stderr as core[df12db4294e9bfd3]::io::write::Write>::write_fmt
[INFO] [stderr]      3:     0x63ba1f4e1536 - std[70759c8f55707aa4]::panicking::default_hook::{closure#0}
[INFO] [stderr]      4:     0x63ba1f4fd961 - std[70759c8f55707aa4]::panicking::default_hook
[INFO] [stderr]      5:     0x63ba1f4fdb1b - std[70759c8f55707aa4]::panicking::panic_with_hook
[INFO] [stderr]      6:     0x63ba1f4e15e2 - std[70759c8f55707aa4]::panicking::panic_handler::{closure#0}
[INFO] [stderr]      7:     0x63ba1f4da2f9 - std[70759c8f55707aa4]::sys::backtrace::__rust_end_short_backtrace::<std[70759c8f55707aa4]::panicking::panic_handler::{closure#0}, !>
[INFO] [stderr]      8:     0x63ba1f4e1ecd - __rustc[8fa7c3cbc660c2b3]::rust_begin_unwind
[INFO] [stderr]      9:     0x63ba1f51719c - core[df12db4294e9bfd3]::panicking::panic_fmt
[INFO] [stderr]     10:     0x63ba1f4ac1b7 - gcc[cad2299997bcc4]::fail
[INFO] [stderr]     11:     0x63ba1f4b729d - <gcc[cad2299997bcc4]::Build>::compile
[INFO] [stderr]     12:     0x63ba1f4ab813 - gcc[cad2299997bcc4]::compile_library
[INFO] [stderr]     13:     0x63ba1f4a9e48 - build_script_build[c252ce48343ada37]::main
[INFO] [stderr]     14:     0x63ba1f4a9fb3 - <fn() as core[df12db4294e9bfd3]::ops::function::FnOnce<()>>::call_once
[INFO] [stderr]     15:     0x63ba1f4a990e - std[70759c8f55707aa4]::sys::backtrace::__rust_begin_short_backtrace::<fn(), ()>
[INFO] [stderr]     16:     0x63ba1f4a9919 - std[70759c8f55707aa4]::rt::lang_start::<()>::{closure#0}
[INFO] [stderr]     17:     0x63ba1f4fcd99 - std[70759c8f55707aa4]::rt::lang_start_internal
[INFO] [stderr]     18:     0x63ba1f4a9901 - std[70759c8f55707aa4]::rt::lang_start::<()>
[INFO] [stderr]     19:     0x63ba1f4a9ff5 - main
[INFO] [stderr]     20:     0x75254381e601 - <unknown>
[INFO] [stderr]     21:     0x75254381e718 - __libc_start_main
[INFO] [stderr]     22:     0x63ba1f4a9815 - _start
[INFO] [stderr]     23:                0x0 - <unknown>
[INFO] running `Command { std: "docker" "inspect" "14419f5e2a189370d0e393e56ca3d7a25629e0ab13486efed06a8de44df7e18b", kill_on_drop: false }`
[INFO] running `Command { std: "docker" "rm" "-f" "14419f5e2a189370d0e393e56ca3d7a25629e0ab13486efed06a8de44df7e18b", kill_on_drop: false }`
[INFO] [stdout] 14419f5e2a189370d0e393e56ca3d7a25629e0ab13486efed06a8de44df7e18b
