[INFO] fetching crate cpu-local 0.4.3...
[INFO] testing cpu-local-0.4.3 against 1.99.0-beta.8+cargoflags=--release for beta-release-1.100-2
[INFO] extracting crate cpu-local 0.4.3 into /workspace/builds/worker-0-tc1/source
[INFO] started tweaking crates.io crate cpu-local 0.4.3
[INFO] removed 0 missing tests
[INFO] finished tweaking crates.io crate cpu-local 0.4.3
[INFO] tweaked toml for crates.io crate cpu-local 0.4.3 written to /workspace/builds/worker-0-tc1/source/Cargo.toml
[INFO] validating manifest of crates.io crate cpu-local 0.4.3 on toolchain 1.99.0-beta.8
[INFO] running `Command { std: CARGO_HOME="/workspace/cargo-home" RUSTUP_HOME="/workspace/rustup-home" "/workspace/cargo-home/bin/cargo" "+1.99.0-beta.8" "metadata" "--manifest-path" "Cargo.toml" "--no-deps", kill_on_drop: false }`
[INFO] crate crates.io crate cpu-local 0.4.3 already has a lockfile, it will not be regenerated
[INFO] running `Command { std: CARGO_HOME="/workspace/cargo-home" RUSTUP_HOME="/workspace/rustup-home" "/workspace/cargo-home/bin/cargo" "+1.99.0-beta.8" "fetch" "--manifest-path" "Cargo.toml", kill_on_drop: false }`
[INFO] [stderr]     Updating crates.io index
[INFO] [stderr]  Downloading crates ...
[INFO] [stderr]   Downloaded volatile v0.4.6
[INFO] [stderr]   Downloaded const_fn v0.4.12
[INFO] [stderr]   Downloaded x86_64 v0.15.5
[INFO] [stderr]   Downloaded riscv-types v0.1.0
[INFO] [stderr]   Downloaded num-align v0.1.0
[INFO] [stderr]   Downloaded ax-lazyinit v0.5.1
[INFO] [stderr]   Downloaded trait-ffi-macros v0.4.0
[INFO] [stderr]   Downloaded ax-memory-addr v0.7.1
[INFO] [stderr]   Downloaded trait-ffi v0.3.1
[INFO] [stderr]   Downloaded loongArch64 v0.2.6
[INFO] [stderr]   Downloaded tock-registers v0.10.1
[INFO] [stderr]   Downloaded aarch64-cpu v11.2.0
[INFO] [stderr]   Downloaded riscv v0.16.1
[INFO] [stderr]   Downloaded page-table-generic v0.9.1
[INFO] [stderr]   Downloaded raw-cpuid v10.7.0
[INFO] [stderr]   Downloaded heapless v0.9.3
[INFO] [stderr]   Downloaded ax-cpu v0.10.3
[INFO] [stderr]   Downloaded x86 v0.52.0
[INFO] running `Command { std: "docker" "create" "-v" "/var/lib/crater-agent-workspace/builds/worker-0-tc1/source:/opt/rustwide/workdir:ro,Z" "-v" "/var/lib/crater-agent-workspace/builds/worker-0-tc1/target:/opt/rustwide/target:rw,Z" "-v" "/var/lib/crater-agent-workspace/cargo-home:/opt/rustwide/cargo-home:ro,Z" "-v" "/var/lib/crater-agent-workspace/rustup-home:/opt/rustwide/rustup-home:ro,Z" "-m" "1610612736" "--network" "none" "ghcr.io/rust-lang/crates-build-env/linux@sha256:77db811e55d90add9212f6832c23229e3de5f1c1f9905e8cb07319ea15df73ac" "sleep" "infinity", kill_on_drop: false }`
[INFO] [stdout] 7c00ed78badb01418b68a8fd1cd5f320a0b9af67190b77e9f3f29a06c22cd751
[INFO] running `Command { std: "docker" "start" "7c00ed78badb01418b68a8fd1cd5f320a0b9af67190b77e9f3f29a06c22cd751", kill_on_drop: false }`
[INFO] running `Command { std: "docker" "inspect" "7c00ed78badb01418b68a8fd1cd5f320a0b9af67190b77e9f3f29a06c22cd751", kill_on_drop: false }`
[INFO] running `Command { std: "docker" "exec" "-e" "SOURCE_DIR=/opt/rustwide/workdir" "-e" "CARGO_HOME=/opt/rustwide/cargo-home" "-e" "RUSTUP_HOME=/opt/rustwide/rustup-home" "-e" "CARGO_TARGET_DIR=/opt/rustwide/target" "-w" "/opt/rustwide/workdir" "--user" "0:0" "7c00ed78badb01418b68a8fd1cd5f320a0b9af67190b77e9f3f29a06c22cd751" "/opt/rustwide/cargo-home/bin/cargo" "+1.99.0-beta.8" "metadata" "--no-deps" "--format-version=1", kill_on_drop: false }`
[INFO] running `Command { std: "docker" "inspect" "7c00ed78badb01418b68a8fd1cd5f320a0b9af67190b77e9f3f29a06c22cd751", kill_on_drop: false }`
[INFO] running `Command { std: "docker" "exec" "-e" "SOURCE_DIR=/opt/rustwide/workdir" "-e" "CARGO_HOME=/opt/rustwide/cargo-home" "-e" "RUSTUP_HOME=/opt/rustwide/rustup-home" "-e" "CARGO_TARGET_DIR=/opt/rustwide/target" "-e" "CARGO_INCREMENTAL=0" "-e" "RUST_BACKTRACE=full" "-e" "RUSTFLAGS=--cap-lints=warn" "-e" "RUSTDOCFLAGS=--cap-lints=warn" "-w" "/opt/rustwide/workdir" "--user" "0:0" "7c00ed78badb01418b68a8fd1cd5f320a0b9af67190b77e9f3f29a06c22cd751" "/opt/rustwide/cargo-home/bin/cargo" "+1.99.0-beta.8" "build" "--frozen" "--message-format=json" "--release", kill_on_drop: false }`
[INFO] [stderr]    Compiling byteorder v1.5.0
[INFO] [stderr]    Compiling unicode-segmentation v1.13.3
[INFO] [stderr]    Compiling heapless v0.9.3
[INFO] [stderr]    Compiling thiserror v2.0.20
[INFO] [stderr]    Compiling const_fn v0.4.12
[INFO] [stderr]    Compiling bit_field v0.10.3
[INFO] [stderr]    Compiling x86 v0.52.0
[INFO] [stderr]    Compiling raw-cpuid v10.7.0
[INFO] [stderr]    Compiling ax-memory-addr v0.7.1
[INFO] [stderr]    Compiling ax-cpu v0.10.3
[INFO] [stderr]    Compiling num-align v0.1.0
[INFO] [stderr]    Compiling volatile v0.4.6
[INFO] [stderr]    Compiling ax-lazyinit v0.5.1
[INFO] [stderr]    Compiling cpu-local v0.4.3 (/opt/rustwide/workdir)
[INFO] [stderr]    Compiling syn v3.0.6
[INFO] [stderr]    Compiling hash32 v0.3.1
[INFO] [stderr]    Compiling x86_64 v0.15.5
[INFO] [stderr]    Compiling convert_case v0.8.0
[INFO] [stderr]    Compiling thiserror-impl v2.0.20
[INFO] [stderr]    Compiling trait-ffi-macros v0.4.0
[INFO] [stderr]    Compiling trait-ffi v0.3.1
[INFO] [stderr]    Compiling page-table-generic v0.9.1
[INFO] [stderr]     Finished `release` profile [optimized] target(s) in 12.60s
[INFO] running `Command { std: "docker" "inspect" "7c00ed78badb01418b68a8fd1cd5f320a0b9af67190b77e9f3f29a06c22cd751", kill_on_drop: false }`
[INFO] running `Command { std: "docker" "exec" "-e" "SOURCE_DIR=/opt/rustwide/workdir" "-e" "CARGO_HOME=/opt/rustwide/cargo-home" "-e" "RUSTUP_HOME=/opt/rustwide/rustup-home" "-e" "CARGO_TARGET_DIR=/opt/rustwide/target" "-e" "CARGO_INCREMENTAL=0" "-e" "RUST_BACKTRACE=full" "-e" "RUSTFLAGS=--cap-lints=warn" "-e" "RUSTDOCFLAGS=--cap-lints=warn" "-w" "/opt/rustwide/workdir" "--user" "0:0" "7c00ed78badb01418b68a8fd1cd5f320a0b9af67190b77e9f3f29a06c22cd751" "/opt/rustwide/cargo-home/bin/cargo" "+1.99.0-beta.8" "test" "--frozen" "--no-run" "--message-format=json" "--release", kill_on_drop: false }`
[INFO] [stderr]    Compiling cpu-local v0.4.3 (/opt/rustwide/workdir)
[INFO] [stdout] error[E0063]: missing field `owner` in initializer of `preempt::PreemptionToken`
[INFO] [stdout]    --> src/preempt.rs:221:9
[INFO] [stdout]     |
[INFO] [stdout] 221 |         Self {
[INFO] [stdout]     |         ^^^^ missing `owner`
[INFO] [stdout] 
[INFO] [stdout] 
[INFO] [stdout] error[E0599]: no method named `enter` found for reference `&preempt::PreemptionState` in the current scope
[INFO] [stdout]    --> src/preempt.rs:502:15
[INFO] [stdout]     |
[INFO] [stdout] 502 |         state.enter();
[INFO] [stdout]     |               ^^^^^ method not found in `&preempt::PreemptionState`
[INFO] [stdout] 
[INFO] [stdout] 
[INFO] [stdout] error[E0599]: no method named `enter` found for struct `preempt::PreemptionState` in the current scope
[INFO] [stdout]    --> src/preempt.rs:590:26
[INFO] [stdout]     |
[INFO] [stdout]  73 | pub(crate) struct PreemptionState(AtomicU32);
[INFO] [stdout]     | --------------------------------- method `enter` not found for this struct
[INFO] [stdout] ...
[INFO] [stdout] 590 |         migrated_context.enter();
[INFO] [stdout]     |                          ^^^^^ method not found in `preempt::PreemptionState`
[INFO] [stdout] 
[INFO] [stdout] 
[INFO] [stdout] error[E0599]: no method named `enter` found for struct `preempt::PreemptionState` in the current scope
[INFO] [stdout]    --> src/preempt.rs:591:22
[INFO] [stdout]     |
[INFO] [stdout]  73 | pub(crate) struct PreemptionState(AtomicU32);
[INFO] [stdout]     | --------------------------------- method `enter` not found for this struct
[INFO] [stdout] ...
[INFO] [stdout] 591 |         migrated_cpu.enter();
[INFO] [stdout]     |                      ^^^^^ method not found in `preempt::PreemptionState`
[INFO] [stdout] 
[INFO] [stdout] 
[INFO] [stdout] error[E0599]: no method named `enter` found for struct `preempt::PreemptionState` in the current scope
[INFO] [stdout]    --> src/preempt.rs:618:21
[INFO] [stdout]     |
[INFO] [stdout]  73 | pub(crate) struct PreemptionState(AtomicU32);
[INFO] [stdout]     | --------------------------------- method `enter` not found for this struct
[INFO] [stdout] ...
[INFO] [stdout] 618 |         resumed_cpu.enter();
[INFO] [stdout]     |                     ^^^^^ method not found in `preempt::PreemptionState`
[INFO] [stdout] 
[INFO] [stdout] 
[INFO] [stdout] Some errors have detailed explanations: E0063, E0599.
[INFO] [stdout] 
[INFO] [stdout] For more information about an error, try `rustc --explain E0063`.
[INFO] [stdout] 
[INFO] [stderr] error: could not compile `cpu-local` (lib test) due to 5 previous errors
[INFO] [stderr] warning: build failed, waiting for other jobs to finish...
[INFO] running `Command { std: "docker" "inspect" "7c00ed78badb01418b68a8fd1cd5f320a0b9af67190b77e9f3f29a06c22cd751", kill_on_drop: false }`
[INFO] running `Command { std: "docker" "rm" "-f" "7c00ed78badb01418b68a8fd1cd5f320a0b9af67190b77e9f3f29a06c22cd751", kill_on_drop: false }`
[INFO] [stdout] 7c00ed78badb01418b68a8fd1cd5f320a0b9af67190b77e9f3f29a06c22cd751
