[INFO] fetching crate cp2k-sys 0.3.1...
[INFO] testing cp2k-sys-0.3.1 against 1.99.0-beta.8+cargoflags=--release for beta-release-1.100-2
[INFO] extracting crate cp2k-sys 0.3.1 into /workspace/builds/worker-6-tc1/source
[INFO] started tweaking crates.io crate cp2k-sys 0.3.1
[INFO] finished tweaking crates.io crate cp2k-sys 0.3.1
[INFO] tweaked toml for crates.io crate cp2k-sys 0.3.1 written to /workspace/builds/worker-6-tc1/source/Cargo.toml
[INFO] validating manifest of crates.io crate cp2k-sys 0.3.1 on toolchain 1.99.0-beta.8
[INFO] running `Command { std: CARGO_HOME="/workspace/cargo-home" RUSTUP_HOME="/workspace/rustup-home" "/workspace/cargo-home/bin/cargo" "+1.99.0-beta.8" "metadata" "--manifest-path" "Cargo.toml" "--no-deps", kill_on_drop: false }`
[INFO] crate crates.io crate cp2k-sys 0.3.1 already has a lockfile, it will not be regenerated
[INFO] running `Command { std: CARGO_HOME="/workspace/cargo-home" RUSTUP_HOME="/workspace/rustup-home" "/workspace/cargo-home/bin/cargo" "+1.99.0-beta.8" "fetch" "--manifest-path" "Cargo.toml", kill_on_drop: false }`
[INFO] [stderr]     Updating crates.io index
[INFO] [stderr]  Downloading crates ...
[INFO] [stderr]   Downloaded openblas-src v0.10.16
[INFO] [stderr]   Downloaded openblas-build v0.10.16
[INFO] [stderr]   Downloaded ureq v3.2.1
[INFO] [stderr]   Downloaded cp2k-zlib-sys v0.3.1
[INFO] [stderr]   Downloaded cp2k-trexio-sys v0.3.1
[INFO] [stderr]   Downloaded cp2k-hdf5-sys v0.3.1
[INFO] [stderr]   Downloaded cp2k-tblite-sys v0.3.1
[INFO] [stderr]   Downloaded cp2k-dftd4-sys v0.3.1
[INFO] [stderr]   Downloaded cp2k-build-utils v0.3.1
[INFO] [stderr]   Downloaded cp2k-superlu-dist-sys v0.3.1
[INFO] [stderr]   Downloaded cp2k-libxsmm-sys v0.3.1
[INFO] [stderr]   Downloaded cp2k-costa-sys v0.3.1
[INFO] [stderr]   Downloaded cp2k-libint-sys v0.3.1
[INFO] [stderr]   Downloaded cp2k-spfft-sys v0.3.1
[INFO] [stderr]   Downloaded cp2k-scalapack-sys v0.3.1
[INFO] [stderr]   Downloaded cp2k-fftw3-sys v0.3.1
[INFO] [stderr]   Downloaded cp2k-libxc-sys v0.3.1
[INFO] [stderr]   Downloaded cp2k-libvdwxc-sys v0.3.1
[INFO] [stderr]   Downloaded cp2k-libvori-sys v0.3.1
[INFO] [stderr]   Downloaded cp2k-gmp-sys v0.3.1
[INFO] [stderr]   Downloaded cp2k-spla-sys v0.3.1
[INFO] [stderr]   Downloaded cp2k-elpa-sys v0.3.1
[INFO] [stderr]   Downloaded cp2k-greenx-sys v0.3.1
[INFO] [stderr]   Downloaded cp2k-plumed-sys v0.3.1
[INFO] [stderr]   Downloaded cp2k-pugixml-sys v0.3.1
[INFO] [stderr]   Downloaded cp2k-sirius-sys v0.3.1
[INFO] [stderr]   Downloaded cp2k-libtorch-sys v0.3.1
[INFO] [stderr]   Downloaded cp2k-spglib-sys v0.3.1
[INFO] [stderr]   Downloaded cp2k-gauxc-sys v0.3.1
[INFO] [stderr]   Downloaded cp2k-parmetis-sys v0.3.1
[INFO] [stderr]   Downloaded cp2k-pexsi-sys v0.3.1
[INFO] [stderr]   Downloaded cp2k-gsl-sys v0.3.1
[INFO] [stderr]   Downloaded cp2k-fmt-sys v0.3.1
[INFO] [stderr]   Downloaded cp2k-libsmeagol-sys v0.3.1
[INFO] [stderr]   Downloaded cp2k-cosma-sys v0.3.1
[INFO] [stderr]   Downloaded cp2k-dbcsr-sys v0.3.1
[INFO] running `Command { std: "docker" "create" "-v" "/var/lib/crater-agent-workspace/builds/worker-6-tc1/source:/opt/rustwide/workdir:ro,Z" "-v" "/var/lib/crater-agent-workspace/builds/worker-6-tc1/target:/opt/rustwide/target:rw,Z" "-v" "/var/lib/crater-agent-workspace/cargo-home:/opt/rustwide/cargo-home:ro,Z" "-v" "/var/lib/crater-agent-workspace/rustup-home:/opt/rustwide/rustup-home:ro,Z" "-m" "1610612736" "--network" "none" "ghcr.io/rust-lang/crates-build-env/linux@sha256:77db811e55d90add9212f6832c23229e3de5f1c1f9905e8cb07319ea15df73ac" "sleep" "infinity", kill_on_drop: false }`
[INFO] [stdout] 6b4cd7c36f2533d5d452076811df79eb6022954abafc85e1e9e19c47e63021cb
[INFO] running `Command { std: "docker" "start" "6b4cd7c36f2533d5d452076811df79eb6022954abafc85e1e9e19c47e63021cb", kill_on_drop: false }`
[INFO] running `Command { std: "docker" "inspect" "6b4cd7c36f2533d5d452076811df79eb6022954abafc85e1e9e19c47e63021cb", kill_on_drop: false }`
[INFO] running `Command { std: "docker" "exec" "-e" "SOURCE_DIR=/opt/rustwide/workdir" "-e" "CARGO_HOME=/opt/rustwide/cargo-home" "-e" "RUSTUP_HOME=/opt/rustwide/rustup-home" "-e" "CARGO_TARGET_DIR=/opt/rustwide/target" "-w" "/opt/rustwide/workdir" "--user" "0:0" "6b4cd7c36f2533d5d452076811df79eb6022954abafc85e1e9e19c47e63021cb" "/opt/rustwide/cargo-home/bin/cargo" "+1.99.0-beta.8" "metadata" "--no-deps" "--format-version=1", kill_on_drop: false }`
[INFO] running `Command { std: "docker" "inspect" "6b4cd7c36f2533d5d452076811df79eb6022954abafc85e1e9e19c47e63021cb", kill_on_drop: false }`
[INFO] running `Command { std: "docker" "exec" "-e" "SOURCE_DIR=/opt/rustwide/workdir" "-e" "CARGO_HOME=/opt/rustwide/cargo-home" "-e" "RUSTUP_HOME=/opt/rustwide/rustup-home" "-e" "CARGO_TARGET_DIR=/opt/rustwide/target" "-e" "CARGO_INCREMENTAL=0" "-e" "RUST_BACKTRACE=full" "-e" "RUSTFLAGS=--cap-lints=warn" "-e" "RUSTDOCFLAGS=--cap-lints=warn" "-w" "/opt/rustwide/workdir" "--user" "0:0" "6b4cd7c36f2533d5d452076811df79eb6022954abafc85e1e9e19c47e63021cb" "/opt/rustwide/cargo-home/bin/cargo" "+1.99.0-beta.8" "build" "--frozen" "--message-format=json" "--release", kill_on_drop: false }`
[INFO] [stderr]    Compiling libc v0.2.189
[INFO] [stderr]    Compiling cfg-if v1.0.5
[INFO] [stderr]    Compiling find-msvc-tools v0.1.13
[INFO] [stderr]    Compiling unicode-ident v1.0.26
[INFO] [stderr]    Compiling rustix v1.1.5
[INFO] [stderr]    Compiling httparse v1.10.1
[INFO] [stderr]    Compiling rustls v0.23.45
[INFO] [stderr]    Compiling linux-raw-sys v0.12.1
[INFO] [stderr]    Compiling bitflags v2.13.2
[INFO] [stderr]    Compiling crc32fast v1.5.2
[INFO] [stderr]    Compiling log v0.4.34
[INFO] [stderr]    Compiling rustls-pki-types v1.15.1
[INFO] [stderr]    Compiling bytes v1.12.1
[INFO] [stderr]    Compiling once_cell v1.21.4
[INFO] [stderr]    Compiling base64 v0.22.1
[INFO] [stderr]    Compiling simd-adler32 v0.3.10
[INFO] [stderr]    Compiling adler2 v2.0.1
[INFO] [stderr]    Compiling proc-macro2 v1.0.107
[INFO] [stderr]    Compiling thiserror v2.0.20
[INFO] [stderr]    Compiling cc v1.4.7
[INFO] [stderr]    Compiling anyhow v1.0.104
[INFO] [stderr]    Compiling option-ext v0.2.0
[INFO] [stderr]    Compiling utf8-zero v0.8.1
[INFO] [stderr]    Compiling webpki-roots v1.0.9
[INFO] [stderr]    Compiling miniz_oxide v0.9.1
[INFO] [stderr]    Compiling flate2 v1.1.10
[INFO] [stderr]    Compiling http v1.5.0
[INFO] [stderr]    Compiling quote v1.0.47
[INFO] [stderr]    Compiling syn v3.0.6
[INFO] [stderr]    Compiling num_cpus v1.17.0
[INFO] [stderr]    Compiling getrandom v0.2.17
[INFO] [stderr]    Compiling filetime v0.2.27
[INFO] [stderr]    Compiling dirs-sys v0.5.0
[INFO] [stderr]    Compiling ring v0.17.14
[INFO] [stderr]    Compiling cp2k-build-utils v0.3.1
[INFO] [stderr]    Compiling dirs v6.0.0
[INFO] [stderr]    Compiling cp2k-sys v0.3.1 (/opt/rustwide/workdir)
[INFO] [stderr]    Compiling cp2k-scalapack-sys v0.3.1
[INFO] [stderr]    Compiling cp2k-fftw3-sys v0.3.1
[INFO] [stderr]    Compiling cp2k-hdf5-sys v0.3.1
[INFO] [stderr]    Compiling cp2k-pugixml-sys v0.3.1
[INFO] [stderr]    Compiling cp2k-costa-sys v0.3.1
[INFO] [stderr]    Compiling cp2k-libxc-sys v0.3.1
[INFO] [stderr]    Compiling cp2k-dftd4-sys v0.3.1
[INFO] [stderr]    Compiling cp2k-fmt-sys v0.3.1
[INFO] [stderr]    Compiling cp2k-elpa-sys v0.3.1
[INFO] [stderr]    Compiling cp2k-gsl-sys v0.3.1
[INFO] [stderr]    Compiling ureq-proto v0.5.3
[INFO] [stdout] warning: unused variable: `zlib_install`
[INFO] [stdout]    --> build.rs:506:5
[INFO] [stdout]     |
[INFO] [stdout] 506 |     zlib_install: &Path,
[INFO] [stdout]     |     ^^^^^^^^^^^^ help: if this is intentional, prefix it with an underscore: `_zlib_install`
[INFO] [stdout]     |
[INFO] [stdout]     = note: `#[warn(unused_variables)]` (part of `#[warn(unused)]`) on by default
[INFO] [stdout] 
[INFO] [stdout] 
[INFO] [stderr]    Compiling cp2k-spglib-sys v0.3.1
[INFO] [stderr]    Compiling cp2k-spfft-sys v0.3.1
[INFO] [stderr]    Compiling cp2k-spla-sys v0.3.1
[INFO] [stderr]    Compiling cp2k-libvdwxc-sys v0.3.1
[INFO] [stderr]    Compiling cp2k-libint-sys v0.3.1
[INFO] [stderr]    Compiling cp2k-dbcsr-sys v0.3.1
[INFO] [stderr]    Compiling cp2k-greenx-sys v0.3.1
[INFO] [stderr]    Compiling cp2k-gauxc-sys v0.3.1
[INFO] [stderr]    Compiling cp2k-tblite-sys v0.3.1
[INFO] [stderr]    Compiling cp2k-sirius-sys v0.3.1
[INFO] [stderr]    Compiling cp2k-cosma-sys v0.3.1
[INFO] [stderr]    Compiling cp2k-gmp-sys v0.3.1
[INFO] [stderr]    Compiling cp2k-libxsmm-sys v0.3.1
[INFO] [stderr]    Compiling cp2k-plumed-sys v0.3.1
[INFO] [stderr]    Compiling cp2k-trexio-sys v0.3.1
[INFO] [stderr]    Compiling cp2k-zlib-sys v0.3.1
[INFO] [stderr]    Compiling cp2k-libvori-sys v0.3.1
[INFO] [stderr]    Compiling cp2k-libsmeagol-sys v0.3.1
[INFO] [stderr] warning: cp2k-libxsmm-sys@0.3.1: Fetching libxsmm @ e0c4a2389afba36c453233ad7de07bd92c715bec...
[INFO] [stderr] error: failed to run custom build command for `cp2k-libxsmm-sys v0.3.1`
[INFO] [stderr] note: To improve backtraces for build dependencies, set the CARGO_PROFILE_RELEASE_BUILD_OVERRIDE_DEBUG=true environment variable to enable debug information generation.
[INFO] [stderr] 
[INFO] [stderr] Caused by:
[INFO] [stderr]   process didn't exit successfully: `/opt/rustwide/target/release/build/cp2k-libxsmm-sys-968d9e3111f6bff6/build-script-build` (exit status: 101)
[INFO] [stderr]   --- stdout
[INFO] [stderr]   cargo:rerun-if-changed=build.rs
[INFO] [stderr]   cargo:rerun-if-env-changed=CP2K_TARGET_ARCH
[INFO] [stderr]   cargo:warning=Fetching libxsmm @ e0c4a2389afba36c453233ad7de07bd92c715bec...
[INFO] [stderr] 
[INFO] [stderr]   --- stderr
[INFO] [stderr]   libxsmm git fetch failed!
[INFO] [stderr]   stdout: 
[INFO] [stderr]   stderr: fatal: unable to access 'https://github.com/libxsmm/libxsmm.git/': Could not resolve host: github.com
[INFO] [stderr] 
[INFO] [stderr] 
[INFO] [stderr]   thread 'main' (1310) panicked at /opt/rustwide/cargo-home/registry/src/index.crates.io-1949cf8c6b5b557f/cp2k-build-utils-0.3.1/src/lib.rs:297:9:
[INFO] [stderr]   libxsmm git fetch failed
[INFO] [stderr]   stack backtrace:
[INFO] [stderr]      0:     0x650bbf14f901 - <<std[70759c8f55707aa4]::sys::backtrace::BacktraceLock>::print::DisplayBacktrace as core[df12db4294e9bfd3]::fmt::Display>::fmt
[INFO] [stderr]      1:     0x650bbf16140a - core[df12db4294e9bfd3]::fmt::write
[INFO] [stderr]      2:     0x650bbf153cec - <std[70759c8f55707aa4]::sys::stdio::unix::Stderr as core[df12db4294e9bfd3]::io::write::Write>::write_fmt
[INFO] [stderr]      3:     0x650bbf12f716 - std[70759c8f55707aa4]::panicking::default_hook::{closure#0}
[INFO] [stderr]      4:     0x650bbf14a861 - std[70759c8f55707aa4]::panicking::default_hook
[INFO] [stderr]      5:     0x650bbf14aa1b - std[70759c8f55707aa4]::panicking::panic_with_hook
[INFO] [stderr]      6:     0x650bbf12f7c2 - std[70759c8f55707aa4]::panicking::panic_handler::{closure#0}
[INFO] [stderr]      7:     0x650bbf128509 - std[70759c8f55707aa4]::sys::backtrace::__rust_end_short_backtrace::<std[70759c8f55707aa4]::panicking::panic_handler::{closure#0}, !>
[INFO] [stderr]      8:     0x650bbf12ffbd - __rustc[8fa7c3cbc660c2b3]::rust_begin_unwind
[INFO] [stderr]      9:     0x650bbf161b7c - core[df12db4294e9bfd3]::panicking::panic_fmt
[INFO] [stderr]     10:     0x650bbf1137cd - cp2k_build_utils[d925f2eae3018604]::run
[INFO] [stderr]     11:     0x650bbf10f3bf - build_script_build[7432d110236d91e9]::main::{closure#0}
[INFO] [stderr]     12:     0x650bbf10fb84 - build_script_build[7432d110236d91e9]::main
[INFO] [stderr]     13:     0x650bbf111343 - <fn() as core[df12db4294e9bfd3]::ops::function::FnOnce<()>>::call_once
[INFO] [stderr]     14:     0x650bbf10f20e - std[70759c8f55707aa4]::sys::backtrace::__rust_begin_short_backtrace::<fn(), ()>
[INFO] [stderr]     15:     0x650bbf10f2f9 - std[70759c8f55707aa4]::rt::lang_start::<()>::{closure#0}
[INFO] [stderr]     16:     0x650bbf149c99 - std[70759c8f55707aa4]::rt::lang_start_internal
[INFO] [stderr]     17:     0x650bbf10efa1 - std[70759c8f55707aa4]::rt::lang_start::<()>
[INFO] [stderr]     18:     0x650bbf111465 - main
[INFO] [stderr]     19:     0x7d6e4cd47601 - <unknown>
[INFO] [stderr]     20:     0x7d6e4cd47718 - __libc_start_main
[INFO] [stderr]     21:     0x650bbf10ea55 - _start
[INFO] [stderr]     22:                0x0 - <unknown>
[INFO] [stderr] warning: build failed, waiting for other jobs to finish...
[INFO] [stderr] warning: cp2k-hdf5-sys@0.3.1: Downloading HDF5 1.14.6...
[INFO] [stderr] warning: cp2k-hdf5-sys@0.3.1: download attempt 1/4 for https://www.cp2k.org/static/downloads/hdf5-1.14.6.tar.gz failed; retrying
[INFO] [stderr] warning: cp2k-hdf5-sys@0.3.1: download attempt 2/4 for https://www.cp2k.org/static/downloads/hdf5-1.14.6.tar.gz failed; retrying
[INFO] [stderr] warning: cp2k-hdf5-sys@0.3.1: download attempt 3/4 for https://www.cp2k.org/static/downloads/hdf5-1.14.6.tar.gz failed; retrying
[INFO] [stderr] warning: cp2k-hdf5-sys@0.3.1: download attempt 4/4 for https://www.cp2k.org/static/downloads/hdf5-1.14.6.tar.gz failed; retrying
[INFO] [stderr] error: failed to run custom build command for `cp2k-hdf5-sys v0.3.1`
[INFO] [stderr] note: To improve backtraces for build dependencies, set the CARGO_PROFILE_RELEASE_BUILD_OVERRIDE_DEBUG=true environment variable to enable debug information generation.
[INFO] [stderr] 
[INFO] [stderr] Caused by:
[INFO] [stderr]   process didn't exit successfully: `/opt/rustwide/target/release/build/cp2k-hdf5-sys-a849d2b3b128644a/build-script-build` (exit status: 101)
[INFO] [stderr]   --- stdout
[INFO] [stderr]   cargo:rerun-if-changed=build.rs
[INFO] [stderr]   cargo:rerun-if-env-changed=CP2K_TARGET_ARCH
[INFO] [stderr]   cargo:warning=Downloading HDF5 1.14.6...
[INFO] [stderr]   cargo:warning=download attempt 1/4 for https://www.cp2k.org/static/downloads/hdf5-1.14.6.tar.gz failed; retrying
[INFO] [stderr]   cargo:warning=download attempt 2/4 for https://www.cp2k.org/static/downloads/hdf5-1.14.6.tar.gz failed; retrying
[INFO] [stderr]   cargo:warning=download attempt 3/4 for https://www.cp2k.org/static/downloads/hdf5-1.14.6.tar.gz failed; retrying
[INFO] [stderr]   cargo:warning=download attempt 4/4 for https://www.cp2k.org/static/downloads/hdf5-1.14.6.tar.gz failed; retrying
[INFO] [stderr] 
[INFO] [stderr]   --- stderr
[INFO] [stderr] 
[INFO] [stderr]   thread 'main' (719) panicked at /opt/rustwide/cargo-home/registry/src/index.crates.io-1949cf8c6b5b557f/cp2k-build-utils-0.3.1/src/lib.rs:285:5:
[INFO] [stderr]   Failed to download https://www.cp2k.org/static/downloads/hdf5-1.14.6.tar.gz after 4 attempts: curl: (6) Could not resolve host: www.cp2k.org
[INFO] [stderr]   Warning: Problem : timeout. Will retry in 1 second. 3 retries left.
[INFO] [stderr]   curl: (6) Could not resolve host: www.cp2k.org
[INFO] [stderr]   Warning: Problem : timeout. Will retry in 2 seconds. 2 retries left.
[INFO] [stderr]   curl: (6) Could not resolve host: www.cp2k.org
[INFO] [stderr]   Warning: Problem : timeout. Will retry in 4 seconds. 1 retry left.
[INFO] [stderr]   curl: (6) Could not resolve host: www.cp2k.org
[INFO] [stderr] 
[INFO] [stderr]   stack backtrace:
[INFO] [stderr]      0:     0x585c3c36ceb1 - <<std[70759c8f55707aa4]::sys::backtrace::BacktraceLock>::print::DisplayBacktrace as core[df12db4294e9bfd3]::fmt::Display>::fmt
[INFO] [stderr]      1:     0x585c3c37e74a - core[df12db4294e9bfd3]::fmt::write
[INFO] [stderr]      2:     0x585c3c370fcc - <std[70759c8f55707aa4]::sys::stdio::unix::Stderr as core[df12db4294e9bfd3]::io::write::Write>::write_fmt
[INFO] [stderr]      3:     0x585c3c34f446 - std[70759c8f55707aa4]::panicking::default_hook::{closure#0}
[INFO] [stderr]      4:     0x585c3c368b71 - std[70759c8f55707aa4]::panicking::default_hook
[INFO] [stderr]      5:     0x585c3c368d2b - std[70759c8f55707aa4]::panicking::panic_with_hook
[INFO] [stderr]      6:     0x585c3c34f4f2 - std[70759c8f55707aa4]::panicking::panic_handler::{closure#0}
[INFO] [stderr]      7:     0x585c3c3482d9 - std[70759c8f55707aa4]::sys::backtrace::__rust_end_short_backtrace::<std[70759c8f55707aa4]::panicking::panic_handler::{closure#0}, !>
[INFO] [stderr]      8:     0x585c3c34fced - __rustc[8fa7c3cbc660c2b3]::rust_begin_unwind
[INFO] [stderr]      9:     0x585c3c37eebc - core[df12db4294e9bfd3]::panicking::panic_fmt
[INFO] [stderr]     10:     0x585c3c3329e6 - cp2k_build_utils[d925f2eae3018604]::download
[INFO] [stderr]     11:     0x585c3c32da3a - build_script_build[63ec74accd19af1c]::main
[INFO] [stderr]     12:     0x585c3c32f3d3 - <fn() as core[df12db4294e9bfd3]::ops::function::FnOnce<()>>::call_once
[INFO] [stderr]     13:     0x585c3c32d4d6 - std[70759c8f55707aa4]::sys::backtrace::__rust_begin_short_backtrace::<fn(), ()>
[INFO] [stderr]     14:     0x585c3c32d4e9 - std[70759c8f55707aa4]::rt::lang_start::<()>::{closure#0}
[INFO] [stderr]     15:     0x585c3c367fa9 - std[70759c8f55707aa4]::rt::lang_start_internal
[INFO] [stderr]     16:     0x585c3c32d4b1 - std[70759c8f55707aa4]::rt::lang_start::<()>
[INFO] [stderr]     17:     0x585c3c32f415 - main
[INFO] [stderr]     18:     0x71962438d601 - <unknown>
[INFO] [stderr]     19:     0x71962438d718 - __libc_start_main
[INFO] [stderr]     20:     0x585c3c32ce15 - _start
[INFO] [stderr]     21:                0x0 - <unknown>
[INFO] [stderr] warning: cp2k-pugixml-sys@0.3.1: Downloading pugixml 1.15...
[INFO] [stderr] warning: cp2k-pugixml-sys@0.3.1: download attempt 1/4 for https://github.com/zeux/pugixml/archive/refs/tags/v1.15.tar.gz failed; retrying
[INFO] [stderr] warning: cp2k-pugixml-sys@0.3.1: download attempt 2/4 for https://github.com/zeux/pugixml/archive/refs/tags/v1.15.tar.gz failed; retrying
[INFO] [stderr] warning: cp2k-pugixml-sys@0.3.1: download attempt 3/4 for https://github.com/zeux/pugixml/archive/refs/tags/v1.15.tar.gz failed; retrying
[INFO] [stderr] warning: cp2k-pugixml-sys@0.3.1: download attempt 4/4 for https://github.com/zeux/pugixml/archive/refs/tags/v1.15.tar.gz failed; retrying
[INFO] [stderr] error: failed to run custom build command for `cp2k-pugixml-sys v0.3.1`
[INFO] [stderr] note: To improve backtraces for build dependencies, set the CARGO_PROFILE_RELEASE_BUILD_OVERRIDE_DEBUG=true environment variable to enable debug information generation.
[INFO] [stderr] 
[INFO] [stderr] Caused by:
[INFO] [stderr]   process didn't exit successfully: `/opt/rustwide/target/release/build/cp2k-pugixml-sys-dfb2192fe11120f1/build-script-build` (exit status: 101)
[INFO] [stderr]   --- stdout
[INFO] [stderr]   cargo:rerun-if-changed=build.rs
[INFO] [stderr]   cargo:warning=Downloading pugixml 1.15...
[INFO] [stderr]   cargo:warning=download attempt 1/4 for https://github.com/zeux/pugixml/archive/refs/tags/v1.15.tar.gz failed; retrying
[INFO] [stderr]   cargo:warning=download attempt 2/4 for https://github.com/zeux/pugixml/archive/refs/tags/v1.15.tar.gz failed; retrying
[INFO] [stderr]   cargo:warning=download attempt 3/4 for https://github.com/zeux/pugixml/archive/refs/tags/v1.15.tar.gz failed; retrying
[INFO] [stderr]   cargo:warning=download attempt 4/4 for https://github.com/zeux/pugixml/archive/refs/tags/v1.15.tar.gz failed; retrying
[INFO] [stderr] 
[INFO] [stderr]   --- stderr
[INFO] [stderr] 
[INFO] [stderr]   thread 'main' (739) panicked at /opt/rustwide/cargo-home/registry/src/index.crates.io-1949cf8c6b5b557f/cp2k-build-utils-0.3.1/src/lib.rs:285:5:
[INFO] [stderr]   Failed to download https://github.com/zeux/pugixml/archive/refs/tags/v1.15.tar.gz after 4 attempts:   % Total    % Received % Xferd  Average Speed  Time    Time    Time   Current
[INFO] [stderr]                                    Dload  Upload  Total   Spent   Left   Speed
[INFO] [stderr]   
  0      0   0      0   0      0      0      0                              0curl: (6) Could not resolve host: github.com
[INFO] [stderr]   Warning: Problem : timeout. Will retry in 1 second. 3 retries left.
[INFO] [stderr]   curl: (6) Could not resolve host: github.com
[INFO] [stderr]   Warning: Problem : timeout. Will retry in 2 seconds. 2 retries left.
[INFO] [stderr]   curl: (6) Could not resolve host: github.com
[INFO] [stderr]   Warning: Problem : timeout. Will retry in 4 seconds. 1 retry left.
[INFO] [stderr]   curl: (6) Could not resolve host: github.com
[INFO] [stderr] 
[INFO] [stderr]   stack backtrace:
[INFO] [stderr]      0:     0x5d5b75ed7da1 - <<std[70759c8f55707aa4]::sys::backtrace::BacktraceLock>::print::DisplayBacktrace as core[df12db4294e9bfd3]::fmt::Display>::fmt
[INFO] [stderr]      1:     0x5d5b75ee963a - core[df12db4294e9bfd3]::fmt::write
[INFO] [stderr]      2:     0x5d5b75edbebc - <std[70759c8f55707aa4]::sys::stdio::unix::Stderr as core[df12db4294e9bfd3]::io::write::Write>::write_fmt
[INFO] [stderr]      3:     0x5d5b75eba336 - std[70759c8f55707aa4]::panicking::default_hook::{closure#0}
[INFO] [stderr]      4:     0x5d5b75ed3a61 - std[70759c8f55707aa4]::panicking::default_hook
[INFO] [stderr]      5:     0x5d5b75ed3c1b - std[70759c8f55707aa4]::panicking::panic_with_hook
[INFO] [stderr]      6:     0x5d5b75eba3e2 - std[70759c8f55707aa4]::panicking::panic_handler::{closure#0}
[INFO] [stderr]      7:     0x5d5b75eb31c9 - std[70759c8f55707aa4]::sys::backtrace::__rust_end_short_backtrace::<std[70759c8f55707aa4]::panicking::panic_handler::{closure#0}, !>
[INFO] [stderr]      8:     0x5d5b75ebabdd - __rustc[8fa7c3cbc660c2b3]::rust_begin_unwind
[INFO] [stderr]      9:     0x5d5b75ee9dac - core[df12db4294e9bfd3]::panicking::panic_fmt
[INFO] [stderr]     10:     0x5d5b75e9d8d6 - cp2k_build_utils[d925f2eae3018604]::download
[INFO] [stderr]     11:     0x5d5b75e988d1 - build_script_build[3c5640a18276f1ff]::main
[INFO] [stderr]     12:     0x5d5b75e9a2c3 - <fn() as core[df12db4294e9bfd3]::ops::function::FnOnce<()>>::call_once
[INFO] [stderr]     13:     0x5d5b75e983c6 - std[70759c8f55707aa4]::sys::backtrace::__rust_begin_short_backtrace::<fn(), ()>
[INFO] [stderr]     14:     0x5d5b75e983d9 - std[70759c8f55707aa4]::rt::lang_start::<()>::{closure#0}
[INFO] [stderr]     15:     0x5d5b75ed2e99 - std[70759c8f55707aa4]::rt::lang_start_internal
[INFO] [stderr]     16:     0x5d5b75e983a1 - std[70759c8f55707aa4]::rt::lang_start::<()>
[INFO] [stderr]     17:     0x5d5b75e9a305 - main
[INFO] [stderr]     18:     0x75f93ec92601 - <unknown>
[INFO] [stderr]     19:     0x75f93ec92718 - __libc_start_main
[INFO] [stderr]     20:     0x5d5b75e97d05 - _start
[INFO] [stderr]     21:                0x0 - <unknown>
[INFO] [stderr] warning: cp2k-libxc-sys@0.3.1: Downloading Libxc 7.1.2...
[INFO] [stderr] warning: cp2k-libxc-sys@0.3.1: download attempt 1/4 for https://gitlab.com/libxc/libxc/-/archive/7.1.2/libxc-7.1.2.tar.bz2 failed; retrying
[INFO] [stderr] warning: cp2k-libxc-sys@0.3.1: download attempt 2/4 for https://gitlab.com/libxc/libxc/-/archive/7.1.2/libxc-7.1.2.tar.bz2 failed; retrying
[INFO] [stderr] warning: cp2k-libxc-sys@0.3.1: download attempt 3/4 for https://gitlab.com/libxc/libxc/-/archive/7.1.2/libxc-7.1.2.tar.bz2 failed; retrying
[INFO] [stderr] warning: cp2k-libxc-sys@0.3.1: download attempt 4/4 for https://gitlab.com/libxc/libxc/-/archive/7.1.2/libxc-7.1.2.tar.bz2 failed; retrying
[INFO] [stderr] error: failed to run custom build command for `cp2k-libxc-sys v0.3.1`
[INFO] [stderr] note: To improve backtraces for build dependencies, set the CARGO_PROFILE_RELEASE_BUILD_OVERRIDE_DEBUG=true environment variable to enable debug information generation.
[INFO] [stderr] 
[INFO] [stderr] Caused by:
[INFO] [stderr]   process didn't exit successfully: `/opt/rustwide/target/release/build/cp2k-libxc-sys-aa7f10134b17e8cc/build-script-build` (exit status: 101)
[INFO] [stderr]   --- stdout
[INFO] [stderr]   cargo:rerun-if-changed=build.rs
[INFO] [stderr]   cargo:rerun-if-env-changed=CP2K_TARGET_ARCH
[INFO] [stderr]   cargo:rerun-if-env-changed=CP2K_CUDA_ARCH
[INFO] [stderr]   cargo:rerun-if-env-changed=CP2K_HIP_ARCH
[INFO] [stderr]   cargo:warning=Downloading Libxc 7.1.2...
[INFO] [stderr]   cargo:warning=download attempt 1/4 for https://gitlab.com/libxc/libxc/-/archive/7.1.2/libxc-7.1.2.tar.bz2 failed; retrying
[INFO] [stderr]   cargo:warning=download attempt 2/4 for https://gitlab.com/libxc/libxc/-/archive/7.1.2/libxc-7.1.2.tar.bz2 failed; retrying
[INFO] [stderr]   cargo:warning=download attempt 3/4 for https://gitlab.com/libxc/libxc/-/archive/7.1.2/libxc-7.1.2.tar.bz2 failed; retrying
[INFO] [stderr]   cargo:warning=download attempt 4/4 for https://gitlab.com/libxc/libxc/-/archive/7.1.2/libxc-7.1.2.tar.bz2 failed; retrying
[INFO] [stderr] 
[INFO] [stderr]   --- stderr
[INFO] [stderr] 
[INFO] [stderr]   thread 'main' (677) panicked at /opt/rustwide/cargo-home/registry/src/index.crates.io-1949cf8c6b5b557f/cp2k-build-utils-0.3.1/src/lib.rs:285:5:
[INFO] [stderr]   Failed to download https://gitlab.com/libxc/libxc/-/archive/7.1.2/libxc-7.1.2.tar.bz2 after 4 attempts:   % Total    % Received % Xferd  Average Speed  Time    Time    Time   Current
[INFO] [stderr]                                    Dload  Upload  Total   Spent   Left   Speed
[INFO] [stderr]   
  0      0   0      0   0      0      0      0                              0curl: (6) Could not resolve host: gitlab.com
[INFO] [stderr]   Warning: Problem : timeout. Will retry in 1 second. 3 retries left.
[INFO] [stderr]   curl: (6) Could not resolve host: gitlab.com
[INFO] [stderr]   Warning: Problem : timeout. Will retry in 2 seconds. 2 retries left.
[INFO] [stderr]   curl: (6) Could not resolve host: gitlab.com
[INFO] [stderr]   Warning: Problem : timeout. Will retry in 4 seconds. 1 retry left.
[INFO] [stderr]   curl: (6) Could not resolve host: gitlab.com
[INFO] [stderr] 
[INFO] [stderr]   stack backtrace:
[INFO] [stderr]      0:     0x5c871a430fa1 - <<std[70759c8f55707aa4]::sys::backtrace::BacktraceLock>::print::DisplayBacktrace as core[df12db4294e9bfd3]::fmt::Display>::fmt
[INFO] [stderr]      1:     0x5c871a442b1a - core[df12db4294e9bfd3]::fmt::write
[INFO] [stderr]      2:     0x5c871a43531c - <std[70759c8f55707aa4]::sys::stdio::unix::Stderr as core[df12db4294e9bfd3]::io::write::Write>::write_fmt
[INFO] [stderr]      3:     0x5c871a412946 - std[70759c8f55707aa4]::panicking::default_hook::{closure#0}
[INFO] [stderr]      4:     0x5c871a42c031 - std[70759c8f55707aa4]::panicking::default_hook
[INFO] [stderr]      5:     0x5c871a42c1eb - std[70759c8f55707aa4]::panicking::panic_with_hook
[INFO] [stderr]      6:     0x5c871a4129f2 - std[70759c8f55707aa4]::panicking::panic_handler::{closure#0}
[INFO] [stderr]      7:     0x5c871a40b649 - std[70759c8f55707aa4]::sys::backtrace::__rust_end_short_backtrace::<std[70759c8f55707aa4]::panicking::panic_handler::{closure#0}, !>
[INFO] [stderr]      8:     0x5c871a4131ed - __rustc[8fa7c3cbc660c2b3]::rust_begin_unwind
[INFO] [stderr]      9:     0x5c871a44328c - core[df12db4294e9bfd3]::panicking::panic_fmt
[INFO] [stderr]     10:     0x5c871a3f5816 - cp2k_build_utils[d925f2eae3018604]::download
[INFO] [stderr]     11:     0x5c871a3efdc4 - build_script_build[e01898ae9f28cacc]::main
[INFO] [stderr]     12:     0x5c871a3f1ce3 - <fn() as core[df12db4294e9bfd3]::ops::function::FnOnce<()>>::call_once
[INFO] [stderr]     13:     0x5c871a3ef256 - std[70759c8f55707aa4]::sys::backtrace::__rust_begin_short_backtrace::<fn(), ()>
[INFO] [stderr]     14:     0x5c871a3ef269 - std[70759c8f55707aa4]::rt::lang_start::<()>::{closure#0}
[INFO] [stderr]     15:     0x5c871a42b469 - std[70759c8f55707aa4]::rt::lang_start_internal
[INFO] [stderr]     16:     0x5c871a3ef121 - std[70759c8f55707aa4]::rt::lang_start::<()>
[INFO] [stderr]     17:     0x5c871a3f1d25 - main
[INFO] [stderr]     18:     0x7c385856b601 - <unknown>
[INFO] [stderr]     19:     0x7c385856b718 - __libc_start_main
[INFO] [stderr]     20:     0x5c871a3eea95 - _start
[INFO] [stderr]     21:                0x0 - <unknown>
[INFO] [stderr] warning: cp2k-fftw3-sys@0.3.1: Downloading FFTW3 3.3.11 release tarball...
[INFO] [stderr] warning: cp2k-fftw3-sys@0.3.1: download attempt 1/4 for https://www.fftw.org/fftw-3.3.11.tar.gz failed; retrying
[INFO] [stderr] warning: cp2k-fftw3-sys@0.3.1: download attempt 2/4 for https://www.fftw.org/fftw-3.3.11.tar.gz failed; retrying
[INFO] [stderr] warning: cp2k-fftw3-sys@0.3.1: download attempt 3/4 for https://www.fftw.org/fftw-3.3.11.tar.gz failed; retrying
[INFO] [stderr] warning: cp2k-fftw3-sys@0.3.1: download attempt 4/4 for https://www.fftw.org/fftw-3.3.11.tar.gz failed; retrying
[INFO] [stderr] error: failed to run custom build command for `cp2k-fftw3-sys v0.3.1`
[INFO] [stderr] note: To improve backtraces for build dependencies, set the CARGO_PROFILE_RELEASE_BUILD_OVERRIDE_DEBUG=true environment variable to enable debug information generation.
[INFO] [stderr] 
[INFO] [stderr] Caused by:
[INFO] [stderr]   process didn't exit successfully: `/opt/rustwide/target/release/build/cp2k-fftw3-sys-ba3c4e4e2b06f11f/build-script-build` (exit status: 101)
[INFO] [stderr]   --- stdout
[INFO] [stderr]   cargo:rerun-if-changed=build.rs
[INFO] [stderr]   cargo:rerun-if-env-changed=CP2K_TARGET_ARCH
[INFO] [stderr]   cargo:warning=Downloading FFTW3 3.3.11 release tarball...
[INFO] [stderr]   cargo:warning=download attempt 1/4 for https://www.fftw.org/fftw-3.3.11.tar.gz failed; retrying
[INFO] [stderr]   cargo:warning=download attempt 2/4 for https://www.fftw.org/fftw-3.3.11.tar.gz failed; retrying
[INFO] [stderr]   cargo:warning=download attempt 3/4 for https://www.fftw.org/fftw-3.3.11.tar.gz failed; retrying
[INFO] [stderr]   cargo:warning=download attempt 4/4 for https://www.fftw.org/fftw-3.3.11.tar.gz failed; retrying
[INFO] [stderr] 
[INFO] [stderr]   --- stderr
[INFO] [stderr] 
[INFO] [stderr]   thread 'main' (729) panicked at /opt/rustwide/cargo-home/registry/src/index.crates.io-1949cf8c6b5b557f/cp2k-build-utils-0.3.1/src/lib.rs:285:5:
[INFO] [stderr]   Failed to download https://www.fftw.org/fftw-3.3.11.tar.gz after 4 attempts:   % Total    % Received % Xferd  Average Speed  Time    Time    Time   Current
[INFO] [stderr]                                    Dload  Upload  Total   Spent   Left   Speed
[INFO] [stderr]   
  0      0   0      0   0      0      0      0                              0curl: (6) Could not resolve host: www.fftw.org
[INFO] [stderr]   Warning: Problem : timeout. Will retry in 1 second. 3 retries left.
[INFO] [stderr]   curl: (6) Could not resolve host: www.fftw.org
[INFO] [stderr]   Warning: Problem : timeout. Will retry in 2 seconds. 2 retries left.
[INFO] [stderr]   curl: (6) Could not resolve host: www.fftw.org
[INFO] [stderr]   Warning: Problem : timeout. Will retry in 4 seconds. 1 retry left.
[INFO] [stderr]   curl: (6) Could not resolve host: www.fftw.org
[INFO] [stderr] 
[INFO] [stderr]   stack backtrace:
[INFO] [stderr]      0:     0x60bff7194151 - <<std[70759c8f55707aa4]::sys::backtrace::BacktraceLock>::print::DisplayBacktrace as core[df12db4294e9bfd3]::fmt::Display>::fmt
[INFO] [stderr]      1:     0x60bff71a5d0a - core[df12db4294e9bfd3]::fmt::write
[INFO] [stderr]      2:     0x60bff71984cc - <std[70759c8f55707aa4]::sys::stdio::unix::Stderr as core[df12db4294e9bfd3]::io::write::Write>::write_fmt
[INFO] [stderr]      3:     0x60bff71747c6 - std[70759c8f55707aa4]::panicking::default_hook::{closure#0}
[INFO] [stderr]      4:     0x60bff718f1e1 - std[70759c8f55707aa4]::panicking::default_hook
[INFO] [stderr]      5:     0x60bff718f39b - std[70759c8f55707aa4]::panicking::panic_with_hook
[INFO] [stderr]      6:     0x60bff7174872 - std[70759c8f55707aa4]::panicking::panic_handler::{closure#0}
[INFO] [stderr]      7:     0x60bff716d4c9 - std[70759c8f55707aa4]::sys::backtrace::__rust_end_short_backtrace::<std[70759c8f55707aa4]::panicking::panic_handler::{closure#0}, !>
[INFO] [stderr]      8:     0x60bff717506d - __rustc[8fa7c3cbc660c2b3]::rust_begin_unwind
[INFO] [stderr]      9:     0x60bff71a647c - core[df12db4294e9bfd3]::panicking::panic_fmt
[INFO] [stderr]     10:     0x60bff7157316 - cp2k_build_utils[d925f2eae3018604]::download
[INFO] [stderr]     11:     0x60bff71510db - build_script_build[a266a625cf8c9e74]::main
[INFO] [stderr]     12:     0x60bff7152c83 - <fn() as core[df12db4294e9bfd3]::ops::function::FnOnce<()>>::call_once
[INFO] [stderr]     13:     0x60bff71506c6 - std[70759c8f55707aa4]::sys::backtrace::__rust_begin_short_backtrace::<fn(), ()>
[INFO] [stderr]     14:     0x60bff71506d9 - std[70759c8f55707aa4]::rt::lang_start::<()>::{closure#0}
[INFO] [stderr]     15:     0x60bff718e619 - std[70759c8f55707aa4]::rt::lang_start_internal
[INFO] [stderr]     16:     0x60bff7150571 - std[70759c8f55707aa4]::rt::lang_start::<()>
[INFO] [stderr]     17:     0x60bff7152cc5 - main
[INFO] [stderr]     18:     0x76d2b5492601 - <unknown>
[INFO] [stderr]     19:     0x76d2b5492718 - __libc_start_main
[INFO] [stderr]     20:     0x60bff714fe75 - _start
[INFO] [stderr]     21:                0x0 - <unknown>
[INFO] [stderr] warning: cp2k-fmt-sys@0.3.1: Downloading fmt 12.1.0...
[INFO] [stderr] warning: cp2k-fmt-sys@0.3.1: download attempt 1/4 for https://github.com/fmtlib/fmt/archive/refs/tags/12.1.0.tar.gz failed; retrying
[INFO] [stderr] warning: cp2k-fmt-sys@0.3.1: download attempt 2/4 for https://github.com/fmtlib/fmt/archive/refs/tags/12.1.0.tar.gz failed; retrying
[INFO] [stderr] warning: cp2k-fmt-sys@0.3.1: download attempt 3/4 for https://github.com/fmtlib/fmt/archive/refs/tags/12.1.0.tar.gz failed; retrying
[INFO] [stderr] warning: cp2k-fmt-sys@0.3.1: download attempt 4/4 for https://github.com/fmtlib/fmt/archive/refs/tags/12.1.0.tar.gz failed; retrying
[INFO] [stderr] error: failed to run custom build command for `cp2k-fmt-sys v0.3.1`
[INFO] [stderr] note: To improve backtraces for build dependencies, set the CARGO_PROFILE_RELEASE_BUILD_OVERRIDE_DEBUG=true environment variable to enable debug information generation.
[INFO] [stderr] 
[INFO] [stderr] Caused by:
[INFO] [stderr]   process didn't exit successfully: `/opt/rustwide/target/release/build/cp2k-fmt-sys-00a80a96da3458c5/build-script-build` (exit status: 101)
[INFO] [stderr]   --- stdout
[INFO] [stderr]   cargo:rerun-if-changed=build.rs
[INFO] [stderr]   cargo:rerun-if-env-changed=CP2K_TARGET_ARCH
[INFO] [stderr]   cargo:warning=Downloading fmt 12.1.0...
[INFO] [stderr]   cargo:warning=download attempt 1/4 for https://github.com/fmtlib/fmt/archive/refs/tags/12.1.0.tar.gz failed; retrying
[INFO] [stderr]   cargo:warning=download attempt 2/4 for https://github.com/fmtlib/fmt/archive/refs/tags/12.1.0.tar.gz failed; retrying
[INFO] [stderr]   cargo:warning=download attempt 3/4 for https://github.com/fmtlib/fmt/archive/refs/tags/12.1.0.tar.gz failed; retrying
[INFO] [stderr]   cargo:warning=download attempt 4/4 for https://github.com/fmtlib/fmt/archive/refs/tags/12.1.0.tar.gz failed; retrying
[INFO] [stderr] 
[INFO] [stderr]   --- stderr
[INFO] [stderr] 
[INFO] [stderr]   thread 'main' (775) panicked at /opt/rustwide/cargo-home/registry/src/index.crates.io-1949cf8c6b5b557f/cp2k-build-utils-0.3.1/src/lib.rs:285:5:
[INFO] [stderr]   Failed to download https://github.com/fmtlib/fmt/archive/refs/tags/12.1.0.tar.gz after 4 attempts:   % Total    % Received % Xferd  Average Speed  Time    Time    Time   Current
[INFO] [stderr]                                    Dload  Upload  Total   Spent   Left   Speed
[INFO] [stderr]   
  0      0   0      0   0      0      0      0                              0curl: (6) Could not resolve host: github.com
[INFO] [stderr]   Warning: Problem : timeout. Will retry in 1 second. 3 retries left.
[INFO] [stderr]   curl: (6) Could not resolve host: github.com
[INFO] [stderr]   Warning: Problem : timeout. Will retry in 2 seconds. 2 retries left.
[INFO] [stderr]   curl: (6) Could not resolve host: github.com
[INFO] [stderr]   Warning: Problem : timeout. Will retry in 4 seconds. 1 retry left.
[INFO] [stderr]   curl: (6) Could not resolve host: github.com
[INFO] [stderr] 
[INFO] [stderr]   stack backtrace:
[INFO] [stderr]      0:     0x5ba1e53022d1 - <<std[70759c8f55707aa4]::sys::backtrace::BacktraceLock>::print::DisplayBacktrace as core[df12db4294e9bfd3]::fmt::Display>::fmt
[INFO] [stderr]      1:     0x5ba1e5313e4a - core[df12db4294e9bfd3]::fmt::write
[INFO] [stderr]      2:     0x5ba1e530664c - <std[70759c8f55707aa4]::sys::stdio::unix::Stderr as core[df12db4294e9bfd3]::io::write::Write>::write_fmt
[INFO] [stderr]      3:     0x5ba1e52e3b96 - std[70759c8f55707aa4]::panicking::default_hook::{closure#0}
[INFO] [stderr]      4:     0x5ba1e52fd361 - std[70759c8f55707aa4]::panicking::default_hook
[INFO] [stderr]      5:     0x5ba1e52fd51b - std[70759c8f55707aa4]::panicking::panic_with_hook
[INFO] [stderr]      6:     0x5ba1e52e3c42 - std[70759c8f55707aa4]::panicking::panic_handler::{closure#0}
[INFO] [stderr]      7:     0x5ba1e52dc899 - std[70759c8f55707aa4]::sys::backtrace::__rust_end_short_backtrace::<std[70759c8f55707aa4]::panicking::panic_handler::{closure#0}, !>
[INFO] [stderr]      8:     0x5ba1e52e443d - __rustc[8fa7c3cbc660c2b3]::rust_begin_unwind
[INFO] [stderr]      9:     0x5ba1e53145bc - core[df12db4294e9bfd3]::panicking::panic_fmt
[INFO] [stderr]     10:     0x5ba1e52c6ac6 - cp2k_build_utils[d925f2eae3018604]::download
[INFO] [stderr]     11:     0x5ba1e52c1711 - build_script_build[f394ae5161fb603a]::main
[INFO] [stderr]     12:     0x5ba1e52c2f93 - <fn() as core[df12db4294e9bfd3]::ops::function::FnOnce<()>>::call_once
[INFO] [stderr]     13:     0x5ba1e52c0cfe - std[70759c8f55707aa4]::sys::backtrace::__rust_begin_short_backtrace::<fn(), ()>
[INFO] [stderr]     14:     0x5ba1e52c0d09 - std[70759c8f55707aa4]::rt::lang_start::<()>::{closure#0}
[INFO] [stderr]     15:     0x5ba1e52fc799 - std[70759c8f55707aa4]::rt::lang_start_internal
[INFO] [stderr]     16:     0x5ba1e52c0cd1 - std[70759c8f55707aa4]::rt::lang_start::<()>
[INFO] [stderr]     17:     0x5ba1e52c2fd5 - main
[INFO] [stderr]     18:     0x7c33c10bd601 - <unknown>
[INFO] [stderr]     19:     0x7c33c10bd718 - __libc_start_main
[INFO] [stderr]     20:     0x5ba1e52c05f5 - _start
[INFO] [stderr]     21:                0x0 - <unknown>
[INFO] [stderr] warning: cp2k-elpa-sys@0.3.1: Downloading ELPA 2026.02.002...
[INFO] [stderr] warning: cp2k-elpa-sys@0.3.1: download attempt 1/4 for https://www.cp2k.org/static/downloads/elpa-2026.02.002.tar.gz failed; retrying
[INFO] [stderr] warning: cp2k-elpa-sys@0.3.1: download attempt 2/4 for https://www.cp2k.org/static/downloads/elpa-2026.02.002.tar.gz failed; retrying
[INFO] [stderr] warning: cp2k-elpa-sys@0.3.1: download attempt 3/4 for https://www.cp2k.org/static/downloads/elpa-2026.02.002.tar.gz failed; retrying
[INFO] [stderr] warning: cp2k-elpa-sys@0.3.1: download attempt 4/4 for https://www.cp2k.org/static/downloads/elpa-2026.02.002.tar.gz failed; retrying
[INFO] [stderr] error: failed to run custom build command for `cp2k-elpa-sys v0.3.1`
[INFO] [stderr] note: To improve backtraces for build dependencies, set the CARGO_PROFILE_RELEASE_BUILD_OVERRIDE_DEBUG=true environment variable to enable debug information generation.
[INFO] [stderr] 
[INFO] [stderr] Caused by:
[INFO] [stderr]   process didn't exit successfully: `/opt/rustwide/target/release/build/cp2k-elpa-sys-89e26d86feb31279/build-script-build` (exit status: 101)
[INFO] [stderr]   --- stdout
[INFO] [stderr]   cargo:rerun-if-changed=build.rs
[INFO] [stderr]   cargo:rerun-if-env-changed=CP2K_TARGET_ARCH
[INFO] [stderr]   cargo:warning=Downloading ELPA 2026.02.002...
[INFO] [stderr]   cargo:warning=download attempt 1/4 for https://www.cp2k.org/static/downloads/elpa-2026.02.002.tar.gz failed; retrying
[INFO] [stderr]   cargo:warning=download attempt 2/4 for https://www.cp2k.org/static/downloads/elpa-2026.02.002.tar.gz failed; retrying
[INFO] [stderr]   cargo:warning=download attempt 3/4 for https://www.cp2k.org/static/downloads/elpa-2026.02.002.tar.gz failed; retrying
[INFO] [stderr]   cargo:warning=download attempt 4/4 for https://www.cp2k.org/static/downloads/elpa-2026.02.002.tar.gz failed; retrying
[INFO] [stderr] 
[INFO] [stderr]   --- stderr
[INFO] [stderr] 
[INFO] [stderr]   thread 'main' (817) panicked at /opt/rustwide/cargo-home/registry/src/index.crates.io-1949cf8c6b5b557f/cp2k-build-utils-0.3.1/src/lib.rs:285:5:
[INFO] [stderr]   Failed to download https://www.cp2k.org/static/downloads/elpa-2026.02.002.tar.gz after 4 attempts:   % Total    % Received % Xferd  Average Speed  Time    Time    Time   Current
[INFO] [stderr]                                    Dload  Upload  Total   Spent   Left   Speed
[INFO] [stderr]   
  0      0   0      0   0      0      0      0                              0curl: (6) Could not resolve host: www.cp2k.org
[INFO] [stderr]   Warning: Problem : timeout. Will retry in 1 second. 3 retries left.
[INFO] [stderr]   curl: (6) Could not resolve host: www.cp2k.org
[INFO] [stderr]   Warning: Problem : timeout. Will retry in 2 seconds. 2 retries left.
[INFO] [stderr]   curl: (6) Could not resolve host: www.cp2k.org
[INFO] [stderr]   Warning: Problem : timeout. Will retry in 4 seconds. 1 retry left.
[INFO] [stderr]   curl: (6) Could not resolve host: www.cp2k.org
[INFO] [stderr] 
[INFO] [stderr]   stack backtrace:
[INFO] [stderr]      0:     0x5cb4bedf2691 - <<std[70759c8f55707aa4]::sys::backtrace::BacktraceLock>::print::DisplayBacktrace as core[df12db4294e9bfd3]::fmt::Display>::fmt
[INFO] [stderr]      1:     0x5cb4bee0429a - core[df12db4294e9bfd3]::fmt::write
[INFO] [stderr]      2:     0x5cb4bedf6a7c - <std[70759c8f55707aa4]::sys::stdio::unix::Stderr as core[df12db4294e9bfd3]::io::write::Write>::write_fmt
[INFO] [stderr]      3:     0x5cb4bedd1c96 - std[70759c8f55707aa4]::panicking::default_hook::{closure#0}
[INFO] [stderr]      4:     0x5cb4bedec811 - std[70759c8f55707aa4]::panicking::default_hook
[INFO] [stderr]      5:     0x5cb4bedec9cb - std[70759c8f55707aa4]::panicking::panic_with_hook
[INFO] [stderr]      6:     0x5cb4bedd1d42 - std[70759c8f55707aa4]::panicking::panic_handler::{closure#0}
[INFO] [stderr]      7:     0x5cb4bedca8f9 - std[70759c8f55707aa4]::sys::backtrace::__rust_end_short_backtrace::<std[70759c8f55707aa4]::panicking::panic_handler::{closure#0}, !>
[INFO] [stderr]      8:     0x5cb4bedd253d - __rustc[8fa7c3cbc660c2b3]::rust_begin_unwind
[INFO] [stderr]      9:     0x5cb4bee04a0c - core[df12db4294e9bfd3]::panicking::panic_fmt
[INFO] [stderr]     10:     0x5cb4bedb48a6 - cp2k_build_utils[d925f2eae3018604]::download
[INFO] [stderr]     11:     0x5cb4bedaca53 - build_script_build[35a652f6082782d8]::main
[INFO] [stderr]     12:     0x5cb4bedb0213 - <fn() as core[df12db4294e9bfd3]::ops::function::FnOnce<()>>::call_once
[INFO] [stderr]     13:     0x5cb4bedabd46 - std[70759c8f55707aa4]::sys::backtrace::__rust_begin_short_backtrace::<fn(), ()>
[INFO] [stderr]     14:     0x5cb4bedabe39 - std[70759c8f55707aa4]::rt::lang_start::<()>::{closure#0}
[INFO] [stderr]     15:     0x5cb4bedebc49 - std[70759c8f55707aa4]::rt::lang_start_internal
[INFO] [stderr]     16:     0x5cb4bedab9b1 - std[70759c8f55707aa4]::rt::lang_start::<()>
[INFO] [stderr]     17:     0x5cb4bedb0345 - main
[INFO] [stderr]     18:     0x7e685bdd0601 - <unknown>
[INFO] [stderr]     19:     0x7e685bdd0718 - __libc_start_main
[INFO] [stderr]     20:     0x5cb4bedaafa5 - _start
[INFO] [stderr]     21:                0x0 - <unknown>
[INFO] [stderr] warning: cp2k-spglib-sys@0.3.1: Downloading SPGLIB 2.7.0...
[INFO] [stderr] warning: cp2k-spglib-sys@0.3.1: download attempt 1/4 for https://github.com/spglib/spglib/archive/refs/tags/v2.7.0.tar.gz failed; retrying
[INFO] [stderr] warning: cp2k-spglib-sys@0.3.1: download attempt 2/4 for https://github.com/spglib/spglib/archive/refs/tags/v2.7.0.tar.gz failed; retrying
[INFO] [stderr] warning: cp2k-spglib-sys@0.3.1: download attempt 3/4 for https://github.com/spglib/spglib/archive/refs/tags/v2.7.0.tar.gz failed; retrying
[INFO] [stderr] warning: cp2k-spglib-sys@0.3.1: download attempt 4/4 for https://github.com/spglib/spglib/archive/refs/tags/v2.7.0.tar.gz failed; retrying
[INFO] [stderr] error: failed to run custom build command for `cp2k-spglib-sys v0.3.1`
[INFO] [stderr] note: To improve backtraces for build dependencies, set the CARGO_PROFILE_RELEASE_BUILD_OVERRIDE_DEBUG=true environment variable to enable debug information generation.
[INFO] [stderr] 
[INFO] [stderr] Caused by:
[INFO] [stderr]   process didn't exit successfully: `/opt/rustwide/target/release/build/cp2k-spglib-sys-1182e3c106758080/build-script-build` (exit status: 101)
[INFO] [stderr]   --- stdout
[INFO] [stderr]   cargo:rerun-if-changed=build.rs
[INFO] [stderr]   cargo:warning=Downloading SPGLIB 2.7.0...
[INFO] [stderr]   cargo:warning=download attempt 1/4 for https://github.com/spglib/spglib/archive/refs/tags/v2.7.0.tar.gz failed; retrying
[INFO] [stderr]   cargo:warning=download attempt 2/4 for https://github.com/spglib/spglib/archive/refs/tags/v2.7.0.tar.gz failed; retrying
[INFO] [stderr]   cargo:warning=download attempt 3/4 for https://github.com/spglib/spglib/archive/refs/tags/v2.7.0.tar.gz failed; retrying
[INFO] [stderr]   cargo:warning=download attempt 4/4 for https://github.com/spglib/spglib/archive/refs/tags/v2.7.0.tar.gz failed; retrying
[INFO] [stderr] 
[INFO] [stderr]   --- stderr
[INFO] [stderr] 
[INFO] [stderr]   thread 'main' (843) panicked at /opt/rustwide/cargo-home/registry/src/index.crates.io-1949cf8c6b5b557f/cp2k-build-utils-0.3.1/src/lib.rs:285:5:
[INFO] [stderr]   Failed to download https://github.com/spglib/spglib/archive/refs/tags/v2.7.0.tar.gz after 4 attempts:   % Total    % Received % Xferd  Average Speed  Time    Time    Time   Current
[INFO] [stderr]                                    Dload  Upload  Total   Spent   Left   Speed
[INFO] [stderr]   
  0      0   0      0   0      0      0      0                              0curl: (6) Could not resolve host: github.com
[INFO] [stderr]   Warning: Problem : timeout. Will retry in 1 second. 3 retries left.
[INFO] [stderr]   curl: (6) Could not resolve host: github.com
[INFO] [stderr]   Warning: Problem : timeout. Will retry in 2 seconds. 2 retries left.
[INFO] [stderr]   curl: (6) Could not resolve host: github.com
[INFO] [stderr]   Warning: Problem : timeout. Will retry in 4 seconds. 1 retry left.
[INFO] [stderr]   curl: (6) Could not resolve host: github.com
[INFO] [stderr] 
[INFO] [stderr]   stack backtrace:
[INFO] [stderr]      0:     0x5c3e10802c71 - <<std[70759c8f55707aa4]::sys::backtrace::BacktraceLock>::print::DisplayBacktrace as core[df12db4294e9bfd3]::fmt::Display>::fmt
[INFO] [stderr]      1:     0x5c3e108147ea - core[df12db4294e9bfd3]::fmt::write
[INFO] [stderr]      2:     0x5c3e10806fec - <std[70759c8f55707aa4]::sys::stdio::unix::Stderr as core[df12db4294e9bfd3]::io::write::Write>::write_fmt
[INFO] [stderr]      3:     0x5c3e107e42e6 - std[70759c8f55707aa4]::panicking::default_hook::{closure#0}
[INFO] [stderr]      4:     0x5c3e107fdba1 - std[70759c8f55707aa4]::panicking::default_hook
[INFO] [stderr]      5:     0x5c3e107fdd5b - std[70759c8f55707aa4]::panicking::panic_with_hook
[INFO] [stderr]      6:     0x5c3e107e4392 - std[70759c8f55707aa4]::panicking::panic_handler::{closure#0}
[INFO] [stderr]      7:     0x5c3e107dcf89 - std[70759c8f55707aa4]::sys::backtrace::__rust_end_short_backtrace::<std[70759c8f55707aa4]::panicking::panic_handler::{closure#0}, !>
[INFO] [stderr]      8:     0x5c3e107e4c7d - __rustc[8fa7c3cbc660c2b3]::rust_begin_unwind
[INFO] [stderr]      9:     0x5c3e10814f5c - core[df12db4294e9bfd3]::panicking::panic_fmt
[INFO] [stderr]     10:     0x5c3e107c71b6 - cp2k_build_utils[d925f2eae3018604]::download
[INFO] [stderr]     11:     0x5c3e107c1979 - build_script_build[6d801993062aa584]::main
[INFO] [stderr]     12:     0x5c3e107c3683 - <fn() as core[df12db4294e9bfd3]::ops::function::FnOnce<()>>::call_once
[INFO] [stderr]     13:     0x5c3e107c0f5e - std[70759c8f55707aa4]::sys::backtrace::__rust_begin_short_backtrace::<fn(), ()>
[INFO] [stderr]     14:     0x5c3e107c0fd9 - std[70759c8f55707aa4]::rt::lang_start::<()>::{closure#0}
[INFO] [stderr]     15:     0x5c3e107fcfd9 - std[70759c8f55707aa4]::rt::lang_start_internal
[INFO] [stderr]     16:     0x5c3e107c0f31 - std[70759c8f55707aa4]::rt::lang_start::<()>
[INFO] [stderr]     17:     0x5c3e107c36c5 - main
[INFO] [stderr]     18:     0x7933b3304601 - <unknown>
[INFO] [stderr]     19:     0x7933b3304718 - __libc_start_main
[INFO] [stderr]     20:     0x5c3e107c0855 - _start
[INFO] [stderr]     21:                0x0 - <unknown>
[INFO] [stderr] warning: cp2k-gsl-sys@0.3.1: Downloading GSL 2.8...
[INFO] [stderr] warning: cp2k-gsl-sys@0.3.1: download attempt 1/4 for https://ftp.gnu.org/gnu/gsl/gsl-2.8.tar.gz failed; retrying
[INFO] [stderr] warning: cp2k-gsl-sys@0.3.1: download attempt 2/4 for https://ftp.gnu.org/gnu/gsl/gsl-2.8.tar.gz failed; retrying
[INFO] [stderr] warning: cp2k-gsl-sys@0.3.1: download attempt 3/4 for https://ftp.gnu.org/gnu/gsl/gsl-2.8.tar.gz failed; retrying
[INFO] [stderr] warning: cp2k-gsl-sys@0.3.1: download attempt 4/4 for https://ftp.gnu.org/gnu/gsl/gsl-2.8.tar.gz failed; retrying
[INFO] [stderr] error: failed to run custom build command for `cp2k-gsl-sys v0.3.1`
[INFO] [stderr] note: To improve backtraces for build dependencies, set the CARGO_PROFILE_RELEASE_BUILD_OVERRIDE_DEBUG=true environment variable to enable debug information generation.
[INFO] [stderr] 
[INFO] [stderr] Caused by:
[INFO] [stderr]   process didn't exit successfully: `/opt/rustwide/target/release/build/cp2k-gsl-sys-9cfdd9602b935955/build-script-build` (exit status: 101)
[INFO] [stderr]   --- stdout
[INFO] [stderr]   cargo:rerun-if-changed=build.rs
[INFO] [stderr]   cargo:warning=Downloading GSL 2.8...
[INFO] [stderr]   cargo:warning=download attempt 1/4 for https://ftp.gnu.org/gnu/gsl/gsl-2.8.tar.gz failed; retrying
[INFO] [stderr]   cargo:warning=download attempt 2/4 for https://ftp.gnu.org/gnu/gsl/gsl-2.8.tar.gz failed; retrying
[INFO] [stderr]   cargo:warning=download attempt 3/4 for https://ftp.gnu.org/gnu/gsl/gsl-2.8.tar.gz failed; retrying
[INFO] [stderr]   cargo:warning=download attempt 4/4 for https://ftp.gnu.org/gnu/gsl/gsl-2.8.tar.gz failed; retrying
[INFO] [stderr] 
[INFO] [stderr]   --- stderr
[INFO] [stderr] 
[INFO] [stderr]   thread 'main' (863) panicked at /opt/rustwide/cargo-home/registry/src/index.crates.io-1949cf8c6b5b557f/cp2k-build-utils-0.3.1/src/lib.rs:285:5:
[INFO] [stderr]   Failed to download https://ftp.gnu.org/gnu/gsl/gsl-2.8.tar.gz after 4 attempts:   % Total    % Received % Xferd  Average Speed  Time    Time    Time   Current
[INFO] [stderr]                                    Dload  Upload  Total   Spent   Left   Speed
[INFO] [stderr]   
  0      0   0      0   0      0      0      0                              0curl: (6) Could not resolve host: ftp.gnu.org
[INFO] [stderr]   Warning: Problem : timeout. Will retry in 1 second. 3 retries left.
[INFO] [stderr]   curl: (6) Could not resolve host: ftp.gnu.org
[INFO] [stderr]   Warning: Problem : timeout. Will retry in 2 seconds. 2 retries left.
[INFO] [stderr]   curl: (6) Could not resolve host: ftp.gnu.org
[INFO] [stderr]   Warning: Problem : timeout. Will retry in 4 seconds. 1 retry left.
[INFO] [stderr]   curl: (6) Could not resolve host: ftp.gnu.org
[INFO] [stderr] 
[INFO] [stderr]   stack backtrace:
[INFO] [stderr]      0:     0x64b15c205ae1 - <<std[70759c8f55707aa4]::sys::backtrace::BacktraceLock>::print::DisplayBacktrace as core[df12db4294e9bfd3]::fmt::Display>::fmt
[INFO] [stderr]      1:     0x64b15c21737a - core[df12db4294e9bfd3]::fmt::write
[INFO] [stderr]      2:     0x64b15c209bfc - <std[70759c8f55707aa4]::sys::stdio::unix::Stderr as core[df12db4294e9bfd3]::io::write::Write>::write_fmt
[INFO] [stderr]      3:     0x64b15c1e6e26 - std[70759c8f55707aa4]::panicking::default_hook::{closure#0}
[INFO] [stderr]      4:     0x64b15c2017a1 - std[70759c8f55707aa4]::panicking::default_hook
[INFO] [stderr]      5:     0x64b15c20195b - std[70759c8f55707aa4]::panicking::panic_with_hook
[INFO] [stderr]      6:     0x64b15c1e6ed2 - std[70759c8f55707aa4]::panicking::panic_handler::{closure#0}
[INFO] [stderr]      7:     0x64b15c1dfcb9 - std[70759c8f55707aa4]::sys::backtrace::__rust_end_short_backtrace::<std[70759c8f55707aa4]::panicking::panic_handler::{closure#0}, !>
[INFO] [stderr]      8:     0x64b15c1e76cd - __rustc[8fa7c3cbc660c2b3]::rust_begin_unwind
[INFO] [stderr]      9:     0x64b15c217aec - core[df12db4294e9bfd3]::panicking::panic_fmt
[INFO] [stderr]     10:     0x64b15c1ca376 - cp2k_build_utils[d925f2eae3018604]::download
[INFO] [stderr]     11:     0x64b15c1c56fa - build_script_build[c748343337b1f292]::main
[INFO] [stderr]     12:     0x64b15c1c6d13 - <fn() as core[df12db4294e9bfd3]::ops::function::FnOnce<()>>::call_once
[INFO] [stderr]     13:     0x64b15c1c51fe - std[70759c8f55707aa4]::sys::backtrace::__rust_begin_short_backtrace::<fn(), ()>
[INFO] [stderr]     14:     0x64b15c1c5209 - std[70759c8f55707aa4]::rt::lang_start::<()>::{closure#0}
[INFO] [stderr]     15:     0x64b15c200bd9 - std[70759c8f55707aa4]::rt::lang_start_internal
[INFO] [stderr]     16:     0x64b15c1c51e1 - std[70759c8f55707aa4]::rt::lang_start::<()>
[INFO] [stderr]     17:     0x64b15c1c6d55 - main
[INFO] [stderr]     18:     0x78e0176e6601 - <unknown>
[INFO] [stderr]     19:     0x78e0176e6718 - __libc_start_main
[INFO] [stderr]     20:     0x64b15c1c4bd5 - _start
[INFO] [stderr]     21:                0x0 - <unknown>
[INFO] [stderr] warning: cp2k-plumed-sys@0.3.1: Downloading PLUMED 2.10.1...
[INFO] [stderr] warning: cp2k-plumed-sys@0.3.1: download attempt 1/4 for https://github.com/plumed/plumed2/releases/download/v2.10.1/plumed-2.10.1.tgz failed; retrying
[INFO] [stderr] warning: cp2k-plumed-sys@0.3.1: download attempt 2/4 for https://github.com/plumed/plumed2/releases/download/v2.10.1/plumed-2.10.1.tgz failed; retrying
[INFO] [stderr] warning: cp2k-plumed-sys@0.3.1: download attempt 3/4 for https://github.com/plumed/plumed2/releases/download/v2.10.1/plumed-2.10.1.tgz failed; retrying
[INFO] [stderr] warning: cp2k-plumed-sys@0.3.1: download attempt 4/4 for https://github.com/plumed/plumed2/releases/download/v2.10.1/plumed-2.10.1.tgz failed; retrying
[INFO] [stderr] error: failed to run custom build command for `cp2k-plumed-sys v0.3.1`
[INFO] [stderr] note: To improve backtraces for build dependencies, set the CARGO_PROFILE_RELEASE_BUILD_OVERRIDE_DEBUG=true environment variable to enable debug information generation.
[INFO] [stderr] 
[INFO] [stderr] Caused by:
[INFO] [stderr]   process didn't exit successfully: `/opt/rustwide/target/release/build/cp2k-plumed-sys-c7736e561eb83f15/build-script-build` (exit status: 101)
[INFO] [stderr]   --- stdout
[INFO] [stderr]   cargo:rerun-if-changed=build.rs
[INFO] [stderr]   cargo:rerun-if-env-changed=CP2K_TARGET_ARCH
[INFO] [stderr]   cargo:warning=Downloading PLUMED 2.10.1...
[INFO] [stderr]   cargo:warning=download attempt 1/4 for https://github.com/plumed/plumed2/releases/download/v2.10.1/plumed-2.10.1.tgz failed; retrying
[INFO] [stderr]   cargo:warning=download attempt 2/4 for https://github.com/plumed/plumed2/releases/download/v2.10.1/plumed-2.10.1.tgz failed; retrying
[INFO] [stderr]   cargo:warning=download attempt 3/4 for https://github.com/plumed/plumed2/releases/download/v2.10.1/plumed-2.10.1.tgz failed; retrying
[INFO] [stderr]   cargo:warning=download attempt 4/4 for https://github.com/plumed/plumed2/releases/download/v2.10.1/plumed-2.10.1.tgz failed; retrying
[INFO] [stderr] 
[INFO] [stderr]   --- stderr
[INFO] [stderr] 
[INFO] [stderr]   thread 'main' (1215) panicked at /opt/rustwide/cargo-home/registry/src/index.crates.io-1949cf8c6b5b557f/cp2k-build-utils-0.3.1/src/lib.rs:285:5:
[INFO] [stderr]   Failed to download https://github.com/plumed/plumed2/releases/download/v2.10.1/plumed-2.10.1.tgz after 4 attempts:   % Total    % Received % Xferd  Average Speed  Time    Time    Time   Current
[INFO] [stderr]                                    Dload  Upload  Total   Spent   Left   Speed
[INFO] [stderr]   
  0      0   0      0   0      0      0      0                              0curl: (6) Could not resolve host: github.com
[INFO] [stderr]   Warning: Problem : timeout. Will retry in 1 second. 3 retries left.
[INFO] [stderr]   curl: (6) Could not resolve host: github.com
[INFO] [stderr]   Warning: Problem : timeout. Will retry in 2 seconds. 2 retries left.
[INFO] [stderr]   curl: (6) Could not resolve host: github.com
[INFO] [stderr]   Warning: Problem : timeout. Will retry in 4 seconds. 1 retry left.
[INFO] [stderr]   curl: (6) Could not resolve host: github.com
[INFO] [stderr] 
[INFO] [stderr]   stack backtrace:
[INFO] [stderr]      0:     0x63f1ccd6c121 - <<std[70759c8f55707aa4]::sys::backtrace::BacktraceLock>::print::DisplayBacktrace as core[df12db4294e9bfd3]::fmt::Display>::fmt
[INFO] [stderr]      1:     0x63f1ccd7dc9a - core[df12db4294e9bfd3]::fmt::write
[INFO] [stderr]      2:     0x63f1ccd7049c - <std[70759c8f55707aa4]::sys::stdio::unix::Stderr as core[df12db4294e9bfd3]::io::write::Write>::write_fmt
[INFO] [stderr]      3:     0x63f1ccd4c796 - std[70759c8f55707aa4]::panicking::default_hook::{closure#0}
[INFO] [stderr]      4:     0x63f1ccd671b1 - std[70759c8f55707aa4]::panicking::default_hook
[INFO] [stderr]      5:     0x63f1ccd6736b - std[70759c8f55707aa4]::panicking::panic_with_hook
[INFO] [stderr]      6:     0x63f1ccd4c842 - std[70759c8f55707aa4]::panicking::panic_handler::{closure#0}
[INFO] [stderr]      7:     0x63f1ccd45499 - std[70759c8f55707aa4]::sys::backtrace::__rust_end_short_backtrace::<std[70759c8f55707aa4]::panicking::panic_handler::{closure#0}, !>
[INFO] [stderr]      8:     0x63f1ccd4d03d - __rustc[8fa7c3cbc660c2b3]::rust_begin_unwind
[INFO] [stderr]      9:     0x63f1ccd7e40c - core[df12db4294e9bfd3]::panicking::panic_fmt
[INFO] [stderr]     10:     0x63f1ccd2f4a6 - cp2k_build_utils[d925f2eae3018604]::download
[INFO] [stderr]     11:     0x63f1ccd29c27 - build_script_build[1bcc2c5f810c5763]::main
[INFO] [stderr]     12:     0x63f1ccd2b033 - <fn() as core[df12db4294e9bfd3]::ops::function::FnOnce<()>>::call_once
[INFO] [stderr]     13:     0x63f1ccd290c6 - std[70759c8f55707aa4]::sys::backtrace::__rust_begin_short_backtrace::<fn(), ()>
[INFO] [stderr]     14:     0x63f1ccd290d9 - std[70759c8f55707aa4]::rt::lang_start::<()>::{closure#0}
[INFO] [stderr]     15:     0x63f1ccd665e9 - std[70759c8f55707aa4]::rt::lang_start_internal
[INFO] [stderr]     16:     0x63f1ccd290a1 - std[70759c8f55707aa4]::rt::lang_start::<()>
[INFO] [stderr]     17:     0x63f1ccd2b075 - main
[INFO] [stderr]     18:     0x73e4498e0601 - <unknown>
[INFO] [stderr]     19:     0x73e4498e0718 - __libc_start_main
[INFO] [stderr]     20:     0x63f1ccd28855 - _start
[INFO] [stderr]     21:                0x0 - <unknown>
[INFO] [stderr] warning: cp2k-libvori-sys@0.3.1: Downloading libvori 220621...
[INFO] [stderr] warning: cp2k-libvori-sys@0.3.1: download attempt 1/4 for https://www.cp2k.org/static/downloads/libvori-220621.tar.gz failed; retrying
[INFO] [stderr] warning: cp2k-libvori-sys@0.3.1: download attempt 2/4 for https://www.cp2k.org/static/downloads/libvori-220621.tar.gz failed; retrying
[INFO] [stderr] warning: cp2k-libvori-sys@0.3.1: download attempt 3/4 for https://www.cp2k.org/static/downloads/libvori-220621.tar.gz failed; retrying
[INFO] [stderr] warning: cp2k-libvori-sys@0.3.1: download attempt 4/4 for https://www.cp2k.org/static/downloads/libvori-220621.tar.gz failed; retrying
[INFO] [stderr] error: failed to run custom build command for `cp2k-libvori-sys v0.3.1`
[INFO] [stderr] note: To improve backtraces for build dependencies, set the CARGO_PROFILE_RELEASE_BUILD_OVERRIDE_DEBUG=true environment variable to enable debug information generation.
[INFO] [stderr] 
[INFO] [stderr] Caused by:
[INFO] [stderr]   process didn't exit successfully: `/opt/rustwide/target/release/build/cp2k-libvori-sys-4d5795bf0c956236/build-script-build` (exit status: 101)
[INFO] [stderr]   --- stdout
[INFO] [stderr]   cargo:rerun-if-changed=build.rs
[INFO] [stderr]   cargo:rerun-if-env-changed=CP2K_TARGET_ARCH
[INFO] [stderr]   cargo:warning=Downloading libvori 220621...
[INFO] [stderr]   cargo:warning=download attempt 1/4 for https://www.cp2k.org/static/downloads/libvori-220621.tar.gz failed; retrying
[INFO] [stderr]   cargo:warning=download attempt 2/4 for https://www.cp2k.org/static/downloads/libvori-220621.tar.gz failed; retrying
[INFO] [stderr]   cargo:warning=download attempt 3/4 for https://www.cp2k.org/static/downloads/libvori-220621.tar.gz failed; retrying
[INFO] [stderr]   cargo:warning=download attempt 4/4 for https://www.cp2k.org/static/downloads/libvori-220621.tar.gz failed; retrying
[INFO] [stderr] 
[INFO] [stderr]   --- stderr
[INFO] [stderr] 
[INFO] [stderr]   thread 'main' (1264) panicked at /opt/rustwide/cargo-home/registry/src/index.crates.io-1949cf8c6b5b557f/cp2k-build-utils-0.3.1/src/lib.rs:285:5:
[INFO] [stderr]   Failed to download https://www.cp2k.org/static/downloads/libvori-220621.tar.gz after 4 attempts:   % Total    % Received % Xferd  Average Speed  Time    Time    Time   Current
[INFO] [stderr]                                    Dload  Upload  Total   Spent   Left   Speed
[INFO] [stderr]   
  0      0   0      0   0      0      0      0                              0curl: (6) Could not resolve host: www.cp2k.org
[INFO] [stderr]   Warning: Problem : timeout. Will retry in 1 second. 3 retries left.
[INFO] [stderr]   curl: (6) Could not resolve host: www.cp2k.org
[INFO] [stderr]   Warning: Problem : timeout. Will retry in 2 seconds. 2 retries left.
[INFO] [stderr]   curl: (6) Could not resolve host: www.cp2k.org
[INFO] [stderr]   Warning: Problem : timeout. Will retry in 4 seconds. 1 retry left.
[INFO] [stderr]   curl: (6) Could not resolve host: www.cp2k.org
[INFO] [stderr] 
[INFO] [stderr]   stack backtrace:
[INFO] [stderr]      0:     0x5ad2dd90cb31 - <<std[70759c8f55707aa4]::sys::backtrace::BacktraceLock>::print::DisplayBacktrace as core[df12db4294e9bfd3]::fmt::Display>::fmt
[INFO] [stderr]      1:     0x5ad2dd91e3ca - core[df12db4294e9bfd3]::fmt::write
[INFO] [stderr]      2:     0x5ad2dd910c4c - <std[70759c8f55707aa4]::sys::stdio::unix::Stderr as core[df12db4294e9bfd3]::io::write::Write>::write_fmt
[INFO] [stderr]      3:     0x5ad2dd8ef0c6 - std[70759c8f55707aa4]::panicking::default_hook::{closure#0}
[INFO] [stderr]      4:     0x5ad2dd9087f1 - std[70759c8f55707aa4]::panicking::default_hook
[INFO] [stderr]      5:     0x5ad2dd9089ab - std[70759c8f55707aa4]::panicking::panic_with_hook
[INFO] [stderr]      6:     0x5ad2dd8ef172 - std[70759c8f55707aa4]::panicking::panic_handler::{closure#0}
[INFO] [stderr]      7:     0x5ad2dd8e7f59 - std[70759c8f55707aa4]::sys::backtrace::__rust_end_short_backtrace::<std[70759c8f55707aa4]::panicking::panic_handler::{closure#0}, !>
[INFO] [stderr]      8:     0x5ad2dd8ef96d - __rustc[8fa7c3cbc660c2b3]::rust_begin_unwind
[INFO] [stderr]      9:     0x5ad2dd91eb3c - core[df12db4294e9bfd3]::panicking::panic_fmt
[INFO] [stderr]     10:     0x5ad2dd8d2666 - cp2k_build_utils[d925f2eae3018604]::download
[INFO] [stderr]     11:     0x5ad2dd8cd8ba - build_script_build[13e5d1c744158dcb]::main
[INFO] [stderr]     12:     0x5ad2dd8cf053 - <fn() as core[df12db4294e9bfd3]::ops::function::FnOnce<()>>::call_once
[INFO] [stderr]     13:     0x5ad2dd8cd356 - std[70759c8f55707aa4]::sys::backtrace::__rust_begin_short_backtrace::<fn(), ()>
[INFO] [stderr]     14:     0x5ad2dd8cd369 - std[70759c8f55707aa4]::rt::lang_start::<()>::{closure#0}
[INFO] [stderr]     15:     0x5ad2dd907c29 - std[70759c8f55707aa4]::rt::lang_start_internal
[INFO] [stderr]     16:     0x5ad2dd8cd331 - std[70759c8f55707aa4]::rt::lang_start::<()>
[INFO] [stderr]     17:     0x5ad2dd8cf095 - main
[INFO] [stderr]     18:     0x706f51061601 - <unknown>
[INFO] [stderr]     19:     0x706f51061718 - __libc_start_main
[INFO] [stderr]     20:     0x5ad2dd8ccc95 - _start
[INFO] [stderr]     21:                0x0 - <unknown>
[INFO] [stderr] warning: cp2k-libsmeagol-sys@0.3.1: Downloading libsmeagol 1.2...
[INFO] [stderr] warning: cp2k-libsmeagol-sys@0.3.1: download attempt 1/4 for https://www.cp2k.org/static/downloads/libsmeagol-1.2.tar.gz failed; retrying
[INFO] [stderr] warning: cp2k-libsmeagol-sys@0.3.1: download attempt 2/4 for https://www.cp2k.org/static/downloads/libsmeagol-1.2.tar.gz failed; retrying
[INFO] [stderr] warning: cp2k-libsmeagol-sys@0.3.1: download attempt 3/4 for https://www.cp2k.org/static/downloads/libsmeagol-1.2.tar.gz failed; retrying
[INFO] [stderr] warning: cp2k-libsmeagol-sys@0.3.1: download attempt 4/4 for https://www.cp2k.org/static/downloads/libsmeagol-1.2.tar.gz failed; retrying
[INFO] [stderr] error: failed to run custom build command for `cp2k-libsmeagol-sys v0.3.1`
[INFO] [stderr] note: To improve backtraces for build dependencies, set the CARGO_PROFILE_RELEASE_BUILD_OVERRIDE_DEBUG=true environment variable to enable debug information generation.
[INFO] [stderr] 
[INFO] [stderr] Caused by:
[INFO] [stderr]   process didn't exit successfully: `/opt/rustwide/target/release/build/cp2k-libsmeagol-sys-ea4e025f1eaa637a/build-script-build` (exit status: 101)
[INFO] [stderr]   --- stdout
[INFO] [stderr]   cargo:rerun-if-changed=build.rs
[INFO] [stderr]   cargo:rerun-if-env-changed=CP2K_TARGET_ARCH
[INFO] [stderr]   cargo:warning=Downloading libsmeagol 1.2...
[INFO] [stderr]   cargo:warning=download attempt 1/4 for https://www.cp2k.org/static/downloads/libsmeagol-1.2.tar.gz failed; retrying
[INFO] [stderr]   cargo:warning=download attempt 2/4 for https://www.cp2k.org/static/downloads/libsmeagol-1.2.tar.gz failed; retrying
[INFO] [stderr]   cargo:warning=download attempt 3/4 for https://www.cp2k.org/static/downloads/libsmeagol-1.2.tar.gz failed; retrying
[INFO] [stderr]   cargo:warning=download attempt 4/4 for https://www.cp2k.org/static/downloads/libsmeagol-1.2.tar.gz failed; retrying
[INFO] [stderr] 
[INFO] [stderr]   --- stderr
[INFO] [stderr] 
[INFO] [stderr]   thread 'main' (1309) panicked at /opt/rustwide/cargo-home/registry/src/index.crates.io-1949cf8c6b5b557f/cp2k-build-utils-0.3.1/src/lib.rs:285:5:
[INFO] [stderr]   Failed to download https://www.cp2k.org/static/downloads/libsmeagol-1.2.tar.gz after 4 attempts:   % Total    % Received % Xferd  Average Speed  Time    Time    Time   Current
[INFO] [stderr]                                    Dload  Upload  Total   Spent   Left   Speed
[INFO] [stderr]   
  0      0   0      0   0      0      0      0                              0curl: (6) Could not resolve host: www.cp2k.org
[INFO] [stderr]   Warning: Problem : timeout. Will retry in 1 second. 3 retries left.
[INFO] [stderr]   curl: (6) Could not resolve host: www.cp2k.org
[INFO] [stderr]   Warning: Problem : timeout. Will retry in 2 seconds. 2 retries left.
[INFO] [stderr]   curl: (6) Could not resolve host: www.cp2k.org
[INFO] [stderr]   Warning: Problem : timeout. Will retry in 4 seconds. 1 retry left.
[INFO] [stderr]   curl: (6) Could not resolve host: www.cp2k.org
[INFO] [stderr] 
[INFO] [stderr]   stack backtrace:
[INFO] [stderr]      0:     0x58b0587bb7f1 - <<std[70759c8f55707aa4]::sys::backtrace::BacktraceLock>::print::DisplayBacktrace as core[df12db4294e9bfd3]::fmt::Display>::fmt
[INFO] [stderr]      1:     0x58b0587cd35a - core[df12db4294e9bfd3]::fmt::write
[INFO] [stderr]      2:     0x58b0587bfbdc - <std[70759c8f55707aa4]::sys::stdio::unix::Stderr as core[df12db4294e9bfd3]::io::write::Write>::write_fmt
[INFO] [stderr]      3:     0x58b05879cbd6 - std[70759c8f55707aa4]::panicking::default_hook::{closure#0}
[INFO] [stderr]      4:     0x58b0587b65b1 - std[70759c8f55707aa4]::panicking::default_hook
[INFO] [stderr]      5:     0x58b0587b676b - std[70759c8f55707aa4]::panicking::panic_with_hook
[INFO] [stderr]      6:     0x58b05879cc82 - std[70759c8f55707aa4]::panicking::panic_handler::{closure#0}
[INFO] [stderr]      7:     0x58b0587959c9 - std[70759c8f55707aa4]::sys::backtrace::__rust_end_short_backtrace::<std[70759c8f55707aa4]::panicking::panic_handler::{closure#0}, !>
[INFO] [stderr]      8:     0x58b05879d47d - __rustc[8fa7c3cbc660c2b3]::rust_begin_unwind
[INFO] [stderr]      9:     0x58b0587cdacc - core[df12db4294e9bfd3]::panicking::panic_fmt
[INFO] [stderr]     10:     0x58b05877ff76 - cp2k_build_utils[d925f2eae3018604]::download
[INFO] [stderr]     11:     0x58b058779cb4 - build_script_build[c4f7e11ba187bf15]::main
[INFO] [stderr]     12:     0x58b05877be13 - <fn() as core[df12db4294e9bfd3]::ops::function::FnOnce<()>>::call_once
[INFO] [stderr]     13:     0x58b0587796be - std[70759c8f55707aa4]::sys::backtrace::__rust_begin_short_backtrace::<fn(), ()>
[INFO] [stderr]     14:     0x58b0587797a9 - std[70759c8f55707aa4]::rt::lang_start::<()>::{closure#0}
[INFO] [stderr]     15:     0x58b0587b59e9 - std[70759c8f55707aa4]::rt::lang_start_internal
[INFO] [stderr]     16:     0x58b0587794b1 - std[70759c8f55707aa4]::rt::lang_start::<()>
[INFO] [stderr]     17:     0x58b05877bf45 - main
[INFO] [stderr]     18:     0x77e61b26c601 - <unknown>
[INFO] [stderr]     19:     0x77e61b26c718 - __libc_start_main
[INFO] [stderr]     20:     0x58b058778f35 - _start
[INFO] [stderr]     21:                0x0 - <unknown>
[INFO] [stderr] warning: cp2k-zlib-sys@0.3.1: Downloading zlib 1.3.1...
[INFO] [stderr] warning: cp2k-zlib-sys@0.3.1: download attempt 1/4 for https://github.com/madler/zlib/releases/download/v1.3.1/zlib-1.3.1.tar.gz failed; retrying
[INFO] [stderr] warning: cp2k-zlib-sys@0.3.1: download attempt 2/4 for https://github.com/madler/zlib/releases/download/v1.3.1/zlib-1.3.1.tar.gz failed; retrying
[INFO] [stderr] warning: cp2k-zlib-sys@0.3.1: download attempt 3/4 for https://github.com/madler/zlib/releases/download/v1.3.1/zlib-1.3.1.tar.gz failed; retrying
[INFO] [stderr] warning: cp2k-zlib-sys@0.3.1: download attempt 4/4 for https://github.com/madler/zlib/releases/download/v1.3.1/zlib-1.3.1.tar.gz failed; retrying
[INFO] [stderr] error: failed to run custom build command for `cp2k-zlib-sys v0.3.1`
[INFO] [stderr] note: To improve backtraces for build dependencies, set the CARGO_PROFILE_RELEASE_BUILD_OVERRIDE_DEBUG=true environment variable to enable debug information generation.
[INFO] [stderr] 
[INFO] [stderr] Caused by:
[INFO] [stderr]   process didn't exit successfully: `/opt/rustwide/target/release/build/cp2k-zlib-sys-4103b67f4010988c/build-script-build` (exit status: 101)
[INFO] [stderr]   --- stdout
[INFO] [stderr]   cargo:rerun-if-changed=build.rs
[INFO] [stderr]   cargo:rerun-if-env-changed=CP2K_TARGET_ARCH
[INFO] [stderr]   cargo:warning=Downloading zlib 1.3.1...
[INFO] [stderr]   cargo:warning=download attempt 1/4 for https://github.com/madler/zlib/releases/download/v1.3.1/zlib-1.3.1.tar.gz failed; retrying
[INFO] [stderr]   cargo:warning=download attempt 2/4 for https://github.com/madler/zlib/releases/download/v1.3.1/zlib-1.3.1.tar.gz failed; retrying
[INFO] [stderr]   cargo:warning=download attempt 3/4 for https://github.com/madler/zlib/releases/download/v1.3.1/zlib-1.3.1.tar.gz failed; retrying
[INFO] [stderr]   cargo:warning=download attempt 4/4 for https://github.com/madler/zlib/releases/download/v1.3.1/zlib-1.3.1.tar.gz failed; retrying
[INFO] [stderr] 
[INFO] [stderr]   --- stderr
[INFO] [stderr] 
[INFO] [stderr]   thread 'main' (1314) panicked at /opt/rustwide/cargo-home/registry/src/index.crates.io-1949cf8c6b5b557f/cp2k-build-utils-0.3.1/src/lib.rs:285:5:
[INFO] [stderr]   Failed to download https://github.com/madler/zlib/releases/download/v1.3.1/zlib-1.3.1.tar.gz after 4 attempts:   % Total    % Received % Xferd  Average Speed  Time    Time    Time   Current
[INFO] [stderr]                                    Dload  Upload  Total   Spent   Left   Speed
[INFO] [stderr]   
  0      0   0      0   0      0      0      0                              0curl: (6) Could not resolve host: github.com
[INFO] [stderr]   Warning: Problem : timeout. Will retry in 1 second. 3 retries left.
[INFO] [stderr]   curl: (6) Could not resolve host: github.com
[INFO] [stderr]   Warning: Problem : timeout. Will retry in 2 seconds. 2 retries left.
[INFO] [stderr]   curl: (6) Could not resolve host: github.com
[INFO] [stderr]   Warning: Problem : timeout. Will retry in 4 seconds. 1 retry left.
[INFO] [stderr]   curl: (6) Could not resolve host: github.com
[INFO] [stderr] 
[INFO] [stderr]   stack backtrace:
[INFO] [stderr]      0:     0x592ff93d94b1 - <<std[70759c8f55707aa4]::sys::backtrace::BacktraceLock>::print::DisplayBacktrace as core[df12db4294e9bfd3]::fmt::Display>::fmt
[INFO] [stderr]      1:     0x592ff93ead4a - core[df12db4294e9bfd3]::fmt::write
[INFO] [stderr]      2:     0x592ff93dd5cc - <std[70759c8f55707aa4]::sys::stdio::unix::Stderr as core[df12db4294e9bfd3]::io::write::Write>::write_fmt
[INFO] [stderr]      3:     0x592ff93ba7f6 - std[70759c8f55707aa4]::panicking::default_hook::{closure#0}
[INFO] [stderr]      4:     0x592ff93d5171 - std[70759c8f55707aa4]::panicking::default_hook
[INFO] [stderr]      5:     0x592ff93d532b - std[70759c8f55707aa4]::panicking::panic_with_hook
[INFO] [stderr]      6:     0x592ff93ba8a2 - std[70759c8f55707aa4]::panicking::panic_handler::{closure#0}
[INFO] [stderr]      7:     0x592ff93b3689 - std[70759c8f55707aa4]::sys::backtrace::__rust_end_short_backtrace::<std[70759c8f55707aa4]::panicking::panic_handler::{closure#0}, !>
[INFO] [stderr]      8:     0x592ff93bb09d - __rustc[8fa7c3cbc660c2b3]::rust_begin_unwind
[INFO] [stderr]      9:     0x592ff93eb4bc - core[df12db4294e9bfd3]::panicking::panic_fmt
[INFO] [stderr]     10:     0x592ff939dd46 - cp2k_build_utils[d925f2eae3018604]::download
[INFO] [stderr]     11:     0x592ff939970b - build_script_build[93fd206d5251faa2]::main
[INFO] [stderr]     12:     0x592ff939a6e3 - <fn() as core[df12db4294e9bfd3]::ops::function::FnOnce<()>>::call_once
[INFO] [stderr]     13:     0x592ff9399016 - std[70759c8f55707aa4]::sys::backtrace::__rust_begin_short_backtrace::<fn(), ()>
[INFO] [stderr]     14:     0x592ff9399029 - std[70759c8f55707aa4]::rt::lang_start::<()>::{closure#0}
[INFO] [stderr]     15:     0x592ff93d45a9 - std[70759c8f55707aa4]::rt::lang_start_internal
[INFO] [stderr]     16:     0x592ff9399001 - std[70759c8f55707aa4]::rt::lang_start::<()>
[INFO] [stderr]     17:     0x592ff939a725 - main
[INFO] [stderr]     18:     0x764525631601 - <unknown>
[INFO] [stderr]     19:     0x764525631718 - __libc_start_main
[INFO] [stderr]     20:     0x592ff9398aa5 - _start
[INFO] [stderr]     21:                0x0 - <unknown>
[INFO] running `Command { std: "docker" "inspect" "6b4cd7c36f2533d5d452076811df79eb6022954abafc85e1e9e19c47e63021cb", kill_on_drop: false }`
[INFO] running `Command { std: "docker" "rm" "-f" "6b4cd7c36f2533d5d452076811df79eb6022954abafc85e1e9e19c47e63021cb", kill_on_drop: false }`
[INFO] [stdout] 6b4cd7c36f2533d5d452076811df79eb6022954abafc85e1e9e19c47e63021cb
