[INFO] fetching crate cp2k-sirius-sys 0.3.1...
[INFO] testing cp2k-sirius-sys-0.3.1 against 1.99.0-beta.8+cargoflags=--release for beta-release-1.100-2
[INFO] extracting crate cp2k-sirius-sys 0.3.1 into /workspace/builds/worker-1-tc1/source
[INFO] started tweaking crates.io crate cp2k-sirius-sys 0.3.1
[INFO] finished tweaking crates.io crate cp2k-sirius-sys 0.3.1
[INFO] tweaked toml for crates.io crate cp2k-sirius-sys 0.3.1 written to /workspace/builds/worker-1-tc1/source/Cargo.toml
[INFO] validating manifest of crates.io crate cp2k-sirius-sys 0.3.1 on toolchain 1.99.0-beta.8
[INFO] running `Command { std: CARGO_HOME="/workspace/cargo-home" RUSTUP_HOME="/workspace/rustup-home" "/workspace/cargo-home/bin/cargo" "+1.99.0-beta.8" "metadata" "--manifest-path" "Cargo.toml" "--no-deps", kill_on_drop: false }`
[INFO] crate crates.io crate cp2k-sirius-sys 0.3.1 already has a lockfile, it will not be regenerated
[INFO] running `Command { std: CARGO_HOME="/workspace/cargo-home" RUSTUP_HOME="/workspace/rustup-home" "/workspace/cargo-home/bin/cargo" "+1.99.0-beta.8" "fetch" "--manifest-path" "Cargo.toml", kill_on_drop: false }`
[INFO] [stderr]     Blocking waiting for file lock on package cache
[INFO] [stderr]     Updating crates.io index
[INFO] [stderr]     Blocking waiting for file lock on package cache
[INFO] [stderr]  Downloading crates ...
[INFO] [stderr]   Downloaded cp2k-spla-sys v0.3.1
[INFO] [stderr]   Downloaded cp2k-spglib-sys v0.3.1
[INFO] [stderr]   Downloaded cp2k-scalapack-sys v0.3.1
[INFO] [stderr]   Downloaded cp2k-spfft-sys v0.3.1
[INFO] [stderr]   Downloaded cp2k-libxc-sys v0.3.1
[INFO] [stderr]   Downloaded cp2k-libvdwxc-sys v0.3.1
[INFO] [stderr]   Downloaded cp2k-fmt-sys v0.3.1
[INFO] [stderr]   Downloaded cp2k-gsl-sys v0.3.1
[INFO] [stderr]   Downloaded cp2k-hdf5-sys v0.3.1
[INFO] [stderr]   Downloaded cp2k-elpa-sys v0.3.1
[INFO] [stderr]   Downloaded cp2k-costa-sys v0.3.1
[INFO] running `Command { std: "docker" "create" "-v" "/var/lib/crater-agent-workspace/builds/worker-1-tc1/source:/opt/rustwide/workdir:ro,Z" "-v" "/var/lib/crater-agent-workspace/builds/worker-1-tc1/target:/opt/rustwide/target:rw,Z" "-v" "/var/lib/crater-agent-workspace/cargo-home:/opt/rustwide/cargo-home:ro,Z" "-v" "/var/lib/crater-agent-workspace/rustup-home:/opt/rustwide/rustup-home:ro,Z" "-m" "1610612736" "--network" "none" "ghcr.io/rust-lang/crates-build-env/linux@sha256:77db811e55d90add9212f6832c23229e3de5f1c1f9905e8cb07319ea15df73ac" "sleep" "infinity", kill_on_drop: false }`
[INFO] [stdout] 9329c547c8e60d4350616e67c5475c68b66d8474108a8eb30d7ab5d3a2e88c91
[INFO] running `Command { std: "docker" "start" "9329c547c8e60d4350616e67c5475c68b66d8474108a8eb30d7ab5d3a2e88c91", kill_on_drop: false }`
[INFO] running `Command { std: "docker" "inspect" "9329c547c8e60d4350616e67c5475c68b66d8474108a8eb30d7ab5d3a2e88c91", kill_on_drop: false }`
[INFO] running `Command { std: "docker" "exec" "-e" "SOURCE_DIR=/opt/rustwide/workdir" "-e" "CARGO_HOME=/opt/rustwide/cargo-home" "-e" "RUSTUP_HOME=/opt/rustwide/rustup-home" "-e" "CARGO_TARGET_DIR=/opt/rustwide/target" "-w" "/opt/rustwide/workdir" "--user" "0:0" "9329c547c8e60d4350616e67c5475c68b66d8474108a8eb30d7ab5d3a2e88c91" "/opt/rustwide/cargo-home/bin/cargo" "+1.99.0-beta.8" "metadata" "--no-deps" "--format-version=1", kill_on_drop: false }`
[INFO] running `Command { std: "docker" "inspect" "9329c547c8e60d4350616e67c5475c68b66d8474108a8eb30d7ab5d3a2e88c91", kill_on_drop: false }`
[INFO] running `Command { std: "docker" "exec" "-e" "SOURCE_DIR=/opt/rustwide/workdir" "-e" "CARGO_HOME=/opt/rustwide/cargo-home" "-e" "RUSTUP_HOME=/opt/rustwide/rustup-home" "-e" "CARGO_TARGET_DIR=/opt/rustwide/target" "-e" "CARGO_INCREMENTAL=0" "-e" "RUST_BACKTRACE=full" "-e" "RUSTFLAGS=--cap-lints=warn" "-e" "RUSTDOCFLAGS=--cap-lints=warn" "-w" "/opt/rustwide/workdir" "--user" "0:0" "9329c547c8e60d4350616e67c5475c68b66d8474108a8eb30d7ab5d3a2e88c91" "/opt/rustwide/cargo-home/bin/cargo" "+1.99.0-beta.8" "build" "--frozen" "--message-format=json" "--release", kill_on_drop: false }`
[INFO] [stderr]    Compiling cfg-if v1.0.5
[INFO] [stderr]    Compiling find-msvc-tools v0.1.13
[INFO] [stderr]    Compiling zeroize v1.8.2
[INFO] [stderr]    Compiling rustix v1.1.5
[INFO] [stderr]    Compiling linux-raw-sys v0.12.1
[INFO] [stderr]    Compiling bitflags v2.13.2
[INFO] [stderr]    Compiling itoa v1.0.18
[INFO] [stderr]    Compiling bytes v1.12.1
[INFO] [stderr]    Compiling crc32fast v1.5.2
[INFO] [stderr]    Compiling httparse v1.10.1
[INFO] [stderr]    Compiling log v0.4.34
[INFO] [stderr]    Compiling simd-adler32 v0.3.10
[INFO] [stderr]    Compiling num_cpus v1.17.0
[INFO] [stderr]    Compiling adler2 v2.0.1
[INFO] [stderr]    Compiling once_cell v1.21.4
[INFO] [stderr]    Compiling syn v3.0.6
[INFO] [stderr]    Compiling getrandom v0.2.17
[INFO] [stderr]    Compiling base64 v0.22.1
[INFO] [stderr]    Compiling anyhow v1.0.104
[INFO] [stderr]    Compiling miniz_oxide v0.9.1
[INFO] [stderr]    Compiling thiserror v2.0.20
[INFO] [stderr]    Compiling filetime v0.2.27
[INFO] [stderr]    Compiling option-ext v0.2.0
[INFO] [stderr]    Compiling cc v1.4.7
[INFO] [stderr]    Compiling cp2k-build-utils v0.3.1
[INFO] [stderr]    Compiling rustls-pki-types v1.15.1
[INFO] [stderr]    Compiling utf8-zero v0.8.1
[INFO] [stderr]    Compiling dirs-sys v0.5.0
[INFO] [stderr]    Compiling cp2k-fftw3-sys v0.3.1
[INFO] [stderr]    Compiling cp2k-scalapack-sys v0.3.1
[INFO] [stderr]    Compiling cp2k-pugixml-sys v0.3.1
[INFO] [stderr]    Compiling cp2k-spfft-sys v0.3.1
[INFO] [stderr]    Compiling cp2k-elpa-sys v0.3.1
[INFO] [stderr]    Compiling cp2k-spla-sys v0.3.1
[INFO] [stderr]    Compiling cp2k-libxc-sys v0.3.1
[INFO] [stderr]    Compiling cp2k-libvdwxc-sys v0.3.1
[INFO] [stderr]    Compiling dirs v6.0.0
[INFO] [stderr]    Compiling cp2k-hdf5-sys v0.3.1
[INFO] [stderr]    Compiling cp2k-gsl-sys v0.3.1
[INFO] [stderr]    Compiling cp2k-costa-sys v0.3.1
[INFO] [stderr]    Compiling cp2k-spglib-sys v0.3.1
[INFO] [stderr]    Compiling cp2k-fmt-sys v0.3.1
[INFO] [stderr]    Compiling http v1.5.0
[INFO] [stderr]    Compiling cp2k-sirius-sys v0.3.1 (/opt/rustwide/workdir)
[INFO] [stderr]    Compiling webpki-roots v1.0.9
[INFO] [stderr]    Compiling flate2 v1.1.10
[INFO] [stderr]    Compiling ureq-proto v0.5.3
[INFO] [stderr]    Compiling ring v0.17.14
[INFO] [stderr]    Compiling xattr v1.6.1
[INFO] [stderr]    Compiling thiserror-impl v2.0.20
[INFO] [stderr]    Compiling tar v0.4.46
[INFO] [stderr]    Compiling rustls v0.23.45
[INFO] [stderr]    Compiling rustls-webpki v0.103.15
[INFO] [stderr]    Compiling ureq v3.2.1
[INFO] [stderr]    Compiling openblas-build v0.10.16
[INFO] [stderr]    Compiling openblas-src v0.10.16
[INFO] [stderr] error: failed to run custom build command for `openblas-src v0.10.16`
[INFO] [stderr] note: To improve backtraces for build dependencies, set the CARGO_PROFILE_RELEASE_BUILD_OVERRIDE_DEBUG=true environment variable to enable debug information generation.
[INFO] [stderr] 
[INFO] [stderr] Caused by:
[INFO] [stderr]   process didn't exit successfully: `/opt/rustwide/target/release/build/openblas-src-5acfb1ff35ac8311/build-script-build` (exit status: 101)
[INFO] [stderr]   --- stdout
[INFO] [stderr]   cargo:rerun-if-env-changed=OPENBLAS_TARGET
[INFO] [stderr]   cargo:rerun-if-env-changed=OPENBLAS_CC
[INFO] [stderr]   cargo:rerun-if-env-changed=OPENBLAS_HOSTCC
[INFO] [stderr]   cargo:rerun-if-env-changed=OPENBLAS_FC
[INFO] [stderr]   cargo:rerun-if-env-changed=OPENBLAS_RANLIB
[INFO] [stderr]   cargo:rerun-if-env-changed=OPENBLAS_DYNAMIC_ARCH
[INFO] [stderr]   cargo:rerun-if-env-changed=OPENBLAS_USE_THREAD
[INFO] [stderr]   cargo:rerun-if-env-changed=OPENBLAS_USE_OPENMP
[INFO] [stderr]   cargo:rerun-if-env-changed=OPENBLAS_USE_LOCKING
[INFO] [stderr]   cargo:rerun-if-env-changed=OPENBLAS_NUM_THREADS
[INFO] [stderr]   cargo:rerun-if-env-changed=OPENBLAS_NUM_PARALLEL
[INFO] [stderr] 
[INFO] [stderr]   --- stderr
[INFO] [stderr] 
[INFO] [stderr]   thread 'main' (1120) panicked at /opt/rustwide/cargo-home/registry/src/index.crates.io-1949cf8c6b5b557f/openblas-src-0.10.16/build.rs:213:52:
[INFO] [stderr]   called `Result::unwrap()` on an `Err` value: io: failed to lookup address information: Temporary failure in name resolution
[INFO] [stderr] 
[INFO] [stderr]   Stack backtrace:
[INFO] [stderr]      0: <anyhow::Error as core::convert::From<ureq::error::Error>>::from
[INFO] [stderr]      1: <core::result::Result<std::path::PathBuf, anyhow::Error> as core::ops::try_trait::FromResidual<core::result::Result<core::convert::Infallible, ureq::error::Error>>>::from_residual
[INFO] [stderr]      2: openblas_build::download::download
[INFO] [stderr]      3: build_script_build::build
[INFO] [stderr]      4: build_script_build::main
[INFO] [stderr]      5: <fn() as core::ops::function::FnOnce<()>>::call_once
[INFO] [stderr]      6: std::sys::backtrace::__rust_begin_short_backtrace::<fn(), ()>
[INFO] [stderr]      7: std::rt::lang_start::<()>::{closure#0}
[INFO] [stderr]      8: std::rt::lang_start_internal
[INFO] [stderr]      9: std::rt::lang_start::<()>
[INFO] [stderr]     10: main
[INFO] [stderr]     11: <unknown>
[INFO] [stderr]     12: __libc_start_main
[INFO] [stderr]     13: _start
[INFO] [stderr]   stack backtrace:
[INFO] [stderr]      0:     0x64943c168c81 - <<std[70759c8f55707aa4]::sys::backtrace::BacktraceLock>::print::DisplayBacktrace as core[df12db4294e9bfd3]::fmt::Display>::fmt
[INFO] [stderr]      1:     0x64943c17f9ca - core[df12db4294e9bfd3]::fmt::write
[INFO] [stderr]      2:     0x64943c16f5ac - <std[70759c8f55707aa4]::sys::stdio::unix::Stderr as core[df12db4294e9bfd3]::io::write::Write>::write_fmt
[INFO] [stderr]      3:     0x64943c143ca6 - std[70759c8f55707aa4]::panicking::default_hook::{closure#0}
[INFO] [stderr]      4:     0x64943c162a11 - std[70759c8f55707aa4]::panicking::default_hook
[INFO] [stderr]      5:     0x64943c162bcb - std[70759c8f55707aa4]::panicking::panic_with_hook
[INFO] [stderr]      6:     0x64943c143d52 - std[70759c8f55707aa4]::panicking::panic_handler::{closure#0}
[INFO] [stderr]      7:     0x64943c13c0e9 - std[70759c8f55707aa4]::sys::backtrace::__rust_end_short_backtrace::<std[70759c8f55707aa4]::panicking::panic_handler::{closure#0}, !>
[INFO] [stderr]      8:     0x64943c144b0d - __rustc[8fa7c3cbc660c2b3]::rust_begin_unwind
[INFO] [stderr]      9:     0x64943c18013c - core[df12db4294e9bfd3]::panicking::panic_fmt
[INFO] [stderr]     10:     0x64943c17ff12 - core[df12db4294e9bfd3]::result::unwrap_failed
[INFO] [stderr]     11:     0x64943be02cf2 - build_script_build[14495d4136640b27]::build
[INFO] [stderr]     12:     0x64943be01c71 - build_script_build[14495d4136640b27]::main
[INFO] [stderr]     13:     0x64943be0587b - <fn() as core[df12db4294e9bfd3]::ops::function::FnOnce<()>>::call_once
[INFO] [stderr]     14:     0x64943be014be - std[70759c8f55707aa4]::sys::backtrace::__rust_begin_short_backtrace::<fn(), ()>
[INFO] [stderr]     15:     0x64943be01869 - std[70759c8f55707aa4]::rt::lang_start::<()>::{closure#0}
[INFO] [stderr]     16:     0x64943c161939 - std[70759c8f55707aa4]::rt::lang_start_internal
[INFO] [stderr]     17:     0x64943be00da1 - std[70759c8f55707aa4]::rt::lang_start::<()>
[INFO] [stderr]     18:     0x64943be058f5 - main
[INFO] [stderr]     19:     0x7f5b6ceaf601 - <unknown>
[INFO] [stderr]     20:     0x7f5b6ceaf718 - __libc_start_main
[INFO] [stderr]     21:     0x64943bdff265 - _start
[INFO] [stderr]     22:                0x0 - <unknown>
[INFO] [stderr] warning: build failed, waiting for other jobs to finish...
[INFO] [stderr] warning: cp2k-pugixml-sys@0.3.1: Downloading pugixml 1.15...
[INFO] [stderr] warning: cp2k-pugixml-sys@0.3.1: download attempt 1/4 for https://github.com/zeux/pugixml/archive/refs/tags/v1.15.tar.gz failed; retrying
[INFO] [stderr] warning: cp2k-pugixml-sys@0.3.1: download attempt 2/4 for https://github.com/zeux/pugixml/archive/refs/tags/v1.15.tar.gz failed; retrying
[INFO] [stderr] warning: cp2k-pugixml-sys@0.3.1: download attempt 3/4 for https://github.com/zeux/pugixml/archive/refs/tags/v1.15.tar.gz failed; retrying
[INFO] [stderr] warning: cp2k-pugixml-sys@0.3.1: download attempt 4/4 for https://github.com/zeux/pugixml/archive/refs/tags/v1.15.tar.gz failed; retrying
[INFO] [stderr] error: failed to run custom build command for `cp2k-pugixml-sys v0.3.1`
[INFO] [stderr] note: To improve backtraces for build dependencies, set the CARGO_PROFILE_RELEASE_BUILD_OVERRIDE_DEBUG=true environment variable to enable debug information generation.
[INFO] [stderr] 
[INFO] [stderr] Caused by:
[INFO] [stderr]   process didn't exit successfully: `/opt/rustwide/target/release/build/cp2k-pugixml-sys-dfb2192fe11120f1/build-script-build` (exit status: 101)
[INFO] [stderr]   --- stdout
[INFO] [stderr]   cargo:rerun-if-changed=build.rs
[INFO] [stderr]   cargo:warning=Downloading pugixml 1.15...
[INFO] [stderr]   cargo:warning=download attempt 1/4 for https://github.com/zeux/pugixml/archive/refs/tags/v1.15.tar.gz failed; retrying
[INFO] [stderr]   cargo:warning=download attempt 2/4 for https://github.com/zeux/pugixml/archive/refs/tags/v1.15.tar.gz failed; retrying
[INFO] [stderr]   cargo:warning=download attempt 3/4 for https://github.com/zeux/pugixml/archive/refs/tags/v1.15.tar.gz failed; retrying
[INFO] [stderr]   cargo:warning=download attempt 4/4 for https://github.com/zeux/pugixml/archive/refs/tags/v1.15.tar.gz failed; retrying
[INFO] [stderr] 
[INFO] [stderr]   --- stderr
[INFO] [stderr] 
[INFO] [stderr]   thread 'main' (528) panicked at /opt/rustwide/cargo-home/registry/src/index.crates.io-1949cf8c6b5b557f/cp2k-build-utils-0.3.1/src/lib.rs:285:5:
[INFO] [stderr]   Failed to download https://github.com/zeux/pugixml/archive/refs/tags/v1.15.tar.gz after 4 attempts:   % Total    % Received % Xferd  Average Speed  Time    Time    Time   Current
[INFO] [stderr]                                    Dload  Upload  Total   Spent   Left   Speed
[INFO] [stderr]   
  0      0   0      0   0      0      0      0                              0curl: (6) Could not resolve host: github.com
[INFO] [stderr]   Warning: Problem : timeout. Will retry in 1 second. 3 retries left.
[INFO] [stderr]   curl: (6) Could not resolve host: github.com
[INFO] [stderr]   Warning: Problem : timeout. Will retry in 2 seconds. 2 retries left.
[INFO] [stderr]   curl: (6) Could not resolve host: github.com
[INFO] [stderr]   Warning: Problem : timeout. Will retry in 4 seconds. 1 retry left.
[INFO] [stderr]   curl: (6) Could not resolve host: github.com
[INFO] [stderr] 
[INFO] [stderr]   stack backtrace:
[INFO] [stderr]      0:     0x5b1c595e9da1 - <<std[70759c8f55707aa4]::sys::backtrace::BacktraceLock>::print::DisplayBacktrace as core[df12db4294e9bfd3]::fmt::Display>::fmt
[INFO] [stderr]      1:     0x5b1c595fb63a - core[df12db4294e9bfd3]::fmt::write
[INFO] [stderr]      2:     0x5b1c595edebc - <std[70759c8f55707aa4]::sys::stdio::unix::Stderr as core[df12db4294e9bfd3]::io::write::Write>::write_fmt
[INFO] [stderr]      3:     0x5b1c595cc336 - std[70759c8f55707aa4]::panicking::default_hook::{closure#0}
[INFO] [stderr]      4:     0x5b1c595e5a61 - std[70759c8f55707aa4]::panicking::default_hook
[INFO] [stderr]      5:     0x5b1c595e5c1b - std[70759c8f55707aa4]::panicking::panic_with_hook
[INFO] [stderr]      6:     0x5b1c595cc3e2 - std[70759c8f55707aa4]::panicking::panic_handler::{closure#0}
[INFO] [stderr]      7:     0x5b1c595c51c9 - std[70759c8f55707aa4]::sys::backtrace::__rust_end_short_backtrace::<std[70759c8f55707aa4]::panicking::panic_handler::{closure#0}, !>
[INFO] [stderr]      8:     0x5b1c595ccbdd - __rustc[8fa7c3cbc660c2b3]::rust_begin_unwind
[INFO] [stderr]      9:     0x5b1c595fbdac - core[df12db4294e9bfd3]::panicking::panic_fmt
[INFO] [stderr]     10:     0x5b1c595af8d6 - cp2k_build_utils[d925f2eae3018604]::download
[INFO] [stderr]     11:     0x5b1c595aa8d1 - build_script_build[3c5640a18276f1ff]::main
[INFO] [stderr]     12:     0x5b1c595ac2c3 - <fn() as core[df12db4294e9bfd3]::ops::function::FnOnce<()>>::call_once
[INFO] [stderr]     13:     0x5b1c595aa3c6 - std[70759c8f55707aa4]::sys::backtrace::__rust_begin_short_backtrace::<fn(), ()>
[INFO] [stderr]     14:     0x5b1c595aa3d9 - std[70759c8f55707aa4]::rt::lang_start::<()>::{closure#0}
[INFO] [stderr]     15:     0x5b1c595e4e99 - std[70759c8f55707aa4]::rt::lang_start_internal
[INFO] [stderr]     16:     0x5b1c595aa3a1 - std[70759c8f55707aa4]::rt::lang_start::<()>
[INFO] [stderr]     17:     0x5b1c595ac305 - main
[INFO] [stderr]     18:     0x7429f1e89601 - <unknown>
[INFO] [stderr]     19:     0x7429f1e89718 - __libc_start_main
[INFO] [stderr]     20:     0x5b1c595a9d05 - _start
[INFO] [stderr]     21:                0x0 - <unknown>
[INFO] [stderr] warning: cp2k-elpa-sys@0.3.1: Downloading ELPA 2026.02.002...
[INFO] [stderr] warning: cp2k-elpa-sys@0.3.1: download attempt 1/4 for https://www.cp2k.org/static/downloads/elpa-2026.02.002.tar.gz failed; retrying
[INFO] [stderr] warning: cp2k-elpa-sys@0.3.1: download attempt 2/4 for https://www.cp2k.org/static/downloads/elpa-2026.02.002.tar.gz failed; retrying
[INFO] [stderr] warning: cp2k-elpa-sys@0.3.1: download attempt 3/4 for https://www.cp2k.org/static/downloads/elpa-2026.02.002.tar.gz failed; retrying
[INFO] [stderr] warning: cp2k-elpa-sys@0.3.1: download attempt 4/4 for https://www.cp2k.org/static/downloads/elpa-2026.02.002.tar.gz failed; retrying
[INFO] [stderr] error: failed to run custom build command for `cp2k-elpa-sys v0.3.1`
[INFO] [stderr] note: To improve backtraces for build dependencies, set the CARGO_PROFILE_RELEASE_BUILD_OVERRIDE_DEBUG=true environment variable to enable debug information generation.
[INFO] [stderr] 
[INFO] [stderr] Caused by:
[INFO] [stderr]   process didn't exit successfully: `/opt/rustwide/target/release/build/cp2k-elpa-sys-89e26d86feb31279/build-script-build` (exit status: 101)
[INFO] [stderr]   --- stdout
[INFO] [stderr]   cargo:rerun-if-changed=build.rs
[INFO] [stderr]   cargo:rerun-if-env-changed=CP2K_TARGET_ARCH
[INFO] [stderr]   cargo:warning=Downloading ELPA 2026.02.002...
[INFO] [stderr]   cargo:warning=download attempt 1/4 for https://www.cp2k.org/static/downloads/elpa-2026.02.002.tar.gz failed; retrying
[INFO] [stderr]   cargo:warning=download attempt 2/4 for https://www.cp2k.org/static/downloads/elpa-2026.02.002.tar.gz failed; retrying
[INFO] [stderr]   cargo:warning=download attempt 3/4 for https://www.cp2k.org/static/downloads/elpa-2026.02.002.tar.gz failed; retrying
[INFO] [stderr]   cargo:warning=download attempt 4/4 for https://www.cp2k.org/static/downloads/elpa-2026.02.002.tar.gz failed; retrying
[INFO] [stderr] 
[INFO] [stderr]   --- stderr
[INFO] [stderr] 
[INFO] [stderr]   thread 'main' (534) panicked at /opt/rustwide/cargo-home/registry/src/index.crates.io-1949cf8c6b5b557f/cp2k-build-utils-0.3.1/src/lib.rs:285:5:
[INFO] [stderr]   Failed to download https://www.cp2k.org/static/downloads/elpa-2026.02.002.tar.gz after 4 attempts:   % Total    % Received % Xferd  Average Speed  Time    Time    Time   Current
[INFO] [stderr]                                    Dload  Upload  Total   Spent   Left   Speed
[INFO] [stderr]   
  0      0   0      0   0      0      0      0                              0curl: (6) Could not resolve host: www.cp2k.org
[INFO] [stderr]   Warning: Problem : timeout. Will retry in 1 second. 3 retries left.
[INFO] [stderr]   curl: (6) Could not resolve host: www.cp2k.org
[INFO] [stderr]   Warning: Problem : timeout. Will retry in 2 seconds. 2 retries left.
[INFO] [stderr]   curl: (6) Could not resolve host: www.cp2k.org
[INFO] [stderr]   Warning: Problem : timeout. Will retry in 4 seconds. 1 retry left.
[INFO] [stderr]   curl: (6) Could not resolve host: www.cp2k.org
[INFO] [stderr] 
[INFO] [stderr]   stack backtrace:
[INFO] [stderr]      0:     0x5d28f1aa7691 - <<std[70759c8f55707aa4]::sys::backtrace::BacktraceLock>::print::DisplayBacktrace as core[df12db4294e9bfd3]::fmt::Display>::fmt
[INFO] [stderr]      1:     0x5d28f1ab929a - core[df12db4294e9bfd3]::fmt::write
[INFO] [stderr]      2:     0x5d28f1aaba7c - <std[70759c8f55707aa4]::sys::stdio::unix::Stderr as core[df12db4294e9bfd3]::io::write::Write>::write_fmt
[INFO] [stderr]      3:     0x5d28f1a86c96 - std[70759c8f55707aa4]::panicking::default_hook::{closure#0}
[INFO] [stderr]      4:     0x5d28f1aa1811 - std[70759c8f55707aa4]::panicking::default_hook
[INFO] [stderr]      5:     0x5d28f1aa19cb - std[70759c8f55707aa4]::panicking::panic_with_hook
[INFO] [stderr]      6:     0x5d28f1a86d42 - std[70759c8f55707aa4]::panicking::panic_handler::{closure#0}
[INFO] [stderr]      7:     0x5d28f1a7f8f9 - std[70759c8f55707aa4]::sys::backtrace::__rust_end_short_backtrace::<std[70759c8f55707aa4]::panicking::panic_handler::{closure#0}, !>
[INFO] [stderr]      8:     0x5d28f1a8753d - __rustc[8fa7c3cbc660c2b3]::rust_begin_unwind
[INFO] [stderr]      9:     0x5d28f1ab9a0c - core[df12db4294e9bfd3]::panicking::panic_fmt
[INFO] [stderr]     10:     0x5d28f1a698a6 - cp2k_build_utils[d925f2eae3018604]::download
[INFO] [stderr]     11:     0x5d28f1a61a53 - build_script_build[35a652f6082782d8]::main
[INFO] [stderr]     12:     0x5d28f1a65213 - <fn() as core[df12db4294e9bfd3]::ops::function::FnOnce<()>>::call_once
[INFO] [stderr]     13:     0x5d28f1a60d46 - std[70759c8f55707aa4]::sys::backtrace::__rust_begin_short_backtrace::<fn(), ()>
[INFO] [stderr]     14:     0x5d28f1a60e39 - std[70759c8f55707aa4]::rt::lang_start::<()>::{closure#0}
[INFO] [stderr]     15:     0x5d28f1aa0c49 - std[70759c8f55707aa4]::rt::lang_start_internal
[INFO] [stderr]     16:     0x5d28f1a609b1 - std[70759c8f55707aa4]::rt::lang_start::<()>
[INFO] [stderr]     17:     0x5d28f1a65345 - main
[INFO] [stderr]     18:     0x7dca23419601 - <unknown>
[INFO] [stderr]     19:     0x7dca23419718 - __libc_start_main
[INFO] [stderr]     20:     0x5d28f1a5ffa5 - _start
[INFO] [stderr]     21:                0x0 - <unknown>
[INFO] [stderr] warning: cp2k-fftw3-sys@0.3.1: Downloading FFTW3 3.3.11 release tarball...
[INFO] [stderr] warning: cp2k-fftw3-sys@0.3.1: download attempt 1/4 for https://www.fftw.org/fftw-3.3.11.tar.gz failed; retrying
[INFO] [stderr] warning: cp2k-fftw3-sys@0.3.1: download attempt 2/4 for https://www.fftw.org/fftw-3.3.11.tar.gz failed; retrying
[INFO] [stderr] warning: cp2k-fftw3-sys@0.3.1: download attempt 3/4 for https://www.fftw.org/fftw-3.3.11.tar.gz failed; retrying
[INFO] [stderr] warning: cp2k-fftw3-sys@0.3.1: download attempt 4/4 for https://www.fftw.org/fftw-3.3.11.tar.gz failed; retrying
[INFO] [stderr] error: failed to run custom build command for `cp2k-fftw3-sys v0.3.1`
[INFO] [stderr] note: To improve backtraces for build dependencies, set the CARGO_PROFILE_RELEASE_BUILD_OVERRIDE_DEBUG=true environment variable to enable debug information generation.
[INFO] [stderr] 
[INFO] [stderr] Caused by:
[INFO] [stderr]   process didn't exit successfully: `/opt/rustwide/target/release/build/cp2k-fftw3-sys-ba3c4e4e2b06f11f/build-script-build` (exit status: 101)
[INFO] [stderr]   --- stdout
[INFO] [stderr]   cargo:rerun-if-changed=build.rs
[INFO] [stderr]   cargo:rerun-if-env-changed=CP2K_TARGET_ARCH
[INFO] [stderr]   cargo:warning=Downloading FFTW3 3.3.11 release tarball...
[INFO] [stderr]   cargo:warning=download attempt 1/4 for https://www.fftw.org/fftw-3.3.11.tar.gz failed; retrying
[INFO] [stderr]   cargo:warning=download attempt 2/4 for https://www.fftw.org/fftw-3.3.11.tar.gz failed; retrying
[INFO] [stderr]   cargo:warning=download attempt 3/4 for https://www.fftw.org/fftw-3.3.11.tar.gz failed; retrying
[INFO] [stderr]   cargo:warning=download attempt 4/4 for https://www.fftw.org/fftw-3.3.11.tar.gz failed; retrying
[INFO] [stderr] 
[INFO] [stderr]   --- stderr
[INFO] [stderr] 
[INFO] [stderr]   thread 'main' (535) panicked at /opt/rustwide/cargo-home/registry/src/index.crates.io-1949cf8c6b5b557f/cp2k-build-utils-0.3.1/src/lib.rs:285:5:
[INFO] [stderr]   Failed to download https://www.fftw.org/fftw-3.3.11.tar.gz after 4 attempts:   % Total    % Received % Xferd  Average Speed  Time    Time    Time   Current
[INFO] [stderr]                                    Dload  Upload  Total   Spent   Left   Speed
[INFO] [stderr]   
  0      0   0      0   0      0      0      0                              0curl: (6) Could not resolve host: www.fftw.org
[INFO] [stderr]   Warning: Problem : timeout. Will retry in 1 second. 3 retries left.
[INFO] [stderr]   curl: (6) Could not resolve host: www.fftw.org
[INFO] [stderr]   Warning: Problem : timeout. Will retry in 2 seconds. 2 retries left.
[INFO] [stderr]   curl: (6) Could not resolve host: www.fftw.org
[INFO] [stderr]   Warning: Problem : timeout. Will retry in 4 seconds. 1 retry left.
[INFO] [stderr]   curl: (6) Could not resolve host: www.fftw.org
[INFO] [stderr] 
[INFO] [stderr]   stack backtrace:
[INFO] [stderr]      0:     0x561a90168151 - <<std[70759c8f55707aa4]::sys::backtrace::BacktraceLock>::print::DisplayBacktrace as core[df12db4294e9bfd3]::fmt::Display>::fmt
[INFO] [stderr]      1:     0x561a90179d0a - core[df12db4294e9bfd3]::fmt::write
[INFO] [stderr]      2:     0x561a9016c4cc - <std[70759c8f55707aa4]::sys::stdio::unix::Stderr as core[df12db4294e9bfd3]::io::write::Write>::write_fmt
[INFO] [stderr]      3:     0x561a901487c6 - std[70759c8f55707aa4]::panicking::default_hook::{closure#0}
[INFO] [stderr]      4:     0x561a901631e1 - std[70759c8f55707aa4]::panicking::default_hook
[INFO] [stderr]      5:     0x561a9016339b - std[70759c8f55707aa4]::panicking::panic_with_hook
[INFO] [stderr]      6:     0x561a90148872 - std[70759c8f55707aa4]::panicking::panic_handler::{closure#0}
[INFO] [stderr]      7:     0x561a901414c9 - std[70759c8f55707aa4]::sys::backtrace::__rust_end_short_backtrace::<std[70759c8f55707aa4]::panicking::panic_handler::{closure#0}, !>
[INFO] [stderr]      8:     0x561a9014906d - __rustc[8fa7c3cbc660c2b3]::rust_begin_unwind
[INFO] [stderr]      9:     0x561a9017a47c - core[df12db4294e9bfd3]::panicking::panic_fmt
[INFO] [stderr]     10:     0x561a9012b316 - cp2k_build_utils[d925f2eae3018604]::download
[INFO] [stderr]     11:     0x561a901250db - build_script_build[a266a625cf8c9e74]::main
[INFO] [stderr]     12:     0x561a90126c83 - <fn() as core[df12db4294e9bfd3]::ops::function::FnOnce<()>>::call_once
[INFO] [stderr]     13:     0x561a901246c6 - std[70759c8f55707aa4]::sys::backtrace::__rust_begin_short_backtrace::<fn(), ()>
[INFO] [stderr]     14:     0x561a901246d9 - std[70759c8f55707aa4]::rt::lang_start::<()>::{closure#0}
[INFO] [stderr]     15:     0x561a90162619 - std[70759c8f55707aa4]::rt::lang_start_internal
[INFO] [stderr]     16:     0x561a90124571 - std[70759c8f55707aa4]::rt::lang_start::<()>
[INFO] [stderr]     17:     0x561a90126cc5 - main
[INFO] [stderr]     18:     0x772243a32601 - <unknown>
[INFO] [stderr]     19:     0x772243a32718 - __libc_start_main
[INFO] [stderr]     20:     0x561a90123e75 - _start
[INFO] [stderr]     21:                0x0 - <unknown>
[INFO] [stderr] warning: cp2k-libxc-sys@0.3.1: Downloading Libxc 7.1.2...
[INFO] [stderr] warning: cp2k-libxc-sys@0.3.1: download attempt 1/4 for https://gitlab.com/libxc/libxc/-/archive/7.1.2/libxc-7.1.2.tar.bz2 failed; retrying
[INFO] [stderr] warning: cp2k-libxc-sys@0.3.1: download attempt 2/4 for https://gitlab.com/libxc/libxc/-/archive/7.1.2/libxc-7.1.2.tar.bz2 failed; retrying
[INFO] [stderr] warning: cp2k-libxc-sys@0.3.1: download attempt 3/4 for https://gitlab.com/libxc/libxc/-/archive/7.1.2/libxc-7.1.2.tar.bz2 failed; retrying
[INFO] [stderr] warning: cp2k-libxc-sys@0.3.1: download attempt 4/4 for https://gitlab.com/libxc/libxc/-/archive/7.1.2/libxc-7.1.2.tar.bz2 failed; retrying
[INFO] [stderr] error: failed to run custom build command for `cp2k-libxc-sys v0.3.1`
[INFO] [stderr] note: To improve backtraces for build dependencies, set the CARGO_PROFILE_RELEASE_BUILD_OVERRIDE_DEBUG=true environment variable to enable debug information generation.
[INFO] [stderr] 
[INFO] [stderr] Caused by:
[INFO] [stderr]   process didn't exit successfully: `/opt/rustwide/target/release/build/cp2k-libxc-sys-aa7f10134b17e8cc/build-script-build` (exit status: 101)
[INFO] [stderr]   --- stdout
[INFO] [stderr]   cargo:rerun-if-changed=build.rs
[INFO] [stderr]   cargo:rerun-if-env-changed=CP2K_TARGET_ARCH
[INFO] [stderr]   cargo:rerun-if-env-changed=CP2K_CUDA_ARCH
[INFO] [stderr]   cargo:rerun-if-env-changed=CP2K_HIP_ARCH
[INFO] [stderr]   cargo:warning=Downloading Libxc 7.1.2...
[INFO] [stderr]   cargo:warning=download attempt 1/4 for https://gitlab.com/libxc/libxc/-/archive/7.1.2/libxc-7.1.2.tar.bz2 failed; retrying
[INFO] [stderr]   cargo:warning=download attempt 2/4 for https://gitlab.com/libxc/libxc/-/archive/7.1.2/libxc-7.1.2.tar.bz2 failed; retrying
[INFO] [stderr]   cargo:warning=download attempt 3/4 for https://gitlab.com/libxc/libxc/-/archive/7.1.2/libxc-7.1.2.tar.bz2 failed; retrying
[INFO] [stderr]   cargo:warning=download attempt 4/4 for https://gitlab.com/libxc/libxc/-/archive/7.1.2/libxc-7.1.2.tar.bz2 failed; retrying
[INFO] [stderr] 
[INFO] [stderr]   --- stderr
[INFO] [stderr] 
[INFO] [stderr]   thread 'main' (582) panicked at /opt/rustwide/cargo-home/registry/src/index.crates.io-1949cf8c6b5b557f/cp2k-build-utils-0.3.1/src/lib.rs:285:5:
[INFO] [stderr]   Failed to download https://gitlab.com/libxc/libxc/-/archive/7.1.2/libxc-7.1.2.tar.bz2 after 4 attempts:   % Total    % Received % Xferd  Average Speed  Time    Time    Time   Current
[INFO] [stderr]                                    Dload  Upload  Total   Spent   Left   Speed
[INFO] [stderr]   
  0      0   0      0   0      0      0      0                              0curl: (6) Could not resolve host: gitlab.com
[INFO] [stderr]   Warning: Problem : timeout. Will retry in 1 second. 3 retries left.
[INFO] [stderr]   curl: (6) Could not resolve host: gitlab.com
[INFO] [stderr]   Warning: Problem : timeout. Will retry in 2 seconds. 2 retries left.
[INFO] [stderr]   curl: (6) Could not resolve host: gitlab.com
[INFO] [stderr]   Warning: Problem : timeout. Will retry in 4 seconds. 1 retry left.
[INFO] [stderr]   curl: (6) Could not resolve host: gitlab.com
[INFO] [stderr] 
[INFO] [stderr]   stack backtrace:
[INFO] [stderr]      0:     0x64d5ca279fa1 - <<std[70759c8f55707aa4]::sys::backtrace::BacktraceLock>::print::DisplayBacktrace as core[df12db4294e9bfd3]::fmt::Display>::fmt
[INFO] [stderr]      1:     0x64d5ca28bb1a - core[df12db4294e9bfd3]::fmt::write
[INFO] [stderr]      2:     0x64d5ca27e31c - <std[70759c8f55707aa4]::sys::stdio::unix::Stderr as core[df12db4294e9bfd3]::io::write::Write>::write_fmt
[INFO] [stderr]      3:     0x64d5ca25b946 - std[70759c8f55707aa4]::panicking::default_hook::{closure#0}
[INFO] [stderr]      4:     0x64d5ca275031 - std[70759c8f55707aa4]::panicking::default_hook
[INFO] [stderr]      5:     0x64d5ca2751eb - std[70759c8f55707aa4]::panicking::panic_with_hook
[INFO] [stderr]      6:     0x64d5ca25b9f2 - std[70759c8f55707aa4]::panicking::panic_handler::{closure#0}
[INFO] [stderr]      7:     0x64d5ca254649 - std[70759c8f55707aa4]::sys::backtrace::__rust_end_short_backtrace::<std[70759c8f55707aa4]::panicking::panic_handler::{closure#0}, !>
[INFO] [stderr]      8:     0x64d5ca25c1ed - __rustc[8fa7c3cbc660c2b3]::rust_begin_unwind
[INFO] [stderr]      9:     0x64d5ca28c28c - core[df12db4294e9bfd3]::panicking::panic_fmt
[INFO] [stderr]     10:     0x64d5ca23e816 - cp2k_build_utils[d925f2eae3018604]::download
[INFO] [stderr]     11:     0x64d5ca238dc4 - build_script_build[e01898ae9f28cacc]::main
[INFO] [stderr]     12:     0x64d5ca23ace3 - <fn() as core[df12db4294e9bfd3]::ops::function::FnOnce<()>>::call_once
[INFO] [stderr]     13:     0x64d5ca238256 - std[70759c8f55707aa4]::sys::backtrace::__rust_begin_short_backtrace::<fn(), ()>
[INFO] [stderr]     14:     0x64d5ca238269 - std[70759c8f55707aa4]::rt::lang_start::<()>::{closure#0}
[INFO] [stderr]     15:     0x64d5ca274469 - std[70759c8f55707aa4]::rt::lang_start_internal
[INFO] [stderr]     16:     0x64d5ca238121 - std[70759c8f55707aa4]::rt::lang_start::<()>
[INFO] [stderr]     17:     0x64d5ca23ad25 - main
[INFO] [stderr]     18:     0x730631649601 - <unknown>
[INFO] [stderr]     19:     0x730631649718 - __libc_start_main
[INFO] [stderr]     20:     0x64d5ca237a95 - _start
[INFO] [stderr]     21:                0x0 - <unknown>
[INFO] [stderr] warning: cp2k-spglib-sys@0.3.1: Downloading SPGLIB 2.7.0...
[INFO] [stderr] warning: cp2k-spglib-sys@0.3.1: download attempt 1/4 for https://github.com/spglib/spglib/archive/refs/tags/v2.7.0.tar.gz failed; retrying
[INFO] [stderr] warning: cp2k-spglib-sys@0.3.1: download attempt 2/4 for https://github.com/spglib/spglib/archive/refs/tags/v2.7.0.tar.gz failed; retrying
[INFO] [stderr] warning: cp2k-spglib-sys@0.3.1: download attempt 3/4 for https://github.com/spglib/spglib/archive/refs/tags/v2.7.0.tar.gz failed; retrying
[INFO] [stderr] warning: cp2k-spglib-sys@0.3.1: download attempt 4/4 for https://github.com/spglib/spglib/archive/refs/tags/v2.7.0.tar.gz failed; retrying
[INFO] [stderr] error: failed to run custom build command for `cp2k-spglib-sys v0.3.1`
[INFO] [stderr] note: To improve backtraces for build dependencies, set the CARGO_PROFILE_RELEASE_BUILD_OVERRIDE_DEBUG=true environment variable to enable debug information generation.
[INFO] [stderr] 
[INFO] [stderr] Caused by:
[INFO] [stderr]   process didn't exit successfully: `/opt/rustwide/target/release/build/cp2k-spglib-sys-1182e3c106758080/build-script-build` (exit status: 101)
[INFO] [stderr]   --- stdout
[INFO] [stderr]   cargo:rerun-if-changed=build.rs
[INFO] [stderr]   cargo:warning=Downloading SPGLIB 2.7.0...
[INFO] [stderr]   cargo:warning=download attempt 1/4 for https://github.com/spglib/spglib/archive/refs/tags/v2.7.0.tar.gz failed; retrying
[INFO] [stderr]   cargo:warning=download attempt 2/4 for https://github.com/spglib/spglib/archive/refs/tags/v2.7.0.tar.gz failed; retrying
[INFO] [stderr]   cargo:warning=download attempt 3/4 for https://github.com/spglib/spglib/archive/refs/tags/v2.7.0.tar.gz failed; retrying
[INFO] [stderr]   cargo:warning=download attempt 4/4 for https://github.com/spglib/spglib/archive/refs/tags/v2.7.0.tar.gz failed; retrying
[INFO] [stderr] 
[INFO] [stderr]   --- stderr
[INFO] [stderr] 
[INFO] [stderr]   thread 'main' (629) panicked at /opt/rustwide/cargo-home/registry/src/index.crates.io-1949cf8c6b5b557f/cp2k-build-utils-0.3.1/src/lib.rs:285:5:
[INFO] [stderr]   Failed to download https://github.com/spglib/spglib/archive/refs/tags/v2.7.0.tar.gz after 4 attempts: curl: (6) Could not resolve host: github.com
[INFO] [stderr]   Warning: Problem : timeout. Will retry in 1 second. 3 retries left.
[INFO] [stderr]   curl: (6) Could not resolve host: github.com
[INFO] [stderr]   Warning: Problem : timeout. Will retry in 2 seconds. 2 retries left.
[INFO] [stderr]   curl: (6) Could not resolve host: github.com
[INFO] [stderr]   Warning: Problem : timeout. Will retry in 4 seconds. 1 retry left.
[INFO] [stderr]   curl: (6) Could not resolve host: github.com
[INFO] [stderr] 
[INFO] [stderr]   stack backtrace:
[INFO] [stderr]      0:     0x5c66cf90cc71 - <<std[70759c8f55707aa4]::sys::backtrace::BacktraceLock>::print::DisplayBacktrace as core[df12db4294e9bfd3]::fmt::Display>::fmt
[INFO] [stderr]      1:     0x5c66cf91e7ea - core[df12db4294e9bfd3]::fmt::write
[INFO] [stderr]      2:     0x5c66cf910fec - <std[70759c8f55707aa4]::sys::stdio::unix::Stderr as core[df12db4294e9bfd3]::io::write::Write>::write_fmt
[INFO] [stderr]      3:     0x5c66cf8ee2e6 - std[70759c8f55707aa4]::panicking::default_hook::{closure#0}
[INFO] [stderr]      4:     0x5c66cf907ba1 - std[70759c8f55707aa4]::panicking::default_hook
[INFO] [stderr]      5:     0x5c66cf907d5b - std[70759c8f55707aa4]::panicking::panic_with_hook
[INFO] [stderr]      6:     0x5c66cf8ee392 - std[70759c8f55707aa4]::panicking::panic_handler::{closure#0}
[INFO] [stderr]      7:     0x5c66cf8e6f89 - std[70759c8f55707aa4]::sys::backtrace::__rust_end_short_backtrace::<std[70759c8f55707aa4]::panicking::panic_handler::{closure#0}, !>
[INFO] [stderr]      8:     0x5c66cf8eec7d - __rustc[8fa7c3cbc660c2b3]::rust_begin_unwind
[INFO] [stderr]      9:     0x5c66cf91ef5c - core[df12db4294e9bfd3]::panicking::panic_fmt
[INFO] [stderr]     10:     0x5c66cf8d11b6 - cp2k_build_utils[d925f2eae3018604]::download
[INFO] [stderr]     11:     0x5c66cf8cb979 - build_script_build[6d801993062aa584]::main
[INFO] [stderr]     12:     0x5c66cf8cd683 - <fn() as core[df12db4294e9bfd3]::ops::function::FnOnce<()>>::call_once
[INFO] [stderr]     13:     0x5c66cf8caf5e - std[70759c8f55707aa4]::sys::backtrace::__rust_begin_short_backtrace::<fn(), ()>
[INFO] [stderr]     14:     0x5c66cf8cafd9 - std[70759c8f55707aa4]::rt::lang_start::<()>::{closure#0}
[INFO] [stderr]     15:     0x5c66cf906fd9 - std[70759c8f55707aa4]::rt::lang_start_internal
[INFO] [stderr]     16:     0x5c66cf8caf31 - std[70759c8f55707aa4]::rt::lang_start::<()>
[INFO] [stderr]     17:     0x5c66cf8cd6c5 - main
[INFO] [stderr]     18:     0x72e0c33b9601 - <unknown>
[INFO] [stderr]     19:     0x72e0c33b9718 - __libc_start_main
[INFO] [stderr]     20:     0x5c66cf8ca855 - _start
[INFO] [stderr]     21:                0x0 - <unknown>
[INFO] [stderr] warning: cp2k-fmt-sys@0.3.1: Downloading fmt 12.1.0...
[INFO] [stderr] warning: cp2k-fmt-sys@0.3.1: download attempt 1/4 for https://github.com/fmtlib/fmt/archive/refs/tags/12.1.0.tar.gz failed; retrying
[INFO] [stderr] warning: cp2k-fmt-sys@0.3.1: download attempt 2/4 for https://github.com/fmtlib/fmt/archive/refs/tags/12.1.0.tar.gz failed; retrying
[INFO] [stderr] warning: cp2k-fmt-sys@0.3.1: download attempt 3/4 for https://github.com/fmtlib/fmt/archive/refs/tags/12.1.0.tar.gz failed; retrying
[INFO] [stderr] warning: cp2k-fmt-sys@0.3.1: download attempt 4/4 for https://github.com/fmtlib/fmt/archive/refs/tags/12.1.0.tar.gz failed; retrying
[INFO] [stderr] error: failed to run custom build command for `cp2k-fmt-sys v0.3.1`
[INFO] [stderr] note: To improve backtraces for build dependencies, set the CARGO_PROFILE_RELEASE_BUILD_OVERRIDE_DEBUG=true environment variable to enable debug information generation.
[INFO] [stderr] 
[INFO] [stderr] Caused by:
[INFO] [stderr]   process didn't exit successfully: `/opt/rustwide/target/release/build/cp2k-fmt-sys-00a80a96da3458c5/build-script-build` (exit status: 101)
[INFO] [stderr]   --- stdout
[INFO] [stderr]   cargo:rerun-if-changed=build.rs
[INFO] [stderr]   cargo:rerun-if-env-changed=CP2K_TARGET_ARCH
[INFO] [stderr]   cargo:warning=Downloading fmt 12.1.0...
[INFO] [stderr]   cargo:warning=download attempt 1/4 for https://github.com/fmtlib/fmt/archive/refs/tags/12.1.0.tar.gz failed; retrying
[INFO] [stderr]   cargo:warning=download attempt 2/4 for https://github.com/fmtlib/fmt/archive/refs/tags/12.1.0.tar.gz failed; retrying
[INFO] [stderr]   cargo:warning=download attempt 3/4 for https://github.com/fmtlib/fmt/archive/refs/tags/12.1.0.tar.gz failed; retrying
[INFO] [stderr]   cargo:warning=download attempt 4/4 for https://github.com/fmtlib/fmt/archive/refs/tags/12.1.0.tar.gz failed; retrying
[INFO] [stderr] 
[INFO] [stderr]   --- stderr
[INFO] [stderr] 
[INFO] [stderr]   thread 'main' (635) panicked at /opt/rustwide/cargo-home/registry/src/index.crates.io-1949cf8c6b5b557f/cp2k-build-utils-0.3.1/src/lib.rs:285:5:
[INFO] [stderr]   Failed to download https://github.com/fmtlib/fmt/archive/refs/tags/12.1.0.tar.gz after 4 attempts:   % Total    % Received % Xferd  Average Speed  Time    Time    Time   Current
[INFO] [stderr]                                    Dload  Upload  Total   Spent   Left   Speed
[INFO] [stderr]   
  0      0   0      0   0      0      0      0                              0curl: (6) Could not resolve host: github.com
[INFO] [stderr]   Warning: Problem : timeout. Will retry in 1 second. 3 retries left.
[INFO] [stderr]   curl: (6) Could not resolve host: github.com
[INFO] [stderr]   Warning: Problem : timeout. Will retry in 2 seconds. 2 retries left.
[INFO] [stderr]   curl: (6) Could not resolve host: github.com
[INFO] [stderr]   Warning: Problem : timeout. Will retry in 4 seconds. 1 retry left.
[INFO] [stderr]   curl: (6) Could not resolve host: github.com
[INFO] [stderr] 
[INFO] [stderr]   stack backtrace:
[INFO] [stderr]      0:     0x55d8a0dab2d1 - <<std[70759c8f55707aa4]::sys::backtrace::BacktraceLock>::print::DisplayBacktrace as core[df12db4294e9bfd3]::fmt::Display>::fmt
[INFO] [stderr]      1:     0x55d8a0dbce4a - core[df12db4294e9bfd3]::fmt::write
[INFO] [stderr]      2:     0x55d8a0daf64c - <std[70759c8f55707aa4]::sys::stdio::unix::Stderr as core[df12db4294e9bfd3]::io::write::Write>::write_fmt
[INFO] [stderr]      3:     0x55d8a0d8cb96 - std[70759c8f55707aa4]::panicking::default_hook::{closure#0}
[INFO] [stderr]      4:     0x55d8a0da6361 - std[70759c8f55707aa4]::panicking::default_hook
[INFO] [stderr]      5:     0x55d8a0da651b - std[70759c8f55707aa4]::panicking::panic_with_hook
[INFO] [stderr]      6:     0x55d8a0d8cc42 - std[70759c8f55707aa4]::panicking::panic_handler::{closure#0}
[INFO] [stderr]      7:     0x55d8a0d85899 - std[70759c8f55707aa4]::sys::backtrace::__rust_end_short_backtrace::<std[70759c8f55707aa4]::panicking::panic_handler::{closure#0}, !>
[INFO] [stderr]      8:     0x55d8a0d8d43d - __rustc[8fa7c3cbc660c2b3]::rust_begin_unwind
[INFO] [stderr]      9:     0x55d8a0dbd5bc - core[df12db4294e9bfd3]::panicking::panic_fmt
[INFO] [stderr]     10:     0x55d8a0d6fac6 - cp2k_build_utils[d925f2eae3018604]::download
[INFO] [stderr]     11:     0x55d8a0d6a711 - build_script_build[f394ae5161fb603a]::main
[INFO] [stderr]     12:     0x55d8a0d6bf93 - <fn() as core[df12db4294e9bfd3]::ops::function::FnOnce<()>>::call_once
[INFO] [stderr]     13:     0x55d8a0d69cfe - std[70759c8f55707aa4]::sys::backtrace::__rust_begin_short_backtrace::<fn(), ()>
[INFO] [stderr]     14:     0x55d8a0d69d09 - std[70759c8f55707aa4]::rt::lang_start::<()>::{closure#0}
[INFO] [stderr]     15:     0x55d8a0da5799 - std[70759c8f55707aa4]::rt::lang_start_internal
[INFO] [stderr]     16:     0x55d8a0d69cd1 - std[70759c8f55707aa4]::rt::lang_start::<()>
[INFO] [stderr]     17:     0x55d8a0d6bfd5 - main
[INFO] [stderr]     18:     0x7e5da887f601 - <unknown>
[INFO] [stderr]     19:     0x7e5da887f718 - __libc_start_main
[INFO] [stderr]     20:     0x55d8a0d695f5 - _start
[INFO] [stderr]     21:                0x0 - <unknown>
[INFO] [stderr] warning: cp2k-hdf5-sys@0.3.1: Downloading HDF5 1.14.6...
[INFO] [stderr] warning: cp2k-hdf5-sys@0.3.1: download attempt 1/4 for https://www.cp2k.org/static/downloads/hdf5-1.14.6.tar.gz failed; retrying
[INFO] [stderr] warning: cp2k-hdf5-sys@0.3.1: download attempt 2/4 for https://www.cp2k.org/static/downloads/hdf5-1.14.6.tar.gz failed; retrying
[INFO] [stderr] warning: cp2k-hdf5-sys@0.3.1: download attempt 3/4 for https://www.cp2k.org/static/downloads/hdf5-1.14.6.tar.gz failed; retrying
[INFO] [stderr] warning: cp2k-hdf5-sys@0.3.1: download attempt 4/4 for https://www.cp2k.org/static/downloads/hdf5-1.14.6.tar.gz failed; retrying
[INFO] [stderr] error: failed to run custom build command for `cp2k-hdf5-sys v0.3.1`
[INFO] [stderr] note: To improve backtraces for build dependencies, set the CARGO_PROFILE_RELEASE_BUILD_OVERRIDE_DEBUG=true environment variable to enable debug information generation.
[INFO] [stderr] 
[INFO] [stderr] Caused by:
[INFO] [stderr]   process didn't exit successfully: `/opt/rustwide/target/release/build/cp2k-hdf5-sys-a849d2b3b128644a/build-script-build` (exit status: 101)
[INFO] [stderr]   --- stdout
[INFO] [stderr]   cargo:rerun-if-changed=build.rs
[INFO] [stderr]   cargo:rerun-if-env-changed=CP2K_TARGET_ARCH
[INFO] [stderr]   cargo:warning=Downloading HDF5 1.14.6...
[INFO] [stderr]   cargo:warning=download attempt 1/4 for https://www.cp2k.org/static/downloads/hdf5-1.14.6.tar.gz failed; retrying
[INFO] [stderr]   cargo:warning=download attempt 2/4 for https://www.cp2k.org/static/downloads/hdf5-1.14.6.tar.gz failed; retrying
[INFO] [stderr]   cargo:warning=download attempt 3/4 for https://www.cp2k.org/static/downloads/hdf5-1.14.6.tar.gz failed; retrying
[INFO] [stderr]   cargo:warning=download attempt 4/4 for https://www.cp2k.org/static/downloads/hdf5-1.14.6.tar.gz failed; retrying
[INFO] [stderr] 
[INFO] [stderr]   --- stderr
[INFO] [stderr] 
[INFO] [stderr]   thread 'main' (676) panicked at /opt/rustwide/cargo-home/registry/src/index.crates.io-1949cf8c6b5b557f/cp2k-build-utils-0.3.1/src/lib.rs:285:5:
[INFO] [stderr]   Failed to download https://www.cp2k.org/static/downloads/hdf5-1.14.6.tar.gz after 4 attempts:   % Total    % Received % Xferd  Average Speed  Time    Time    Time   Current
[INFO] [stderr]                                    Dload  Upload  Total   Spent   Left   Speed
[INFO] [stderr]   
  0      0   0      0   0      0      0      0                              0curl: (6) Could not resolve host: www.cp2k.org
[INFO] [stderr]   Warning: Problem : timeout. Will retry in 1 second. 3 retries left.
[INFO] [stderr]   curl: (6) Could not resolve host: www.cp2k.org
[INFO] [stderr]   Warning: Problem : timeout. Will retry in 2 seconds. 2 retries left.
[INFO] [stderr]   curl: (6) Could not resolve host: www.cp2k.org
[INFO] [stderr]   Warning: Problem : timeout. Will retry in 4 seconds. 1 retry left.
[INFO] [stderr]   curl: (6) Could not resolve host: www.cp2k.org
[INFO] [stderr] 
[INFO] [stderr]   stack backtrace:
[INFO] [stderr]      0:     0x5f6bef3d5eb1 - <<std[70759c8f55707aa4]::sys::backtrace::BacktraceLock>::print::DisplayBacktrace as core[df12db4294e9bfd3]::fmt::Display>::fmt
[INFO] [stderr]      1:     0x5f6bef3e774a - core[df12db4294e9bfd3]::fmt::write
[INFO] [stderr]      2:     0x5f6bef3d9fcc - <std[70759c8f55707aa4]::sys::stdio::unix::Stderr as core[df12db4294e9bfd3]::io::write::Write>::write_fmt
[INFO] [stderr]      3:     0x5f6bef3b8446 - std[70759c8f55707aa4]::panicking::default_hook::{closure#0}
[INFO] [stderr]      4:     0x5f6bef3d1b71 - std[70759c8f55707aa4]::panicking::default_hook
[INFO] [stderr]      5:     0x5f6bef3d1d2b - std[70759c8f55707aa4]::panicking::panic_with_hook
[INFO] [stderr]      6:     0x5f6bef3b84f2 - std[70759c8f55707aa4]::panicking::panic_handler::{closure#0}
[INFO] [stderr]      7:     0x5f6bef3b12d9 - std[70759c8f55707aa4]::sys::backtrace::__rust_end_short_backtrace::<std[70759c8f55707aa4]::panicking::panic_handler::{closure#0}, !>
[INFO] [stderr]      8:     0x5f6bef3b8ced - __rustc[8fa7c3cbc660c2b3]::rust_begin_unwind
[INFO] [stderr]      9:     0x5f6bef3e7ebc - core[df12db4294e9bfd3]::panicking::panic_fmt
[INFO] [stderr]     10:     0x5f6bef39b9e6 - cp2k_build_utils[d925f2eae3018604]::download
[INFO] [stderr]     11:     0x5f6bef396a3a - build_script_build[63ec74accd19af1c]::main
[INFO] [stderr]     12:     0x5f6bef3983d3 - <fn() as core[df12db4294e9bfd3]::ops::function::FnOnce<()>>::call_once
[INFO] [stderr]     13:     0x5f6bef3964d6 - std[70759c8f55707aa4]::sys::backtrace::__rust_begin_short_backtrace::<fn(), ()>
[INFO] [stderr]     14:     0x5f6bef3964e9 - std[70759c8f55707aa4]::rt::lang_start::<()>::{closure#0}
[INFO] [stderr]     15:     0x5f6bef3d0fa9 - std[70759c8f55707aa4]::rt::lang_start_internal
[INFO] [stderr]     16:     0x5f6bef3964b1 - std[70759c8f55707aa4]::rt::lang_start::<()>
[INFO] [stderr]     17:     0x5f6bef398415 - main
[INFO] [stderr]     18:     0x737c351c2601 - <unknown>
[INFO] [stderr]     19:     0x737c351c2718 - __libc_start_main
[INFO] [stderr]     20:     0x5f6bef395e15 - _start
[INFO] [stderr]     21:                0x0 - <unknown>
[INFO] [stderr] warning: cp2k-gsl-sys@0.3.1: Downloading GSL 2.8...
[INFO] [stderr] warning: cp2k-gsl-sys@0.3.1: download attempt 1/4 for https://ftp.gnu.org/gnu/gsl/gsl-2.8.tar.gz failed; retrying
[INFO] [stderr] warning: cp2k-gsl-sys@0.3.1: download attempt 2/4 for https://ftp.gnu.org/gnu/gsl/gsl-2.8.tar.gz failed; retrying
[INFO] [stderr] warning: cp2k-gsl-sys@0.3.1: download attempt 3/4 for https://ftp.gnu.org/gnu/gsl/gsl-2.8.tar.gz failed; retrying
[INFO] [stderr] warning: cp2k-gsl-sys@0.3.1: download attempt 4/4 for https://ftp.gnu.org/gnu/gsl/gsl-2.8.tar.gz failed; retrying
[INFO] [stderr] error: failed to run custom build command for `cp2k-gsl-sys v0.3.1`
[INFO] [stderr] note: To improve backtraces for build dependencies, set the CARGO_PROFILE_RELEASE_BUILD_OVERRIDE_DEBUG=true environment variable to enable debug information generation.
[INFO] [stderr] 
[INFO] [stderr] Caused by:
[INFO] [stderr]   process didn't exit successfully: `/opt/rustwide/target/release/build/cp2k-gsl-sys-9cfdd9602b935955/build-script-build` (exit status: 101)
[INFO] [stderr]   --- stdout
[INFO] [stderr]   cargo:rerun-if-changed=build.rs
[INFO] [stderr]   cargo:warning=Downloading GSL 2.8...
[INFO] [stderr]   cargo:warning=download attempt 1/4 for https://ftp.gnu.org/gnu/gsl/gsl-2.8.tar.gz failed; retrying
[INFO] [stderr]   cargo:warning=download attempt 2/4 for https://ftp.gnu.org/gnu/gsl/gsl-2.8.tar.gz failed; retrying
[INFO] [stderr]   cargo:warning=download attempt 3/4 for https://ftp.gnu.org/gnu/gsl/gsl-2.8.tar.gz failed; retrying
[INFO] [stderr]   cargo:warning=download attempt 4/4 for https://ftp.gnu.org/gnu/gsl/gsl-2.8.tar.gz failed; retrying
[INFO] [stderr] 
[INFO] [stderr]   --- stderr
[INFO] [stderr] 
[INFO] [stderr]   thread 'main' (696) panicked at /opt/rustwide/cargo-home/registry/src/index.crates.io-1949cf8c6b5b557f/cp2k-build-utils-0.3.1/src/lib.rs:285:5:
[INFO] [stderr]   Failed to download https://ftp.gnu.org/gnu/gsl/gsl-2.8.tar.gz after 4 attempts:   % Total    % Received % Xferd  Average Speed  Time    Time    Time   Current
[INFO] [stderr]                                    Dload  Upload  Total   Spent   Left   Speed
[INFO] [stderr]   
  0      0   0      0   0      0      0      0                              0curl: (6) Could not resolve host: ftp.gnu.org
[INFO] [stderr]   Warning: Problem : timeout. Will retry in 1 second. 3 retries left.
[INFO] [stderr]   curl: (6) Could not resolve host: ftp.gnu.org
[INFO] [stderr]   Warning: Problem : timeout. Will retry in 2 seconds. 2 retries left.
[INFO] [stderr]   curl: (6) Could not resolve host: ftp.gnu.org
[INFO] [stderr]   Warning: Problem : timeout. Will retry in 4 seconds. 1 retry left.
[INFO] [stderr]   curl: (6) Could not resolve host: ftp.gnu.org
[INFO] [stderr] 
[INFO] [stderr]   stack backtrace:
[INFO] [stderr]      0:     0x58e79f8f6ae1 - <<std[70759c8f55707aa4]::sys::backtrace::BacktraceLock>::print::DisplayBacktrace as core[df12db4294e9bfd3]::fmt::Display>::fmt
[INFO] [stderr]      1:     0x58e79f90837a - core[df12db4294e9bfd3]::fmt::write
[INFO] [stderr]      2:     0x58e79f8fabfc - <std[70759c8f55707aa4]::sys::stdio::unix::Stderr as core[df12db4294e9bfd3]::io::write::Write>::write_fmt
[INFO] [stderr]      3:     0x58e79f8d7e26 - std[70759c8f55707aa4]::panicking::default_hook::{closure#0}
[INFO] [stderr]      4:     0x58e79f8f27a1 - std[70759c8f55707aa4]::panicking::default_hook
[INFO] [stderr]      5:     0x58e79f8f295b - std[70759c8f55707aa4]::panicking::panic_with_hook
[INFO] [stderr]      6:     0x58e79f8d7ed2 - std[70759c8f55707aa4]::panicking::panic_handler::{closure#0}
[INFO] [stderr]      7:     0x58e79f8d0cb9 - std[70759c8f55707aa4]::sys::backtrace::__rust_end_short_backtrace::<std[70759c8f55707aa4]::panicking::panic_handler::{closure#0}, !>
[INFO] [stderr]      8:     0x58e79f8d86cd - __rustc[8fa7c3cbc660c2b3]::rust_begin_unwind
[INFO] [stderr]      9:     0x58e79f908aec - core[df12db4294e9bfd3]::panicking::panic_fmt
[INFO] [stderr]     10:     0x58e79f8bb376 - cp2k_build_utils[d925f2eae3018604]::download
[INFO] [stderr]     11:     0x58e79f8b66fa - build_script_build[c748343337b1f292]::main
[INFO] [stderr]     12:     0x58e79f8b7d13 - <fn() as core[df12db4294e9bfd3]::ops::function::FnOnce<()>>::call_once
[INFO] [stderr]     13:     0x58e79f8b61fe - std[70759c8f55707aa4]::sys::backtrace::__rust_begin_short_backtrace::<fn(), ()>
[INFO] [stderr]     14:     0x58e79f8b6209 - std[70759c8f55707aa4]::rt::lang_start::<()>::{closure#0}
[INFO] [stderr]     15:     0x58e79f8f1bd9 - std[70759c8f55707aa4]::rt::lang_start_internal
[INFO] [stderr]     16:     0x58e79f8b61e1 - std[70759c8f55707aa4]::rt::lang_start::<()>
[INFO] [stderr]     17:     0x58e79f8b7d55 - main
[INFO] [stderr]     18:     0x70ae419ad601 - <unknown>
[INFO] [stderr]     19:     0x70ae419ad718 - __libc_start_main
[INFO] [stderr]     20:     0x58e79f8b5bd5 - _start
[INFO] [stderr]     21:                0x0 - <unknown>
[INFO] running `Command { std: "docker" "inspect" "9329c547c8e60d4350616e67c5475c68b66d8474108a8eb30d7ab5d3a2e88c91", kill_on_drop: false }`
[INFO] running `Command { std: "docker" "rm" "-f" "9329c547c8e60d4350616e67c5475c68b66d8474108a8eb30d7ab5d3a2e88c91", kill_on_drop: false }`
[INFO] [stdout] 9329c547c8e60d4350616e67c5475c68b66d8474108a8eb30d7ab5d3a2e88c91
