[INFO] fetching crate cow-sdk-orderbook 0.1.0-alpha.10...
[INFO] testing cow-sdk-orderbook-0.1.0-alpha.10 against 1.99.0-beta.8+cargoflags=--release for beta-release-1.100-2
[INFO] extracting crate cow-sdk-orderbook 0.1.0-alpha.10 into /workspace/builds/worker-1-tc1/source
[INFO] started tweaking crates.io crate cow-sdk-orderbook 0.1.0-alpha.10
[INFO] removed 0 missing tests
[INFO] finished tweaking crates.io crate cow-sdk-orderbook 0.1.0-alpha.10
[INFO] tweaked toml for crates.io crate cow-sdk-orderbook 0.1.0-alpha.10 written to /workspace/builds/worker-1-tc1/source/Cargo.toml
[INFO] validating manifest of crates.io crate cow-sdk-orderbook 0.1.0-alpha.10 on toolchain 1.99.0-beta.8
[INFO] running `Command { std: CARGO_HOME="/workspace/cargo-home" RUSTUP_HOME="/workspace/rustup-home" "/workspace/cargo-home/bin/cargo" "+1.99.0-beta.8" "metadata" "--manifest-path" "Cargo.toml" "--no-deps", kill_on_drop: false }`
[INFO] crate crates.io crate cow-sdk-orderbook 0.1.0-alpha.10 already has a lockfile, it will not be regenerated
[INFO] running `Command { std: CARGO_HOME="/workspace/cargo-home" RUSTUP_HOME="/workspace/rustup-home" "/workspace/cargo-home/bin/cargo" "+1.99.0-beta.8" "fetch" "--manifest-path" "Cargo.toml", kill_on_drop: false }`
[INFO] [stderr]     Updating crates.io index
[INFO] [stderr]  Downloading crates ...
[INFO] [stderr]   Downloaded tsify-macros v0.5.6
[INFO] [stderr]   Downloaded tsify v0.5.6
[INFO] [stderr]   Downloaded gloo-timers v0.4.0
[INFO] [stderr]   Downloaded cow-sdk-core v0.1.0-alpha.10
[INFO] [stderr]   Downloaded ruint v1.18.0
[INFO] running `Command { std: "docker" "create" "-v" "/var/lib/crater-agent-workspace/builds/worker-1-tc1/source:/opt/rustwide/workdir:ro,Z" "-v" "/var/lib/crater-agent-workspace/builds/worker-1-tc1/target:/opt/rustwide/target:rw,Z" "-v" "/var/lib/crater-agent-workspace/cargo-home:/opt/rustwide/cargo-home:ro,Z" "-v" "/var/lib/crater-agent-workspace/rustup-home:/opt/rustwide/rustup-home:ro,Z" "-m" "1610612736" "--network" "none" "ghcr.io/rust-lang/crates-build-env/linux@sha256:77db811e55d90add9212f6832c23229e3de5f1c1f9905e8cb07319ea15df73ac" "sleep" "infinity", kill_on_drop: false }`
[INFO] [stdout] 272181528e7dc6eaf7baf21bb8a7f18751617987b0cf6ef6fd351ad7de0529e1
[INFO] running `Command { std: "docker" "start" "272181528e7dc6eaf7baf21bb8a7f18751617987b0cf6ef6fd351ad7de0529e1", kill_on_drop: false }`
[INFO] running `Command { std: "docker" "inspect" "272181528e7dc6eaf7baf21bb8a7f18751617987b0cf6ef6fd351ad7de0529e1", kill_on_drop: false }`
[INFO] running `Command { std: "docker" "exec" "-e" "SOURCE_DIR=/opt/rustwide/workdir" "-e" "CARGO_HOME=/opt/rustwide/cargo-home" "-e" "RUSTUP_HOME=/opt/rustwide/rustup-home" "-e" "CARGO_TARGET_DIR=/opt/rustwide/target" "-w" "/opt/rustwide/workdir" "--user" "0:0" "272181528e7dc6eaf7baf21bb8a7f18751617987b0cf6ef6fd351ad7de0529e1" "/opt/rustwide/cargo-home/bin/cargo" "+1.99.0-beta.8" "metadata" "--no-deps" "--format-version=1", kill_on_drop: false }`
[INFO] running `Command { std: "docker" "inspect" "272181528e7dc6eaf7baf21bb8a7f18751617987b0cf6ef6fd351ad7de0529e1", kill_on_drop: false }`
[INFO] running `Command { std: "docker" "exec" "-e" "SOURCE_DIR=/opt/rustwide/workdir" "-e" "CARGO_HOME=/opt/rustwide/cargo-home" "-e" "RUSTUP_HOME=/opt/rustwide/rustup-home" "-e" "CARGO_TARGET_DIR=/opt/rustwide/target" "-e" "CARGO_INCREMENTAL=0" "-e" "RUST_BACKTRACE=full" "-e" "RUSTFLAGS=--cap-lints=warn" "-e" "RUSTDOCFLAGS=--cap-lints=warn" "-w" "/opt/rustwide/workdir" "--user" "0:0" "272181528e7dc6eaf7baf21bb8a7f18751617987b0cf6ef6fd351ad7de0529e1" "/opt/rustwide/cargo-home/bin/cargo" "+1.99.0-beta.8" "build" "--frozen" "--message-format=json" "--release", kill_on_drop: false }`
[INFO] [stderr]    Compiling libc v0.2.184
[INFO] [stderr]    Compiling simd-adler32 v0.3.9
[INFO] [stderr]    Compiling syn v2.0.117
[INFO] [stderr]    Compiling icu_properties_data v2.2.0
[INFO] [stderr]    Compiling icu_normalizer_data v2.2.0
[INFO] [stderr]    Compiling rustls v0.23.38
[INFO] [stderr]    Compiling slab v0.4.12
[INFO] [stderr]    Compiling futures-task v0.3.32
[INFO] [stderr]    Compiling crypto-common v0.1.7
[INFO] [stderr]    Compiling proc-macro-error-attr2 v2.0.0
[INFO] [stderr]    Compiling const-hex v1.18.1
[INFO] [stderr]    Compiling tracing-core v0.1.36
[INFO] [stderr]    Compiling futures-channel v0.3.32
[INFO] [stderr]    Compiling keccak v0.1.6
[INFO] [stderr]    Compiling compression-core v0.4.32
[INFO] [stderr]    Compiling ruint-macro v1.2.1
[INFO] [stderr]    Compiling ipnet v2.12.0
[INFO] [stderr]    Compiling futures-util v0.3.32
[INFO] [stderr]    Compiling digest v0.10.7
[INFO] [stderr]    Compiling rustc-hash v2.1.2
[INFO] [stderr]    Compiling miniz_oxide v0.8.9
[INFO] [stderr]    Compiling iri-string v0.7.12
[INFO] [stderr]    Compiling bitflags v2.13.0
[INFO] [stderr]    Compiling ruint v1.18.0
[INFO] [stderr]    Compiling sha3 v0.10.8
[INFO] [stderr]    Compiling serde_json v1.0.149
[INFO] [stderr]    Compiling futures-timer v3.0.3
[INFO] [stderr]    Compiling flate2 v1.1.9
[INFO] [stderr]    Compiling tracing v0.1.44
[INFO] [stderr]    Compiling compression-codecs v0.4.38
[INFO] [stderr]    Compiling socket2 v0.6.3
[INFO] [stderr]    Compiling mio v1.2.0
[INFO] [stderr]    Compiling jobserver v0.1.34
[INFO] [stderr]    Compiling cc v1.2.59
[INFO] [stderr]    Compiling cmake v0.1.58
[INFO] [stderr]    Compiling aws-lc-sys v0.39.1
[INFO] [stderr]    Compiling synstructure v0.13.2
[INFO] [stderr]    Compiling syn-solidity v1.5.7
[INFO] [stderr]    Compiling macro-string v0.1.4
[INFO] [stderr]    Compiling proc-macro-error2 v2.0.1
[INFO] [stderr]    Compiling serde_derive v1.0.228
[INFO] [stderr]    Compiling zerofrom-derive v0.1.7
[INFO] [stderr]    Compiling yoke-derive v0.8.2
[INFO] [stderr]    Compiling zerovec-derive v0.11.3
[INFO] [stderr]    Compiling displaydoc v0.2.5
[INFO] [stderr]    Compiling derive_more-impl v2.1.1
[INFO] [stderr]    Compiling thiserror-impl v2.0.18
[INFO] [stderr]    Compiling async-trait v0.1.89
[INFO] [stderr]    Compiling zerofrom v0.1.7
[INFO] [stderr]    Compiling yoke v0.8.2
[INFO] [stderr]    Compiling zerovec v0.11.6
[INFO] [stderr]    Compiling zerotrie v0.2.4
[INFO] [stderr]    Compiling tinystr v0.8.3
[INFO] [stderr]    Compiling potential_utf v0.1.5
[INFO] [stderr]    Compiling thiserror v2.0.18
[INFO] [stderr]    Compiling icu_collections v2.2.0
[INFO] [stderr]    Compiling icu_locale_core v2.2.0
[INFO] [stderr]    Compiling serde v1.0.228
[INFO] [stderr]    Compiling alloy-sol-macro-input v1.5.7
[INFO] [stderr]    Compiling icu_provider v2.2.0
[INFO] [stderr]    Compiling alloy-sol-macro-expander v1.5.7
[INFO] [stderr]    Compiling bytes v1.11.1
[INFO] [stderr]    Compiling icu_normalizer v2.2.0
[INFO] [stderr]    Compiling icu_properties v2.2.0
[INFO] [stderr]    Compiling derive_more v2.1.1
[INFO] [stderr]    Compiling tokio v1.52.2
[INFO] [stderr]    Compiling http v1.4.0
[INFO] [stderr]    Compiling alloy-primitives v1.5.7
[INFO] [stderr]    Compiling idna_adapter v1.2.1
[INFO] [stderr]    Compiling idna v1.1.0
[INFO] [stderr]    Compiling url v2.5.8
[INFO] [stderr]    Compiling http-body v1.0.1
[INFO] [stderr]    Compiling http-body-util v0.1.3
[INFO] [stderr]    Compiling alloy-sol-macro v1.5.7
[INFO] [stderr]    Compiling alloy-sol-types v1.5.7
[INFO] [stderr]    Compiling hyper v1.9.0
[INFO] [stderr]    Compiling tokio-util v0.7.18
[INFO] [stderr]    Compiling tower v0.5.3
[INFO] [stderr]    Compiling async-compression v0.4.42
[INFO] [stderr]    Compiling tower-http v0.6.8
[INFO] [stderr]    Compiling hyper-util v0.1.20
[INFO] [stderr]    Compiling aws-lc-rs v1.16.2
[INFO] [stderr]    Compiling rustls-webpki v0.103.13
[INFO] [stderr]    Compiling tokio-rustls v0.26.4
[INFO] [stderr]    Compiling rustls-platform-verifier v0.6.2
[INFO] [stderr]    Compiling hyper-rustls v0.27.7
[INFO] [stderr]    Compiling reqwest v0.13.3
[INFO] [stderr]    Compiling cow-sdk-core v0.1.0-alpha.10
[INFO] [stderr]    Compiling cow-sdk-orderbook v0.1.0-alpha.10 (/opt/rustwide/workdir)
[INFO] [stderr]     Finished `release` profile [optimized] target(s) in 2m 14s
[INFO] [stderr] warning: the following packages contain code that will be rejected by a future version of Rust: proc-macro-error2 v2.0.1
[INFO] [stderr] note: to see what the problems were, use the option `--future-incompat-report`, or run `cargo report future-incompatibilities --id 8`
[INFO] running `Command { std: "docker" "inspect" "272181528e7dc6eaf7baf21bb8a7f18751617987b0cf6ef6fd351ad7de0529e1", kill_on_drop: false }`
[INFO] running `Command { std: "docker" "exec" "-e" "SOURCE_DIR=/opt/rustwide/workdir" "-e" "CARGO_HOME=/opt/rustwide/cargo-home" "-e" "RUSTUP_HOME=/opt/rustwide/rustup-home" "-e" "CARGO_TARGET_DIR=/opt/rustwide/target" "-e" "CARGO_INCREMENTAL=0" "-e" "RUST_BACKTRACE=full" "-e" "RUSTFLAGS=--cap-lints=warn" "-e" "RUSTDOCFLAGS=--cap-lints=warn" "-w" "/opt/rustwide/workdir" "--user" "0:0" "272181528e7dc6eaf7baf21bb8a7f18751617987b0cf6ef6fd351ad7de0529e1" "/opt/rustwide/cargo-home/bin/cargo" "+1.99.0-beta.8" "test" "--frozen" "--no-run" "--message-format=json" "--release", kill_on_drop: false }`
[INFO] [stderr]    Compiling tokio-macros v2.7.0
[INFO] [stderr]    Compiling futures-macro v0.3.32
[INFO] [stderr]    Compiling indexmap v2.14.0
[INFO] [stderr]    Compiling getrandom v0.3.4
[INFO] [stderr]    Compiling zerocopy v0.8.48
[INFO] [stderr]    Compiling getrandom v0.4.2
[INFO] [stderr]    Compiling winnow v1.0.1
[INFO] [stderr]    Compiling regex-automata v0.4.14
[INFO] [stderr]    Compiling wait-timeout v0.2.1
[INFO] [stderr]    Compiling num_cpus v1.17.0
[INFO] [stderr]    Compiling toml_datetime v1.1.1+spec-1.1.0
[INFO] [stderr]    Compiling serde_spanned v1.1.1
[INFO] [stderr]    Compiling target-triple v1.0.0
[INFO] [stderr]    Compiling assert-json-diff v2.0.2
[INFO] [stderr]    Compiling glob v0.3.3
[INFO] [stderr]    Compiling unarray v0.1.4
[INFO] [stderr]    Compiling rand_core v0.9.5
[INFO] [stderr]    Compiling tempfile v3.27.0
[INFO] [stderr]    Compiling rand_xorshift v0.4.0
[INFO] [stderr]    Compiling rand v0.9.3
[INFO] [stderr]    Compiling toml_parser v1.1.2+spec-1.1.0
[INFO] [stderr]    Compiling rusty-fork v0.3.1
[INFO] [stderr]    Compiling tokio v1.52.2
[INFO] [stderr]    Compiling futures-util v0.3.32
[INFO] [stderr]    Compiling toml v1.1.2+spec-1.1.0
[INFO] [stderr]    Compiling trybuild v1.0.116
[INFO] [stderr]    Compiling regex v1.12.3
[INFO] [stderr]    Compiling futures-executor v0.3.32
[INFO] [stderr]    Compiling futures v0.3.32
[INFO] [stderr]    Compiling ppv-lite86 v0.2.21
[INFO] [stderr]    Compiling rand_chacha v0.9.0
[INFO] [stderr]    Compiling proptest v1.11.0
[INFO] [stderr]    Compiling tokio-util v0.7.18
[INFO] [stderr]    Compiling tower v0.5.3
[INFO] [stderr]    Compiling async-compression v0.4.42
[INFO] [stderr]    Compiling tokio-rustls v0.26.4
[INFO] [stderr]    Compiling deadpool v0.12.3
[INFO] [stderr]    Compiling h2 v0.4.13
[INFO] [stderr]    Compiling tower-http v0.6.8
[INFO] [stderr]    Compiling hyper v1.9.0
[INFO] [stderr]    Compiling hyper-util v0.1.20
[INFO] [stderr]    Compiling hyper-rustls v0.27.7
[INFO] [stderr]    Compiling wiremock v0.6.5
[INFO] [stderr]    Compiling reqwest v0.13.3
[INFO] [stderr]    Compiling cow-sdk-core v0.1.0-alpha.10
[INFO] [stderr]    Compiling cow-sdk-orderbook v0.1.0-alpha.10 (/opt/rustwide/workdir)
[INFO] [stdout] error: couldn't read `tests/../../../parity/fixtures/orderbook/rejection_error_types.json`: No such file or directory (os error 2)
[INFO] [stdout]    --> tests/rejection_contract.rs:578:9
[INFO] [stdout]     |
[INFO] [stdout] 578 |         include_str!("../../../parity/fixtures/orderbook/rejection_error_types.json");
[INFO] [stdout]     |         ^^^^^^^^^^^^^^^^^^^^^^^^^^^^^^^^^^^^^^^^^^^^^^^^^^^^^^^^^^^^^^^^^^^^^^^^^^^^^
[INFO] [stdout] 
[INFO] [stdout] 
[INFO] [stdout] error[E0433]: cannot find module or crate `cow_sdk_test_utils` in this scope
[INFO] [stdout]   --> tests/common/mod.rs:27:9
[INFO] [stdout]    |
[INFO] [stdout] 27 | pub use cow_sdk_test_utils::builders::address;
[INFO] [stdout]    |         ^^^^^^^^^^^^^^^^^^ use of unresolved module or unlinked crate `cow_sdk_test_utils`
[INFO] [stdout]    |
[INFO] [stdout]    = help: if you wanted to use a crate named `cow_sdk_test_utils`, use `cargo add cow_sdk_test_utils` to add it to your `Cargo.toml`
[INFO] [stdout] 
[INFO] [stdout] 
[INFO] [stdout] error[E0433]: cannot find module or crate `cow_sdk_test_utils` in this scope
[INFO] [stdout]   --> tests/common/mod.rs:27:9
[INFO] [stdout]    |
[INFO] [stdout] 27 | pub use cow_sdk_test_utils::builders::address;
[INFO] [stdout]    |         ^^^^^^^^^^^^^^^^^^ use of unresolved module or unlinked crate `cow_sdk_test_utils`
[INFO] [stdout]    |
[INFO] [stdout]    = help: if you wanted to use a crate named `cow_sdk_test_utils`, use `cargo add cow_sdk_test_utils` to add it to your `Cargo.toml`
[INFO] [stdout] 
[INFO] [stdout] 
[INFO] [stdout] error[E0433]: cannot find module or crate `cow_sdk_test_utils` in this scope
[INFO] [stdout]   --> tests/common/mod.rs:27:9
[INFO] [stdout]    |
[INFO] [stdout] 27 | pub use cow_sdk_test_utils::builders::address;
[INFO] [stdout]    |         ^^^^^^^^^^^^^^^^^^ use of unresolved module or unlinked crate `cow_sdk_test_utils`
[INFO] [stdout]    |
[INFO] [stdout]    = help: if you wanted to use a crate named `cow_sdk_test_utils`, use `cargo add cow_sdk_test_utils` to add it to your `Cargo.toml`
[INFO] [stdout] 
[INFO] [stdout] 
[INFO] [stdout] error[E0433]: cannot find module or crate `cow_sdk_test_utils` in this scope
[INFO] [stdout]   --> tests/common/mod.rs:27:9
[INFO] [stdout]    |
[INFO] [stdout] 27 | pub use cow_sdk_test_utils::builders::address;
[INFO] [stdout]    |         ^^^^^^^^^^^^^^^^^^ use of unresolved module or unlinked crate `cow_sdk_test_utils`
[INFO] [stdout]    |
[INFO] [stdout]    = help: if you wanted to use a crate named `cow_sdk_test_utils`, use `cargo add cow_sdk_test_utils` to add it to your `Cargo.toml`
[INFO] [stdout] 
[INFO] [stdout] 
[INFO] [stdout] error[E0433]: cannot find module or crate `cow_sdk_test_utils` in this scope
[INFO] [stdout]   --> tests/builder_contract.rs:19:5
[INFO] [stdout]    |
[INFO] [stdout] 19 | use cow_sdk_test_utils::mocks::{Canned, RecordingHttpTransport, StubHttpTransport};
[INFO] [stdout]    |     ^^^^^^^^^^^^^^^^^^ use of unresolved module or unlinked crate `cow_sdk_test_utils`
[INFO] [stdout]    |
[INFO] [stdout]    = help: if you wanted to use a crate named `cow_sdk_test_utils`, use `cargo add cow_sdk_test_utils` to add it to your `Cargo.toml`
[INFO] [stdout] 
[INFO] [stdout] 
[INFO] [stdout] error: couldn't read `tests/../../../parity/fixtures/orderbook/order_quote_response.json`: No such file or directory (os error 2)
[INFO] [stdout]    --> tests/wire_contract.rs:215:59
[INFO] [stdout]     |
[INFO] [stdout] 215 |       let fixture: serde_json::Value = serde_json::from_str(include_str!(
[INFO] [stdout]     |  ___________________________________________________________^
[INFO] [stdout] 216 | |         "../../../parity/fixtures/orderbook/order_quote_response.json"
[INFO] [stdout] 217 | |     ))
[INFO] [stdout]     | |_____^
[INFO] [stdout] 
[INFO] [stdout] 
[INFO] [stdout] error: couldn't read `tests/../../../parity/fixtures/orderbook/order_quote_response.json`: No such file or directory (os error 2)
[INFO] [stdout]    --> tests/wire_contract.rs:243:9
[INFO] [stdout]     |
[INFO] [stdout] 243 |         include_str!("../../../parity/fixtures/orderbook/order_quote_response.json"),
[INFO] [stdout]     |         ^^^^^^^^^^^^^^^^^^^^^^^^^^^^^^^^^^^^^^^^^^^^^^^^^^^^^^^^^^^^^^^^^^^^^^^^^^^^
[INFO] [stdout] 
[INFO] [stdout] 
[INFO] [stdout] error: couldn't read `tests/../../../parity/fixtures/orderbook/stored_order_quote.json`: No such file or directory (os error 2)
[INFO] [stdout]    --> tests/wire_contract.rs:247:9
[INFO] [stdout]     |
[INFO] [stdout] 247 |         include_str!("../../../parity/fixtures/orderbook/stored_order_quote.json"),
[INFO] [stdout]     |         ^^^^^^^^^^^^^^^^^^^^^^^^^^^^^^^^^^^^^^^^^^^^^^^^^^^^^^^^^^^^^^^^^^^^^^^^^^
[INFO] [stdout] 
[INFO] [stdout] 
[INFO] [stdout] error: couldn't read `tests/../../../parity/fixtures/orderbook/onchain_order_data.json`: No such file or directory (os error 2)
[INFO] [stdout]    --> tests/wire_contract.rs:251:9
[INFO] [stdout]     |
[INFO] [stdout] 251 |         include_str!("../../../parity/fixtures/orderbook/onchain_order_data.json"),
[INFO] [stdout]     |         ^^^^^^^^^^^^^^^^^^^^^^^^^^^^^^^^^^^^^^^^^^^^^^^^^^^^^^^^^^^^^^^^^^^^^^^^^^
[INFO] [stdout] 
[INFO] [stdout] 
[INFO] [stdout] error: couldn't read `tests/../../../parity/fixtures/orderbook/solver_execution.json`: No such file or directory (os error 2)
[INFO] [stdout]    --> tests/wire_contract.rs:255:9
[INFO] [stdout]     |
[INFO] [stdout] 255 |         include_str!("../../../parity/fixtures/orderbook/solver_execution.json"),
[INFO] [stdout]     |         ^^^^^^^^^^^^^^^^^^^^^^^^^^^^^^^^^^^^^^^^^^^^^^^^^^^^^^^^^^^^^^^^^^^^^^^^
[INFO] [stdout] 
[INFO] [stdout] 
[INFO] [stdout] error: couldn't read `tests/../../../parity/fixtures/orderbook/total_surplus.json`: No such file or directory (os error 2)
[INFO] [stdout]    --> tests/wire_contract.rs:259:9
[INFO] [stdout]     |
[INFO] [stdout] 259 |         include_str!("../../../parity/fixtures/orderbook/total_surplus.json"),
[INFO] [stdout]     |         ^^^^^^^^^^^^^^^^^^^^^^^^^^^^^^^^^^^^^^^^^^^^^^^^^^^^^^^^^^^^^^^^^^^^^
[INFO] [stdout] 
[INFO] [stdout] 
[INFO] [stdout] error: couldn't read `tests/../../../parity/fixtures/orderbook-requests/order_creation.json`: No such file or directory (os error 2)
[INFO] [stdout]    --> tests/wire_contract.rs:271:9
[INFO] [stdout]     |
[INFO] [stdout] 271 |         include_str!("../../../parity/fixtures/orderbook-requests/order_creation.json"),
[INFO] [stdout]     |         ^^^^^^^^^^^^^^^^^^^^^^^^^^^^^^^^^^^^^^^^^^^^^^^^^^^^^^^^^^^^^^^^^^^^^^^^^^^^^^^
[INFO] [stdout] 
[INFO] [stdout] 
[INFO] [stdout] error: couldn't read `tests/../../../parity/fixtures/orderbook-requests/order_cancellations.json`: No such file or directory (os error 2)
[INFO] [stdout]    --> tests/wire_contract.rs:275:9
[INFO] [stdout]     |
[INFO] [stdout] 275 |         include_str!("../../../parity/fixtures/orderbook-requests/order_cancellations.json"),
[INFO] [stdout]     |         ^^^^^^^^^^^^^^^^^^^^^^^^^^^^^^^^^^^^^^^^^^^^^^^^^^^^^^^^^^^^^^^^^^^^^^^^^^^^^^^^^^^^
[INFO] [stdout] 
[INFO] [stdout] 
[INFO] [stdout] error[E0433]: cannot find module or crate `cow_sdk_test_utils` in this scope
[INFO] [stdout]   --> tests/common/mod.rs:27:9
[INFO] [stdout]    |
[INFO] [stdout] 27 | pub use cow_sdk_test_utils::builders::address;
[INFO] [stdout]    |         ^^^^^^^^^^^^^^^^^^ use of unresolved module or unlinked crate `cow_sdk_test_utils`
[INFO] [stdout]    |
[INFO] [stdout]    = help: if you wanted to use a crate named `cow_sdk_test_utils`, use `cargo add cow_sdk_test_utils` to add it to your `Cargo.toml`
[INFO] [stdout] 
[INFO] [stdout] 
[INFO] [stdout] error: couldn't read `tests/../../../parity/fixtures/orderbook/order_with_full_metadata.json`: No such file or directory (os error 2)
[INFO] [stdout]   --> tests/transform_contract.rs:59:9
[INFO] [stdout]    |
[INFO] [stdout] 59 |         include_str!("../../../parity/fixtures/orderbook/order_with_full_metadata.json"),
[INFO] [stdout]    |         ^^^^^^^^^^^^^^^^^^^^^^^^^^^^^^^^^^^^^^^^^^^^^^^^^^^^^^^^^^^^^^^^^^^^^^^^^^^^^^^^
[INFO] [stdout] 
[INFO] [stdout] 
[INFO] [stdout] error: couldn't read `tests/../../../parity/fixtures/orderbook/order_quote_response.json`: No such file or directory (os error 2)
[INFO] [stdout]   --> tests/transform_contract.rs:87:9
[INFO] [stdout]    |
[INFO] [stdout] 87 |         include_str!("../../../parity/fixtures/orderbook/order_quote_response.json"),
[INFO] [stdout]    |         ^^^^^^^^^^^^^^^^^^^^^^^^^^^^^^^^^^^^^^^^^^^^^^^^^^^^^^^^^^^^^^^^^^^^^^^^^^^^
[INFO] [stdout] 
[INFO] [stdout] 
[INFO] [stdout] error: couldn't read `tests/../../../parity/fixtures/orderbook/trade.json`: No such file or directory (os error 2)
[INFO] [stdout]    --> tests/transform_contract.rs:103:9
[INFO] [stdout]     |
[INFO] [stdout] 103 |         include_str!("../../../parity/fixtures/orderbook/trade.json"),
[INFO] [stdout]     |         ^^^^^^^^^^^^^^^^^^^^^^^^^^^^^^^^^^^^^^^^^^^^^^^^^^^^^^^^^^^^^
[INFO] [stdout] 
[INFO] [stdout] 
[INFO] [stdout] error: couldn't read `tests/../../../parity/fixtures/orderbook/stored_order_quote.json`: No such file or directory (os error 2)
[INFO] [stdout]    --> tests/transform_contract.rs:119:9
[INFO] [stdout]     |
[INFO] [stdout] 119 |         include_str!("../../../parity/fixtures/orderbook/stored_order_quote.json"),
[INFO] [stdout]     |         ^^^^^^^^^^^^^^^^^^^^^^^^^^^^^^^^^^^^^^^^^^^^^^^^^^^^^^^^^^^^^^^^^^^^^^^^^^
[INFO] [stdout] 
[INFO] [stdout] 
[INFO] [stdout] error[E0432]: unresolved import `common::address`
[INFO] [stdout]   --> tests/wire_contract.rs:17:14
[INFO] [stdout]    |
[INFO] [stdout] 17 | use common::{address, app_data_hash};
[INFO] [stdout]    |              ^^^^^^^
[INFO] [stdout] 
[INFO] [stdout] 
[INFO] [stdout] error: couldn't read `tests/../../../parity/fixtures/orderbook/onchain_order_data.json`: No such file or directory (os error 2)
[INFO] [stdout]    --> tests/transform_contract.rs:135:9
[INFO] [stdout]     |
[INFO] [stdout] 135 |         include_str!("../../../parity/fixtures/orderbook/onchain_order_data.json"),
[INFO] [stdout]     |         ^^^^^^^^^^^^^^^^^^^^^^^^^^^^^^^^^^^^^^^^^^^^^^^^^^^^^^^^^^^^^^^^^^^^^^^^^^
[INFO] [stdout] 
[INFO] [stdout] 
[INFO] [stdout] error: couldn't read `tests/../../../parity/fixtures/orderbook/solver_competition_response.json`: No such file or directory (os error 2)
[INFO] [stdout]    --> tests/transform_contract.rs:161:9
[INFO] [stdout]     |
[INFO] [stdout] 161 |         include_str!("../../../parity/fixtures/orderbook/solver_competition_response.json"),
[INFO] [stdout]     |         ^^^^^^^^^^^^^^^^^^^^^^^^^^^^^^^^^^^^^^^^^^^^^^^^^^^^^^^^^^^^^^^^^^^^^^^^^^^^^^^^^^^
[INFO] [stdout] 
[INFO] [stdout] 
[INFO] [stdout] error: couldn't read `tests/../../../parity/fixtures/orderbook/onchain_order_data.json`: No such file or directory (os error 2)
[INFO] [stdout]    --> tests/transform_contract.rs:353:13
[INFO] [stdout]     |
[INFO] [stdout] 353 |             include_str!("../../../parity/fixtures/orderbook/onchain_order_data.json"),
[INFO] [stdout]     |             ^^^^^^^^^^^^^^^^^^^^^^^^^^^^^^^^^^^^^^^^^^^^^^^^^^^^^^^^^^^^^^^^^^^^^^^^^^
[INFO] [stdout] 
[INFO] [stdout] 
[INFO] [stdout] error: couldn't read `tests/../../../parity/fixtures/orderbook/order_with_full_metadata.json`: No such file or directory (os error 2)
[INFO] [stdout]    --> tests/transform_contract.rs:357:13
[INFO] [stdout]     |
[INFO] [stdout] 357 |             include_str!("../../../parity/fixtures/orderbook/order_with_full_metadata.json"),
[INFO] [stdout]     |             ^^^^^^^^^^^^^^^^^^^^^^^^^^^^^^^^^^^^^^^^^^^^^^^^^^^^^^^^^^^^^^^^^^^^^^^^^^^^^^^^
[INFO] [stdout] 
[INFO] [stdout] 
[INFO] [stdout] For more information about this error, try `rustc --explain E0433`.
[INFO] [stdout] 
[INFO] [stdout] error[E0433]: cannot find module or crate `cow_sdk_test_utils` in this scope
[INFO] [stdout]   --> tests/common/mod.rs:27:9
[INFO] [stdout]    |
[INFO] [stdout] 27 | pub use cow_sdk_test_utils::builders::address;
[INFO] [stdout]    |         ^^^^^^^^^^^^^^^^^^ use of unresolved module or unlinked crate `cow_sdk_test_utils`
[INFO] [stdout]    |
[INFO] [stdout]    = help: if you wanted to use a crate named `cow_sdk_test_utils`, use `cargo add cow_sdk_test_utils` to add it to your `Cargo.toml`
[INFO] [stdout] 
[INFO] [stdout] 
[INFO] [stderr] error: could not compile `cow-sdk-orderbook` (test "quote_echo_contract") due to 1 previous error
[INFO] [stderr] warning: build failed, waiting for other jobs to finish...
[INFO] [stderr] error: could not compile `cow-sdk-orderbook` (test "rejection_contract") due to 1 previous error
[INFO] [stdout] error[E0433]: cannot find module or crate `cow_sdk_test_utils` in this scope
[INFO] [stdout]   --> tests/common/mod.rs:27:9
[INFO] [stdout]    |
[INFO] [stdout] 27 | pub use cow_sdk_test_utils::builders::address;
[INFO] [stdout]    |         ^^^^^^^^^^^^^^^^^^ use of unresolved module or unlinked crate `cow_sdk_test_utils`
[INFO] [stdout]    |
[INFO] [stdout]    = help: if you wanted to use a crate named `cow_sdk_test_utils`, use `cargo add cow_sdk_test_utils` to add it to your `Cargo.toml`
[INFO] [stdout] 
[INFO] [stdout] 
[INFO] [stdout] error[E0433]: cannot find module or crate `cow_sdk_test_utils` in this scope
[INFO] [stdout]    --> tests/api_contract.rs:972:9
[INFO] [stdout]     |
[INFO] [stdout] 972 |     use cow_sdk_test_utils::mocks::{Canned, RecordingHttpTransport};
[INFO] [stdout]     |         ^^^^^^^^^^^^^^^^^^ use of unresolved module or unlinked crate `cow_sdk_test_utils`
[INFO] [stdout]     |
[INFO] [stdout]     = help: if you wanted to use a crate named `cow_sdk_test_utils`, use `cargo add cow_sdk_test_utils` to add it to your `Cargo.toml`
[INFO] [stdout] 
[INFO] [stdout] 
[INFO] [stdout] error[E0433]: cannot find module or crate `cow_sdk_test_utils` in this scope
[INFO] [stdout]   --> tests/common/mod.rs:27:9
[INFO] [stdout]    |
[INFO] [stdout] 27 | pub use cow_sdk_test_utils::builders::address;
[INFO] [stdout]    |         ^^^^^^^^^^^^^^^^^^ use of unresolved module or unlinked crate `cow_sdk_test_utils`
[INFO] [stdout]    |
[INFO] [stdout]    = help: if you wanted to use a crate named `cow_sdk_test_utils`, use `cargo add cow_sdk_test_utils` to add it to your `Cargo.toml`
[INFO] [stdout] 
[INFO] [stdout] 
[INFO] [stdout] For more information about this error, try `rustc --explain E0433`.
[INFO] [stdout] 
[INFO] [stderr] error: could not compile `cow-sdk-orderbook` (test "builder_contract") due to 1 previous error
[INFO] [stdout] Some errors have detailed explanations: E0432, E0433.
[INFO] [stdout] 
[INFO] [stdout] For more information about an error, try `rustc --explain E0432`.
[INFO] [stdout] 
[INFO] [stderr] error: could not compile `cow-sdk-orderbook` (test "wire_contract") due to 10 previous errors
[INFO] [stdout] For more information about this error, try `rustc --explain E0433`.
[INFO] [stdout] 
[INFO] [stderr] error: could not compile `cow-sdk-orderbook` (test "transform_contract") due to 9 previous errors
[INFO] [stdout] For more information about this error, try `rustc --explain E0433`.
[INFO] [stdout] 
[INFO] [stdout] For more information about this error, try `rustc --explain E0433`.
[INFO] [stdout] 
[INFO] [stderr] error: could not compile `cow-sdk-orderbook` (test "invariant_contract") due to 1 previous error
[INFO] [stderr] error: could not compile `cow-sdk-orderbook` (test "types_contract") due to 1 previous error
[INFO] [stdout] For more information about this error, try `rustc --explain E0433`.
[INFO] [stdout] 
[INFO] [stderr] error: could not compile `cow-sdk-orderbook` (test "cancellation_composition_contract") due to 1 previous error
[INFO] [stdout] For more information about this error, try `rustc --explain E0433`.
[INFO] [stdout] 
[INFO] [stderr] error: could not compile `cow-sdk-orderbook` (test "api_contract") due to 2 previous errors
[INFO] [stdout] For more information about this error, try `rustc --explain E0433`.
[INFO] [stdout] 
[INFO] [stderr] error: could not compile `cow-sdk-orderbook` (test "request_contract") due to 1 previous error
[INFO] running `Command { std: "docker" "inspect" "272181528e7dc6eaf7baf21bb8a7f18751617987b0cf6ef6fd351ad7de0529e1", kill_on_drop: false }`
[INFO] running `Command { std: "docker" "rm" "-f" "272181528e7dc6eaf7baf21bb8a7f18751617987b0cf6ef6fd351ad7de0529e1", kill_on_drop: false }`
[INFO] [stdout] 272181528e7dc6eaf7baf21bb8a7f18751617987b0cf6ef6fd351ad7de0529e1
