[INFO] fetching crate cow-sdk-contracts 0.1.0-alpha.10...
[INFO] testing cow-sdk-contracts-0.1.0-alpha.10 against 1.99.0-beta.8+cargoflags=--release for beta-release-1.100-2
[INFO] extracting crate cow-sdk-contracts 0.1.0-alpha.10 into /workspace/builds/worker-6-tc1/source
[INFO] started tweaking crates.io crate cow-sdk-contracts 0.1.0-alpha.10
[INFO] removed 0 missing tests
[INFO] finished tweaking crates.io crate cow-sdk-contracts 0.1.0-alpha.10
[INFO] tweaked toml for crates.io crate cow-sdk-contracts 0.1.0-alpha.10 written to /workspace/builds/worker-6-tc1/source/Cargo.toml
[INFO] validating manifest of crates.io crate cow-sdk-contracts 0.1.0-alpha.10 on toolchain 1.99.0-beta.8
[INFO] running `Command { std: CARGO_HOME="/workspace/cargo-home" RUSTUP_HOME="/workspace/rustup-home" "/workspace/cargo-home/bin/cargo" "+1.99.0-beta.8" "metadata" "--manifest-path" "Cargo.toml" "--no-deps", kill_on_drop: false }`
[INFO] crate crates.io crate cow-sdk-contracts 0.1.0-alpha.10 already has a lockfile, it will not be regenerated
[INFO] running `Command { std: CARGO_HOME="/workspace/cargo-home" RUSTUP_HOME="/workspace/rustup-home" "/workspace/cargo-home/bin/cargo" "+1.99.0-beta.8" "fetch" "--manifest-path" "Cargo.toml", kill_on_drop: false }`
[INFO] [stderr]     Updating crates.io index
[INFO] [stderr]  Downloading crates ...
[INFO] [stderr]   Downloaded target-triple v1.0.0
[INFO] [stderr]   Downloaded trybuild v1.0.116
[INFO] [stderr]   Downloaded cow-sdk-subgraph v0.1.0-alpha.10
[INFO] [stderr]   Downloaded alloy-sol-types v1.5.7
[INFO] [stderr]   Downloaded tsify-macros v0.5.6
[INFO] [stderr]   Downloaded tsify v0.5.6
[INFO] [stderr]   Downloaded alloy-sol-macro v1.5.7
[INFO] [stderr]   Downloaded cow-sdk-core v0.1.0-alpha.10
[INFO] [stderr]   Downloaded alloy-sol-macro-input v1.5.7
[INFO] [stderr]   Downloaded syn-solidity v1.5.7
[INFO] [stderr]   Downloaded alloy-sol-macro-expander v1.5.7
[INFO] [stderr]   Downloaded serde_jcs v0.2.0
[INFO] [stderr]   Downloaded multihash v0.19.5
[INFO] [stderr]   Downloaded cow-sdk-orderbook v0.1.0-alpha.10
[INFO] [stderr]   Downloaded ryu-js v0.2.2
[INFO] [stderr]   Downloaded cow-sdk-app-data v0.1.0-alpha.10
[INFO] [stderr]   Downloaded cid v0.11.3
[INFO] running `Command { std: "docker" "create" "-v" "/var/lib/crater-agent-workspace/builds/worker-6-tc1/source:/opt/rustwide/workdir:ro,Z" "-v" "/var/lib/crater-agent-workspace/builds/worker-6-tc1/target:/opt/rustwide/target:rw,Z" "-v" "/var/lib/crater-agent-workspace/cargo-home:/opt/rustwide/cargo-home:ro,Z" "-v" "/var/lib/crater-agent-workspace/rustup-home:/opt/rustwide/rustup-home:ro,Z" "-m" "1610612736" "--network" "none" "ghcr.io/rust-lang/crates-build-env/linux@sha256:77db811e55d90add9212f6832c23229e3de5f1c1f9905e8cb07319ea15df73ac" "sleep" "infinity", kill_on_drop: false }`
[INFO] [stdout] 92fcc72a1e92706b597bcd5c7a66bd244e9619e64e1cb0d8cc1b9ba8f6e61662
[INFO] running `Command { std: "docker" "start" "92fcc72a1e92706b597bcd5c7a66bd244e9619e64e1cb0d8cc1b9ba8f6e61662", kill_on_drop: false }`
[INFO] running `Command { std: "docker" "inspect" "92fcc72a1e92706b597bcd5c7a66bd244e9619e64e1cb0d8cc1b9ba8f6e61662", kill_on_drop: false }`
[INFO] running `Command { std: "docker" "exec" "-e" "SOURCE_DIR=/opt/rustwide/workdir" "-e" "CARGO_HOME=/opt/rustwide/cargo-home" "-e" "RUSTUP_HOME=/opt/rustwide/rustup-home" "-e" "CARGO_TARGET_DIR=/opt/rustwide/target" "-w" "/opt/rustwide/workdir" "--user" "0:0" "92fcc72a1e92706b597bcd5c7a66bd244e9619e64e1cb0d8cc1b9ba8f6e61662" "/opt/rustwide/cargo-home/bin/cargo" "+1.99.0-beta.8" "metadata" "--no-deps" "--format-version=1", kill_on_drop: false }`
[INFO] running `Command { std: "docker" "inspect" "92fcc72a1e92706b597bcd5c7a66bd244e9619e64e1cb0d8cc1b9ba8f6e61662", kill_on_drop: false }`
[INFO] running `Command { std: "docker" "exec" "-e" "SOURCE_DIR=/opt/rustwide/workdir" "-e" "CARGO_HOME=/opt/rustwide/cargo-home" "-e" "RUSTUP_HOME=/opt/rustwide/rustup-home" "-e" "CARGO_TARGET_DIR=/opt/rustwide/target" "-e" "CARGO_INCREMENTAL=0" "-e" "RUST_BACKTRACE=full" "-e" "RUSTFLAGS=--cap-lints=warn" "-e" "RUSTDOCFLAGS=--cap-lints=warn" "-w" "/opt/rustwide/workdir" "--user" "0:0" "92fcc72a1e92706b597bcd5c7a66bd244e9619e64e1cb0d8cc1b9ba8f6e61662" "/opt/rustwide/cargo-home/bin/cargo" "+1.99.0-beta.8" "build" "--frozen" "--message-format=json" "--release", kill_on_drop: false }`
[INFO] [stderr]    Compiling libc v0.2.184
[INFO] [stderr]    Compiling zerovec-derive v0.11.3
[INFO] [stderr]    Compiling rand_core v0.6.4
[INFO] [stderr]    Compiling zerofrom v0.1.7
[INFO] [stderr]    Compiling generic-array v0.14.7
[INFO] [stderr]    Compiling der v0.7.10
[INFO] [stderr]    Compiling base16ct v0.2.0
[INFO] [stderr]    Compiling bytes v1.11.1
[INFO] [stderr]    Compiling slab v0.4.12
[INFO] [stderr]    Compiling futures-task v0.3.32
[INFO] [stderr]    Compiling crypto-common v0.1.7
[INFO] [stderr]    Compiling unicode-segmentation v1.13.2
[INFO] [stderr]    Compiling const-hex v1.18.1
[INFO] [stderr]    Compiling syn-solidity v1.5.7
[INFO] [stderr]    Compiling futures-channel v0.3.32
[INFO] [stderr]    Compiling macro-string v0.1.4
[INFO] [stderr]    Compiling yoke v0.8.2
[INFO] [stderr]    Compiling digest v0.10.7
[INFO] [stderr]    Compiling keccak v0.1.6
[INFO] [stderr]    Compiling ff v0.13.1
[INFO] [stderr]    Compiling futures-util v0.3.32
[INFO] [stderr]    Compiling proc-macro-error2 v2.0.1
[INFO] [stderr]    Compiling zerotrie v0.2.4
[INFO] [stderr]    Compiling group v0.13.0
[INFO] [stderr]    Compiling sha3 v0.10.8
[INFO] [stderr]    Compiling ruint-macro v1.2.1
[INFO] [stderr]    Compiling rustc-hash v2.1.2
[INFO] [stderr]    Compiling memchr v2.8.0
[INFO] [stderr]    Compiling async-trait v0.1.89
[INFO] [stderr]    Compiling convert_case v0.10.0
[INFO] [stderr]    Compiling ruint v1.18.0
[INFO] [stderr]    Compiling derive_more-impl v2.1.1
[INFO] [stderr]    Compiling serde_json v1.0.149
[INFO] [stderr]    Compiling block-buffer v0.10.4
[INFO] [stderr]    Compiling http v1.4.0
[INFO] [stderr]    Compiling zerovec v0.11.6
[INFO] [stderr]    Compiling crypto-bigint v0.5.5
[INFO] [stderr]    Compiling sec1 v0.7.3
[INFO] [stderr]    Compiling hmac v0.12.1
[INFO] [stderr]    Compiling signature v2.2.0
[INFO] [stderr]    Compiling sha2 v0.10.9
[INFO] [stderr]    Compiling rfc6979 v0.4.0
[INFO] [stderr]    Compiling jobserver v0.1.34
[INFO] [stderr]    Compiling socket2 v0.6.3
[INFO] [stderr]    Compiling mio v1.2.0
[INFO] [stderr]    Compiling cc v1.2.59
[INFO] [stderr]    Compiling tinystr v0.8.3
[INFO] [stderr]    Compiling potential_utf v0.1.5
[INFO] [stderr]    Compiling tokio v1.52.2
[INFO] [stderr]    Compiling icu_collections v2.2.0
[INFO] [stderr]    Compiling icu_locale_core v2.2.0
[INFO] [stderr]    Compiling http-body v1.0.1
[INFO] [stderr]    Compiling http-body-util v0.1.3
[INFO] [stderr]    Compiling elliptic-curve v0.13.8
[INFO] [stderr]    Compiling ecdsa v0.16.9
[INFO] [stderr]    Compiling alloy-sol-macro-input v1.5.7
[INFO] [stderr]    Compiling cmake v0.1.58
[INFO] [stderr]    Compiling alloy-sol-macro-expander v1.5.7
[INFO] [stderr]    Compiling aws-lc-sys v0.39.1
[INFO] [stderr]    Compiling k256 v0.13.4
[INFO] [stderr]    Compiling derive_more v2.1.1
[INFO] [stderr]    Compiling icu_provider v2.2.0
[INFO] [stderr]    Compiling alloy-primitives v1.5.7
[INFO] [stderr]    Compiling icu_normalizer v2.2.0
[INFO] [stderr]    Compiling icu_properties v2.2.0
[INFO] [stderr]    Compiling alloy-sol-macro v1.5.7
[INFO] [stderr]    Compiling idna_adapter v1.2.1
[INFO] [stderr]    Compiling alloy-sol-types v1.5.7
[INFO] [stderr]    Compiling idna v1.1.0
[INFO] [stderr]    Compiling url v2.5.8
[INFO] [stderr]    Compiling hyper v1.9.0
[INFO] [stderr]    Compiling tower v0.5.3
[INFO] [stderr]    Compiling tokio-util v0.7.18
[INFO] [stderr]    Compiling tower-http v0.6.8
[INFO] [stderr]    Compiling hyper-util v0.1.20
[INFO] [stderr]    Compiling aws-lc-rs v1.16.2
[INFO] [stderr]    Compiling rustls v0.23.38
[INFO] [stderr]    Compiling rustls-webpki v0.103.13
[INFO] [stderr]    Compiling tokio-rustls v0.26.4
[INFO] [stderr]    Compiling rustls-platform-verifier v0.6.2
[INFO] [stderr]    Compiling hyper-rustls v0.27.7
[INFO] [stderr]    Compiling reqwest v0.13.3
[INFO] [stderr]    Compiling cow-sdk-core v0.1.0-alpha.10
[INFO] [stderr]    Compiling cow-sdk-contracts v0.1.0-alpha.10 (/opt/rustwide/workdir)
[INFO] [stderr]     Finished `release` profile [optimized] target(s) in 2m 25s
[INFO] [stderr] warning: the following packages contain code that will be rejected by a future version of Rust: proc-macro-error2 v2.0.1
[INFO] [stderr] note: to see what the problems were, use the option `--future-incompat-report`, or run `cargo report future-incompatibilities --id 10`
[INFO] running `Command { std: "docker" "inspect" "92fcc72a1e92706b597bcd5c7a66bd244e9619e64e1cb0d8cc1b9ba8f6e61662", kill_on_drop: false }`
[INFO] running `Command { std: "docker" "exec" "-e" "SOURCE_DIR=/opt/rustwide/workdir" "-e" "CARGO_HOME=/opt/rustwide/cargo-home" "-e" "RUSTUP_HOME=/opt/rustwide/rustup-home" "-e" "CARGO_TARGET_DIR=/opt/rustwide/target" "-e" "CARGO_INCREMENTAL=0" "-e" "RUST_BACKTRACE=full" "-e" "RUSTFLAGS=--cap-lints=warn" "-e" "RUSTDOCFLAGS=--cap-lints=warn" "-w" "/opt/rustwide/workdir" "--user" "0:0" "92fcc72a1e92706b597bcd5c7a66bd244e9619e64e1cb0d8cc1b9ba8f6e61662" "/opt/rustwide/cargo-home/bin/cargo" "+1.99.0-beta.8" "test" "--frozen" "--no-run" "--message-format=json" "--release", kill_on_drop: false }`
[INFO] [stderr]    Compiling typenum v1.19.0
[INFO] [stderr]    Compiling tokio-macros v2.7.0
[INFO] [stderr]    Compiling simd-adler32 v0.3.9
[INFO] [stderr]    Compiling compression-core v0.4.32
[INFO] [stderr]    Compiling getrandom v0.3.4
[INFO] [stderr]    Compiling futures-timer v3.0.3
[INFO] [stderr]    Compiling half v2.7.1
[INFO] [stderr]    Compiling getrandom v0.4.2
[INFO] [stderr]    Compiling target-triple v1.0.0
[INFO] [stderr]    Compiling winnow v1.0.1
[INFO] [stderr]    Compiling clap_builder v4.6.0
[INFO] [stderr]    Compiling regex-automata v0.4.14
[INFO] [stderr]    Compiling ppv-lite86 v0.2.21
[INFO] [stderr]    Compiling toml_datetime v1.1.1+spec-1.1.0
[INFO] [stderr]    Compiling wait-timeout v0.2.1
[INFO] [stderr]    Compiling quick-error v1.2.3
[INFO] [stderr]    Compiling const-oid v0.10.2
[INFO] [stderr]    Compiling rand_core v0.9.5
[INFO] [stderr]    Compiling tempfile v3.27.0
[INFO] [stderr]    Compiling miniz_oxide v0.8.9
[INFO] [stderr]    Compiling criterion-plot v0.5.0
[INFO] [stderr]    Compiling rand v0.9.3
[INFO] [stderr]    Compiling ciborium-ll v0.2.2
[INFO] [stderr]    Compiling rand_xorshift v0.4.0
[INFO] [stderr]    Compiling tinytemplate v1.2.1
[INFO] [stderr]    Compiling tokio v1.52.2
[INFO] [stderr]    Compiling is-terminal v0.4.17
[INFO] [stderr]    Compiling keccak v0.2.0
[INFO] [stderr]    Compiling rand_chacha v0.9.0
[INFO] [stderr]    Compiling rusty-fork v0.3.1
[INFO] [stderr]    Compiling toml_parser v1.1.2+spec-1.1.0
[INFO] [stderr]    Compiling ciborium v0.2.2
[INFO] [stderr]    Compiling glob v0.3.3
[INFO] [stderr]    Compiling flate2 v1.1.9
[INFO] [stderr]    Compiling proptest v1.11.0
[INFO] [stderr]    Compiling generic-array v0.14.7
[INFO] [stderr]    Compiling hybrid-array v0.4.10
[INFO] [stderr]    Compiling compression-codecs v0.4.38
[INFO] [stderr]    Compiling toml v1.1.2+spec-1.1.0
[INFO] [stderr]    Compiling crypto-common v0.2.1
[INFO] [stderr]    Compiling block-buffer v0.12.0
[INFO] [stderr]    Compiling crypto-common v0.1.7
[INFO] [stderr]    Compiling block-buffer v0.10.4
[INFO] [stderr]    Compiling crypto-bigint v0.5.5
[INFO] [stderr]    Compiling sec1 v0.7.3
[INFO] [stderr]    Compiling digest v0.10.7
[INFO] [stderr]    Compiling hmac v0.12.1
[INFO] [stderr]    Compiling signature v2.2.0
[INFO] [stderr]    Compiling sha2 v0.10.9
[INFO] [stderr]    Compiling sha3 v0.10.8
[INFO] [stderr]    Compiling trybuild v1.0.116
[INFO] [stderr]    Compiling rfc6979 v0.4.0
[INFO] [stderr]    Compiling regex v1.12.3
[INFO] [stderr]    Compiling clap v4.6.1
[INFO] [stderr]    Compiling digest v0.11.2
[INFO] [stderr]    Compiling sha3 v0.11.0
[INFO] [stderr]    Compiling criterion v0.5.1
[INFO] [stderr]    Compiling elliptic-curve v0.13.8
[INFO] [stderr]    Compiling ecdsa v0.16.9
[INFO] [stderr]    Compiling k256 v0.13.4
[INFO] [stderr]    Compiling alloy-primitives v1.5.7
[INFO] [stderr]    Compiling hyper v1.9.0
[INFO] [stderr]    Compiling tower v0.5.3
[INFO] [stderr]    Compiling async-compression v0.4.42
[INFO] [stderr]    Compiling tokio-rustls v0.26.4
[INFO] [stderr]    Compiling tokio-util v0.7.18
[INFO] [stderr]    Compiling alloy-sol-types v1.5.7
[INFO] [stderr]    Compiling tower-http v0.6.8
[INFO] [stderr]    Compiling hyper-util v0.1.20
[INFO] [stderr]    Compiling hyper-rustls v0.27.7
[INFO] [stderr]    Compiling reqwest v0.13.3
[INFO] [stderr]    Compiling cow-sdk-core v0.1.0-alpha.10
[INFO] [stderr]    Compiling cow-sdk-subgraph v0.1.0-alpha.10
[INFO] [stderr]    Compiling cow-sdk-orderbook v0.1.0-alpha.10
[INFO] [stderr]    Compiling cow-sdk-contracts v0.1.0-alpha.10 (/opt/rustwide/workdir)
[INFO] [stdout] error: couldn't read `tests/../../../parity/fixtures/contracts.json`: No such file or directory (os error 2)
[INFO] [stdout]   --> tests/parity_contract.rs:45:23
[INFO] [stdout]    |
[INFO] [stdout] 45 | const FIXTURE: &str = include_str!("../../../parity/fixtures/contracts.json");
[INFO] [stdout]    |                       ^^^^^^^^^^^^^^^^^^^^^^^^^^^^^^^^^^^^^^^^^^^^^^^^^^^^^^^
[INFO] [stdout] 
[INFO] [stdout] 
[INFO] [stdout] error: couldn't read `tests/../../../parity/fixtures/ecdsa/v_normalization.json`: No such file or directory (os error 2)
[INFO] [stdout]   --> tests/v_normalization_contract.rs:15:23
[INFO] [stdout]    |
[INFO] [stdout] 15 | const FIXTURE: &str = include_str!("../../../parity/fixtures/ecdsa/v_normalization.json");
[INFO] [stdout]    |                       ^^^^^^^^^^^^^^^^^^^^^^^^^^^^^^^^^^^^^^^^^^^^^^^^^^^^^^^^^^^^^^^^^^^
[INFO] [stdout] 
[INFO] [stdout] 
[INFO] [stdout] error[E0433]: cannot find module or crate `cow_sdk_test_utils` in this scope
[INFO] [stdout]   --> tests/common/mod.rs:18:5
[INFO] [stdout]    |
[INFO] [stdout] 18 |     cow_sdk_test_utils::fixtures::case("contracts", id)
[INFO] [stdout]    |     ^^^^^^^^^^^^^^^^^^ use of unresolved module or unlinked crate `cow_sdk_test_utils`
[INFO] [stdout]    |
[INFO] [stdout]    = help: if you wanted to use a crate named `cow_sdk_test_utils`, use `cargo add cow_sdk_test_utils` to add it to your `Cargo.toml`
[INFO] [stdout] 
[INFO] [stdout] 
[INFO] [stdout] error[E0433]: cannot find module or crate `cow_sdk_test_utils` in this scope
[INFO] [stdout]   --> tests/common/mod.rs:18:5
[INFO] [stdout]    |
[INFO] [stdout] 18 |     cow_sdk_test_utils::fixtures::case("contracts", id)
[INFO] [stdout]    |     ^^^^^^^^^^^^^^^^^^ use of unresolved module or unlinked crate `cow_sdk_test_utils`
[INFO] [stdout]    |
[INFO] [stdout]    = help: if you wanted to use a crate named `cow_sdk_test_utils`, use `cargo add cow_sdk_test_utils` to add it to your `Cargo.toml`
[INFO] [stdout] 
[INFO] [stdout] 
[INFO] [stdout] error[E0433]: cannot find module or crate `cow_sdk_test_utils` in this scope
[INFO] [stdout]   --> tests/order_contract.rs:34:5
[INFO] [stdout]    |
[INFO] [stdout] 34 |     cow_sdk_test_utils::builders::sample_domain()
[INFO] [stdout]    |     ^^^^^^^^^^^^^^^^^^ use of unresolved module or unlinked crate `cow_sdk_test_utils`
[INFO] [stdout]    |
[INFO] [stdout]    = help: if you wanted to use a crate named `cow_sdk_test_utils`, use `cargo add cow_sdk_test_utils` to add it to your `Cargo.toml`
[INFO] [stdout] 
[INFO] [stdout] 
[INFO] [stdout] error[E0433]: cannot find module or crate `cow_sdk_test_utils` in this scope
[INFO] [stdout]   --> tests/order_contract.rs:38:5
[INFO] [stdout]    |
[INFO] [stdout] 38 |     cow_sdk_test_utils::builders::OrderBuilder::weth_dai()
[INFO] [stdout]    |     ^^^^^^^^^^^^^^^^^^ use of unresolved module or unlinked crate `cow_sdk_test_utils`
[INFO] [stdout]    |
[INFO] [stdout]    = help: if you wanted to use a crate named `cow_sdk_test_utils`, use `cargo add cow_sdk_test_utils` to add it to your `Cargo.toml`
[INFO] [stdout] 
[INFO] [stdout] 
[INFO] [stdout] error[E0433]: cannot find module or crate `cow_sdk_test_utils` in this scope
[INFO] [stdout]   --> tests/order_contract.rs:44:5
[INFO] [stdout]    |
[INFO] [stdout] 44 |     cow_sdk_test_utils::builders::OrderBuilder::default().build()
[INFO] [stdout]    |     ^^^^^^^^^^^^^^^^^^ use of unresolved module or unlinked crate `cow_sdk_test_utils`
[INFO] [stdout]    |
[INFO] [stdout]    = help: if you wanted to use a crate named `cow_sdk_test_utils`, use `cargo add cow_sdk_test_utils` to add it to your `Cargo.toml`
[INFO] [stdout] 
[INFO] [stdout] 
[INFO] [stdout] error[E0433]: cannot find module or crate `cow_sdk_test_utils` in this scope
[INFO] [stdout]   --> tests/common/mod.rs:18:5
[INFO] [stdout]    |
[INFO] [stdout] 18 |     cow_sdk_test_utils::fixtures::case("contracts", id)
[INFO] [stdout]    |     ^^^^^^^^^^^^^^^^^^ use of unresolved module or unlinked crate `cow_sdk_test_utils`
[INFO] [stdout]    |
[INFO] [stdout]    = help: if you wanted to use a crate named `cow_sdk_test_utils`, use `cargo add cow_sdk_test_utils` to add it to your `Cargo.toml`
[INFO] [stdout] 
[INFO] [stdout] 
[INFO] [stdout] error[E0433]: cannot find module or crate `cow_sdk_test_utils` in this scope
[INFO] [stdout]   --> tests/non_exhaustive_dto_contract.rs:22:5
[INFO] [stdout]    |
[INFO] [stdout] 22 | use cow_sdk_test_utils::builders::address;
[INFO] [stdout]    |     ^^^^^^^^^^^^^^^^^^ use of unresolved module or unlinked crate `cow_sdk_test_utils`
[INFO] [stdout]    |
[INFO] [stdout]    = help: if you wanted to use a crate named `cow_sdk_test_utils`, use `cargo add cow_sdk_test_utils` to add it to your `Cargo.toml`
[INFO] [stdout] 
[INFO] [stdout] 
[INFO] [stdout] error: couldn't read `tests/../../../parity/fixtures/eip712/order_digests.json`: No such file or directory (os error 2)
[INFO] [stdout]   --> tests/order_digest_parity_contract.rs:21:23
[INFO] [stdout]    |
[INFO] [stdout] 21 | const FIXTURE: &str = include_str!("../../../parity/fixtures/eip712/order_digests.json");
[INFO] [stdout]    |                       ^^^^^^^^^^^^^^^^^^^^^^^^^^^^^^^^^^^^^^^^^^^^^^^^^^^^^^^^^^^^^^^^^^
[INFO] [stdout] 
[INFO] [stdout] 
[INFO] [stdout] For more information about this error, try `rustc --explain E0433`.
[INFO] [stdout] 
[INFO] [stderr] error: could not compile `cow-sdk-contracts` (test "recoverable_signature_contract") due to 1 previous error
[INFO] [stderr] warning: build failed, waiting for other jobs to finish...
[INFO] [stderr] error: could not compile `cow-sdk-contracts` (test "parity_contract") due to 1 previous error
[INFO] [stdout] For more information about this error, try `rustc --explain E0433`.
[INFO] [stdout] 
[INFO] [stderr] error: could not compile `cow-sdk-contracts` (test "order_contract") due to 4 previous errors
[INFO] [stdout] error[E0433]: cannot find module or crate `cow_sdk_test_utils` in this scope
[INFO] [stdout]   --> tests/property_contract.rs:78:5
[INFO] [stdout]    |
[INFO] [stdout] 78 |     cow_sdk_test_utils::arb::arb_address()
[INFO] [stdout]    |     ^^^^^^^^^^^^^^^^^^ use of unresolved module or unlinked crate `cow_sdk_test_utils`
[INFO] [stdout]    |
[INFO] [stdout]    = help: if you wanted to use a crate named `cow_sdk_test_utils`, use `cargo add cow_sdk_test_utils` to add it to your `Cargo.toml`
[INFO] [stdout] 
[INFO] [stdout] 
[INFO] [stdout] For more information about this error, try `rustc --explain E0433`.
[INFO] [stdout] 
[INFO] [stderr] error: could not compile `cow-sdk-contracts` (test "non_exhaustive_dto_contract") due to 1 previous error
[INFO] [stdout] error[E0433]: cannot find module or crate `cow_sdk_test_utils` in this scope
[INFO] [stdout]   --> tests/property_contract.rs:90:5
[INFO] [stdout]    |
[INFO] [stdout] 90 |     cow_sdk_test_utils::arb::arb_app_data_hex()
[INFO] [stdout]    |     ^^^^^^^^^^^^^^^^^^ use of unresolved module or unlinked crate `cow_sdk_test_utils`
[INFO] [stdout]    |
[INFO] [stdout]    = help: if you wanted to use a crate named `cow_sdk_test_utils`, use `cargo add cow_sdk_test_utils` to add it to your `Cargo.toml`
[INFO] [stdout] 
[INFO] [stdout] 
[INFO] [stdout] error[E0433]: cannot find module or crate `cow_sdk_test_utils` in this scope
[INFO] [stdout]   --> tests/property_contract.rs:96:5
[INFO] [stdout]    |
[INFO] [stdout] 96 |     cow_sdk_test_utils::arb::arb_amount()
[INFO] [stdout]    |     ^^^^^^^^^^^^^^^^^^ use of unresolved module or unlinked crate `cow_sdk_test_utils`
[INFO] [stdout]    |
[INFO] [stdout]    = help: if you wanted to use a crate named `cow_sdk_test_utils`, use `cargo add cow_sdk_test_utils` to add it to your `Cargo.toml`
[INFO] [stdout] 
[INFO] [stdout] 
[INFO] [stderr] error: could not compile `cow-sdk-contracts` (test "v_normalization_contract") due to 1 previous error
[INFO] [stdout] For more information about this error, try `rustc --explain E0433`.
[INFO] [stdout] 
[INFO] [stderr] error: could not compile `cow-sdk-contracts` (test "signature_contract") due to 1 previous error
[INFO] [stdout] error: couldn't read `src/../../../parity/fixtures/eip712/settlement_domain_separator.json`: No such file or directory (os error 2)
[INFO] [stdout]    --> src/primitives.rs:177:13
[INFO] [stdout]     |
[INFO] [stdout] 177 |             include_str!("../../../parity/fixtures/eip712/settlement_domain_separator.json");
[INFO] [stdout]     |             ^^^^^^^^^^^^^^^^^^^^^^^^^^^^^^^^^^^^^^^^^^^^^^^^^^^^^^^^^^^^^^^^^^^^^^^^^^^^^^^^
[INFO] [stdout] 
[INFO] [stdout] 
[INFO] [stdout] error[E0433]: cannot find module or crate `cow_sdk_test_utils` in this scope
[INFO] [stdout]    --> src/order.rs:376:9
[INFO] [stdout]     |
[INFO] [stdout] 376 |     use cow_sdk_test_utils::builders::sample_domain;
[INFO] [stdout]     |         ^^^^^^^^^^^^^^^^^^ use of unresolved module or unlinked crate `cow_sdk_test_utils`
[INFO] [stdout]     |
[INFO] [stdout]     = help: if you wanted to use a crate named `cow_sdk_test_utils`, use `cargo add cow_sdk_test_utils` to add it to your `Cargo.toml`
[INFO] [stdout] 
[INFO] [stdout] 
[INFO] [stderr] error: could not compile `cow-sdk-contracts` (test "order_digest_parity_contract") due to 1 previous error
[INFO] [stdout] error[E0433]: cannot find module or crate `cow_sdk_test_utils` in this scope
[INFO] [stdout]    --> src/tx.rs:256:21
[INFO] [stdout]     |
[INFO] [stdout] 256 |         let order = cow_sdk_test_utils::builders::OrderBuilder::weth_dai()
[INFO] [stdout]     |                     ^^^^^^^^^^^^^^^^^^ use of unresolved module or unlinked crate `cow_sdk_test_utils`
[INFO] [stdout]     |
[INFO] [stdout]     = help: if you wanted to use a crate named `cow_sdk_test_utils`, use `cargo add cow_sdk_test_utils` to add it to your `Cargo.toml`
[INFO] [stdout] 
[INFO] [stdout] 
[INFO] [stdout] For more information about this error, try `rustc --explain E0433`.
[INFO] [stdout] 
[INFO] [stderr] error: could not compile `cow-sdk-contracts` (test "property_contract") due to 3 previous errors
[INFO] [stdout] For more information about this error, try `rustc --explain E0433`.
[INFO] [stdout] 
[INFO] [stderr] error: could not compile `cow-sdk-contracts` (lib test) due to 3 previous errors
[INFO] running `Command { std: "docker" "inspect" "92fcc72a1e92706b597bcd5c7a66bd244e9619e64e1cb0d8cc1b9ba8f6e61662", kill_on_drop: false }`
[INFO] running `Command { std: "docker" "rm" "-f" "92fcc72a1e92706b597bcd5c7a66bd244e9619e64e1cb0d8cc1b9ba8f6e61662", kill_on_drop: false }`
[INFO] [stdout] 92fcc72a1e92706b597bcd5c7a66bd244e9619e64e1cb0d8cc1b9ba8f6e61662
