[INFO] fetching crate covey_asset_loader 0.1.1...
[INFO] testing covey_asset_loader-0.1.1 against 1.99.0-beta.8+cargoflags=--release for beta-release-1.100-2
[INFO] extracting crate covey_asset_loader 0.1.1 into /workspace/builds/worker-4-tc1/source
[INFO] started tweaking crates.io crate covey_asset_loader 0.1.1
[INFO] finished tweaking crates.io crate covey_asset_loader 0.1.1
[INFO] tweaked toml for crates.io crate covey_asset_loader 0.1.1 written to /workspace/builds/worker-4-tc1/source/Cargo.toml
[INFO] validating manifest of crates.io crate covey_asset_loader 0.1.1 on toolchain 1.99.0-beta.8
[INFO] running `Command { std: CARGO_HOME="/workspace/cargo-home" RUSTUP_HOME="/workspace/rustup-home" "/workspace/cargo-home/bin/cargo" "+1.99.0-beta.8" "metadata" "--manifest-path" "Cargo.toml" "--no-deps", kill_on_drop: false }`
[INFO] crate crates.io crate covey_asset_loader 0.1.1 already has a lockfile, it will not be regenerated
[INFO] running `Command { std: CARGO_HOME="/workspace/cargo-home" RUSTUP_HOME="/workspace/rustup-home" "/workspace/cargo-home/bin/cargo" "+1.99.0-beta.8" "fetch" "--manifest-path" "Cargo.toml", kill_on_drop: false }`
[INFO] [stderr]     Updating crates.io index
[INFO] [stderr]  Downloading crates ...
[INFO] [stderr]   Downloaded covey_asset_loader_macros v0.1.0
[INFO] [stderr]   Downloaded pretty-type-name v1.0.1
[INFO] [stderr]   Downloaded bevy-inspector-egui v0.18.3
[INFO] [stderr]   Downloaded atomic_refcell v0.1.9
[INFO] [stderr]   Downloaded bevy_egui v0.20.2
[INFO] [stderr]   Downloaded bevy-inspector-egui-derive v0.18.1
[INFO] running `Command { std: "docker" "create" "-v" "/var/lib/crater-agent-workspace/builds/worker-4-tc1/source:/opt/rustwide/workdir:ro,Z" "-v" "/var/lib/crater-agent-workspace/builds/worker-4-tc1/target:/opt/rustwide/target:rw,Z" "-v" "/var/lib/crater-agent-workspace/cargo-home:/opt/rustwide/cargo-home:ro,Z" "-v" "/var/lib/crater-agent-workspace/rustup-home:/opt/rustwide/rustup-home:ro,Z" "-m" "1610612736" "--network" "none" "ghcr.io/rust-lang/crates-build-env/linux@sha256:77db811e55d90add9212f6832c23229e3de5f1c1f9905e8cb07319ea15df73ac" "sleep" "infinity", kill_on_drop: false }`
[INFO] [stdout] 300f9c077f7c9ad73d1548b7fbc9482c2ba5c1d8a24de086ef27bcf39a3ba14a
[INFO] running `Command { std: "docker" "start" "300f9c077f7c9ad73d1548b7fbc9482c2ba5c1d8a24de086ef27bcf39a3ba14a", kill_on_drop: false }`
[INFO] running `Command { std: "docker" "inspect" "300f9c077f7c9ad73d1548b7fbc9482c2ba5c1d8a24de086ef27bcf39a3ba14a", kill_on_drop: false }`
[INFO] running `Command { std: "docker" "exec" "-e" "SOURCE_DIR=/opt/rustwide/workdir" "-e" "CARGO_HOME=/opt/rustwide/cargo-home" "-e" "RUSTUP_HOME=/opt/rustwide/rustup-home" "-e" "CARGO_TARGET_DIR=/opt/rustwide/target" "-w" "/opt/rustwide/workdir" "--user" "0:0" "300f9c077f7c9ad73d1548b7fbc9482c2ba5c1d8a24de086ef27bcf39a3ba14a" "/opt/rustwide/cargo-home/bin/cargo" "+1.99.0-beta.8" "metadata" "--no-deps" "--format-version=1", kill_on_drop: false }`
[INFO] running `Command { std: "docker" "inspect" "300f9c077f7c9ad73d1548b7fbc9482c2ba5c1d8a24de086ef27bcf39a3ba14a", kill_on_drop: false }`
[INFO] running `Command { std: "docker" "exec" "-e" "SOURCE_DIR=/opt/rustwide/workdir" "-e" "CARGO_HOME=/opt/rustwide/cargo-home" "-e" "RUSTUP_HOME=/opt/rustwide/rustup-home" "-e" "CARGO_TARGET_DIR=/opt/rustwide/target" "-e" "CARGO_INCREMENTAL=0" "-e" "RUST_BACKTRACE=full" "-e" "RUSTFLAGS=--cap-lints=warn" "-e" "RUSTDOCFLAGS=--cap-lints=warn" "-w" "/opt/rustwide/workdir" "--user" "0:0" "300f9c077f7c9ad73d1548b7fbc9482c2ba5c1d8a24de086ef27bcf39a3ba14a" "/opt/rustwide/cargo-home/bin/cargo" "+1.99.0-beta.8" "build" "--frozen" "--message-format=json" "--release", kill_on_drop: false }`
[INFO] [stderr]    Compiling syn v2.0.15
[INFO] [stderr]    Compiling serde_derive v1.0.160
[INFO] [stderr]    Compiling serde v1.0.160
[INFO] [stderr]    Compiling libc v0.2.141
[INFO] [stderr]    Compiling once_cell v1.17.1
[INFO] [stderr]    Compiling pin-project-lite v0.2.9
[INFO] [stderr]    Compiling ahash v0.7.6
[INFO] [stderr]    Compiling crossbeam-utils v0.8.15
[INFO] [stderr]    Compiling futures-core v0.3.28
[INFO] [stderr]    Compiling lock_api v0.4.9
[INFO] [stderr]    Compiling slab v0.4.8
[INFO] [stderr]    Compiling parking_lot_core v0.9.7
[INFO] [stderr]    Compiling thiserror v1.0.40
[INFO] [stderr]    Compiling futures-io v0.3.28
[INFO] [stderr]    Compiling bytemuck v1.13.1
[INFO] [stderr]    Compiling waker-fn v1.1.0
[INFO] [stderr]    Compiling fastrand v1.9.0
[INFO] [stderr]    Compiling parking v2.1.0
[INFO] [stderr]    Compiling fixedbitset v0.4.2
[INFO] [stderr]    Compiling async-lock v2.7.0
[INFO] [stderr]    Compiling tracing-core v0.1.30
[INFO] [stderr]    Compiling erased-serde v0.3.25
[INFO] [stderr]    Compiling instant v0.1.12
[INFO] [stderr]    Compiling async-task v4.4.0
[INFO] [stderr]    Compiling thread_local v1.1.7
[INFO] [stderr]    Compiling downcast-rs v1.2.0
[INFO] [stderr]    Compiling bevy_ptr v0.10.1
[INFO] [stderr]    Compiling futures-lite v1.13.0
[INFO] [stderr]    Compiling rustc-hash v1.1.0
[INFO] [stderr]    Compiling regex-syntax v0.6.29
[INFO] [stderr]    Compiling log v0.4.17
[INFO] [stderr]    Compiling overload v0.1.1
[INFO] [stderr]    Compiling concurrent-queue v2.2.0
[INFO] [stderr]    Compiling sharded-slab v0.1.4
[INFO] [stderr]    Compiling nu-ansi-term v0.46.0
[INFO] [stderr]    Compiling regex v1.7.3
[INFO] [stderr]    Compiling crossbeam-channel v0.5.8
[INFO] [stderr]    Compiling anyhow v1.0.70
[INFO] [stderr]    Compiling accesskit v0.10.1
[INFO] [stderr]    Compiling raw-window-handle v0.5.2
[INFO] [stderr]    Compiling async-channel v1.8.0
[INFO] [stderr]    Compiling tracing v0.1.37
[INFO] [stderr]    Compiling tracing-log v0.1.3
[INFO] [stderr]    Compiling getrandom v0.2.9
[INFO] [stderr]    Compiling sysinfo v0.28.4
[INFO] [stderr]    Compiling async-executor v1.5.1
[INFO] [stderr]    Compiling bevy_tasks v0.10.1
[INFO] [stderr]    Compiling thiserror-impl v1.0.40
[INFO] [stderr]    Compiling regex-automata v0.1.10
[INFO] [stderr]    Compiling matchers v0.1.0
[INFO] [stderr]    Compiling hashbrown v0.12.3
[INFO] [stderr]    Compiling uuid v1.3.1
[INFO] [stderr]    Compiling smallvec v1.10.0
[INFO] [stderr]    Compiling glam v0.23.0
[INFO] [stderr]    Compiling tracing-subscriber v0.3.16
[INFO] [stderr]    Compiling parking_lot v0.12.1
[INFO] [stderr]    Compiling indexmap v1.9.3
[INFO] [stderr]    Compiling toml_edit v0.19.8
[INFO] [stderr]    Compiling petgraph v0.6.3
[INFO] [stderr]    Compiling bevy_math v0.10.1
[INFO] [stderr]    Compiling bevy_utils v0.10.1
[INFO] [stderr]    Compiling bevy_macro_utils v0.10.1
[INFO] [stderr]    Compiling bevy_reflect_derive v0.10.1
[INFO] [stderr]    Compiling bevy_ecs_macros v0.10.1
[INFO] [stderr]    Compiling bevy_derive v0.10.1
[INFO] [stderr]    Compiling bevy_reflect v0.10.1
[INFO] [stderr]    Compiling bevy_ecs v0.10.1
[INFO] [stderr]    Compiling bevy_app v0.10.1
[INFO] [stderr]    Compiling bevy_log v0.10.1
[INFO] [stderr]    Compiling bevy_core v0.10.1
[INFO] [stderr]    Compiling bevy_time v0.10.1
[INFO] [stderr]    Compiling bevy_input v0.10.1
[INFO] [stderr]    Compiling bevy_a11y v0.10.1
[INFO] [stderr]    Compiling bevy_hierarchy v0.10.1
[INFO] [stderr]    Compiling bevy_diagnostic v0.10.1
[INFO] [stderr]    Compiling bevy_transform v0.10.1
[INFO] [stderr]    Compiling bevy_asset v0.10.1
[INFO] [stderr]    Compiling bevy_window v0.10.1
[INFO] [stderr]    Compiling bevy_internal v0.10.1
[INFO] [stderr]    Compiling bevy v0.10.1
[INFO] [stderr]    Compiling covey_asset_loader_macros v0.1.0
[INFO] [stderr]    Compiling covey_asset_loader v0.1.1 (/opt/rustwide/workdir)
[INFO] [stderr]     Finished `release` profile [optimized] target(s) in 1m 26s
[INFO] running `Command { std: "docker" "inspect" "300f9c077f7c9ad73d1548b7fbc9482c2ba5c1d8a24de086ef27bcf39a3ba14a", kill_on_drop: false }`
[INFO] running `Command { std: "docker" "exec" "-e" "SOURCE_DIR=/opt/rustwide/workdir" "-e" "CARGO_HOME=/opt/rustwide/cargo-home" "-e" "RUSTUP_HOME=/opt/rustwide/rustup-home" "-e" "CARGO_TARGET_DIR=/opt/rustwide/target" "-e" "CARGO_INCREMENTAL=0" "-e" "RUST_BACKTRACE=full" "-e" "RUSTFLAGS=--cap-lints=warn" "-e" "RUSTDOCFLAGS=--cap-lints=warn" "-w" "/opt/rustwide/workdir" "--user" "0:0" "300f9c077f7c9ad73d1548b7fbc9482c2ba5c1d8a24de086ef27bcf39a3ba14a" "/opt/rustwide/cargo-home/bin/cargo" "+1.99.0-beta.8" "test" "--frozen" "--no-run" "--message-format=json" "--release", kill_on_drop: false }`
[INFO] [stderr]    Compiling once_cell v1.17.1
[INFO] [stderr]    Compiling bytemuck_derive v1.4.1
[INFO] [stderr]    Compiling getrandom v0.2.9
[INFO] [stderr]    Compiling parking_lot_core v0.9.7
[INFO] [stderr]    Compiling memoffset v0.6.5
[INFO] [stderr]    Compiling bevy_encase_derive v0.10.1
[INFO] [stderr]    Compiling bevy_render_macros v0.10.1
[INFO] [stderr]    Compiling serde_json v1.0.95
[INFO] [stderr]    Compiling ron v0.8.0
[INFO] [stderr]    Compiling ahash v0.8.3
[INFO] [stderr]    Compiling idna v0.3.0
[INFO] [stderr]    Compiling form_urlencoded v1.1.0
[INFO] [stderr]    Compiling gethostname v0.2.3
[INFO] [stderr]    Compiling dirs-sys v0.3.7
[INFO] [stderr]    Compiling bevy-inspector-egui-derive v0.18.1
[INFO] [stderr]    Compiling uuid v1.3.1
[INFO] [stderr]    Compiling pretty-type-name v1.0.1
[INFO] [stderr]    Compiling ahash v0.7.6
[INFO] [stderr]    Compiling tracing-core v0.1.30
[INFO] [stderr]    Compiling thread_local v1.1.7
[INFO] [stderr]    Compiling bevy_tasks v0.10.1
[INFO] [stderr]    Compiling sysinfo v0.28.4
[INFO] [stderr]    Compiling x11-dl v2.21.0
[INFO] [stderr]    Compiling bytemuck v1.13.1
[INFO] [stderr]    Compiling gilrs-core v0.5.4
[INFO] [stderr]    Compiling parking_lot v0.12.1
[INFO] [stderr]    Compiling hashbrown v0.12.3
[INFO] [stderr]    Compiling nix v0.24.3
[INFO] [stderr]    Compiling url v2.3.1
[INFO] [stderr]    Compiling tracing v0.1.37
[INFO] [stderr]    Compiling tracing-log v0.1.3
[INFO] [stderr]    Compiling glam v0.23.0
[INFO] [stderr]    Compiling image v0.24.6
[INFO] [stderr]    Compiling tracing-subscriber v0.3.16
[INFO] [stderr]    Compiling gltf-json v1.1.0
[INFO] [stderr]    Compiling indexmap v1.9.3
[INFO] [stderr]    Compiling gpu-descriptor v0.2.3
[INFO] [stderr]    Compiling gilrs v0.10.1
[INFO] [stderr]    Compiling petgraph v0.6.3
[INFO] [stderr]    Compiling emath v0.21.0
[INFO] [stderr]    Compiling ecolor v0.21.0
[INFO] [stderr]    Compiling dirs v4.0.0
[INFO] [stderr]    Compiling webbrowser v0.8.9
[INFO] [stderr]    Compiling epaint v0.21.0
[INFO] [stderr]    Compiling bevy_math v0.10.1
[INFO] [stderr]    Compiling encase v0.5.0
[INFO] [stderr]    Compiling bevy_mikktspace v0.10.1
[INFO] [stderr]    Compiling hexasphere v8.1.0
[INFO] [stderr]    Compiling winit v0.28.3
[INFO] [stderr]    Compiling bevy_utils v0.10.1
[INFO] [stderr]    Compiling naga v0.11.0
[INFO] [stderr]    Compiling bevy_reflect v0.10.1
[INFO] [stderr]    Compiling accesskit_winit v0.12.4
[INFO] [stderr]    Compiling alsa v0.7.0
[INFO] [stderr]    Compiling x11rb-protocol v0.10.0
[INFO] [stderr]    Compiling egui v0.21.0
[INFO] [stderr]    Compiling cpal v0.15.2
[INFO] [stderr]    Compiling rodio v0.17.1
[INFO] [stderr]    Compiling gltf v1.1.0
[INFO] [stderr]    Compiling bevy_ecs v0.10.1
[INFO] [stderr]    Compiling x11rb v0.10.1
[INFO] [stderr]    Compiling wgpu-hal v0.15.4
[INFO] [stderr]    Compiling arboard v3.2.0
[INFO] [stderr]    Compiling wgpu-core v0.15.1
[INFO] [stderr]    Compiling bevy_app v0.10.1
[INFO] [stderr]    Compiling bevy_core v0.10.1
[INFO] [stderr]    Compiling bevy_log v0.10.1
[INFO] [stderr]    Compiling bevy_time v0.10.1
[INFO] [stderr]    Compiling bevy_input v0.10.1
[INFO] [stderr]    Compiling bevy_a11y v0.10.1
[INFO] [stderr]    Compiling bevy_hierarchy v0.10.1
[INFO] [stderr]    Compiling bevy_diagnostic v0.10.1
[INFO] [stderr]    Compiling bevy_transform v0.10.1
[INFO] [stderr]    Compiling bevy_asset v0.10.1
[INFO] [stderr]    Compiling bevy_window v0.10.1
[INFO] [stderr]    Compiling bevy_gilrs v0.10.1
[INFO] [stderr]    Compiling bevy_animation v0.10.1
[INFO] [stderr]    Compiling bevy_audio v0.10.1
[INFO] [stderr]    Compiling bevy_winit v0.10.1
[INFO] [stderr]    Compiling wgpu v0.15.1
[INFO] [stderr]    Compiling bevy_render v0.10.1
[INFO] [stderr]    Compiling bevy_core_pipeline v0.10.1
[INFO] [stderr]    Compiling bevy_scene v0.10.1
[INFO] [stderr]    Compiling bevy_sprite v0.10.1
[INFO] [stderr]    Compiling bevy_pbr v0.10.1
[INFO] [stderr]    Compiling bevy_text v0.10.1
[INFO] [stderr]    Compiling bevy_ui v0.10.1
[INFO] [stderr]    Compiling bevy_gltf v0.10.1
[INFO] [stderr]    Compiling bevy_internal v0.10.1
[INFO] [stderr]    Compiling bevy v0.10.1
[INFO] [stderr]    Compiling bevy_egui v0.20.2
[INFO] [stderr]    Compiling covey_asset_loader v0.1.1 (/opt/rustwide/workdir)
[INFO] [stderr]    Compiling bevy-inspector-egui v0.18.3
[INFO] [stdout] error[E0432]: unresolved imports `crate::despawn_screen`, `crate::AppState`
[INFO] [stdout]  --> examples/main_menu.rs:4:13
[INFO] [stdout]   |
[INFO] [stdout] 4 | use crate::{despawn_screen, AppState};
[INFO] [stdout]   |             ^^^^^^^^^^^^^^  ^^^^^^^^ no `AppState` in the root
[INFO] [stdout]   |             |
[INFO] [stdout]   |             no `despawn_screen` in the root
[INFO] [stdout] 
[INFO] [stdout] 
[INFO] [stdout] error[E0601]: `main` function not found in crate `main_menu`
[INFO] [stdout]   --> examples/main_menu.rs:88:2
[INFO] [stdout]    |
[INFO] [stdout] 88 | }
[INFO] [stdout]    |  ^ consider adding a `main` function to `examples/main_menu.rs`
[INFO] [stdout] 
[INFO] [stdout] 
[INFO] [stdout] error[E0432]: unresolved imports `crate::despawn_screen`, `crate::AppState`
[INFO] [stdout]  --> examples/splash.rs:1:13
[INFO] [stdout]   |
[INFO] [stdout] 1 | use crate::{despawn_screen, AppState};
[INFO] [stdout]   |             ^^^^^^^^^^^^^^  ^^^^^^^^ no `AppState` in the root
[INFO] [stdout]   |             |
[INFO] [stdout]   |             no `despawn_screen` in the root
[INFO] [stdout] 
[INFO] [stdout] 
[INFO] [stdout] error[E0601]: `main` function not found in crate `splash`
[INFO] [stdout]   --> examples/splash.rs:88:2
[INFO] [stdout]    |
[INFO] [stdout] 88 | }
[INFO] [stdout]    |  ^ consider adding a `main` function to `examples/splash.rs`
[INFO] [stdout] 
[INFO] [stdout] 
[INFO] [stdout] Some errors have detailed explanations: E0432, E0601.
[INFO] [stdout] 
[INFO] [stderr] error: could not compile `covey_asset_loader` (example "main_menu") due to 2 previous errors
[INFO] [stdout] For more information about an error, try `rustc --explain E0432`.
[INFO] [stdout] 
[INFO] [stderr] warning: build failed, waiting for other jobs to finish...
[INFO] [stdout] Some errors have detailed explanations: E0432, E0601.
[INFO] [stdout] 
[INFO] [stdout] For more information about an error, try `rustc --explain E0432`.
[INFO] [stdout] 
[INFO] [stderr] error: could not compile `covey_asset_loader` (example "splash") due to 2 previous errors
[INFO] running `Command { std: "docker" "inspect" "300f9c077f7c9ad73d1548b7fbc9482c2ba5c1d8a24de086ef27bcf39a3ba14a", kill_on_drop: false }`
[INFO] running `Command { std: "docker" "rm" "-f" "300f9c077f7c9ad73d1548b7fbc9482c2ba5c1d8a24de086ef27bcf39a3ba14a", kill_on_drop: false }`
[INFO] [stdout] 300f9c077f7c9ad73d1548b7fbc9482c2ba5c1d8a24de086ef27bcf39a3ba14a
