[INFO] fetching crate cottak 0.1.1...
[INFO] testing cottak-0.1.1 against 1.100.0-beta.1+cargoflags=--release for beta-release-1.100-2
[INFO] extracting crate cottak 0.1.1 into /workspace/builds/worker-3-tc2/source
[INFO] started tweaking crates.io crate cottak 0.1.1
[INFO] finished tweaking crates.io crate cottak 0.1.1
[INFO] tweaked toml for crates.io crate cottak 0.1.1 written to /workspace/builds/worker-3-tc2/source/Cargo.toml
[INFO] validating manifest of crates.io crate cottak 0.1.1 on toolchain 1.100.0-beta.1
[INFO] running `Command { std: CARGO_HOME="/workspace/cargo-home" RUSTUP_HOME="/workspace/rustup-home" "/workspace/cargo-home/bin/cargo" "+1.100.0-beta.1" "metadata" "--manifest-path" "Cargo.toml" "--no-deps", kill_on_drop: false }`
[INFO] crate crates.io crate cottak 0.1.1 already has a lockfile, it will not be regenerated
[INFO] running `Command { std: CARGO_HOME="/workspace/cargo-home" RUSTUP_HOME="/workspace/rustup-home" "/workspace/cargo-home/bin/cargo" "+1.100.0-beta.1" "fetch" "--manifest-path" "Cargo.toml", kill_on_drop: false }`
[INFO] running `Command { std: "docker" "create" "-v" "/var/lib/crater-agent-workspace/builds/worker-3-tc2/source:/opt/rustwide/workdir:ro,Z" "-v" "/var/lib/crater-agent-workspace/builds/worker-3-tc2/target:/opt/rustwide/target:rw,Z" "-v" "/var/lib/crater-agent-workspace/cargo-home:/opt/rustwide/cargo-home:ro,Z" "-v" "/var/lib/crater-agent-workspace/rustup-home:/opt/rustwide/rustup-home:ro,Z" "-m" "1610612736" "--network" "none" "ghcr.io/rust-lang/crates-build-env/linux@sha256:77db811e55d90add9212f6832c23229e3de5f1c1f9905e8cb07319ea15df73ac" "sleep" "infinity", kill_on_drop: false }`
[INFO] [stdout] e5e568535c0b90196a14d0e0898397c8a8cd3713791b862d04ed24c43c45111a
[INFO] running `Command { std: "docker" "start" "e5e568535c0b90196a14d0e0898397c8a8cd3713791b862d04ed24c43c45111a", kill_on_drop: false }`
[INFO] running `Command { std: "docker" "inspect" "e5e568535c0b90196a14d0e0898397c8a8cd3713791b862d04ed24c43c45111a", kill_on_drop: false }`
[INFO] running `Command { std: "docker" "exec" "-e" "SOURCE_DIR=/opt/rustwide/workdir" "-e" "CARGO_HOME=/opt/rustwide/cargo-home" "-e" "RUSTUP_HOME=/opt/rustwide/rustup-home" "-e" "CARGO_TARGET_DIR=/opt/rustwide/target" "-w" "/opt/rustwide/workdir" "--user" "0:0" "e5e568535c0b90196a14d0e0898397c8a8cd3713791b862d04ed24c43c45111a" "/opt/rustwide/cargo-home/bin/cargo" "+1.100.0-beta.1" "metadata" "--no-deps" "--format-version=1", kill_on_drop: false }`
[INFO] running `Command { std: "docker" "inspect" "e5e568535c0b90196a14d0e0898397c8a8cd3713791b862d04ed24c43c45111a", kill_on_drop: false }`
[INFO] running `Command { std: "docker" "exec" "-e" "SOURCE_DIR=/opt/rustwide/workdir" "-e" "CARGO_HOME=/opt/rustwide/cargo-home" "-e" "RUSTUP_HOME=/opt/rustwide/rustup-home" "-e" "CARGO_TARGET_DIR=/opt/rustwide/target" "-e" "CARGO_INCREMENTAL=0" "-e" "RUST_BACKTRACE=full" "-e" "RUSTFLAGS=--cap-lints=warn" "-e" "RUSTDOCFLAGS=--cap-lints=warn" "-w" "/opt/rustwide/workdir" "--user" "0:0" "e5e568535c0b90196a14d0e0898397c8a8cd3713791b862d04ed24c43c45111a" "/opt/rustwide/cargo-home/bin/cargo" "+1.100.0-beta.1" "build" "--frozen" "--message-format=json" "--release", kill_on_drop: false }`
[INFO] [stderr]    Compiling libc v0.2.174
[INFO] [stderr]    Compiling cfg-if v1.0.1
[INFO] [stderr]    Compiling typenum v1.18.0
[INFO] [stderr]    Compiling bitflags v2.9.1
[INFO] [stderr]    Compiling hashbrown v0.15.4
[INFO] [stderr]    Compiling anyhow v1.0.98
[INFO] [stderr]    Compiling rustix v1.0.7
[INFO] [stderr]    Compiling memchr v2.7.5
[INFO] [stderr]    Compiling once_cell v1.21.3
[INFO] [stderr]    Compiling protobuf v3.7.2
[INFO] [stderr]    Compiling getrandom v0.3.3
[INFO] [stderr]    Compiling utf8parse v0.2.2
[INFO] [stderr]    Compiling syn v2.0.104
[INFO] [stderr]    Compiling fastrand v2.3.0
[INFO] [stderr]    Compiling rustix v0.38.44
[INFO] [stderr]    Compiling itertools v0.14.0
[INFO] [stderr]    Compiling colorchoice v1.0.4
[INFO] [stderr]    Compiling log v0.4.27
[INFO] [stderr]    Compiling regex-syntax v0.8.5
[INFO] [stderr]    Compiling anstyle v1.0.11
[INFO] [stderr]    Compiling anstyle-parse v0.2.7
[INFO] [stderr]    Compiling anstyle-query v1.1.3
[INFO] [stderr]    Compiling is_terminal_polyfill v1.70.1
[INFO] [stderr]    Compiling linux-raw-sys v0.4.15
[INFO] [stderr]    Compiling serde v1.0.219
[INFO] [stderr]    Compiling bytes v1.10.1
[INFO] [stderr]    Compiling clap_lex v0.7.5
[INFO] [stderr]    Compiling winnow v0.7.11
[INFO] [stderr]    Compiling anstream v0.6.19
[INFO] [stderr]    Compiling home v0.5.11
[INFO] [stderr]    Compiling prettyplease v0.2.35
[INFO] [stderr]    Compiling toml_write v0.1.2
[INFO] [stderr]    Compiling clap_builder v4.5.40
[INFO] [stderr]    Compiling fixedbitset v0.5.7
[INFO] [stderr]    Compiling cbindgen v0.29.0
[INFO] [stderr]    Compiling generic-array v0.14.7
[INFO] [stderr]    Compiling indexmap v2.10.0
[INFO] [stderr]    Compiling aho-corasick v1.1.3
[INFO] [stderr]    Compiling crc32fast v1.4.2
[INFO] [stderr]    Compiling multimap v0.10.1
[INFO] [stderr]    Compiling jobserver v0.1.33
[INFO] [stderr]    Compiling zlib-rs v0.5.1
[INFO] [stderr]    Compiling cc v1.2.29
[INFO] [stderr]    Compiling parking_lot_core v0.9.11
[INFO] [stderr]    Compiling rustversion v1.0.21
[INFO] [stderr]    Compiling petgraph v0.7.1
[INFO] [stderr]    Compiling parking_lot v0.12.4
[INFO] [stderr]    Compiling mio v1.0.4
[INFO] [stderr]    Compiling crypto-common v0.1.6
[INFO] [stderr]    Compiling block-buffer v0.10.4
[INFO] [stderr]    Compiling inout v0.1.4
[INFO] [stderr]    Compiling tempfile v3.20.0
[INFO] [stderr]    Compiling digest v0.10.7
[INFO] [stderr]    Compiling cipher v0.4.4
[INFO] [stderr]    Compiling signal-hook-registry v1.4.5
[INFO] [stderr]    Compiling socket2 v0.5.10
[INFO] [stderr]    Compiling hmac v0.12.1
[INFO] [stderr]    Compiling deranged v0.4.0
[INFO] [stderr]    Compiling constant_time_eq v0.3.1
[INFO] [stderr]    Compiling simd-adler32 v0.3.7
[INFO] [stderr]    Compiling regex-automata v0.4.9
[INFO] [stderr]    Compiling clap v4.5.40
[INFO] [stderr]    Compiling time-core v0.1.4
[INFO] [stderr]    Compiling bumpalo v3.19.0
[INFO] [stderr]    Compiling pbkdf2 v0.12.2
[INFO] [stderr]    Compiling aes v0.8.4
[INFO] [stderr]    Compiling zopfli v0.8.2
[INFO] [stderr]    Compiling sha1 v0.10.6
[INFO] [stderr]    Compiling time v0.3.41
[INFO] [stderr]    Compiling zstd-sys v2.0.15+zstd.1.5.7
[INFO] [stderr]    Compiling openssl-sys v0.9.109
[INFO] [stderr]    Compiling bzip2-sys v0.1.13+1.0.8
[INFO] [stderr]    Compiling liblzma-sys v0.4.4
[INFO] [stderr]    Compiling which v4.4.2
[INFO] [stderr]    Compiling blake3 v1.8.2
[INFO] [stderr]    Compiling bzip2 v0.5.2
[INFO] [stderr]    Compiling iana-time-zone v0.1.63
[INFO] [stderr]    Compiling openssl v0.10.73
[INFO] [stderr]    Compiling native-tls v0.2.14
[INFO] [stderr]    Compiling liblzma v0.4.2
[INFO] [stderr]    Compiling arrayvec v0.7.6
[INFO] [stderr]    Compiling deflate64 v0.1.9
[INFO] [stderr]    Compiling chrono v0.4.41
[INFO] [stderr]    Compiling uuid v1.17.0
[INFO] [stderr]    Compiling sha2 v0.10.9
[INFO] [stderr]    Compiling socket2 v0.6.0
[INFO] [stderr]    Compiling hostname v0.4.1
[INFO] [stderr]    Compiling libz-rs-sys v0.5.1
[INFO] [stderr]    Compiling whoami v1.6.0
[INFO] [stderr]    Compiling flate2 v1.1.2
[INFO] [stderr]    Compiling strum v0.27.1
[INFO] [stderr]    Compiling xml-rs v0.8.26
[INFO] [stderr]    Compiling serde_derive v1.0.219
[INFO] [stderr]    Compiling thiserror-impl v1.0.69
[INFO] [stderr]    Compiling prost-derive v0.14.1
[INFO] [stderr]    Compiling tokio-macros v2.5.0
[INFO] [stderr]    Compiling openssl-macros v0.1.1
[INFO] [stderr]    Compiling zeroize_derive v1.4.2
[INFO] [stderr]    Compiling strum_macros v0.27.1
[INFO] [stderr]    Compiling regex v1.11.1
[INFO] [stderr]    Compiling thiserror v1.0.69
[INFO] [stderr]    Compiling zeroize v1.8.1
[INFO] [stderr]    Compiling protobuf-support v3.7.2
[INFO] [stderr]    Compiling tokio v1.46.1
[INFO] [stderr]    Compiling prost v0.14.1
[INFO] [stderr]    Compiling prost-types v0.14.1
[INFO] [stderr]    Compiling prost-build v0.14.1
[INFO] [stderr]    Compiling protobuf-parse v3.7.2
[INFO] [stderr]    Compiling serde_spanned v0.6.9
[INFO] [stderr]    Compiling toml_datetime v0.6.11
[INFO] [stderr]    Compiling toml_edit v0.22.27
[INFO] [stderr]    Compiling serde_json v1.0.140
[INFO] [stderr]    Compiling protobuf-codegen v3.7.2
[INFO] [stderr]    Compiling hyper v1.6.0
[INFO] [stderr]    Compiling toml v0.8.23
[INFO] [stderr]    Compiling cottak v0.1.1 (/opt/rustwide/workdir)
[INFO] [stderr]    Compiling zstd-safe v7.2.4
[INFO] [stderr]    Compiling zstd v0.13.3
[INFO] [stderr]    Compiling zip v4.2.0
[INFO] [stderr] warning: unused dependency `blake3`
[INFO] [stderr]   --> Cargo.toml:10:15
[INFO] [stderr]    |
[INFO] [stderr] 10 | [dependencies.blake3]
[INFO] [stderr]    |               ^^^^^^^
[INFO] [stderr]    |
[INFO] [stderr]    = note: `cargo::unused_dependencies` is set to `warn` by default
[INFO] [stderr] help: consider removing the dependency on `blake3`
[INFO] [stderr] warning: unused dependency `clap`
[INFO] [stderr]   --> Cargo.toml:16:15
[INFO] [stderr]    |
[INFO] [stderr] 16 | [dependencies.clap]
[INFO] [stderr]    |               ^^^^^
[INFO] [stderr]    |
[INFO] [stderr] help: consider removing the dependency on `clap`
[INFO] [stderr] warning: unused dependency `hex`
[INFO] [stderr]   --> Cargo.toml:19:15
[INFO] [stderr]    |
[INFO] [stderr] 19 | [dependencies.hex]
[INFO] [stderr]    |               ^^^^
[INFO] [stderr]    |
[INFO] [stderr] help: consider removing the dependency on `hex`
[INFO] [stderr] warning: unused dependency `hyper`
[INFO] [stderr]   --> Cargo.toml:25:15
[INFO] [stderr]    |
[INFO] [stderr] 25 | [dependencies.hyper]
[INFO] [stderr]    |               ^^^^^^
[INFO] [stderr]    |
[INFO] [stderr] help: consider removing the dependency on `hyper`
[INFO] [stderr] warning: unused dependency `xml-rs`
[INFO] [stderr]   --> Cargo.toml:70:15
[INFO] [stderr]    |
[INFO] [stderr] 70 | [dependencies.xml-rs]
[INFO] [stderr]    |               ^^^^^^^
[INFO] [stderr]    |
[INFO] [stderr] help: consider removing the dependency on `xml-rs`
[INFO] [stderr] warning: unused dependency `cbindgen`
[INFO] [stderr]  --> Cargo.toml:1:21
[INFO] [stderr]   |
[INFO] [stderr] 1 | [build-dependencies.cbindgen]
[INFO] [stderr]   |                     ^^^^^^^^^
[INFO] [stderr]   |
[INFO] [stderr] help: consider removing the dependency on `cbindgen`
[INFO] [stderr] warning: unused dependency `prost-build`
[INFO] [stderr]  --> Cargo.toml:4:21
[INFO] [stderr]   |
[INFO] [stderr] 4 | [build-dependencies.prost-build]
[INFO] [stderr]   |                     ^^^^^^^^^^^^
[INFO] [stderr]   |
[INFO] [stderr] help: consider removing the dependency on `prost-build`
[INFO] [stderr] warning: `cottak` (manifest) generated 7 warnings
[INFO] [stderr]     Finished `release` profile [optimized] target(s) in 2m 13s
[INFO] running `Command { std: "docker" "inspect" "e5e568535c0b90196a14d0e0898397c8a8cd3713791b862d04ed24c43c45111a", kill_on_drop: false }`
[INFO] running `Command { std: "docker" "exec" "-e" "SOURCE_DIR=/opt/rustwide/workdir" "-e" "CARGO_HOME=/opt/rustwide/cargo-home" "-e" "RUSTUP_HOME=/opt/rustwide/rustup-home" "-e" "CARGO_TARGET_DIR=/opt/rustwide/target" "-e" "CARGO_INCREMENTAL=0" "-e" "RUST_BACKTRACE=full" "-e" "RUSTFLAGS=--cap-lints=warn" "-e" "RUSTDOCFLAGS=--cap-lints=warn" "-w" "/opt/rustwide/workdir" "--user" "0:0" "e5e568535c0b90196a14d0e0898397c8a8cd3713791b862d04ed24c43c45111a" "/opt/rustwide/cargo-home/bin/cargo" "+1.100.0-beta.1" "test" "--frozen" "--no-run" "--message-format=json" "--release", kill_on_drop: false }`
[INFO] [stderr]    Compiling cottak v0.1.1 (/opt/rustwide/workdir)
[INFO] [stdout] error[E0433]: cannot find type `Path` in this scope
[INFO] [stdout]   --> src/tests.rs:29:20
[INFO] [stdout]    |
[INFO] [stdout] 29 |         let path = Path::new("LICENSE");
[INFO] [stdout]    |                    ^^^^ use of undeclared type `Path`
[INFO] [stdout]    |
[INFO] [stdout] help: consider importing this struct
[INFO] [stdout]    |
[INFO] [stdout] 15 +     use std::path::Path;
[INFO] [stdout]    |
[INFO] [stdout] 
[INFO] [stdout] 
[INFO] [stdout] error[E0433]: cannot find module or crate `fs` in this scope
[INFO] [stdout]   --> src/tests.rs:30:23
[INFO] [stdout]    |
[INFO] [stdout] 30 |         let license = fs::read_to_string(path).expect("Unable to read file");
[INFO] [stdout]    |                       ^^ use of unresolved module or unlinked crate `fs`
[INFO] [stdout]    |
[INFO] [stdout]    = help: if you wanted to use a crate named `fs`, use `cargo add fs` to add it to your `Cargo.toml`
[INFO] [stdout] help: consider importing this module
[INFO] [stdout]    |
[INFO] [stdout] 15 +     use std::fs;
[INFO] [stdout]    |
[INFO] [stdout] 
[INFO] [stdout] 
[INFO] [stdout] error[E0433]: cannot find type `Path` in this scope
[INFO] [stdout]    --> src/tests.rs:113:20
[INFO] [stdout]     |
[INFO] [stdout] 113 |         let path = Path::new("config.toml");
[INFO] [stdout]     |                    ^^^^ use of undeclared type `Path`
[INFO] [stdout]     |
[INFO] [stdout] help: consider importing this struct
[INFO] [stdout]     |
[INFO] [stdout]  15 +     use std::path::Path;
[INFO] [stdout]     |
[INFO] [stdout] 
[INFO] [stdout] 
[INFO] [stdout] error[E0433]: cannot find module or crate `fs` in this scope
[INFO] [stdout]    --> src/tests.rs:114:22
[INFO] [stdout]     |
[INFO] [stdout] 114 |         let config = fs::read_to_string(path).expect("Unable to read file");
[INFO] [stdout]     |                      ^^ use of unresolved module or unlinked crate `fs`
[INFO] [stdout]     |
[INFO] [stdout]     = help: if you wanted to use a crate named `fs`, use `cargo add fs` to add it to your `Cargo.toml`
[INFO] [stdout] help: consider importing this module
[INFO] [stdout]     |
[INFO] [stdout]  15 +     use std::fs;
[INFO] [stdout]     |
[INFO] [stdout] 
[INFO] [stdout] 
[INFO] [stdout] For more information about this error, try `rustc --explain E0433`.
[INFO] [stdout] 
[INFO] [stderr] error: could not compile `cottak` (lib test) due to 4 previous errors
[INFO] [stderr] warning: build failed, waiting for other jobs to finish...
[INFO] [stderr] warning: unused dependency `blake3`
[INFO] [stderr]   --> Cargo.toml:10:15
[INFO] [stderr]    |
[INFO] [stderr] 10 | [dependencies.blake3]
[INFO] [stderr]    |               ^^^^^^^
[INFO] [stderr]    |
[INFO] [stderr]    = note: `cargo::unused_dependencies` is set to `warn` by default
[INFO] [stderr] help: consider removing the dependency on `blake3`
[INFO] [stderr] warning: unused dependency `clap`
[INFO] [stderr]   --> Cargo.toml:16:15
[INFO] [stderr]    |
[INFO] [stderr] 16 | [dependencies.clap]
[INFO] [stderr]    |               ^^^^^
[INFO] [stderr]    |
[INFO] [stderr] help: consider removing the dependency on `clap`
[INFO] [stderr] warning: unused dependency `hex`
[INFO] [stderr]   --> Cargo.toml:19:15
[INFO] [stderr]    |
[INFO] [stderr] 19 | [dependencies.hex]
[INFO] [stderr]    |               ^^^^
[INFO] [stderr]    |
[INFO] [stderr] help: consider removing the dependency on `hex`
[INFO] [stderr] warning: unused dependency `hyper`
[INFO] [stderr]   --> Cargo.toml:25:15
[INFO] [stderr]    |
[INFO] [stderr] 25 | [dependencies.hyper]
[INFO] [stderr]    |               ^^^^^^
[INFO] [stderr]    |
[INFO] [stderr] help: consider removing the dependency on `hyper`
[INFO] [stderr] warning: unused dependency `xml-rs`
[INFO] [stderr]   --> Cargo.toml:70:15
[INFO] [stderr]    |
[INFO] [stderr] 70 | [dependencies.xml-rs]
[INFO] [stderr]    |               ^^^^^^^
[INFO] [stderr]    |
[INFO] [stderr] help: consider removing the dependency on `xml-rs`
[INFO] [stderr] warning: unused dependency `cbindgen`
[INFO] [stderr]  --> Cargo.toml:1:21
[INFO] [stderr]   |
[INFO] [stderr] 1 | [build-dependencies.cbindgen]
[INFO] [stderr]   |                     ^^^^^^^^^
[INFO] [stderr]   |
[INFO] [stderr] help: consider removing the dependency on `cbindgen`
[INFO] [stderr] warning: unused dependency `prost-build`
[INFO] [stderr]  --> Cargo.toml:4:21
[INFO] [stderr]   |
[INFO] [stderr] 4 | [build-dependencies.prost-build]
[INFO] [stderr]   |                     ^^^^^^^^^^^^
[INFO] [stderr]   |
[INFO] [stderr] help: consider removing the dependency on `prost-build`
[INFO] [stderr] warning: `cottak` (manifest) generated 7 warnings
[INFO] running `Command { std: "docker" "inspect" "e5e568535c0b90196a14d0e0898397c8a8cd3713791b862d04ed24c43c45111a", kill_on_drop: false }`
[INFO] running `Command { std: "docker" "rm" "-f" "e5e568535c0b90196a14d0e0898397c8a8cd3713791b862d04ed24c43c45111a", kill_on_drop: false }`
[INFO] [stdout] e5e568535c0b90196a14d0e0898397c8a8cd3713791b862d04ed24c43c45111a
