[INFO] fetching crate cot_macros 0.7.0...
[INFO] testing cot_macros-0.7.0 against 1.99.0-beta.8+cargoflags=--release for beta-release-1.100-2
[INFO] extracting crate cot_macros 0.7.0 into /workspace/builds/worker-5-tc1/source
[INFO] started tweaking crates.io crate cot_macros 0.7.0
[INFO] removed 0 missing tests
[INFO] finished tweaking crates.io crate cot_macros 0.7.0
[INFO] tweaked toml for crates.io crate cot_macros 0.7.0 written to /workspace/builds/worker-5-tc1/source/Cargo.toml
[INFO] validating manifest of crates.io crate cot_macros 0.7.0 on toolchain 1.99.0-beta.8
[INFO] running `Command { std: CARGO_HOME="/workspace/cargo-home" RUSTUP_HOME="/workspace/rustup-home" "/workspace/cargo-home/bin/cargo" "+1.99.0-beta.8" "metadata" "--manifest-path" "Cargo.toml" "--no-deps", kill_on_drop: false }`
[INFO] crate crates.io crate cot_macros 0.7.0 already has a lockfile, it will not be regenerated
[INFO] running `Command { std: CARGO_HOME="/workspace/cargo-home" RUSTUP_HOME="/workspace/rustup-home" "/workspace/cargo-home/bin/cargo" "+1.99.0-beta.8" "fetch" "--manifest-path" "Cargo.toml", kill_on_drop: false }`
[INFO] [stderr] warning: Cargo.toml: `lints.rust.deprecated-safe` is deprecated in favor of `lints.rust.deprecated_safe` and will not work in a future edition
[INFO] [stderr] warning: Cargo.toml: `lints.rust.keyword-idents` is deprecated in favor of `lints.rust.keyword_idents` and will not work in a future edition
[INFO] [stderr] warning: `cot_macros` (manifest) generated 2 warnings
[INFO] [stderr]     Updating crates.io index
[INFO] [stderr]  Downloading crates ...
[INFO] [stderr]   Downloaded cot_codegen v0.7.0
[INFO] [stderr]   Downloaded askama_parser v0.16.0
[INFO] [stderr]   Downloaded askama_derive v0.16.0
[INFO] running `Command { std: "docker" "create" "-v" "/var/lib/crater-agent-workspace/builds/worker-5-tc1/source:/opt/rustwide/workdir:ro,Z" "-v" "/var/lib/crater-agent-workspace/builds/worker-5-tc1/target:/opt/rustwide/target:rw,Z" "-v" "/var/lib/crater-agent-workspace/cargo-home:/opt/rustwide/cargo-home:ro,Z" "-v" "/var/lib/crater-agent-workspace/rustup-home:/opt/rustwide/rustup-home:ro,Z" "-m" "1610612736" "--network" "none" "ghcr.io/rust-lang/crates-build-env/linux@sha256:77db811e55d90add9212f6832c23229e3de5f1c1f9905e8cb07319ea15df73ac" "sleep" "infinity", kill_on_drop: false }`
[INFO] [stdout] 175fc2c570792807e4df621a9dd4c467e7e324872ba7b0f8af8fc45f4d46cc12
[INFO] running `Command { std: "docker" "start" "175fc2c570792807e4df621a9dd4c467e7e324872ba7b0f8af8fc45f4d46cc12", kill_on_drop: false }`
[INFO] running `Command { std: "docker" "inspect" "175fc2c570792807e4df621a9dd4c467e7e324872ba7b0f8af8fc45f4d46cc12", kill_on_drop: false }`
[INFO] running `Command { std: "docker" "exec" "-e" "SOURCE_DIR=/opt/rustwide/workdir" "-e" "CARGO_HOME=/opt/rustwide/cargo-home" "-e" "RUSTUP_HOME=/opt/rustwide/rustup-home" "-e" "CARGO_TARGET_DIR=/opt/rustwide/target" "-w" "/opt/rustwide/workdir" "--user" "0:0" "175fc2c570792807e4df621a9dd4c467e7e324872ba7b0f8af8fc45f4d46cc12" "/opt/rustwide/cargo-home/bin/cargo" "+1.99.0-beta.8" "metadata" "--no-deps" "--format-version=1", kill_on_drop: false }`
[INFO] running `Command { std: "docker" "inspect" "175fc2c570792807e4df621a9dd4c467e7e324872ba7b0f8af8fc45f4d46cc12", kill_on_drop: false }`
[INFO] running `Command { std: "docker" "exec" "-e" "SOURCE_DIR=/opt/rustwide/workdir" "-e" "CARGO_HOME=/opt/rustwide/cargo-home" "-e" "RUSTUP_HOME=/opt/rustwide/rustup-home" "-e" "CARGO_TARGET_DIR=/opt/rustwide/target" "-e" "CARGO_INCREMENTAL=0" "-e" "RUST_BACKTRACE=full" "-e" "RUSTFLAGS=--cap-lints=warn" "-e" "RUSTDOCFLAGS=--cap-lints=warn" "-w" "/opt/rustwide/workdir" "--user" "0:0" "175fc2c570792807e4df621a9dd4c467e7e324872ba7b0f8af8fc45f4d46cc12" "/opt/rustwide/cargo-home/bin/cargo" "+1.99.0-beta.8" "build" "--frozen" "--message-format=json" "--release", kill_on_drop: false }`
[INFO] [stderr] warning: Cargo.toml: `lints.rust.deprecated-safe` is deprecated in favor of `lints.rust.deprecated_safe` and will not work in a future edition
[INFO] [stderr] warning: Cargo.toml: `lints.rust.keyword-idents` is deprecated in favor of `lints.rust.keyword_idents` and will not work in a future edition
[INFO] [stderr] warning: `cot_macros` (manifest) generated 2 warnings
[INFO] [stderr]    Compiling memchr v2.8.2
[INFO] [stderr]    Compiling rustc-hash v2.1.2
[INFO] [stderr]    Compiling toml_datetime v1.1.1+spec-1.1.0
[INFO] [stderr]    Compiling syn v2.0.118
[INFO] [stderr]    Compiling winnow v1.0.3
[INFO] [stderr]    Compiling toml_parser v1.1.2+spec-1.1.0
[INFO] [stderr]    Compiling askama_parser v0.16.0
[INFO] [stderr]    Compiling toml_edit v0.25.12+spec-1.1.0
[INFO] [stderr]    Compiling proc-macro-crate v3.5.0
[INFO] [stderr]    Compiling darling_core v0.23.0
[INFO] [stderr]    Compiling askama_derive v0.16.0
[INFO] [stderr]    Compiling darling_macro v0.23.0
[INFO] [stderr]    Compiling darling v0.23.0
[INFO] [stderr]    Compiling cot_codegen v0.7.0
[INFO] [stderr]    Compiling cot_macros v0.7.0 (/opt/rustwide/workdir)
[INFO] [stderr]     Finished `release` profile [optimized] target(s) in 17.11s
[INFO] running `Command { std: "docker" "inspect" "175fc2c570792807e4df621a9dd4c467e7e324872ba7b0f8af8fc45f4d46cc12", kill_on_drop: false }`
[INFO] running `Command { std: "docker" "exec" "-e" "SOURCE_DIR=/opt/rustwide/workdir" "-e" "CARGO_HOME=/opt/rustwide/cargo-home" "-e" "RUSTUP_HOME=/opt/rustwide/rustup-home" "-e" "CARGO_TARGET_DIR=/opt/rustwide/target" "-e" "CARGO_INCREMENTAL=0" "-e" "RUST_BACKTRACE=full" "-e" "RUSTFLAGS=--cap-lints=warn" "-e" "RUSTDOCFLAGS=--cap-lints=warn" "-w" "/opt/rustwide/workdir" "--user" "0:0" "175fc2c570792807e4df621a9dd4c467e7e324872ba7b0f8af8fc45f4d46cc12" "/opt/rustwide/cargo-home/bin/cargo" "+1.99.0-beta.8" "test" "--frozen" "--no-run" "--message-format=json" "--release", kill_on_drop: false }`
[INFO] [stderr] warning: Cargo.toml: `lints.rust.deprecated-safe` is deprecated in favor of `lints.rust.deprecated_safe` and will not work in a future edition
[INFO] [stderr] warning: Cargo.toml: `lints.rust.keyword-idents` is deprecated in favor of `lints.rust.keyword_idents` and will not work in a future edition
[INFO] [stderr] warning: `cot_macros` (manifest) generated 2 warnings
[INFO] [stderr]    Compiling serde_core v1.0.228
[INFO] [stderr]    Compiling serde v1.0.228
[INFO] [stderr]    Compiling proc-macro2 v1.0.106
[INFO] [stderr]    Compiling winnow v1.0.3
[INFO] [stderr]    Compiling quote v1.0.46
[INFO] [stderr]    Compiling toml_datetime v1.1.1+spec-1.1.0
[INFO] [stderr]    Compiling ident_case v1.0.1
[INFO] [stderr]    Compiling serde_json v1.0.150
[INFO] [stderr]    Compiling target-triple v1.0.0
[INFO] [stderr]    Compiling rustc-hash v2.1.2
[INFO] [stderr]    Compiling toml_writer v1.1.1+spec-1.1.0
[INFO] [stderr]    Compiling dissimilar v1.0.11
[INFO] [stderr]    Compiling serde_derive v1.0.228
[INFO] [stderr]    Compiling termcolor v1.4.1
[INFO] [stderr]    Compiling heck v0.5.0
[INFO] [stderr]    Compiling toml_parser v1.1.2+spec-1.1.0
[INFO] [stderr]    Compiling askama_parser v0.16.0
[INFO] [stderr]    Compiling syn v2.0.118
[INFO] [stderr]    Compiling toml_edit v0.25.12+spec-1.1.0
[INFO] [stderr]    Compiling toml v1.1.2+spec-1.1.0
[INFO] [stderr]    Compiling proc-macro-crate v3.5.0
[INFO] [stderr]    Compiling serde_spanned v1.1.1
[INFO] [stderr]    Compiling trybuild v1.0.117
[INFO] [stderr]    Compiling cot_macros v0.7.0 (/opt/rustwide/workdir)
[INFO] [stderr]    Compiling darling_core v0.23.0
[INFO] [stderr]    Compiling askama_derive v0.16.0
[INFO] [stderr]    Compiling darling v0.23.0
[INFO] [stderr]    Compiling cot_codegen v0.7.0
[INFO] [stdout] error[E0433]: cannot find module or crate `cot` in this scope
[INFO] [stdout]  --> tests/query.rs:1:5
[INFO] [stdout]   |
[INFO] [stdout] 1 | use cot::db::query::{Expr, ExprAdd, ExprDiv, ExprEq, ExprMul, ExprOrd, ExprSub, Query};
[INFO] [stdout]   |     ^^^ use of unresolved module or unlinked crate `cot`
[INFO] [stdout]   |
[INFO] [stdout]   = help: if you wanted to use a crate named `cot`, use `cargo add cot` to add it to your `Cargo.toml`
[INFO] [stdout] 
[INFO] [stdout] 
[INFO] [stdout] error[E0433]: cannot find module or crate `cot` in this scope
[INFO] [stdout]  --> tests/query.rs:2:5
[INFO] [stdout]   |
[INFO] [stdout] 2 | use cot::db::{model, query};
[INFO] [stdout]   |     ^^^ use of unresolved module or unlinked crate `cot`
[INFO] [stdout]   |
[INFO] [stdout]   = help: if you wanted to use a crate named `cot`, use `cargo add cot` to add it to your `Cargo.toml`
[INFO] [stdout] 
[INFO] [stdout] 
[INFO] [stdout] error[E0433]: cannot find module or crate `cot` in this scope
[INFO] [stdout]   --> tests/query.rs:17:63
[INFO] [stdout]    |
[INFO] [stdout] 17 |         Query::<MyModel>::new().filter(ExprEq::eq(<MyModel as cot::db::Model>::Fields::id, 5)),
[INFO] [stdout]    |                                                               ^^^ use of unresolved module or unlinked crate `cot`
[INFO] [stdout]    |
[INFO] [stdout]    = help: if you wanted to use a crate named `cot`, use `cargo add cot` to add it to your `Cargo.toml`
[INFO] [stdout] 
[INFO] [stdout] 
[INFO] [stdout] error[E0433]: cannot find module or crate `cot` in this scope
[INFO] [stdout]   --> tests/query.rs:22:63
[INFO] [stdout]    |
[INFO] [stdout] 22 |         Query::<MyModel>::new().filter(ExprEq::ne(<MyModel as cot::db::Model>::Fields::id, 5)),
[INFO] [stdout]    |                                                               ^^^ use of unresolved module or unlinked crate `cot`
[INFO] [stdout]    |
[INFO] [stdout]    = help: if you wanted to use a crate named `cot`, use `cargo add cot` to add it to your `Cargo.toml`
[INFO] [stdout] 
[INFO] [stdout] 
[INFO] [stdout] error[E0433]: cannot find module or crate `cot` in this scope
[INFO] [stdout]   --> tests/query.rs:30:64
[INFO] [stdout]    |
[INFO] [stdout] 30 |         Query::<MyModel>::new().filter(ExprOrd::lt(<MyModel as cot::db::Model>::Fields::id, 5)),
[INFO] [stdout]    |                                                                ^^^ use of unresolved module or unlinked crate `cot`
[INFO] [stdout]    |
[INFO] [stdout]    = help: if you wanted to use a crate named `cot`, use `cargo add cot` to add it to your `Cargo.toml`
[INFO] [stdout] 
[INFO] [stdout] 
[INFO] [stdout] error[E0433]: cannot find module or crate `cot` in this scope
[INFO] [stdout]   --> tests/query.rs:35:65
[INFO] [stdout]    |
[INFO] [stdout] 35 |         Query::<MyModel>::new().filter(ExprOrd::lte(<MyModel as cot::db::Model>::Fields::id, 5)),
[INFO] [stdout]    |                                                                 ^^^ use of unresolved module or unlinked crate `cot`
[INFO] [stdout]    |
[INFO] [stdout]    = help: if you wanted to use a crate named `cot`, use `cargo add cot` to add it to your `Cargo.toml`
[INFO] [stdout] 
[INFO] [stdout] 
[INFO] [stdout] error[E0433]: cannot find module or crate `cot` in this scope
[INFO] [stdout]   --> tests/query.rs:40:64
[INFO] [stdout]    |
[INFO] [stdout] 40 |         Query::<MyModel>::new().filter(ExprOrd::gt(<MyModel as cot::db::Model>::Fields::id, 5)),
[INFO] [stdout]    |                                                                ^^^ use of unresolved module or unlinked crate `cot`
[INFO] [stdout]    |
[INFO] [stdout]    = help: if you wanted to use a crate named `cot`, use `cargo add cot` to add it to your `Cargo.toml`
[INFO] [stdout] 
[INFO] [stdout] 
[INFO] [stdout] error[E0433]: cannot find module or crate `cot` in this scope
[INFO] [stdout]   --> tests/query.rs:45:65
[INFO] [stdout]    |
[INFO] [stdout] 45 |         Query::<MyModel>::new().filter(ExprOrd::gte(<MyModel as cot::db::Model>::Fields::id, 5)),
[INFO] [stdout]    |                                                                 ^^^ use of unresolved module or unlinked crate `cot`
[INFO] [stdout]    |
[INFO] [stdout]    = help: if you wanted to use a crate named `cot`, use `cargo add cot` to add it to your `Cargo.toml`
[INFO] [stdout] 
[INFO] [stdout] 
[INFO] [stdout] error[E0433]: cannot find module or crate `cot` in this scope
[INFO] [stdout]   --> tests/query.rs:51:36
[INFO] [stdout]    |
[INFO] [stdout] 51 |             ExprEq::eq(<MyModel as cot::db::Model>::Fields::id, 5),
[INFO] [stdout]    |                                    ^^^ use of unresolved module or unlinked crate `cot`
[INFO] [stdout]    |
[INFO] [stdout]    = help: if you wanted to use a crate named `cot`, use `cargo add cot` to add it to your `Cargo.toml`
[INFO] [stdout] 
[INFO] [stdout] 
[INFO] [stdout] error[E0433]: cannot find module or crate `cot` in this scope
[INFO] [stdout]   --> tests/query.rs:52:36
[INFO] [stdout]    |
[INFO] [stdout] 52 |             ExprEq::eq(<MyModel as cot::db::Model>::Fields::name, "test")
[INFO] [stdout]    |                                    ^^^ use of unresolved module or unlinked crate `cot`
[INFO] [stdout]    |
[INFO] [stdout]    = help: if you wanted to use a crate named `cot`, use `cargo add cot` to add it to your `Cargo.toml`
[INFO] [stdout] 
[INFO] [stdout] 
[INFO] [stdout] error[E0433]: cannot find module or crate `cot` in this scope
[INFO] [stdout]   --> tests/query.rs:59:36
[INFO] [stdout]    |
[INFO] [stdout] 59 |             ExprEq::eq(<MyModel as cot::db::Model>::Fields::id, 5),
[INFO] [stdout]    |                                    ^^^ use of unresolved module or unlinked crate `cot`
[INFO] [stdout]    |
[INFO] [stdout]    = help: if you wanted to use a crate named `cot`, use `cargo add cot` to add it to your `Cargo.toml`
[INFO] [stdout] 
[INFO] [stdout] 
[INFO] [stdout] error[E0433]: cannot find module or crate `cot` in this scope
[INFO] [stdout]   --> tests/query.rs:60:36
[INFO] [stdout]    |
[INFO] [stdout] 60 |             ExprEq::eq(<MyModel as cot::db::Model>::Fields::id, 10)
[INFO] [stdout]    |                                    ^^^ use of unresolved module or unlinked crate `cot`
[INFO] [stdout]    |
[INFO] [stdout]    = help: if you wanted to use a crate named `cot`, use `cargo add cot` to add it to your `Cargo.toml`
[INFO] [stdout] 
[INFO] [stdout] 
[INFO] [stdout] error[E0433]: cannot find module or crate `cot` in this scope
[INFO] [stdout]   --> tests/query.rs:67:37
[INFO] [stdout]    |
[INFO] [stdout] 67 |             ExprOrd::gt(<MyModel as cot::db::Model>::Fields::id, 0),
[INFO] [stdout]    |                                     ^^^ use of unresolved module or unlinked crate `cot`
[INFO] [stdout]    |
[INFO] [stdout]    = help: if you wanted to use a crate named `cot`, use `cargo add cot` to add it to your `Cargo.toml`
[INFO] [stdout] 
[INFO] [stdout] 
[INFO] [stdout] error[E0433]: cannot find module or crate `cot` in this scope
[INFO] [stdout]   --> tests/query.rs:69:40
[INFO] [stdout]    |
[INFO] [stdout] 69 |                 ExprEq::eq(<MyModel as cot::db::Model>::Fields::name, "a"),
[INFO] [stdout]    |                                        ^^^ use of unresolved module or unlinked crate `cot`
[INFO] [stdout]    |
[INFO] [stdout]    = help: if you wanted to use a crate named `cot`, use `cargo add cot` to add it to your `Cargo.toml`
[INFO] [stdout] 
[INFO] [stdout] 
[INFO] [stdout] error[E0433]: cannot find module or crate `cot` in this scope
[INFO] [stdout]   --> tests/query.rs:70:40
[INFO] [stdout]    |
[INFO] [stdout] 70 |                 ExprEq::eq(<MyModel as cot::db::Model>::Fields::name, "b")
[INFO] [stdout]    |                                        ^^^ use of unresolved module or unlinked crate `cot`
[INFO] [stdout]    |
[INFO] [stdout]    = help: if you wanted to use a crate named `cot`, use `cargo add cot` to add it to your `Cargo.toml`
[INFO] [stdout] 
[INFO] [stdout] 
[INFO] [stdout] error[E0433]: cannot find `cot` in the list of imported crates
[INFO] [stdout]   --> tests/query.rs:80:23
[INFO] [stdout]    |
[INFO] [stdout] 80 |         <MyModel as ::cot::db::Model>::objects().filter(Expr::eq(
[INFO] [stdout]    |                       ^^^ could not find `cot` in the list of imported crates
[INFO] [stdout] 
[INFO] [stdout] 
[INFO] [stdout] error[E0433]: cannot find `cot` in the list of imported crates
[INFO] [stdout]   --> tests/query.rs:81:27
[INFO] [stdout]    |
[INFO] [stdout] 81 |             <MyModel as ::cot::db::Model>::Fields::id.as_expr(),
[INFO] [stdout]    |                           ^^^ could not find `cot` in the list of imported crates
[INFO] [stdout] 
[INFO] [stdout] 
[INFO] [stdout] error[E0433]: cannot find `cot` in the list of imported crates
[INFO] [stdout]   --> tests/query.rs:82:40
[INFO] [stdout]    |
[INFO] [stdout] 82 |             ExprAdd::add(<MyModel as ::cot::db::Model>::Fields::id, 5)
[INFO] [stdout]    |                                        ^^^ could not find `cot` in the list of imported crates
[INFO] [stdout] 
[INFO] [stdout] 
[INFO] [stdout] error[E0433]: cannot find module or crate `cot` in this scope
[INFO] [stdout]   --> tests/query.rs:91:29
[INFO] [stdout]    |
[INFO] [stdout] 91 |                 <MyModel as cot::db::Model>::Fields::quantity.as_expr(),
[INFO] [stdout]    |                             ^^^ use of unresolved module or unlinked crate `cot`
[INFO] [stdout]    |
[INFO] [stdout]    = help: if you wanted to use a crate named `cot`, use `cargo add cot` to add it to your `Cargo.toml`
[INFO] [stdout] 
[INFO] [stdout] 
[INFO] [stdout] error[E0433]: cannot find module or crate `cot` in this scope
[INFO] [stdout]   --> tests/query.rs:92:29
[INFO] [stdout]    |
[INFO] [stdout] 92 |                 <MyModel as cot::db::Model>::Fields::id.as_expr()
[INFO] [stdout]    |                             ^^^ use of unresolved module or unlinked crate `cot`
[INFO] [stdout]    |
[INFO] [stdout]    = help: if you wanted to use a crate named `cot`, use `cargo add cot` to add it to your `Cargo.toml`
[INFO] [stdout] 
[INFO] [stdout] 
[INFO] [stdout] error[E0433]: cannot find module or crate `cot` in this scope
[INFO] [stdout]    --> tests/query.rs:101:29
[INFO] [stdout]     |
[INFO] [stdout] 101 |                 <MyModel as cot::db::Model>::Fields::quantity.as_expr(),
[INFO] [stdout]     |                             ^^^ use of unresolved module or unlinked crate `cot`
[INFO] [stdout]     |
[INFO] [stdout]     = help: if you wanted to use a crate named `cot`, use `cargo add cot` to add it to your `Cargo.toml`
[INFO] [stdout] 
[INFO] [stdout] 
[INFO] [stdout] error[E0433]: cannot find module or crate `cot` in this scope
[INFO] [stdout]    --> tests/query.rs:102:29
[INFO] [stdout]     |
[INFO] [stdout] 102 |                 <MyModel as cot::db::Model>::Fields::id.as_expr()
[INFO] [stdout]     |                             ^^^ use of unresolved module or unlinked crate `cot`
[INFO] [stdout]     |
[INFO] [stdout]     = help: if you wanted to use a crate named `cot`, use `cargo add cot` to add it to your `Cargo.toml`
[INFO] [stdout] 
[INFO] [stdout] 
[INFO] [stdout] error[E0433]: cannot find module or crate `cot` in this scope
[INFO] [stdout]    --> tests/query.rs:111:25
[INFO] [stdout]     |
[INFO] [stdout] 111 |             <MyModel as cot::db::Model>::Fields::quantity.as_expr(),
[INFO] [stdout]     |                         ^^^ use of unresolved module or unlinked crate `cot`
[INFO] [stdout]     |
[INFO] [stdout]     = help: if you wanted to use a crate named `cot`, use `cargo add cot` to add it to your `Cargo.toml`
[INFO] [stdout] 
[INFO] [stdout] 
[INFO] [stdout] error[E0433]: cannot find module or crate `cot` in this scope
[INFO] [stdout]    --> tests/query.rs:112:25
[INFO] [stdout]     |
[INFO] [stdout] 112 |             <MyModel as cot::db::Model>::Fields::id.as_expr()
[INFO] [stdout]     |                         ^^^ use of unresolved module or unlinked crate `cot`
[INFO] [stdout]     |
[INFO] [stdout]     = help: if you wanted to use a crate named `cot`, use `cargo add cot` to add it to your `Cargo.toml`
[INFO] [stdout] 
[INFO] [stdout] 
[INFO] [stdout] error[E0433]: cannot find module or crate `cot` in this scope
[INFO] [stdout]    --> tests/query.rs:123:25
[INFO] [stdout]     |
[INFO] [stdout] 123 |             <MyModel as cot::db::Model>::Fields::id.sub(5)
[INFO] [stdout]     |                         ^^^ use of unresolved module or unlinked crate `cot`
[INFO] [stdout]     |
[INFO] [stdout]     = help: if you wanted to use a crate named `cot`, use `cargo add cot` to add it to your `Cargo.toml`
[INFO] [stdout] 
[INFO] [stdout] 
[INFO] [stdout] error[E0433]: cannot find module or crate `cot` in this scope
[INFO] [stdout]    --> tests/query.rs:132:29
[INFO] [stdout]     |
[INFO] [stdout] 132 |                 <MyModel as cot::db::Model>::Fields::quantity.as_expr(),
[INFO] [stdout]     |                             ^^^ use of unresolved module or unlinked crate `cot`
[INFO] [stdout]     |
[INFO] [stdout]     = help: if you wanted to use a crate named `cot`, use `cargo add cot` to add it to your `Cargo.toml`
[INFO] [stdout] 
[INFO] [stdout] 
[INFO] [stdout] error[E0433]: cannot find module or crate `cot` in this scope
[INFO] [stdout]    --> tests/query.rs:133:29
[INFO] [stdout]     |
[INFO] [stdout] 133 |                 <MyModel as cot::db::Model>::Fields::id.as_expr()
[INFO] [stdout]     |                             ^^^ use of unresolved module or unlinked crate `cot`
[INFO] [stdout]     |
[INFO] [stdout]     = help: if you wanted to use a crate named `cot`, use `cargo add cot` to add it to your `Cargo.toml`
[INFO] [stdout] 
[INFO] [stdout] 
[INFO] [stdout] error[E0433]: cannot find module or crate `cot` in this scope
[INFO] [stdout]    --> tests/query.rs:142:29
[INFO] [stdout]     |
[INFO] [stdout] 142 |                 <MyModel as cot::db::Model>::Fields::quantity.as_expr(),
[INFO] [stdout]     |                             ^^^ use of unresolved module or unlinked crate `cot`
[INFO] [stdout]     |
[INFO] [stdout]     = help: if you wanted to use a crate named `cot`, use `cargo add cot` to add it to your `Cargo.toml`
[INFO] [stdout] 
[INFO] [stdout] 
[INFO] [stdout] error[E0433]: cannot find module or crate `cot` in this scope
[INFO] [stdout]    --> tests/query.rs:143:29
[INFO] [stdout]     |
[INFO] [stdout] 143 |                 <MyModel as cot::db::Model>::Fields::id.as_expr()
[INFO] [stdout]     |                             ^^^ use of unresolved module or unlinked crate `cot`
[INFO] [stdout]     |
[INFO] [stdout]     = help: if you wanted to use a crate named `cot`, use `cargo add cot` to add it to your `Cargo.toml`
[INFO] [stdout] 
[INFO] [stdout] 
[INFO] [stdout] error[E0433]: cannot find `cot` in the list of imported crates
[INFO] [stdout]    --> tests/query.rs:151:23
[INFO] [stdout]     |
[INFO] [stdout] 151 |         <MyModel as ::cot::db::Model>::objects().filter(ExprSub::sub(
[INFO] [stdout]     |                       ^^^ could not find `cot` in the list of imported crates
[INFO] [stdout] 
[INFO] [stdout] 
[INFO] [stdout] error[E0433]: cannot find `cot` in the list of imported crates
[INFO] [stdout]    --> tests/query.rs:152:27
[INFO] [stdout]     |
[INFO] [stdout] 152 |             <MyModel as ::cot::db::Model>::Fields::quantity,
[INFO] [stdout]     |                           ^^^ could not find `cot` in the list of imported crates
[INFO] [stdout] 
[INFO] [stdout] 
[INFO] [stdout] error[E0433]: cannot find `cot` in the list of imported crates
[INFO] [stdout]    --> tests/query.rs:162:23
[INFO] [stdout]     |
[INFO] [stdout] 162 |         <MyModel as ::cot::db::Model>::objects().filter(Expr::eq(
[INFO] [stdout]     |                       ^^^ could not find `cot` in the list of imported crates
[INFO] [stdout] 
[INFO] [stdout] 
[INFO] [stdout] error[E0433]: cannot find `cot` in the list of imported crates
[INFO] [stdout]    --> tests/query.rs:163:27
[INFO] [stdout]     |
[INFO] [stdout] 163 |             <MyModel as ::cot::db::Model>::Fields::id.as_expr(),
[INFO] [stdout]     |                           ^^^ could not find `cot` in the list of imported crates
[INFO] [stdout] 
[INFO] [stdout] 
[INFO] [stdout] error[E0433]: cannot find `cot` in the list of imported crates
[INFO] [stdout]    --> tests/query.rs:164:40
[INFO] [stdout]     |
[INFO] [stdout] 164 |             ExprMul::mul(<MyModel as ::cot::db::Model>::Fields::id, 5)
[INFO] [stdout]     |                                        ^^^ could not find `cot` in the list of imported crates
[INFO] [stdout] 
[INFO] [stdout] 
[INFO] [stdout] error[E0433]: cannot find module or crate `cot` in this scope
[INFO] [stdout]    --> tests/query.rs:173:29
[INFO] [stdout]     |
[INFO] [stdout] 173 |                 <MyModel as cot::db::Model>::Fields::quantity.as_expr(),
[INFO] [stdout]     |                             ^^^ use of unresolved module or unlinked crate `cot`
[INFO] [stdout]     |
[INFO] [stdout]     = help: if you wanted to use a crate named `cot`, use `cargo add cot` to add it to your `Cargo.toml`
[INFO] [stdout] 
[INFO] [stdout] 
[INFO] [stdout] error[E0433]: cannot find module or crate `cot` in this scope
[INFO] [stdout]    --> tests/query.rs:174:29
[INFO] [stdout]     |
[INFO] [stdout] 174 |                 <MyModel as cot::db::Model>::Fields::id.as_expr()
[INFO] [stdout]     |                             ^^^ use of unresolved module or unlinked crate `cot`
[INFO] [stdout]     |
[INFO] [stdout]     = help: if you wanted to use a crate named `cot`, use `cargo add cot` to add it to your `Cargo.toml`
[INFO] [stdout] 
[INFO] [stdout] 
[INFO] [stdout] error[E0433]: cannot find `cot` in the list of imported crates
[INFO] [stdout]    --> tests/query.rs:181:23
[INFO] [stdout]     |
[INFO] [stdout] 181 |         <MyModel as ::cot::db::Model>::objects().filter(Expr::gt(
[INFO] [stdout]     |                       ^^^ could not find `cot` in the list of imported crates
[INFO] [stdout] 
[INFO] [stdout] 
[INFO] [stdout] error[E0433]: cannot find `cot` in the list of imported crates
[INFO] [stdout]    --> tests/query.rs:183:31
[INFO] [stdout]     |
[INFO] [stdout] 183 |                 <MyModel as ::cot::db::Model>::Fields::quantity.as_expr(),
[INFO] [stdout]     |                               ^^^ could not find `cot` in the list of imported crates
[INFO] [stdout] 
[INFO] [stdout] 
[INFO] [stdout] error[E0433]: cannot find `cot` in the list of imported crates
[INFO] [stdout]    --> tests/query.rs:184:31
[INFO] [stdout]     |
[INFO] [stdout] 184 |                 <MyModel as ::cot::db::Model>::Fields::id.as_expr()
[INFO] [stdout]     |                               ^^^ could not find `cot` in the list of imported crates
[INFO] [stdout] 
[INFO] [stdout] 
[INFO] [stdout] error[E0433]: cannot find `cot` in the list of imported crates
[INFO] [stdout]    --> tests/query.rs:192:23
[INFO] [stdout]     |
[INFO] [stdout] 192 |         <MyModel as ::cot::db::Model>::objects().filter(::cot::db::query::ExprMul::mul(
[INFO] [stdout]     |                       ^^^ could not find `cot` in the list of imported crates
[INFO] [stdout] 
[INFO] [stdout] 
[INFO] [stdout] error[E0433]: cannot find `cot` in the list of imported crates
[INFO] [stdout]    --> tests/query.rs:192:59
[INFO] [stdout]     |
[INFO] [stdout] 192 |         <MyModel as ::cot::db::Model>::objects().filter(::cot::db::query::ExprMul::mul(
[INFO] [stdout]     |                                                           ^^^ could not find `cot` in the list of imported crates
[INFO] [stdout] 
[INFO] [stdout] 
[INFO] [stdout] error[E0433]: cannot find `cot` in the list of imported crates
[INFO] [stdout]    --> tests/query.rs:193:27
[INFO] [stdout]     |
[INFO] [stdout] 193 |             <MyModel as ::cot::db::Model>::Fields::quantity,
[INFO] [stdout]     |                           ^^^ could not find `cot` in the list of imported crates
[INFO] [stdout] 
[INFO] [stdout] 
[INFO] [stdout] error[E0433]: cannot find module or crate `cot` in this scope
[INFO] [stdout]    --> tests/query.rs:205:25
[INFO] [stdout]     |
[INFO] [stdout] 205 |             <MyModel as cot::db::Model>::Fields::id.div(5)
[INFO] [stdout]     |                         ^^^ use of unresolved module or unlinked crate `cot`
[INFO] [stdout]     |
[INFO] [stdout]     = help: if you wanted to use a crate named `cot`, use `cargo add cot` to add it to your `Cargo.toml`
[INFO] [stdout] 
[INFO] [stdout] 
[INFO] [stdout] error[E0433]: cannot find module or crate `cot` in this scope
[INFO] [stdout]    --> tests/query.rs:214:29
[INFO] [stdout]     |
[INFO] [stdout] 214 |                 <MyModel as cot::db::Model>::Fields::quantity.as_expr(),
[INFO] [stdout]     |                             ^^^ use of unresolved module or unlinked crate `cot`
[INFO] [stdout]     |
[INFO] [stdout]     = help: if you wanted to use a crate named `cot`, use `cargo add cot` to add it to your `Cargo.toml`
[INFO] [stdout] 
[INFO] [stdout] 
[INFO] [stdout] error[E0433]: cannot find module or crate `cot` in this scope
[INFO] [stdout]    --> tests/query.rs:215:29
[INFO] [stdout]     |
[INFO] [stdout] 215 |                 <MyModel as cot::db::Model>::Fields::id.as_expr()
[INFO] [stdout]     |                             ^^^ use of unresolved module or unlinked crate `cot`
[INFO] [stdout]     |
[INFO] [stdout]     = help: if you wanted to use a crate named `cot`, use `cargo add cot` to add it to your `Cargo.toml`
[INFO] [stdout] 
[INFO] [stdout] 
[INFO] [stdout] error[E0433]: cannot find module or crate `cot` in this scope
[INFO] [stdout]    --> tests/query.rs:224:29
[INFO] [stdout]     |
[INFO] [stdout] 224 |                 <MyModel as cot::db::Model>::Fields::quantity.as_expr(),
[INFO] [stdout]     |                             ^^^ use of unresolved module or unlinked crate `cot`
[INFO] [stdout]     |
[INFO] [stdout]     = help: if you wanted to use a crate named `cot`, use `cargo add cot` to add it to your `Cargo.toml`
[INFO] [stdout] 
[INFO] [stdout] 
[INFO] [stdout] error[E0433]: cannot find module or crate `cot` in this scope
[INFO] [stdout]    --> tests/query.rs:225:29
[INFO] [stdout]     |
[INFO] [stdout] 225 |                 <MyModel as cot::db::Model>::Fields::id.as_expr()
[INFO] [stdout]     |                             ^^^ use of unresolved module or unlinked crate `cot`
[INFO] [stdout]     |
[INFO] [stdout]     = help: if you wanted to use a crate named `cot`, use `cargo add cot` to add it to your `Cargo.toml`
[INFO] [stdout] 
[INFO] [stdout] 
[INFO] [stdout] error[E0433]: cannot find module or crate `cot` in this scope
[INFO] [stdout]    --> tests/query.rs:234:25
[INFO] [stdout]     |
[INFO] [stdout] 234 |             <MyModel as cot::db::Model>::Fields::quantity.as_expr(),
[INFO] [stdout]     |                         ^^^ use of unresolved module or unlinked crate `cot`
[INFO] [stdout]     |
[INFO] [stdout]     = help: if you wanted to use a crate named `cot`, use `cargo add cot` to add it to your `Cargo.toml`
[INFO] [stdout] 
[INFO] [stdout] 
[INFO] [stdout] error[E0433]: cannot find `cot` in the list of imported crates
[INFO] [stdout]    --> tests/query.rs:248:23
[INFO] [stdout]     |
[INFO] [stdout] 248 |         <MyModel as ::cot::db::Model>::objects()
[INFO] [stdout]     |                       ^^^ could not find `cot` in the list of imported crates
[INFO] [stdout] 
[INFO] [stdout] 
[INFO] [stdout] error[E0433]: cannot find `cot` in the list of imported crates
[INFO] [stdout]    --> tests/query.rs:249:46
[INFO] [stdout]     |
[INFO] [stdout] 249 |             .filter(ExprEq::eq(<MyModel as ::cot::db::Model>::Fields::id, 10)),
[INFO] [stdout]     |                                              ^^^ could not find `cot` in the list of imported crates
[INFO] [stdout] 
[INFO] [stdout] 
[INFO] [stdout] error[E0433]: cannot find `cot` in the list of imported crates
[INFO] [stdout]    --> tests/query.rs:255:23
[INFO] [stdout]     |
[INFO] [stdout] 255 |         <MyModel as ::cot::db::Model>::objects().filter(ExprEq::eq(
[INFO] [stdout]     |                       ^^^ could not find `cot` in the list of imported crates
[INFO] [stdout] 
[INFO] [stdout] 
[INFO] [stdout] error[E0433]: cannot find `cot` in the list of imported crates
[INFO] [stdout]    --> tests/query.rs:256:27
[INFO] [stdout]     |
[INFO] [stdout] 256 |             <MyModel as ::cot::db::Model>::Fields::id,
[INFO] [stdout]     |                           ^^^ could not find `cot` in the list of imported crates
[INFO] [stdout] 
[INFO] [stdout] 
[INFO] [stdout] error[E0433]: cannot find `cot` in the list of imported crates
[INFO] [stdout]    --> tests/query.rs:265:23
[INFO] [stdout]     |
[INFO] [stdout] 265 |         <MyModel as ::cot::db::Model>::objects().filter(ExprEq::eq(
[INFO] [stdout]     |                       ^^^ could not find `cot` in the list of imported crates
[INFO] [stdout] 
[INFO] [stdout] 
[INFO] [stdout] error[E0433]: cannot find `cot` in the list of imported crates
[INFO] [stdout]    --> tests/query.rs:266:27
[INFO] [stdout]     |
[INFO] [stdout] 266 |             <MyModel as ::cot::db::Model>::Fields::id,
[INFO] [stdout]     |                           ^^^ could not find `cot` in the list of imported crates
[INFO] [stdout] 
[INFO] [stdout] 
[INFO] [stdout] error[E0433]: cannot find `cot` in the list of imported crates
[INFO] [stdout]    --> tests/query.rs:273:23
[INFO] [stdout]     |
[INFO] [stdout] 273 |         <MyModel as ::cot::db::Model>::objects()
[INFO] [stdout]     |                       ^^^ could not find `cot` in the list of imported crates
[INFO] [stdout] 
[INFO] [stdout] 
[INFO] [stdout] error[E0433]: cannot find `cot` in the list of imported crates
[INFO] [stdout]    --> tests/query.rs:274:35
[INFO] [stdout]     |
[INFO] [stdout] 274 |             .filter(<MyModel as ::cot::db::Model>::Fields::id.as_expr()),
[INFO] [stdout]     |                                   ^^^ could not find `cot` in the list of imported crates
[INFO] [stdout] 
[INFO] [stdout] 
[INFO] [stdout] error[E0433]: cannot find `cot` in the list of imported crates
[INFO] [stdout]    --> tests/query.rs:285:23
[INFO] [stdout]     |
[INFO] [stdout] 285 |         <MyModel as ::cot::db::Model>::objects().filter(ExprEq::eq(
[INFO] [stdout]     |                       ^^^ could not find `cot` in the list of imported crates
[INFO] [stdout] 
[INFO] [stdout] 
[INFO] [stdout] error[E0433]: cannot find `cot` in the list of imported crates
[INFO] [stdout]    --> tests/query.rs:286:27
[INFO] [stdout]     |
[INFO] [stdout] 286 |             <MyModel as ::cot::db::Model>::Fields::id,
[INFO] [stdout]     |                           ^^^ could not find `cot` in the list of imported crates
[INFO] [stdout] 
[INFO] [stdout] 
[INFO] [stdout] For more information about this error, try `rustc --explain E0433`.
[INFO] [stdout] 
[INFO] [stderr] error: could not compile `cot_macros` (test "query") due to 58 previous errors
[INFO] running `Command { std: "docker" "inspect" "175fc2c570792807e4df621a9dd4c467e7e324872ba7b0f8af8fc45f4d46cc12", kill_on_drop: false }`
[INFO] running `Command { std: "docker" "rm" "-f" "175fc2c570792807e4df621a9dd4c467e7e324872ba7b0f8af8fc45f4d46cc12", kill_on_drop: false }`
[INFO] [stdout] 175fc2c570792807e4df621a9dd4c467e7e324872ba7b0f8af8fc45f4d46cc12
