[INFO] fetching crate cot_core 0.7.0...
[INFO] testing cot_core-0.7.0 against 1.99.0-beta.8+cargoflags=--release for beta-release-1.100-2
[INFO] extracting crate cot_core 0.7.0 into /workspace/builds/worker-2-tc1/source
[INFO] started tweaking crates.io crate cot_core 0.7.0
[INFO] finished tweaking crates.io crate cot_core 0.7.0
[INFO] tweaked toml for crates.io crate cot_core 0.7.0 written to /workspace/builds/worker-2-tc1/source/Cargo.toml
[INFO] validating manifest of crates.io crate cot_core 0.7.0 on toolchain 1.99.0-beta.8
[INFO] running `Command { std: CARGO_HOME="/workspace/cargo-home" RUSTUP_HOME="/workspace/rustup-home" "/workspace/cargo-home/bin/cargo" "+1.99.0-beta.8" "metadata" "--manifest-path" "Cargo.toml" "--no-deps", kill_on_drop: false }`
[INFO] crate crates.io crate cot_core 0.7.0 already has a lockfile, it will not be regenerated
[INFO] running `Command { std: CARGO_HOME="/workspace/cargo-home" RUSTUP_HOME="/workspace/rustup-home" "/workspace/cargo-home/bin/cargo" "+1.99.0-beta.8" "fetch" "--manifest-path" "Cargo.toml", kill_on_drop: false }`
[INFO] [stderr] warning: Cargo.toml: `lints.rust.deprecated-safe` is deprecated in favor of `lints.rust.deprecated_safe` and will not work in a future edition
[INFO] [stderr] warning: Cargo.toml: `lints.rust.keyword-idents` is deprecated in favor of `lints.rust.keyword_idents` and will not work in a future edition
[INFO] [stderr] warning: `cot_core` (manifest) generated 2 warnings
[INFO] [stderr]     Updating crates.io index
[INFO] [stderr]  Downloading crates ...
[INFO] [stderr]   Downloaded cot_macros v0.7.0
[INFO] [stderr]   Downloaded tower-sessions-core v0.15.0
[INFO] [stderr]   Downloaded serde_html_form v0.4.1
[INFO] [stderr]   Downloaded cot_codegen v0.7.0
[INFO] [stderr]   Downloaded askama_macros v0.16.0
[INFO] [stderr]   Downloaded tower-sessions v0.15.0
[INFO] [stderr]   Downloaded askama v0.16.0
[INFO] [stderr]   Downloaded askama_parser v0.16.0
[INFO] [stderr]   Downloaded askama_derive v0.16.0
[INFO] running `Command { std: "docker" "create" "-v" "/var/lib/crater-agent-workspace/builds/worker-2-tc1/source:/opt/rustwide/workdir:ro,Z" "-v" "/var/lib/crater-agent-workspace/builds/worker-2-tc1/target:/opt/rustwide/target:rw,Z" "-v" "/var/lib/crater-agent-workspace/cargo-home:/opt/rustwide/cargo-home:ro,Z" "-v" "/var/lib/crater-agent-workspace/rustup-home:/opt/rustwide/rustup-home:ro,Z" "-m" "1610612736" "--network" "none" "ghcr.io/rust-lang/crates-build-env/linux@sha256:77db811e55d90add9212f6832c23229e3de5f1c1f9905e8cb07319ea15df73ac" "sleep" "infinity", kill_on_drop: false }`
[INFO] [stdout] 758e9ec4cee8207c84a0db0b62d705ea54dd679391d5e99558bc51089382c465
[INFO] running `Command { std: "docker" "start" "758e9ec4cee8207c84a0db0b62d705ea54dd679391d5e99558bc51089382c465", kill_on_drop: false }`
[INFO] running `Command { std: "docker" "inspect" "758e9ec4cee8207c84a0db0b62d705ea54dd679391d5e99558bc51089382c465", kill_on_drop: false }`
[INFO] running `Command { std: "docker" "exec" "-e" "SOURCE_DIR=/opt/rustwide/workdir" "-e" "CARGO_HOME=/opt/rustwide/cargo-home" "-e" "RUSTUP_HOME=/opt/rustwide/rustup-home" "-e" "CARGO_TARGET_DIR=/opt/rustwide/target" "-w" "/opt/rustwide/workdir" "--user" "0:0" "758e9ec4cee8207c84a0db0b62d705ea54dd679391d5e99558bc51089382c465" "/opt/rustwide/cargo-home/bin/cargo" "+1.99.0-beta.8" "metadata" "--no-deps" "--format-version=1", kill_on_drop: false }`
[INFO] running `Command { std: "docker" "inspect" "758e9ec4cee8207c84a0db0b62d705ea54dd679391d5e99558bc51089382c465", kill_on_drop: false }`
[INFO] running `Command { std: "docker" "exec" "-e" "SOURCE_DIR=/opt/rustwide/workdir" "-e" "CARGO_HOME=/opt/rustwide/cargo-home" "-e" "RUSTUP_HOME=/opt/rustwide/rustup-home" "-e" "CARGO_TARGET_DIR=/opt/rustwide/target" "-e" "CARGO_INCREMENTAL=0" "-e" "RUST_BACKTRACE=full" "-e" "RUSTFLAGS=--cap-lints=warn" "-e" "RUSTDOCFLAGS=--cap-lints=warn" "-w" "/opt/rustwide/workdir" "--user" "0:0" "758e9ec4cee8207c84a0db0b62d705ea54dd679391d5e99558bc51089382c465" "/opt/rustwide/cargo-home/bin/cargo" "+1.99.0-beta.8" "build" "--frozen" "--message-format=json" "--release", kill_on_drop: false }`
[INFO] [stderr] warning: Cargo.toml: `lints.rust.deprecated-safe` is deprecated in favor of `lints.rust.deprecated_safe` and will not work in a future edition
[INFO] [stderr] warning: Cargo.toml: `lints.rust.keyword-idents` is deprecated in favor of `lints.rust.keyword_idents` and will not work in a future edition
[INFO] [stderr] warning: `cot_core` (manifest) generated 2 warnings
[INFO] [stderr]    Compiling quote v1.0.46
[INFO] [stderr]    Compiling serde_core v1.0.228
[INFO] [stderr]    Compiling bytes v1.12.0
[INFO] [stderr]    Compiling memchr v2.8.2
[INFO] [stderr]    Compiling zerocopy v0.8.52
[INFO] [stderr]    Compiling time-macros v0.2.31
[INFO] [stderr]    Compiling getrandom v0.3.4
[INFO] [stderr]    Compiling ident_case v1.0.1
[INFO] [stderr]    Compiling strsim v0.11.1
[INFO] [stderr]    Compiling sync_wrapper v1.0.2
[INFO] [stderr]    Compiling parking_lot_core v0.9.12
[INFO] [stderr]    Compiling syn v2.0.118
[INFO] [stderr]    Compiling rand_core v0.9.5
[INFO] [stderr]    Compiling cookie v0.18.1
[INFO] [stderr]    Compiling winnow v1.0.3
[INFO] [stderr]    Compiling serde v1.0.228
[INFO] [stderr]    Compiling indexmap v2.14.0
[INFO] [stderr]    Compiling http v1.4.2
[INFO] [stderr]    Compiling parking_lot v0.12.5
[INFO] [stderr]    Compiling futures-channel v0.3.32
[INFO] [stderr]    Compiling object v0.37.3
[INFO] [stderr]    Compiling unicode-segmentation v1.13.3
[INFO] [stderr]    Compiling log v0.4.33
[INFO] [stderr]    Compiling http-body v1.0.1
[INFO] [stderr]    Compiling toml_parser v1.1.2+spec-1.1.0
[INFO] [stderr]    Compiling rustc-hash v2.1.2
[INFO] [stderr]    Compiling http-body-util v0.1.3
[INFO] [stderr]    Compiling futures-io v0.3.32
[INFO] [stderr]    Compiling askama_parser v0.16.0
[INFO] [stderr]    Compiling convert_case v0.10.0
[INFO] [stderr]    Compiling axum-core v0.5.6
[INFO] [stderr]    Compiling toml_edit v0.25.12+spec-1.1.0
[INFO] [stderr]    Compiling tokio v1.52.3
[INFO] [stderr]    Compiling gimli v0.32.3
[INFO] [stderr]    Compiling deranged v0.5.8
[INFO] [stderr]    Compiling serde_json v1.0.150
[INFO] [stderr]    Compiling unicode-xid v0.2.6
[INFO] [stderr]    Compiling miniz_oxide v0.8.9
[INFO] [stderr]    Compiling darling_core v0.23.0
[INFO] [stderr]    Compiling proc-macro-crate v3.5.0
[INFO] [stderr]    Compiling time v0.3.53
[INFO] [stderr]    Compiling ppv-lite86 v0.2.21
[INFO] [stderr]    Compiling rand_chacha v0.9.0
[INFO] [stderr]    Compiling futures-macro v0.3.32
[INFO] [stderr]    Compiling serde_derive v1.0.228
[INFO] [stderr]    Compiling tracing-attributes v0.1.31
[INFO] [stderr]    Compiling futures-util v0.3.32
[INFO] [stderr]    Compiling thiserror-impl v2.0.18
[INFO] [stderr]    Compiling async-trait v0.1.89
[INFO] [stderr]    Compiling darling_macro v0.23.0
[INFO] [stderr]    Compiling darling v0.23.0
[INFO] [stderr]    Compiling tracing v0.1.44
[INFO] [stderr]    Compiling rand v0.9.4
[INFO] [stderr]    Compiling cot_codegen v0.7.0
[INFO] [stderr]    Compiling thiserror v2.0.18
[INFO] [stderr]    Compiling derive_more-impl v2.1.1
[INFO] [stderr]    Compiling addr2line v0.25.1
[INFO] [stderr]    Compiling askama_derive v0.16.0
[INFO] [stderr]    Compiling rustc-demangle v0.1.27
[INFO] [stderr]    Compiling serde_html_form v0.4.1
[INFO] [stderr]    Compiling futures v0.3.32
[INFO] [stderr]    Compiling tower-cookies v0.11.0
[INFO] [stderr]    Compiling tower v0.5.3
[INFO] [stderr]    Compiling backtrace v0.3.76
[INFO] [stderr]    Compiling axum v0.8.9
[INFO] [stderr]    Compiling serde_path_to_error v0.1.20
[INFO] [stderr]    Compiling tower-sessions-core v0.15.0
[INFO] [stderr]    Compiling askama v0.16.0
[INFO] [stderr]    Compiling derive_more v2.1.1
[INFO] [stderr]    Compiling tower-sessions v0.15.0
[INFO] [stderr]    Compiling cot_macros v0.7.0
[INFO] [stderr]    Compiling cot_core v0.7.0 (/opt/rustwide/workdir)
[INFO] [stdout] warning: unused import: `InvalidContentType`
[INFO] [stdout]   --> src/request/extractors.rs:57:22
[INFO] [stdout]    |
[INFO] [stdout] 57 | use crate::request::{InvalidContentType, PathParams, Request, RequestHead};
[INFO] [stdout]    |                      ^^^^^^^^^^^^^^^^^^
[INFO] [stdout]    |
[INFO] [stdout]    = note: `#[warn(unused_imports)]` (part of `#[warn(unused)]`) on by default
[INFO] [stdout] 
[INFO] [stdout] 
[INFO] [stdout] warning: unused import: `crate::error::impl_into_cot_error`
[INFO] [stdout]  --> src/response/into_response.rs:4:5
[INFO] [stdout]   |
[INFO] [stdout] 4 | use crate::error::impl_into_cot_error;
[INFO] [stdout]   |     ^^^^^^^^^^^^^^^^^^^^^^^^^^^^^^^^^
[INFO] [stdout] 
[INFO] [stdout] 
[INFO] [stderr]     Finished `release` profile [optimized] target(s) in 1m 44s
[INFO] running `Command { std: "docker" "inspect" "758e9ec4cee8207c84a0db0b62d705ea54dd679391d5e99558bc51089382c465", kill_on_drop: false }`
[INFO] running `Command { std: "docker" "exec" "-e" "SOURCE_DIR=/opt/rustwide/workdir" "-e" "CARGO_HOME=/opt/rustwide/cargo-home" "-e" "RUSTUP_HOME=/opt/rustwide/rustup-home" "-e" "CARGO_TARGET_DIR=/opt/rustwide/target" "-e" "CARGO_INCREMENTAL=0" "-e" "RUST_BACKTRACE=full" "-e" "RUSTFLAGS=--cap-lints=warn" "-e" "RUSTDOCFLAGS=--cap-lints=warn" "-w" "/opt/rustwide/workdir" "--user" "0:0" "758e9ec4cee8207c84a0db0b62d705ea54dd679391d5e99558bc51089382c465" "/opt/rustwide/cargo-home/bin/cargo" "+1.99.0-beta.8" "test" "--frozen" "--no-run" "--message-format=json" "--release", kill_on_drop: false }`
[INFO] [stderr] warning: Cargo.toml: `lints.rust.deprecated-safe` is deprecated in favor of `lints.rust.deprecated_safe` and will not work in a future edition
[INFO] [stderr] warning: Cargo.toml: `lints.rust.keyword-idents` is deprecated in favor of `lints.rust.keyword_idents` and will not work in a future edition
[INFO] [stderr] warning: `cot_core` (manifest) generated 2 warnings
[INFO] [stderr]    Compiling regex-automata v0.4.14
[INFO] [stderr]    Compiling getrandom v0.4.3
[INFO] [stderr]    Compiling vte v0.14.1
[INFO] [stderr]    Compiling console v0.16.3
[INFO] [stderr]    Compiling async-stream-impl v0.3.6
[INFO] [stderr]    Compiling similar v2.7.0
[INFO] [stdout] warning: unused import: `InvalidContentType`
[INFO] [stdout]   --> src/request/extractors.rs:57:22
[INFO] [stdout]    |
[INFO] [stdout] 57 | use crate::request::{InvalidContentType, PathParams, Request, RequestHead};
[INFO] [stdout]    |                      ^^^^^^^^^^^^^^^^^^
[INFO] [stdout]    |
[INFO] [stdout]    = note: `#[warn(unused_imports)]` (part of `#[warn(unused)]`) on by default
[INFO] [stdout] 
[INFO] [stdout] 
[INFO] [stdout] warning: unused import: `crate::error::impl_into_cot_error`
[INFO] [stdout]  --> src/response/into_response.rs:4:5
[INFO] [stdout]   |
[INFO] [stdout] 4 | use crate::error::impl_into_cot_error;
[INFO] [stdout]   |     ^^^^^^^^^^^^^^^^^^^^^^^^^^^^^^^^^
[INFO] [stdout] 
[INFO] [stdout] 
[INFO] [stderr]    Compiling strip-ansi-escapes v0.2.1
[INFO] [stderr]    Compiling tempfile v3.27.0
[INFO] [stderr]    Compiling async-stream v0.3.6
[INFO] [stderr]    Compiling regex v1.12.4
[INFO] [stderr]    Compiling insta v1.48.0
[INFO] [stderr]    Compiling cot_core v0.7.0 (/opt/rustwide/workdir)
[INFO] [stdout] error[E0432]: unresolved import `crate::headers::JSON_CONTENT_TYPE`
[INFO] [stdout]    --> src/response.rs:155:9
[INFO] [stdout]     |
[INFO] [stdout] 155 |     use crate::headers::JSON_CONTENT_TYPE;
[INFO] [stdout]     |         ^^^^^^^^^^^^^^^^-----------------
[INFO] [stdout]     |                         |
[INFO] [stdout]     |                         no `JSON_CONTENT_TYPE` in `headers`
[INFO] [stdout]     |
[INFO] [stdout] note: found an item that was configured out
[INFO] [stdout]    --> src/headers.rs:9:11
[INFO] [stdout]     |
[INFO] [stdout]   8 | #[cfg(feature = "json")]
[INFO] [stdout]     |       ---------------- the item is gated behind the `json` feature
[INFO] [stdout]   9 | pub const JSON_CONTENT_TYPE: &str = "application/json";
[INFO] [stdout]     |           ^^^^^^^^^^^^^^^^^
[INFO] [stdout] help: a similar name exists in the module
[INFO] [stdout]     |
[INFO] [stdout] 155 -     use crate::headers::JSON_CONTENT_TYPE;
[INFO] [stdout] 155 +     use crate::headers::HTML_CONTENT_TYPE;
[INFO] [stdout]     |
[INFO] [stdout] 
[INFO] [stdout] 
[INFO] [stdout] error[E0432]: unresolved import `crate::request::extractors::Json`
[INFO] [stdout]    --> src/request/extractors.rs:347:51
[INFO] [stdout]     |
[INFO] [stdout] 347 |     use crate::request::extractors::{FromRequest, Json, Path, UrlQuery};
[INFO] [stdout]     |                                                   ^^^^ no `Json` in `request::extractors`
[INFO] [stdout]     |
[INFO] [stdout] note: found an item that was configured out
[INFO] [stdout]    --> src/request/extractors.rs:56:18
[INFO] [stdout]     |
[INFO] [stdout]  55 | #[cfg(feature = "json")]
[INFO] [stdout]     |       ---------------- the item is gated behind the `json` feature
[INFO] [stdout]  56 | use crate::json::Json;
[INFO] [stdout]     |                  ^^^^
[INFO] [stdout] 
[INFO] [stdout] 
[INFO] [stdout] error[E0433]: cannot find module or crate `cot` in this scope
[INFO] [stdout]    --> src/response/into_response.rs:761:7
[INFO] [stdout]     |
[INFO] [stdout] 761 |     #[cot::test]
[INFO] [stdout]     |       ^^^ use of unresolved module or unlinked crate `cot`
[INFO] [stdout] 
[INFO] [stdout] 
[INFO] [stdout] error[E0433]: cannot find module or crate `cot` in this scope
[INFO] [stdout]    --> src/response/into_response.rs:750:7
[INFO] [stdout]     |
[INFO] [stdout] 750 |     #[cot::test]
[INFO] [stdout]     |       ^^^ use of unresolved module or unlinked crate `cot`
[INFO] [stdout] 
[INFO] [stdout] 
[INFO] [stdout] error[E0433]: cannot find module or crate `cot` in this scope
[INFO] [stdout]    --> src/response/into_response.rs:735:7
[INFO] [stdout]     |
[INFO] [stdout] 735 |     #[cot::test]
[INFO] [stdout]     |       ^^^ use of unresolved module or unlinked crate `cot`
[INFO] [stdout] 
[INFO] [stdout] 
[INFO] [stdout] error[E0433]: cannot find module or crate `cot` in this scope
[INFO] [stdout]    --> src/response/into_response.rs:720:7
[INFO] [stdout]     |
[INFO] [stdout] 720 |     #[cot::test]
[INFO] [stdout]     |       ^^^ use of unresolved module or unlinked crate `cot`
[INFO] [stdout] 
[INFO] [stdout] 
[INFO] [stdout] error[E0433]: cannot find module or crate `cot` in this scope
[INFO] [stdout]    --> src/response/into_response.rs:709:7
[INFO] [stdout]     |
[INFO] [stdout] 709 |     #[cot::test]
[INFO] [stdout]     |       ^^^ use of unresolved module or unlinked crate `cot`
[INFO] [stdout] 
[INFO] [stdout] 
[INFO] [stdout] error[E0433]: cannot find module or crate `cot` in this scope
[INFO] [stdout]    --> src/response/into_response.rs:692:7
[INFO] [stdout]     |
[INFO] [stdout] 692 |     #[cot::test]
[INFO] [stdout]     |       ^^^ use of unresolved module or unlinked crate `cot`
[INFO] [stdout] 
[INFO] [stdout] 
[INFO] [stdout] error[E0433]: cannot find module or crate `cot` in this scope
[INFO] [stdout]    --> src/response/into_response.rs:675:7
[INFO] [stdout]     |
[INFO] [stdout] 675 |     #[cot::test]
[INFO] [stdout]     |       ^^^ use of unresolved module or unlinked crate `cot`
[INFO] [stdout] 
[INFO] [stdout] 
[INFO] [stdout] error[E0433]: cannot find module or crate `cot` in this scope
[INFO] [stdout]    --> src/response/into_response.rs:654:7
[INFO] [stdout]     |
[INFO] [stdout] 654 |     #[cot::test]
[INFO] [stdout]     |       ^^^ use of unresolved module or unlinked crate `cot`
[INFO] [stdout] 
[INFO] [stdout] 
[INFO] [stdout] error[E0433]: cannot find module or crate `cot` in this scope
[INFO] [stdout]    --> src/response/into_response.rs:638:7
[INFO] [stdout]     |
[INFO] [stdout] 638 |     #[cot::test]
[INFO] [stdout]     |       ^^^ use of unresolved module or unlinked crate `cot`
[INFO] [stdout] 
[INFO] [stdout] 
[INFO] [stdout] error[E0433]: cannot find module or crate `cot` in this scope
[INFO] [stdout]    --> src/response/into_response.rs:626:7
[INFO] [stdout]     |
[INFO] [stdout] 626 |     #[cot::test]
[INFO] [stdout]     |       ^^^ use of unresolved module or unlinked crate `cot`
[INFO] [stdout] 
[INFO] [stdout] 
[INFO] [stdout] error[E0433]: cannot find module or crate `cot` in this scope
[INFO] [stdout]    --> src/response/into_response.rs:617:7
[INFO] [stdout]     |
[INFO] [stdout] 617 |     #[cot::test]
[INFO] [stdout]     |       ^^^ use of unresolved module or unlinked crate `cot`
[INFO] [stdout] 
[INFO] [stdout] 
[INFO] [stdout] error[E0433]: cannot find module or crate `cot` in this scope
[INFO] [stdout]    --> src/response/into_response.rs:602:7
[INFO] [stdout]     |
[INFO] [stdout] 602 |     #[cot::test]
[INFO] [stdout]     |       ^^^ use of unresolved module or unlinked crate `cot`
[INFO] [stdout] 
[INFO] [stdout] 
[INFO] [stdout] error[E0433]: cannot find module or crate `cot` in this scope
[INFO] [stdout]    --> src/response/into_response.rs:585:7
[INFO] [stdout]     |
[INFO] [stdout] 585 |     #[cot::test]
[INFO] [stdout]     |       ^^^ use of unresolved module or unlinked crate `cot`
[INFO] [stdout] 
[INFO] [stdout] 
[INFO] [stdout] error[E0433]: cannot find module or crate `cot` in this scope
[INFO] [stdout]    --> src/response/into_response.rs:568:7
[INFO] [stdout]     |
[INFO] [stdout] 568 |     #[cot::test]
[INFO] [stdout]     |       ^^^ use of unresolved module or unlinked crate `cot`
[INFO] [stdout] 
[INFO] [stdout] 
[INFO] [stdout] error[E0433]: cannot find module or crate `cot` in this scope
[INFO] [stdout]    --> src/response/into_response.rs:554:7
[INFO] [stdout]     |
[INFO] [stdout] 554 |     #[cot::test]
[INFO] [stdout]     |       ^^^ use of unresolved module or unlinked crate `cot`
[INFO] [stdout] 
[INFO] [stdout] 
[INFO] [stdout] error[E0433]: cannot find module or crate `cot` in this scope
[INFO] [stdout]    --> src/response/into_response.rs:537:7
[INFO] [stdout]     |
[INFO] [stdout] 537 |     #[cot::test]
[INFO] [stdout]     |       ^^^ use of unresolved module or unlinked crate `cot`
[INFO] [stdout] 
[INFO] [stdout] 
[INFO] [stdout] error[E0433]: cannot find module or crate `cot` in this scope
[INFO] [stdout]    --> src/response/into_response.rs:520:7
[INFO] [stdout]     |
[INFO] [stdout] 520 |     #[cot::test]
[INFO] [stdout]     |       ^^^ use of unresolved module or unlinked crate `cot`
[INFO] [stdout] 
[INFO] [stdout] 
[INFO] [stdout] error[E0433]: cannot find module or crate `cot` in this scope
[INFO] [stdout]    --> src/response/into_response.rs:503:7
[INFO] [stdout]     |
[INFO] [stdout] 503 |     #[cot::test]
[INFO] [stdout]     |       ^^^ use of unresolved module or unlinked crate `cot`
[INFO] [stdout] 
[INFO] [stdout] 
[INFO] [stdout] error[E0433]: cannot find module or crate `cot` in this scope
[INFO] [stdout]    --> src/response/into_response.rs:486:7
[INFO] [stdout]     |
[INFO] [stdout] 486 |     #[cot::test]
[INFO] [stdout]     |       ^^^ use of unresolved module or unlinked crate `cot`
[INFO] [stdout] 
[INFO] [stdout] 
[INFO] [stdout] error[E0433]: cannot find module or crate `cot` in this scope
[INFO] [stdout]    --> src/response/into_response.rs:469:7
[INFO] [stdout]     |
[INFO] [stdout] 469 |     #[cot::test]
[INFO] [stdout]     |       ^^^ use of unresolved module or unlinked crate `cot`
[INFO] [stdout] 
[INFO] [stdout] 
[INFO] [stdout] error[E0433]: cannot find module or crate `cot` in this scope
[INFO] [stdout]    --> src/response/into_response.rs:454:7
[INFO] [stdout]     |
[INFO] [stdout] 454 |     #[cot::test]
[INFO] [stdout]     |       ^^^ use of unresolved module or unlinked crate `cot`
[INFO] [stdout] 
[INFO] [stdout] 
[INFO] [stdout] error[E0433]: cannot find module or crate `cot` in this scope
[INFO] [stdout]    --> src/response/into_response.rs:444:7
[INFO] [stdout]     |
[INFO] [stdout] 444 |     #[cot::test]
[INFO] [stdout]     |       ^^^ use of unresolved module or unlinked crate `cot`
[INFO] [stdout] 
[INFO] [stdout] 
[INFO] [stdout] error[E0433]: cannot find module or crate `cot` in this scope
[INFO] [stdout]    --> src/response/into_response.rs:433:7
[INFO] [stdout]     |
[INFO] [stdout] 433 |     #[cot::test]
[INFO] [stdout]     |       ^^^ use of unresolved module or unlinked crate `cot`
[INFO] [stdout] 
[INFO] [stdout] 
[INFO] [stdout] error[E0433]: cannot find module or crate `cot` in this scope
[INFO] [stdout]    --> src/response/into_response.rs:419:7
[INFO] [stdout]     |
[INFO] [stdout] 419 |     #[cot::test]
[INFO] [stdout]     |       ^^^ use of unresolved module or unlinked crate `cot`
[INFO] [stdout] 
[INFO] [stdout] 
[INFO] [stdout] error[E0433]: cannot find module or crate `cot` in this scope
[INFO] [stdout]    --> src/response/into_response.rs:410:7
[INFO] [stdout]     |
[INFO] [stdout] 410 |     #[cot::test]
[INFO] [stdout]     |       ^^^ use of unresolved module or unlinked crate `cot`
[INFO] [stdout] 
[INFO] [stdout] 
[INFO] [stdout] error[E0433]: cannot find module or crate `cot` in this scope
[INFO] [stdout]    --> src/request/extractors.rs:462:7
[INFO] [stdout]     |
[INFO] [stdout] 462 |     #[cot::test]
[INFO] [stdout]     |       ^^^ use of unresolved module or unlinked crate `cot`
[INFO] [stdout] 
[INFO] [stdout] 
[INFO] [stdout] error[E0433]: cannot find module or crate `cot` in this scope
[INFO] [stdout]    --> src/request/extractors.rs:444:7
[INFO] [stdout]     |
[INFO] [stdout] 444 |     #[cot::test]
[INFO] [stdout]     |       ^^^ use of unresolved module or unlinked crate `cot`
[INFO] [stdout] 
[INFO] [stdout] 
[INFO] [stdout] error[E0433]: cannot find module or crate `cot` in this scope
[INFO] [stdout]    --> src/request/extractors.rs:420:7
[INFO] [stdout]     |
[INFO] [stdout] 420 |     #[cot::test]
[INFO] [stdout]     |       ^^^ use of unresolved module or unlinked crate `cot`
[INFO] [stdout] 
[INFO] [stdout] 
[INFO] [stdout] error[E0433]: cannot find module or crate `cot` in this scope
[INFO] [stdout]    --> src/body.rs:325:7
[INFO] [stdout]     |
[INFO] [stdout] 325 |     #[cot::test]
[INFO] [stdout]     |       ^^^ use of unresolved module or unlinked crate `cot`
[INFO] [stdout] 
[INFO] [stdout] 
[INFO] [stdout] error[E0433]: cannot find module or crate `cot` in this scope
[INFO] [stdout]    --> src/body.rs:306:7
[INFO] [stdout]     |
[INFO] [stdout] 306 |     #[cot::test]
[INFO] [stdout]     |       ^^^ use of unresolved module or unlinked crate `cot`
[INFO] [stdout] 
[INFO] [stdout] 
[INFO] [stdout] error[E0433]: cannot find module or crate `cot` in this scope
[INFO] [stdout]    --> src/body.rs:295:7
[INFO] [stdout]     |
[INFO] [stdout] 295 |     #[cot::test]
[INFO] [stdout]     |       ^^^ use of unresolved module or unlinked crate `cot`
[INFO] [stdout] 
[INFO] [stdout] 
[INFO] [stdout] warning: unused import: `InvalidContentType`
[INFO] [stdout]   --> src/request/extractors.rs:57:22
[INFO] [stdout]    |
[INFO] [stdout] 57 | use crate::request::{InvalidContentType, PathParams, Request, RequestHead};
[INFO] [stdout]    |                      ^^^^^^^^^^^^^^^^^^
[INFO] [stdout]    |
[INFO] [stdout]    = note: `#[warn(unused_imports)]` (part of `#[warn(unused)]`) on by default
[INFO] [stdout] 
[INFO] [stdout] 
[INFO] [stdout] warning: unused import: `FromRequest`
[INFO] [stdout]    --> src/request/extractors.rs:347:38
[INFO] [stdout]     |
[INFO] [stdout] 347 |     use crate::request::extractors::{FromRequest, Json, Path, UrlQuery};
[INFO] [stdout]     |                                      ^^^^^^^^^^^
[INFO] [stdout] 
[INFO] [stdout] 
[INFO] [stdout] warning: unused import: `crate::error::impl_into_cot_error`
[INFO] [stdout]  --> src/response/into_response.rs:4:5
[INFO] [stdout]   |
[INFO] [stdout] 4 | use crate::error::impl_into_cot_error;
[INFO] [stdout]   |     ^^^^^^^^^^^^^^^^^^^^^^^^^^^^^^^^^
[INFO] [stdout] 
[INFO] [stdout] 
[INFO] [stdout] warning: unused import: `crate::body::BodyInner`
[INFO] [stdout]    --> src/response.rs:154:9
[INFO] [stdout]     |
[INFO] [stdout] 154 |     use crate::body::BodyInner;
[INFO] [stdout]     |         ^^^^^^^^^^^^^^^^^^^^^^
[INFO] [stdout] 
[INFO] [stdout] 
[INFO] [stdout] Some errors have detailed explanations: E0432, E0433.
[INFO] [stdout] 
[INFO] [stdout] For more information about an error, try `rustc --explain E0432`.
[INFO] [stdout] 
[INFO] [stderr] error: could not compile `cot_core` (lib test) due to 33 previous errors; 4 warnings emitted
[INFO] running `Command { std: "docker" "inspect" "758e9ec4cee8207c84a0db0b62d705ea54dd679391d5e99558bc51089382c465", kill_on_drop: false }`
[INFO] running `Command { std: "docker" "rm" "-f" "758e9ec4cee8207c84a0db0b62d705ea54dd679391d5e99558bc51089382c465", kill_on_drop: false }`
[INFO] [stdout] 758e9ec4cee8207c84a0db0b62d705ea54dd679391d5e99558bc51089382c465
