[INFO] fetching crate cot_codegen 0.7.0...
[INFO] testing cot_codegen-0.7.0 against 1.99.0-beta.8+cargoflags=--release for beta-release-1.100-2
[INFO] extracting crate cot_codegen 0.7.0 into /workspace/builds/worker-6-tc1/source
[INFO] started tweaking crates.io crate cot_codegen 0.7.0
[INFO] finished tweaking crates.io crate cot_codegen 0.7.0
[INFO] tweaked toml for crates.io crate cot_codegen 0.7.0 written to /workspace/builds/worker-6-tc1/source/Cargo.toml
[INFO] validating manifest of crates.io crate cot_codegen 0.7.0 on toolchain 1.99.0-beta.8
[INFO] running `Command { std: CARGO_HOME="/workspace/cargo-home" RUSTUP_HOME="/workspace/rustup-home" "/workspace/cargo-home/bin/cargo" "+1.99.0-beta.8" "metadata" "--manifest-path" "Cargo.toml" "--no-deps", kill_on_drop: false }`
[INFO] crate crates.io crate cot_codegen 0.7.0 already has a lockfile, it will not be regenerated
[INFO] running `Command { std: CARGO_HOME="/workspace/cargo-home" RUSTUP_HOME="/workspace/rustup-home" "/workspace/cargo-home/bin/cargo" "+1.99.0-beta.8" "fetch" "--manifest-path" "Cargo.toml", kill_on_drop: false }`
[INFO] [stderr] warning: Cargo.toml: `lints.rust.deprecated-safe` is deprecated in favor of `lints.rust.deprecated_safe` and will not work in a future edition
[INFO] [stderr] warning: Cargo.toml: `lints.rust.keyword-idents` is deprecated in favor of `lints.rust.keyword_idents` and will not work in a future edition
[INFO] [stderr] warning: `cot_codegen` (manifest) generated 2 warnings
[INFO] running `Command { std: "docker" "create" "-v" "/var/lib/crater-agent-workspace/builds/worker-6-tc1/source:/opt/rustwide/workdir:ro,Z" "-v" "/var/lib/crater-agent-workspace/builds/worker-6-tc1/target:/opt/rustwide/target:rw,Z" "-v" "/var/lib/crater-agent-workspace/cargo-home:/opt/rustwide/cargo-home:ro,Z" "-v" "/var/lib/crater-agent-workspace/rustup-home:/opt/rustwide/rustup-home:ro,Z" "-m" "1610612736" "--network" "none" "ghcr.io/rust-lang/crates-build-env/linux@sha256:77db811e55d90add9212f6832c23229e3de5f1c1f9905e8cb07319ea15df73ac" "sleep" "infinity", kill_on_drop: false }`
[INFO] [stdout] f6fe9c79f89fead0fa545d3a73365a2df4912793a158e74719a742099af756af
[INFO] running `Command { std: "docker" "start" "f6fe9c79f89fead0fa545d3a73365a2df4912793a158e74719a742099af756af", kill_on_drop: false }`
[INFO] running `Command { std: "docker" "inspect" "f6fe9c79f89fead0fa545d3a73365a2df4912793a158e74719a742099af756af", kill_on_drop: false }`
[INFO] running `Command { std: "docker" "exec" "-e" "SOURCE_DIR=/opt/rustwide/workdir" "-e" "CARGO_HOME=/opt/rustwide/cargo-home" "-e" "RUSTUP_HOME=/opt/rustwide/rustup-home" "-e" "CARGO_TARGET_DIR=/opt/rustwide/target" "-w" "/opt/rustwide/workdir" "--user" "0:0" "f6fe9c79f89fead0fa545d3a73365a2df4912793a158e74719a742099af756af" "/opt/rustwide/cargo-home/bin/cargo" "+1.99.0-beta.8" "metadata" "--no-deps" "--format-version=1", kill_on_drop: false }`
[INFO] running `Command { std: "docker" "inspect" "f6fe9c79f89fead0fa545d3a73365a2df4912793a158e74719a742099af756af", kill_on_drop: false }`
[INFO] running `Command { std: "docker" "exec" "-e" "SOURCE_DIR=/opt/rustwide/workdir" "-e" "CARGO_HOME=/opt/rustwide/cargo-home" "-e" "RUSTUP_HOME=/opt/rustwide/rustup-home" "-e" "CARGO_TARGET_DIR=/opt/rustwide/target" "-e" "CARGO_INCREMENTAL=0" "-e" "RUST_BACKTRACE=full" "-e" "RUSTFLAGS=--cap-lints=warn" "-e" "RUSTDOCFLAGS=--cap-lints=warn" "-w" "/opt/rustwide/workdir" "--user" "0:0" "f6fe9c79f89fead0fa545d3a73365a2df4912793a158e74719a742099af756af" "/opt/rustwide/cargo-home/bin/cargo" "+1.99.0-beta.8" "build" "--frozen" "--message-format=json" "--release", kill_on_drop: false }`
[INFO] [stderr] warning: Cargo.toml: `lints.rust.deprecated-safe` is deprecated in favor of `lints.rust.deprecated_safe` and will not work in a future edition
[INFO] [stderr] warning: Cargo.toml: `lints.rust.keyword-idents` is deprecated in favor of `lints.rust.keyword_idents` and will not work in a future edition
[INFO] [stderr] warning: `cot_codegen` (manifest) generated 2 warnings
[INFO] [stderr]    Compiling proc-macro2 v1.0.106
[INFO] [stderr]    Compiling unicode-ident v1.0.24
[INFO] [stderr]    Compiling quote v1.0.46
[INFO] [stderr]    Compiling ident_case v1.0.1
[INFO] [stderr]    Compiling heck v0.5.0
[INFO] [stderr]    Compiling syn v2.0.118
[INFO] [stderr]    Compiling darling_core v0.23.0
[INFO] [stderr]    Compiling darling_macro v0.23.0
[INFO] [stderr]    Compiling darling v0.23.0
[INFO] [stderr]    Compiling cot_codegen v0.7.0 (/opt/rustwide/workdir)
[INFO] [stderr]     Finished `release` profile [optimized] target(s) in 1m 15s
[INFO] running `Command { std: "docker" "inspect" "f6fe9c79f89fead0fa545d3a73365a2df4912793a158e74719a742099af756af", kill_on_drop: false }`
[INFO] running `Command { std: "docker" "exec" "-e" "SOURCE_DIR=/opt/rustwide/workdir" "-e" "CARGO_HOME=/opt/rustwide/cargo-home" "-e" "RUSTUP_HOME=/opt/rustwide/rustup-home" "-e" "CARGO_TARGET_DIR=/opt/rustwide/target" "-e" "CARGO_INCREMENTAL=0" "-e" "RUST_BACKTRACE=full" "-e" "RUSTFLAGS=--cap-lints=warn" "-e" "RUSTDOCFLAGS=--cap-lints=warn" "-w" "/opt/rustwide/workdir" "--user" "0:0" "f6fe9c79f89fead0fa545d3a73365a2df4912793a158e74719a742099af756af" "/opt/rustwide/cargo-home/bin/cargo" "+1.99.0-beta.8" "test" "--frozen" "--no-run" "--message-format=json" "--release", kill_on_drop: false }`
[INFO] [stderr] warning: Cargo.toml: `lints.rust.deprecated-safe` is deprecated in favor of `lints.rust.deprecated_safe` and will not work in a future edition
[INFO] [stderr] warning: Cargo.toml: `lints.rust.keyword-idents` is deprecated in favor of `lints.rust.keyword_idents` and will not work in a future edition
[INFO] [stderr] warning: `cot_codegen` (manifest) generated 2 warnings
[INFO] [stderr]    Compiling proc-macro2 v1.0.106
[INFO] [stderr]    Compiling quote v1.0.46
[INFO] [stderr]    Compiling syn v2.0.118
[INFO] [stderr]    Compiling darling_core v0.23.0
[INFO] [stderr]    Compiling darling v0.23.0
[INFO] [stderr]    Compiling cot_codegen v0.7.0 (/opt/rustwide/workdir)
[INFO] [stdout] error[E0433]: cannot find type `Path` in this scope
[INFO] [stdout]    --> src/symbol_resolver.rs:385:74
[INFO] [stdout]     |
[INFO] [stdout] 385 |             SymbolResolver::get_imports(&file, &ModulePath::from_fs_path(Path::new("foo/bar.rs")));
[INFO] [stdout]     |                                                                          ^^^^ use of undeclared type `Path`
[INFO] [stdout]     |
[INFO] [stdout] help: consider importing this struct
[INFO] [stdout]     |
[INFO] [stdout] 360 +     use std::path::Path;
[INFO] [stdout]     |
[INFO] [stdout] 
[INFO] [stdout] 
[INFO] [stdout] error[E0599]: no associated function or constant named `get_imports` found for struct `symbol_resolver::SymbolResolver` in the current scope
[INFO] [stdout]    --> src/symbol_resolver.rs:385:29
[INFO] [stdout]     |
[INFO] [stdout]  15 | pub struct SymbolResolver {
[INFO] [stdout]     | ------------------------- associated function or constant `get_imports` not found for this struct
[INFO] [stdout] ...
[INFO] [stdout] 385 |             SymbolResolver::get_imports(&file, &ModulePath::from_fs_path(Path::new("foo/bar.rs")));
[INFO] [stdout]     |                             ^^^^^^^^^^^ associated function or constant not found in `symbol_resolver::SymbolResolver`
[INFO] [stdout]     |
[INFO] [stdout] note: if you're trying to build a new `symbol_resolver::SymbolResolver`, consider using `symbol_resolver::SymbolResolver::new` which returns `symbol_resolver::SymbolResolver`
[INFO] [stdout]    --> src/symbol_resolver.rs:22:5
[INFO] [stdout]     |
[INFO] [stdout]  22 |     pub fn new(symbols: Vec<VisibleSymbol>) -> Self {
[INFO] [stdout]     |     ^^^^^^^^^^^^^^^^^^^^^^^^^^^^^^^^^^^^^^^^^^^^^^^
[INFO] [stdout] 
[INFO] [stdout] 
[INFO] [stdout] error[E0433]: cannot find type `ModulePath` in this scope
[INFO] [stdout]    --> src/symbol_resolver.rs:385:49
[INFO] [stdout]     |
[INFO] [stdout] 385 |             SymbolResolver::get_imports(&file, &ModulePath::from_fs_path(Path::new("foo/bar.rs")));
[INFO] [stdout]     |                                                 ^^^^^^^^^^ use of undeclared type `ModulePath`
[INFO] [stdout] 
[INFO] [stdout] 
[INFO] [stdout] error[E0599]: no associated function or constant named `new_use` found for struct `symbol_resolver::VisibleSymbol` in the current scope
[INFO] [stdout]    --> src/symbol_resolver.rs:450:28
[INFO] [stdout]     |
[INFO] [stdout] 179 | pub struct VisibleSymbol {
[INFO] [stdout]     | ------------------------ associated function or constant `new_use` not found for this struct
[INFO] [stdout] ...
[INFO] [stdout] 450 |             VisibleSymbol::new_use("MyType", "crate::models::MyType"),
[INFO] [stdout]     |                            ^^^^^^^ associated function or constant not found in `symbol_resolver::VisibleSymbol`
[INFO] [stdout]     |
[INFO] [stdout] note: if you're trying to build a new `symbol_resolver::VisibleSymbol`, consider using `symbol_resolver::VisibleSymbol::new` which returns `symbol_resolver::VisibleSymbol`
[INFO] [stdout]    --> src/symbol_resolver.rs:194:5
[INFO] [stdout]     |
[INFO] [stdout] 194 |     pub fn new(alias: &str, full_path: &str, kind: VisibleSymbolKind) -> Self {
[INFO] [stdout]     |     ^^^^^^^^^^^^^^^^^^^^^^^^^^^^^^^^^^^^^^^^^^^^^^^^^^^^^^^^^^^^^^^^^^^^^^^^^
[INFO] [stdout] 
[INFO] [stdout] 
[INFO] [stdout] error[E0599]: no associated function or constant named `new_use` found for struct `symbol_resolver::VisibleSymbol` in the current scope
[INFO] [stdout]    --> src/symbol_resolver.rs:451:28
[INFO] [stdout]     |
[INFO] [stdout] 179 | pub struct VisibleSymbol {
[INFO] [stdout]     | ------------------------ associated function or constant `new_use` not found for this struct
[INFO] [stdout] ...
[INFO] [stdout] 451 |             VisibleSymbol::new_use("HashMap", "std::collections::HashMap"),
[INFO] [stdout]     |                            ^^^^^^^ associated function or constant not found in `symbol_resolver::VisibleSymbol`
[INFO] [stdout]     |
[INFO] [stdout] note: if you're trying to build a new `symbol_resolver::VisibleSymbol`, consider using `symbol_resolver::VisibleSymbol::new` which returns `symbol_resolver::VisibleSymbol`
[INFO] [stdout]    --> src/symbol_resolver.rs:194:5
[INFO] [stdout]     |
[INFO] [stdout] 194 |     pub fn new(alias: &str, full_path: &str, kind: VisibleSymbolKind) -> Self {
[INFO] [stdout]     |     ^^^^^^^^^^^^^^^^^^^^^^^^^^^^^^^^^^^^^^^^^^^^^^^^^^^^^^^^^^^^^^^^^^^^^^^^^
[INFO] [stdout] 
[INFO] [stdout] 
[INFO] [stdout] error[E0599]: no associated function or constant named `new_use` found for struct `symbol_resolver::VisibleSymbol` in the current scope
[INFO] [stdout]    --> src/symbol_resolver.rs:479:28
[INFO] [stdout]     |
[INFO] [stdout] 179 | pub struct VisibleSymbol {
[INFO] [stdout]     | ------------------------ associated function or constant `new_use` not found for this struct
[INFO] [stdout] ...
[INFO] [stdout] 479 |             VisibleSymbol::new_use("MyType", "crate::models::MyType"),
[INFO] [stdout]     |                            ^^^^^^^ associated function or constant not found in `symbol_resolver::VisibleSymbol`
[INFO] [stdout]     |
[INFO] [stdout] note: if you're trying to build a new `symbol_resolver::VisibleSymbol`, consider using `symbol_resolver::VisibleSymbol::new` which returns `symbol_resolver::VisibleSymbol`
[INFO] [stdout]    --> src/symbol_resolver.rs:194:5
[INFO] [stdout]     |
[INFO] [stdout] 194 |     pub fn new(alias: &str, full_path: &str, kind: VisibleSymbolKind) -> Self {
[INFO] [stdout]     |     ^^^^^^^^^^^^^^^^^^^^^^^^^^^^^^^^^^^^^^^^^^^^^^^^^^^^^^^^^^^^^^^^^^^^^^^^^
[INFO] [stdout] 
[INFO] [stdout] 
[INFO] [stdout] error[E0599]: no associated function or constant named `new_use` found for struct `symbol_resolver::VisibleSymbol` in the current scope
[INFO] [stdout]    --> src/symbol_resolver.rs:480:28
[INFO] [stdout]     |
[INFO] [stdout] 179 | pub struct VisibleSymbol {
[INFO] [stdout]     | ------------------------ associated function or constant `new_use` not found for this struct
[INFO] [stdout] ...
[INFO] [stdout] 480 |             VisibleSymbol::new_use("HashMap", "std::collections::HashMap"),
[INFO] [stdout]     |                            ^^^^^^^ associated function or constant not found in `symbol_resolver::VisibleSymbol`
[INFO] [stdout]     |
[INFO] [stdout] note: if you're trying to build a new `symbol_resolver::VisibleSymbol`, consider using `symbol_resolver::VisibleSymbol::new` which returns `symbol_resolver::VisibleSymbol`
[INFO] [stdout]    --> src/symbol_resolver.rs:194:5
[INFO] [stdout]     |
[INFO] [stdout] 194 |     pub fn new(alias: &str, full_path: &str, kind: VisibleSymbolKind) -> Self {
[INFO] [stdout]     |     ^^^^^^^^^^^^^^^^^^^^^^^^^^^^^^^^^^^^^^^^^^^^^^^^^^^^^^^^^^^^^^^^^^^^^^^^^
[INFO] [stdout] 
[INFO] [stdout] 
[INFO] [stdout] error[E0599]: no associated function or constant named `new_use` found for struct `symbol_resolver::VisibleSymbol` in the current scope
[INFO] [stdout]    --> src/symbol_resolver.rs:481:28
[INFO] [stdout]     |
[INFO] [stdout] 179 | pub struct VisibleSymbol {
[INFO] [stdout]     | ------------------------ associated function or constant `new_use` not found for this struct
[INFO] [stdout] ...
[INFO] [stdout] 481 |             VisibleSymbol::new_use("LimitedString", "cot::db::LimitedString"),
[INFO] [stdout]     |                            ^^^^^^^ associated function or constant not found in `symbol_resolver::VisibleSymbol`
[INFO] [stdout]     |
[INFO] [stdout] note: if you're trying to build a new `symbol_resolver::VisibleSymbol`, consider using `symbol_resolver::VisibleSymbol::new` which returns `symbol_resolver::VisibleSymbol`
[INFO] [stdout]    --> src/symbol_resolver.rs:194:5
[INFO] [stdout]     |
[INFO] [stdout] 194 |     pub fn new(alias: &str, full_path: &str, kind: VisibleSymbolKind) -> Self {
[INFO] [stdout]     |     ^^^^^^^^^^^^^^^^^^^^^^^^^^^^^^^^^^^^^^^^^^^^^^^^^^^^^^^^^^^^^^^^^^^^^^^^^
[INFO] [stdout] 
[INFO] [stdout] 
[INFO] [stdout] error[E0599]: no associated function or constant named `new_use` found for struct `symbol_resolver::VisibleSymbol` in the current scope
[INFO] [stdout]    --> src/symbol_resolver.rs:512:28
[INFO] [stdout]     |
[INFO] [stdout] 179 | pub struct VisibleSymbol {
[INFO] [stdout]     | ------------------------ associated function or constant `new_use` not found for this struct
[INFO] [stdout] ...
[INFO] [stdout] 512 |             VisibleSymbol::new_use("ForeignKey", "cot::db::ForeignKey"),
[INFO] [stdout]     |                            ^^^^^^^ associated function or constant not found in `symbol_resolver::VisibleSymbol`
[INFO] [stdout]     |
[INFO] [stdout] note: if you're trying to build a new `symbol_resolver::VisibleSymbol`, consider using `symbol_resolver::VisibleSymbol::new` which returns `symbol_resolver::VisibleSymbol`
[INFO] [stdout]    --> src/symbol_resolver.rs:194:5
[INFO] [stdout]     |
[INFO] [stdout] 194 |     pub fn new(alias: &str, full_path: &str, kind: VisibleSymbolKind) -> Self {
[INFO] [stdout]     |     ^^^^^^^^^^^^^^^^^^^^^^^^^^^^^^^^^^^^^^^^^^^^^^^^^^^^^^^^^^^^^^^^^^^^^^^^^
[INFO] [stdout] 
[INFO] [stdout] 
[INFO] [stdout] Some errors have detailed explanations: E0433, E0599.
[INFO] [stdout] 
[INFO] [stdout] For more information about an error, try `rustc --explain E0433`.
[INFO] [stdout] 
[INFO] [stderr] error: could not compile `cot_codegen` (lib test) due to 9 previous errors
[INFO] running `Command { std: "docker" "inspect" "f6fe9c79f89fead0fa545d3a73365a2df4912793a158e74719a742099af756af", kill_on_drop: false }`
[INFO] running `Command { std: "docker" "rm" "-f" "f6fe9c79f89fead0fa545d3a73365a2df4912793a158e74719a742099af756af", kill_on_drop: false }`
[INFO] [stdout] f6fe9c79f89fead0fa545d3a73365a2df4912793a158e74719a742099af756af
