[INFO] fetching crate cosmoz 0.2.0...
[INFO] testing cosmoz-0.2.0 against 1.100.0-beta.1+cargoflags=--release for beta-release-1.100-2
[INFO] extracting crate cosmoz 0.2.0 into /workspace/builds/worker-3-tc2/source
[INFO] started tweaking crates.io crate cosmoz 0.2.0
[INFO] finished tweaking crates.io crate cosmoz 0.2.0
[INFO] tweaked toml for crates.io crate cosmoz 0.2.0 written to /workspace/builds/worker-3-tc2/source/Cargo.toml
[INFO] validating manifest of crates.io crate cosmoz 0.2.0 on toolchain 1.100.0-beta.1
[INFO] running `Command { std: CARGO_HOME="/workspace/cargo-home" RUSTUP_HOME="/workspace/rustup-home" "/workspace/cargo-home/bin/cargo" "+1.100.0-beta.1" "metadata" "--manifest-path" "Cargo.toml" "--no-deps", kill_on_drop: false }`
[INFO] crate crates.io crate cosmoz 0.2.0 already has a lockfile, it will not be regenerated
[INFO] running `Command { std: CARGO_HOME="/workspace/cargo-home" RUSTUP_HOME="/workspace/rustup-home" "/workspace/cargo-home/bin/cargo" "+1.100.0-beta.1" "fetch" "--manifest-path" "Cargo.toml", kill_on_drop: false }`
[INFO] running `Command { std: "docker" "create" "-v" "/var/lib/crater-agent-workspace/builds/worker-3-tc2/source:/opt/rustwide/workdir:ro,Z" "-v" "/var/lib/crater-agent-workspace/builds/worker-3-tc2/target:/opt/rustwide/target:rw,Z" "-v" "/var/lib/crater-agent-workspace/cargo-home:/opt/rustwide/cargo-home:ro,Z" "-v" "/var/lib/crater-agent-workspace/rustup-home:/opt/rustwide/rustup-home:ro,Z" "-m" "1610612736" "--network" "none" "ghcr.io/rust-lang/crates-build-env/linux@sha256:77db811e55d90add9212f6832c23229e3de5f1c1f9905e8cb07319ea15df73ac" "sleep" "infinity", kill_on_drop: false }`
[INFO] [stdout] 6ce80598f3e03ae812e38b05432260ddbbde2bf8def80586681ae9707b383f18
[INFO] running `Command { std: "docker" "start" "6ce80598f3e03ae812e38b05432260ddbbde2bf8def80586681ae9707b383f18", kill_on_drop: false }`
[INFO] running `Command { std: "docker" "inspect" "6ce80598f3e03ae812e38b05432260ddbbde2bf8def80586681ae9707b383f18", kill_on_drop: false }`
[INFO] running `Command { std: "docker" "exec" "-e" "SOURCE_DIR=/opt/rustwide/workdir" "-e" "CARGO_HOME=/opt/rustwide/cargo-home" "-e" "RUSTUP_HOME=/opt/rustwide/rustup-home" "-e" "CARGO_TARGET_DIR=/opt/rustwide/target" "-w" "/opt/rustwide/workdir" "--user" "0:0" "6ce80598f3e03ae812e38b05432260ddbbde2bf8def80586681ae9707b383f18" "/opt/rustwide/cargo-home/bin/cargo" "+1.100.0-beta.1" "metadata" "--no-deps" "--format-version=1", kill_on_drop: false }`
[INFO] running `Command { std: "docker" "inspect" "6ce80598f3e03ae812e38b05432260ddbbde2bf8def80586681ae9707b383f18", kill_on_drop: false }`
[INFO] running `Command { std: "docker" "exec" "-e" "SOURCE_DIR=/opt/rustwide/workdir" "-e" "CARGO_HOME=/opt/rustwide/cargo-home" "-e" "RUSTUP_HOME=/opt/rustwide/rustup-home" "-e" "CARGO_TARGET_DIR=/opt/rustwide/target" "-e" "CARGO_INCREMENTAL=0" "-e" "RUST_BACKTRACE=full" "-e" "RUSTFLAGS=--cap-lints=warn" "-e" "RUSTDOCFLAGS=--cap-lints=warn" "-w" "/opt/rustwide/workdir" "--user" "0:0" "6ce80598f3e03ae812e38b05432260ddbbde2bf8def80586681ae9707b383f18" "/opt/rustwide/cargo-home/bin/cargo" "+1.100.0-beta.1" "build" "--frozen" "--message-format=json" "--release", kill_on_drop: false }`
[INFO] [stderr]    Compiling cosmoz v0.2.0 (/opt/rustwide/workdir)
[INFO] [stderr]     Finished `release` profile [optimized] target(s) in 1.19s
[INFO] running `Command { std: "docker" "inspect" "6ce80598f3e03ae812e38b05432260ddbbde2bf8def80586681ae9707b383f18", kill_on_drop: false }`
[INFO] running `Command { std: "docker" "exec" "-e" "SOURCE_DIR=/opt/rustwide/workdir" "-e" "CARGO_HOME=/opt/rustwide/cargo-home" "-e" "RUSTUP_HOME=/opt/rustwide/rustup-home" "-e" "CARGO_TARGET_DIR=/opt/rustwide/target" "-e" "CARGO_INCREMENTAL=0" "-e" "RUST_BACKTRACE=full" "-e" "RUSTFLAGS=--cap-lints=warn" "-e" "RUSTDOCFLAGS=--cap-lints=warn" "-w" "/opt/rustwide/workdir" "--user" "0:0" "6ce80598f3e03ae812e38b05432260ddbbde2bf8def80586681ae9707b383f18" "/opt/rustwide/cargo-home/bin/cargo" "+1.100.0-beta.1" "test" "--frozen" "--no-run" "--message-format=json" "--release", kill_on_drop: false }`
[INFO] [stderr]    Compiling cosmoz v0.2.0 (/opt/rustwide/workdir)
[INFO] [stdout] error[E0432]: unresolved imports `crate::entropy::histogram`, `crate::entropy::huffman_encode`, `crate::entropy::huffman_encode_table`
[INFO] [stdout]    --> src/entropy/huffman_decode_fast.rs:266:9
[INFO] [stdout]     |
[INFO] [stdout] 266 |         histogram::count_symbols,
[INFO] [stdout]     |         ^^^^^^^^^ could not find `histogram` in `entropy`
[INFO] [stdout] 267 |         huffman_decode::decode_four_streams,
[INFO] [stdout] 268 |         huffman_encode::encode_four_streams,
[INFO] [stdout]     |         ^^^^^^^^^^^^^^ could not find `huffman_encode` in `entropy`
[INFO] [stdout] 269 |         huffman_encode_table::{HuffmanEncodeTable, build_huffman_encode_table},
[INFO] [stdout]     |         ^^^^^^^^^^^^^^^^^^^^ could not find `huffman_encode_table` in `entropy`
[INFO] [stdout]     |
[INFO] [stdout] note: found an item that was configured out
[INFO] [stdout]    --> src/entropy/mod.rs:6:16
[INFO] [stdout]     |
[INFO] [stdout]   5 | #[cfg(feature = "compression")]
[INFO] [stdout]     |       ----------------------- the item is gated behind the `compression` feature
[INFO] [stdout]   6 | pub(crate) mod histogram;
[INFO] [stdout]     |                ^^^^^^^^^
[INFO] [stdout] note: found an item that was configured out
[INFO] [stdout]    --> src/entropy/mod.rs:11:16
[INFO] [stdout]     |
[INFO] [stdout]  10 | #[cfg(feature = "compression")]
[INFO] [stdout]     |       ----------------------- the item is gated behind the `compression` feature
[INFO] [stdout]  11 | pub(crate) mod huffman_encode;
[INFO] [stdout]     |                ^^^^^^^^^^^^^^
[INFO] [stdout] note: found an item that was configured out
[INFO] [stdout]    --> src/entropy/mod.rs:15:16
[INFO] [stdout]     |
[INFO] [stdout]  14 | #[cfg(feature = "compression")]
[INFO] [stdout]     |       ----------------------- the item is gated behind the `compression` feature
[INFO] [stdout]  15 | pub(crate) mod huffman_encode_table;
[INFO] [stdout]     |                ^^^^^^^^^^^^^^^^^^^^
[INFO] [stdout] 
[INFO] [stdout] 
[INFO] [stdout] error[E0432]: unresolved import `crate::encoder`
[INFO] [stdout]    --> src/block/block_decoder.rs:697:13
[INFO] [stdout]     |
[INFO] [stdout] 697 |             encoder::{CompressOptions, EncodeWorkspace, compress, get_max_compressed_size},
[INFO] [stdout]     |             ^^^^^^^ could not find `encoder` in the crate root
[INFO] [stdout]     |
[INFO] [stdout] note: found an item that was configured out
[INFO] [stdout]    --> src/lib.rs:14:5
[INFO] [stdout]     |
[INFO] [stdout]  13 | #[cfg(feature = "compression")]
[INFO] [stdout]     |       ----------------------- the item is gated behind the `compression` feature
[INFO] [stdout]  14 | mod encoder;
[INFO] [stdout]     |     ^^^^^^^
[INFO] [stdout] 
[INFO] [stdout] 
[INFO] [stdout] error[E0432]: unresolved import `crate::encoder`
[INFO] [stdout]    --> src/block/block_decoder.rs:761:13
[INFO] [stdout]     |
[INFO] [stdout] 761 |             encoder::{CompressOptions, EncodeWorkspace, compress, get_max_compressed_size},
[INFO] [stdout]     |             ^^^^^^^ could not find `encoder` in the crate root
[INFO] [stdout]     |
[INFO] [stdout] note: found an item that was configured out
[INFO] [stdout]    --> src/lib.rs:14:5
[INFO] [stdout]     |
[INFO] [stdout]  13 | #[cfg(feature = "compression")]
[INFO] [stdout]     |       ----------------------- the item is gated behind the `compression` feature
[INFO] [stdout]  14 | mod encoder;
[INFO] [stdout]     |     ^^^^^^^
[INFO] [stdout] 
[INFO] [stdout] 
[INFO] [stdout] error[E0432]: unresolved import `crate::encoder`
[INFO] [stdout]    --> src/block/block_decoder.rs:799:13
[INFO] [stdout]     |
[INFO] [stdout] 799 |             encoder::{CompressOptions, EncodeWorkspace, compress, get_max_compressed_size},
[INFO] [stdout]     |             ^^^^^^^ could not find `encoder` in the crate root
[INFO] [stdout]     |
[INFO] [stdout] note: found an item that was configured out
[INFO] [stdout]    --> src/lib.rs:14:5
[INFO] [stdout]     |
[INFO] [stdout]  13 | #[cfg(feature = "compression")]
[INFO] [stdout]     |       ----------------------- the item is gated behind the `compression` feature
[INFO] [stdout]  14 | mod encoder;
[INFO] [stdout]     |     ^^^^^^^
[INFO] [stdout] 
[INFO] [stdout] 
[INFO] [stdout] error[E0432]: unresolved imports `crate::entropy::huffman_encode`, `crate::entropy::huffman_encode_table`
[INFO] [stdout]    --> src/entropy/huffman_decode.rs:415:13
[INFO] [stdout]     |
[INFO] [stdout] 415 |             huffman_encode::encode_four_streams,
[INFO] [stdout]     |             ^^^^^^^^^^^^^^ could not find `huffman_encode` in `entropy`
[INFO] [stdout] 416 |             huffman_encode_table::{HuffmanEncodeTable, build_huffman_encode_table},
[INFO] [stdout]     |             ^^^^^^^^^^^^^^^^^^^^ could not find `huffman_encode_table` in `entropy`
[INFO] [stdout]     |
[INFO] [stdout] note: found an item that was configured out
[INFO] [stdout]    --> src/entropy/mod.rs:11:16
[INFO] [stdout]     |
[INFO] [stdout]  10 | #[cfg(feature = "compression")]
[INFO] [stdout]     |       ----------------------- the item is gated behind the `compression` feature
[INFO] [stdout]  11 | pub(crate) mod huffman_encode;
[INFO] [stdout]     |                ^^^^^^^^^^^^^^
[INFO] [stdout] note: found an item that was configured out
[INFO] [stdout]    --> src/entropy/mod.rs:15:16
[INFO] [stdout]     |
[INFO] [stdout]  14 | #[cfg(feature = "compression")]
[INFO] [stdout]     |       ----------------------- the item is gated behind the `compression` feature
[INFO] [stdout]  15 | pub(crate) mod huffman_encode_table;
[INFO] [stdout]     |                ^^^^^^^^^^^^^^^^^^^^
[INFO] [stdout] 
[INFO] [stdout] 
[INFO] [stdout] error[E0433]: cannot find `huffman_encode_table` in `entropy`
[INFO] [stdout]    --> src/entropy/huffman_decode.rs:441:55
[INFO] [stdout]     |
[INFO] [stdout] 441 |             let bytes_written = match crate::entropy::huffman_encode_table::write_direct_weights(
[INFO] [stdout]     |                                                       ^^^^^^^^^^^^^^^^^^^^ could not find `huffman_encode_table` in `entropy`
[INFO] [stdout]     |
[INFO] [stdout] note: found an item that was configured out
[INFO] [stdout]    --> src/entropy/mod.rs:15:16
[INFO] [stdout]     |
[INFO] [stdout]  14 | #[cfg(feature = "compression")]
[INFO] [stdout]     |       ----------------------- the item is gated behind the `compression` feature
[INFO] [stdout]  15 | pub(crate) mod huffman_encode_table;
[INFO] [stdout]     |                ^^^^^^^^^^^^^^^^^^^^
[INFO] [stdout] 
[INFO] [stdout] 
[INFO] [stdout] error[E0433]: cannot find `huffman_encode_table` in `entropy`
[INFO] [stdout]    --> src/entropy/huffman_decode_fast.rs:321:45
[INFO] [stdout]     |
[INFO] [stdout] 321 |         let bytes_written = crate::entropy::huffman_encode_table::write_direct_weights(
[INFO] [stdout]     |                                             ^^^^^^^^^^^^^^^^^^^^ could not find `huffman_encode_table` in `entropy`
[INFO] [stdout]     |
[INFO] [stdout] note: found an item that was configured out
[INFO] [stdout]    --> src/entropy/mod.rs:15:16
[INFO] [stdout]     |
[INFO] [stdout]  14 | #[cfg(feature = "compression")]
[INFO] [stdout]     |       ----------------------- the item is gated behind the `compression` feature
[INFO] [stdout]  15 | pub(crate) mod huffman_encode_table;
[INFO] [stdout]     |                ^^^^^^^^^^^^^^^^^^^^
[INFO] [stdout] 
[INFO] [stdout] 
[INFO] [stdout] error[E0599]: no method named `get_offset_value` found for struct `repeat_offsets::RepeatOffsets` in the current scope
[INFO] [stdout]    --> src/block/repeat_offsets.rs:256:40
[INFO] [stdout]     |
[INFO] [stdout]   1 | pub(crate) struct RepeatOffsets {
[INFO] [stdout]     | ------------------------------- method `get_offset_value` not found for this struct
[INFO] [stdout] ...
[INFO] [stdout] 256 |             let code = encoder_history.get_offset_value(offset, literal_length);
[INFO] [stdout]     |                                        ^^^^^^^^^^^^^^^^
[INFO] [stdout]     |
[INFO] [stdout] help: there is a method `get_offset` with a similar name
[INFO] [stdout]     |
[INFO] [stdout] 256 -             let code = encoder_history.get_offset_value(offset, literal_length);
[INFO] [stdout] 256 +             let code = encoder_history.get_offset(offset, literal_length);
[INFO] [stdout]     |
[INFO] [stdout] 
[INFO] [stdout] 
[INFO] [stdout] Some errors have detailed explanations: E0432, E0433, E0599.
[INFO] [stdout] 
[INFO] [stdout] For more information about an error, try `rustc --explain E0432`.
[INFO] [stdout] 
[INFO] [stderr] error: could not compile `cosmoz` (lib test) due to 8 previous errors
[INFO] [stderr] warning: build failed, waiting for other jobs to finish...
[INFO] running `Command { std: "docker" "inspect" "6ce80598f3e03ae812e38b05432260ddbbde2bf8def80586681ae9707b383f18", kill_on_drop: false }`
[INFO] running `Command { std: "docker" "rm" "-f" "6ce80598f3e03ae812e38b05432260ddbbde2bf8def80586681ae9707b383f18", kill_on_drop: false }`
[INFO] [stdout] 6ce80598f3e03ae812e38b05432260ddbbde2bf8def80586681ae9707b383f18
