[INFO] fetching crate cosmic-universe 0.3.0...
[INFO] testing cosmic-universe-0.3.0 against 1.99.0-beta.8+cargoflags=--release for beta-release-1.100-2
[INFO] extracting crate cosmic-universe 0.3.0 into /workspace/builds/worker-4-tc1/source
[INFO] started tweaking crates.io crate cosmic-universe 0.3.0
[INFO] finished tweaking crates.io crate cosmic-universe 0.3.0
[INFO] tweaked toml for crates.io crate cosmic-universe 0.3.0 written to /workspace/builds/worker-4-tc1/source/Cargo.toml
[INFO] validating manifest of crates.io crate cosmic-universe 0.3.0 on toolchain 1.99.0-beta.8
[INFO] running `Command { std: CARGO_HOME="/workspace/cargo-home" RUSTUP_HOME="/workspace/rustup-home" "/workspace/cargo-home/bin/cargo" "+1.99.0-beta.8" "metadata" "--manifest-path" "Cargo.toml" "--no-deps", kill_on_drop: false }`
[INFO] running `Command { std: CARGO_HOME="/workspace/cargo-home" RUSTUP_HOME="/workspace/rustup-home" "/workspace/cargo-home/bin/cargo" "+1.99.0-beta.8" "generate-lockfile" "--manifest-path" "Cargo.toml", kill_on_drop: false }`
[INFO] [stderr]     Updating crates.io index
[INFO] [stderr]      Locking 137 packages to highest compatible versions
[INFO] [stderr]       Adding ariadne v0.1.5 (available: v0.6.0)
[INFO] [stderr]       Adding bincode v1.3.3 (available: v3.0.0)
[INFO] [stderr]       Adding convert_case v0.5.0 (available: v0.12.0)
[INFO] [stderr]       Adding dashmap v5.5.3 (available: v6.2.1)
[INFO] [stderr]       Adding enum-ordinalize v3.1.15 (available: v4.4.2)
[INFO] [stderr]       Adding http v0.2.12 (available: v1.5.0)
[INFO] [stderr]       Adding http-serde v1.1.3 (available: v2.1.1)
[INFO] [stderr]       Adding lru v0.7.8 (available: v0.18.5)
[INFO] [stderr]       Adding nom v7.1.3 (available: v8.0.0)
[INFO] [stderr]       Adding nom-supreme v0.6.0 (available: v0.8.0)
[INFO] [stderr]       Adding nom_locate v4.2.0 (available: v5.0.0)
[INFO] [stderr]       Adding strum v0.24.1 (available: v0.28.0)
[INFO] [stderr]       Adding strum_macros v0.24.3 (available: v0.28.0)
[INFO] [stderr]       Adding validator v0.15.0 (available: v0.21.0)
[INFO] running `Command { std: CARGO_HOME="/workspace/cargo-home" RUSTUP_HOME="/workspace/rustup-home" "/workspace/cargo-home/bin/cargo" "+1.99.0-beta.8" "fetch" "--manifest-path" "Cargo.toml", kill_on_drop: false }`
[INFO] [stderr]  Downloading crates ...
[INFO] [stderr]   Downloaded lru v0.7.8
[INFO] running `Command { std: "docker" "create" "-v" "/var/lib/crater-agent-workspace/builds/worker-4-tc1/source:/opt/rustwide/workdir:ro,Z" "-v" "/var/lib/crater-agent-workspace/builds/worker-4-tc1/target:/opt/rustwide/target:rw,Z" "-v" "/var/lib/crater-agent-workspace/cargo-home:/opt/rustwide/cargo-home:ro,Z" "-v" "/var/lib/crater-agent-workspace/rustup-home:/opt/rustwide/rustup-home:ro,Z" "-m" "1610612736" "--network" "none" "ghcr.io/rust-lang/crates-build-env/linux@sha256:77db811e55d90add9212f6832c23229e3de5f1c1f9905e8cb07319ea15df73ac" "sleep" "infinity", kill_on_drop: false }`
[INFO] [stdout] c3731dfa217e3573b360d0de033091641408de1ee56c416805d82399a8135f19
[INFO] running `Command { std: "docker" "start" "c3731dfa217e3573b360d0de033091641408de1ee56c416805d82399a8135f19", kill_on_drop: false }`
[INFO] running `Command { std: "docker" "inspect" "c3731dfa217e3573b360d0de033091641408de1ee56c416805d82399a8135f19", kill_on_drop: false }`
[INFO] running `Command { std: "docker" "exec" "-e" "SOURCE_DIR=/opt/rustwide/workdir" "-e" "CARGO_HOME=/opt/rustwide/cargo-home" "-e" "RUSTUP_HOME=/opt/rustwide/rustup-home" "-e" "CARGO_TARGET_DIR=/opt/rustwide/target" "-w" "/opt/rustwide/workdir" "--user" "0:0" "c3731dfa217e3573b360d0de033091641408de1ee56c416805d82399a8135f19" "/opt/rustwide/cargo-home/bin/cargo" "+1.99.0-beta.8" "metadata" "--no-deps" "--format-version=1", kill_on_drop: false }`
[INFO] running `Command { std: "docker" "inspect" "c3731dfa217e3573b360d0de033091641408de1ee56c416805d82399a8135f19", kill_on_drop: false }`
[INFO] running `Command { std: "docker" "exec" "-e" "SOURCE_DIR=/opt/rustwide/workdir" "-e" "CARGO_HOME=/opt/rustwide/cargo-home" "-e" "RUSTUP_HOME=/opt/rustwide/rustup-home" "-e" "CARGO_TARGET_DIR=/opt/rustwide/target" "-e" "CARGO_INCREMENTAL=0" "-e" "RUST_BACKTRACE=full" "-e" "RUSTFLAGS=--cap-lints=warn" "-e" "RUSTDOCFLAGS=--cap-lints=warn" "-w" "/opt/rustwide/workdir" "--user" "0:0" "c3731dfa217e3573b360d0de033091641408de1ee56c416805d82399a8135f19" "/opt/rustwide/cargo-home/bin/cargo" "+1.99.0-beta.8" "build" "--frozen" "--message-format=json" "--release", kill_on_drop: false }`
[INFO] [stderr]    Compiling unicode-ident v1.0.27
[INFO] [stderr]    Compiling serde_core v1.0.229
[INFO] [stderr]    Compiling cfg-if v1.0.5
[INFO] [stderr]    Compiling memchr v2.8.3
[INFO] [stderr]    Compiling smallvec v1.16.3
[INFO] [stderr]    Compiling serde v1.0.229
[INFO] [stderr]    Compiling litemap v0.8.3
[INFO] [stderr]    Compiling writeable v0.6.4
[INFO] [stderr]    Compiling icu_normalizer_data v2.3.0
[INFO] [stderr]    Compiling icu_properties_data v2.3.0
[INFO] [stderr]    Compiling num-traits v0.2.19
[INFO] [stderr]    Compiling ahash v0.7.8
[INFO] [stderr]    Compiling syn v1.0.109
[INFO] [stderr]    Compiling percent-encoding v2.3.2
[INFO] [stderr]    Compiling tinyvec v1.13.3
[INFO] [stderr]    Compiling arrayvec v0.7.8
[INFO] [stderr]    Compiling getrandom v0.2.17
[INFO] [stderr]    Compiling proc-macro2 v1.0.107
[INFO] [stderr]    Compiling regex-syntax v0.8.11
[INFO] [stderr]    Compiling rustversion v1.0.23
[INFO] [stderr]    Compiling bytes v1.12.1
[INFO] [stderr]    Compiling getrandom v0.4.3
[INFO] [stderr]    Compiling serde_json v1.0.154
[INFO] [stderr]    Compiling parking_lot_core v0.9.12
[INFO] [stderr]    Compiling form_urlencoded v1.2.2
[INFO] [stderr]    Compiling errno v0.3.14
[INFO] [stderr]    Compiling matches v0.1.10
[INFO] [stderr]    Compiling brownstone v1.1.0
[INFO] [stderr]    Compiling joinery v2.1.0
[INFO] [stderr]    Compiling indent_write v2.2.0
[INFO] [stderr]    Compiling bytecount v0.6.9
[INFO] [stderr]    Compiling signal-hook-registry v1.4.8
[INFO] [stderr]    Compiling parking_lot v0.12.5
[INFO] [stderr]    Compiling hashbrown v0.12.3
[INFO] [stderr]    Compiling mio v1.2.4
[INFO] [stderr]    Compiling socket2 v0.6.5
[INFO] [stderr]    Compiling lazy_static v1.5.1
[INFO] [stderr]    Compiling yansi v0.5.1
[INFO] [stderr]    Compiling hashbrown v0.14.5
[INFO] [stderr]    Compiling ariadne v0.1.5
[INFO] [stderr]    Compiling uuid v1.28.0
[INFO] [stderr]    Compiling convert_case v0.5.0
[INFO] [stderr]    Compiling quote v1.0.47
[INFO] [stderr]    Compiling aho-corasick v1.1.5
[INFO] [stderr]    Compiling nom v7.1.3
[INFO] [stderr]    Compiling num-integer v0.1.47
[INFO] [stderr]    Compiling syn v3.0.9
[INFO] [stderr]    Compiling unicode-normalization v0.1.26
[INFO] [stderr]    Compiling syn v2.0.119
[INFO] [stderr]    Compiling http v0.2.12
[INFO] [stderr]    Compiling lru v0.7.8
[INFO] [stderr]    Compiling num-bigint v0.4.8
[INFO] [stderr]    Compiling dashmap v5.5.3
[INFO] [stderr]    Compiling idna v0.2.3
[INFO] [stderr]    Compiling regex-automata v0.4.18
[INFO] [stderr]    Compiling semver v1.0.28
[INFO] [stderr]    Compiling enum-ordinalize v3.1.15
[INFO] [stderr]    Compiling nom-supreme v0.6.0
[INFO] [stderr]    Compiling nom_locate v4.2.0
[INFO] [stderr]    Compiling cosmic-macros-primitive v0.3.14
[INFO] [stderr]    Compiling strum_macros v0.24.3
[INFO] [stderr]    Compiling regex v1.13.1
[INFO] [stderr]    Compiling synstructure v0.14.0
[INFO] [stderr]    Compiling zerofrom-derive v0.1.8
[INFO] [stderr]    Compiling yoke-derive v0.8.4
[INFO] [stderr]    Compiling zerovec-derive v0.11.6
[INFO] [stderr]    Compiling displaydoc v0.2.7
[INFO] [stderr]    Compiling serde_derive v1.0.229
[INFO] [stderr]    Compiling tokio-macros v2.7.2
[INFO] [stderr]    Compiling async-trait v0.1.92
[INFO] [stderr]    Compiling tokio v1.53.3
[INFO] [stderr]    Compiling zerofrom v0.1.8
[INFO] [stderr]    Compiling yoke v0.8.3
[INFO] [stderr]    Compiling zerovec v0.11.8
[INFO] [stderr]    Compiling zerotrie v0.2.5
[INFO] [stderr]    Compiling tinystr v0.8.4
[INFO] [stderr]    Compiling potential_utf v0.1.6
[INFO] [stderr]    Compiling icu_collections v2.3.0
[INFO] [stderr]    Compiling icu_locale_core v2.3.0
[INFO] [stderr]    Compiling serde_urlencoded v0.7.1
[INFO] [stderr]    Compiling bincode v1.3.3
[INFO] [stderr]    Compiling http-serde v1.1.3
[INFO] [stderr]    Compiling cosmic-nom v0.3.14
[INFO] [stderr]    Compiling chrono v0.4.45
[INFO] [stderr]    Compiling icu_provider v2.3.1
[INFO] [stderr]    Compiling icu_properties v2.3.0
[INFO] [stderr]    Compiling icu_normalizer v2.3.0
[INFO] [stderr]    Compiling idna_adapter v1.2.2
[INFO] [stderr]    Compiling idna v1.1.0
[INFO] [stderr]    Compiling url v2.5.8
[INFO] [stderr]    Compiling validator v0.15.0
[INFO] [stderr]    Compiling cosmic-universe v0.3.0 (/opt/rustwide/workdir)
[INFO] [stdout] error[E0432]: unresolved import `regex::internal`
[INFO] [stdout]   --> src/parse.rs:40:12
[INFO] [stdout]    |
[INFO] [stdout] 40 | use regex::internal::Input;
[INFO] [stdout]    |            ^^^^^^^^ could not find `internal` in `regex`
[INFO] [stdout] 
[INFO] [stdout] 
[INFO] [stdout] error[E0425]: cannot find type `SpaceErr` in this scope
[INFO] [stdout]     --> src/command.rs:1006:63
[INFO] [stdout]      |
[INFO] [stdout] 1006 | #[derive(Debug, Clone, Serialize, Deserialize, Eq, PartialEq, Autobox)]
[INFO] [stdout]      |                                                               ^^^^^^^ not found in this scope
[INFO] [stdout]      |
[INFO] [stdout]      = note: this error originates in the derive macro `Autobox` (in Nightly builds, run with -Z macro-backtrace for more info)
[INFO] [stdout] 
[INFO] [stdout] 
[INFO] [stdout] error[E0425]: cannot find type `SpaceErr` in this scope
[INFO] [stdout]    --> src/hyper.rs:167:86
[INFO] [stdout]     |
[INFO] [stdout] 167 | #[derive(Debug, Clone, Serialize, Deserialize, Eq, PartialEq, strum_macros::Display, Autobox)]
[INFO] [stdout]     |                                                                                      ^^^^^^^ not found in this scope
[INFO] [stdout]     |
[INFO] [stdout]     = note: this error originates in the derive macro `Autobox` (in Nightly builds, run with -Z macro-backtrace for more info)
[INFO] [stdout] 
[INFO] [stdout] 
[INFO] [stdout] error[E0425]: cannot find type `SpaceErr` in this scope
[INFO] [stdout]    --> src/hyper.rs:242:86
[INFO] [stdout]     |
[INFO] [stdout] 242 | #[derive(Debug, Clone, Serialize, Deserialize, Eq, PartialEq, strum_macros::Display, Autobox)]
[INFO] [stdout]     |                                                                                      ^^^^^^^ not found in this scope
[INFO] [stdout]     |
[INFO] [stdout]     = note: this error originates in the derive macro `Autobox` (in Nightly builds, run with -Z macro-backtrace for more info)
[INFO] [stdout] 
[INFO] [stdout] 
[INFO] [stdout] error[E0425]: cannot find type `SpaceErr` in this scope
[INFO] [stdout]   --> src/substance.rs:77:5
[INFO] [stdout]    |
[INFO] [stdout] 77 |     Autobox,
[INFO] [stdout]    |     ^^^^^^^ not found in this scope
[INFO] [stdout]    |
[INFO] [stdout]    = note: this error originates in the derive macro `Autobox` (in Nightly builds, run with -Z macro-backtrace for more info)
[INFO] [stdout] 
[INFO] [stdout] 
[INFO] [stdout] error[E0425]: cannot find type `SpaceErr` in this scope
[INFO] [stdout]   --> src/substance.rs:78:5
[INFO] [stdout]    |
[INFO] [stdout] 78 |     cosmic_macros_primitive::ToSubstance,
[INFO] [stdout]    |     ^^^^^^^^^^^^^^^^^^^^^^^^^^^^^^^^^^^^ not found in this scope
[INFO] [stdout]    |
[INFO] [stdout]    = note: this error originates in the derive macro `cosmic_macros_primitive::ToSubstance` (in Nightly builds, run with -Z macro-backtrace for more info)
[INFO] [stdout] 
[INFO] [stdout] 
[INFO] [stdout] error[E0425]: cannot find type `SpaceErr` in this scope
[INFO] [stdout]    --> src/wave/core.rs:253:63
[INFO] [stdout]     |
[INFO] [stdout] 253 | #[derive(Debug, Clone, Serialize, Deserialize, Eq, PartialEq, Autobox)]
[INFO] [stdout]     |                                                               ^^^^^^^ not found in this scope
[INFO] [stdout]     |
[INFO] [stdout]     = note: this error originates in the derive macro `Autobox` (in Nightly builds, run with -Z macro-backtrace for more info)
[INFO] [stdout] 
[INFO] [stdout] 
[INFO] [stdout] error[E0599]: no variant, associated function, or constant named `__Nonexhaustive` found for enum `regex::Error` in the current scope
[INFO] [stdout]     --> src/parse.rs:4892:52
[INFO] [stdout]      |
[INFO] [stdout] 4892 | ...                   Error::__Nonexhaustive => {
[INFO] [stdout]      |                              ^^^^^^^^^^^^^^^ variant, associated function, or constant not found in `regex::Error`
[INFO] [stdout] 
[INFO] [stdout] 
[INFO] [stdout] Some errors have detailed explanations: E0425, E0432, E0599.
[INFO] [stdout] 
[INFO] [stdout] For more information about an error, try `rustc --explain E0425`.
[INFO] [stdout] 
[INFO] [stderr] error: could not compile `cosmic-universe` (lib) due to 8 previous errors
[INFO] running `Command { std: "docker" "inspect" "c3731dfa217e3573b360d0de033091641408de1ee56c416805d82399a8135f19", kill_on_drop: false }`
[INFO] running `Command { std: "docker" "rm" "-f" "c3731dfa217e3573b360d0de033091641408de1ee56c416805d82399a8135f19", kill_on_drop: false }`
[INFO] [stdout] c3731dfa217e3573b360d0de033091641408de1ee56c416805d82399a8135f19
