[INFO] fetching crate cortexia 0.1.0...
[INFO] testing cortexia-0.1.0 against 1.100.0-beta.1+cargoflags=--release for beta-release-1.100-2
[INFO] extracting crate cortexia 0.1.0 into /workspace/builds/worker-7-tc2/source
[INFO] started tweaking crates.io crate cortexia 0.1.0
[INFO] finished tweaking crates.io crate cortexia 0.1.0
[INFO] tweaked toml for crates.io crate cortexia 0.1.0 written to /workspace/builds/worker-7-tc2/source/Cargo.toml
[INFO] validating manifest of crates.io crate cortexia 0.1.0 on toolchain 1.100.0-beta.1
[INFO] running `Command { std: CARGO_HOME="/workspace/cargo-home" RUSTUP_HOME="/workspace/rustup-home" "/workspace/cargo-home/bin/cargo" "+1.100.0-beta.1" "metadata" "--manifest-path" "Cargo.toml" "--no-deps", kill_on_drop: false }`
[INFO] crate crates.io crate cortexia 0.1.0 already has a lockfile, it will not be regenerated
[INFO] running `Command { std: CARGO_HOME="/workspace/cargo-home" RUSTUP_HOME="/workspace/rustup-home" "/workspace/cargo-home/bin/cargo" "+1.100.0-beta.1" "fetch" "--manifest-path" "Cargo.toml", kill_on_drop: false }`
[INFO] running `Command { std: "docker" "create" "-v" "/var/lib/crater-agent-workspace/builds/worker-7-tc2/source:/opt/rustwide/workdir:ro,Z" "-v" "/var/lib/crater-agent-workspace/builds/worker-7-tc2/target:/opt/rustwide/target:rw,Z" "-v" "/var/lib/crater-agent-workspace/cargo-home:/opt/rustwide/cargo-home:ro,Z" "-v" "/var/lib/crater-agent-workspace/rustup-home:/opt/rustwide/rustup-home:ro,Z" "-m" "1610612736" "--network" "none" "ghcr.io/rust-lang/crates-build-env/linux@sha256:77db811e55d90add9212f6832c23229e3de5f1c1f9905e8cb07319ea15df73ac" "sleep" "infinity", kill_on_drop: false }`
[INFO] [stdout] 82b036f69ff074eca777a8147bc1ecdea96c6b25ec3e49e7776d6945f9a69eef
[INFO] running `Command { std: "docker" "start" "82b036f69ff074eca777a8147bc1ecdea96c6b25ec3e49e7776d6945f9a69eef", kill_on_drop: false }`
[INFO] running `Command { std: "docker" "inspect" "82b036f69ff074eca777a8147bc1ecdea96c6b25ec3e49e7776d6945f9a69eef", kill_on_drop: false }`
[INFO] running `Command { std: "docker" "exec" "-e" "SOURCE_DIR=/opt/rustwide/workdir" "-e" "CARGO_HOME=/opt/rustwide/cargo-home" "-e" "RUSTUP_HOME=/opt/rustwide/rustup-home" "-e" "CARGO_TARGET_DIR=/opt/rustwide/target" "-w" "/opt/rustwide/workdir" "--user" "0:0" "82b036f69ff074eca777a8147bc1ecdea96c6b25ec3e49e7776d6945f9a69eef" "/opt/rustwide/cargo-home/bin/cargo" "+1.100.0-beta.1" "metadata" "--no-deps" "--format-version=1", kill_on_drop: false }`
[INFO] running `Command { std: "docker" "inspect" "82b036f69ff074eca777a8147bc1ecdea96c6b25ec3e49e7776d6945f9a69eef", kill_on_drop: false }`
[INFO] running `Command { std: "docker" "exec" "-e" "SOURCE_DIR=/opt/rustwide/workdir" "-e" "CARGO_HOME=/opt/rustwide/cargo-home" "-e" "RUSTUP_HOME=/opt/rustwide/rustup-home" "-e" "CARGO_TARGET_DIR=/opt/rustwide/target" "-e" "CARGO_INCREMENTAL=0" "-e" "RUST_BACKTRACE=full" "-e" "RUSTFLAGS=--cap-lints=warn" "-e" "RUSTDOCFLAGS=--cap-lints=warn" "-w" "/opt/rustwide/workdir" "--user" "0:0" "82b036f69ff074eca777a8147bc1ecdea96c6b25ec3e49e7776d6945f9a69eef" "/opt/rustwide/cargo-home/bin/cargo" "+1.100.0-beta.1" "build" "--frozen" "--message-format=json" "--release", kill_on_drop: false }`
[INFO] [stderr]    Compiling num-traits v0.2.19
[INFO] [stderr]    Compiling proc-macro2 v1.0.103
[INFO] [stderr]    Compiling quote v1.0.42
[INFO] [stderr]    Compiling unicode-ident v1.0.22
[INFO] [stderr]    Compiling libc v0.2.177
[INFO] [stderr]    Compiling bytemuck v1.24.0
[INFO] [stderr]    Compiling matrixmultiply v0.3.10
[INFO] [stderr]    Compiling typenum v1.19.0
[INFO] [stderr]    Compiling rawpointer v0.2.1
[INFO] [stderr]    Compiling serde_json v1.0.145
[INFO] [stderr]    Compiling hashbrown v0.16.0
[INFO] [stderr]    Compiling memchr v2.7.6
[INFO] [stderr]    Compiling safe_arch v0.7.4
[INFO] [stderr]    Compiling wide v0.7.33
[INFO] [stderr]    Compiling num-complex v0.4.6
[INFO] [stderr]    Compiling approx v0.5.1
[INFO] [stderr]    Compiling syn v2.0.110
[INFO] [stderr]    Compiling num-integer v0.1.46
[INFO] [stderr]    Compiling getrandom v0.2.16
[INFO] [stderr]    Compiling num-rational v0.4.2
[INFO] [stderr]    Compiling rand_core v0.6.4
[INFO] [stderr]    Compiling indexmap v2.12.0
[INFO] [stderr]    Compiling rand_chacha v0.3.1
[INFO] [stderr]    Compiling fixedbitset v0.4.2
[INFO] [stderr]    Compiling rand v0.8.5
[INFO] [stderr]    Compiling anyhow v1.0.100
[INFO] [stderr]    Compiling crossbeam-queue v0.3.12
[INFO] [stderr]    Compiling petgraph v0.6.5
[INFO] [stderr]    Compiling crossbeam-channel v0.5.15
[INFO] [stderr]    Compiling simba v0.9.1
[INFO] [stderr]    Compiling rand_distr v0.4.3
[INFO] [stderr]    Compiling simba v0.8.1
[INFO] [stderr]    Compiling crossbeam v0.8.4
[INFO] [stderr]    Compiling itertools v0.13.0
[INFO] [stderr]    Compiling itertools v0.12.1
[INFO] [stderr]    Compiling nalgebra-macros v0.2.2
[INFO] [stderr]    Compiling thiserror-impl v1.0.69
[INFO] [stderr]    Compiling serde_derive v1.0.228
[INFO] [stderr]    Compiling thiserror v1.0.69
[INFO] [stderr]    Compiling serde v1.0.228
[INFO] [stderr]    Compiling nalgebra v0.33.2
[INFO] [stderr]    Compiling ndarray v0.16.1
[INFO] [stderr]    Compiling nalgebra v0.32.6
[INFO] [stderr]    Compiling statrs v0.17.1
[INFO] [stderr]    Compiling synapse-models v0.1.0
[INFO] [stderr]    Compiling tda v0.1.0
[INFO] [stderr]    Compiling hodgkin-huxley v0.1.0
[INFO] [stderr]    Compiling iit v0.1.0
[INFO] [stderr]    Compiling neural-dynamics v0.1.0
[INFO] [stderr]    Compiling cortexia v0.1.0 (/opt/rustwide/workdir)
[INFO] [stderr]     Finished `release` profile [optimized] target(s) in 1m 34s
[INFO] running `Command { std: "docker" "inspect" "82b036f69ff074eca777a8147bc1ecdea96c6b25ec3e49e7776d6945f9a69eef", kill_on_drop: false }`
[INFO] running `Command { std: "docker" "exec" "-e" "SOURCE_DIR=/opt/rustwide/workdir" "-e" "CARGO_HOME=/opt/rustwide/cargo-home" "-e" "RUSTUP_HOME=/opt/rustwide/rustup-home" "-e" "CARGO_TARGET_DIR=/opt/rustwide/target" "-e" "CARGO_INCREMENTAL=0" "-e" "RUST_BACKTRACE=full" "-e" "RUSTFLAGS=--cap-lints=warn" "-e" "RUSTDOCFLAGS=--cap-lints=warn" "-w" "/opt/rustwide/workdir" "--user" "0:0" "82b036f69ff074eca777a8147bc1ecdea96c6b25ec3e49e7776d6945f9a69eef" "/opt/rustwide/cargo-home/bin/cargo" "+1.100.0-beta.1" "test" "--frozen" "--no-run" "--message-format=json" "--release", kill_on_drop: false }`
[INFO] [stderr]    Compiling zerocopy v0.8.27
[INFO] [stderr]    Compiling libc v0.2.177
[INFO] [stderr]    Compiling zerocopy-derive v0.8.27
[INFO] [stderr]    Compiling ciborium-io v0.2.2
[INFO] [stderr]    Compiling plotters-backend v0.3.7
[INFO] [stderr]    Compiling anstyle v1.0.13
[INFO] [stderr]    Compiling clap_lex v0.7.6
[INFO] [stderr]    Compiling regex-syntax v0.8.8
[INFO] [stderr]    Compiling cast v0.3.0
[INFO] [stderr]    Compiling plotters-svg v0.3.7
[INFO] [stderr]    Compiling clap_builder v4.5.51
[INFO] [stderr]    Compiling same-file v1.0.6
[INFO] [stderr]    Compiling walkdir v2.5.0
[INFO] [stderr]    Compiling criterion-plot v0.5.0
[INFO] [stderr]    Compiling tinytemplate v1.2.1
[INFO] [stderr]    Compiling plotters v0.3.7
[INFO] [stderr]    Compiling anes v0.1.6
[INFO] [stderr]    Compiling getrandom v0.2.16
[INFO] [stderr]    Compiling is-terminal v0.4.17
[INFO] [stderr]    Compiling rand_core v0.6.4
[INFO] [stderr]    Compiling oorandom v11.1.5
[INFO] [stderr]    Compiling regex-automata v0.4.13
[INFO] [stderr]    Compiling clap v4.5.51
[INFO] [stderr]    Compiling ppv-lite86 v0.2.21
[INFO] [stderr]    Compiling half v2.7.1
[INFO] [stderr]    Compiling regex v1.12.2
[INFO] [stderr]    Compiling rand_chacha v0.3.1
[INFO] [stderr]    Compiling ciborium-ll v0.2.2
[INFO] [stderr]    Compiling rand v0.8.5
[INFO] [stderr]    Compiling ciborium v0.2.2
[INFO] [stderr]    Compiling criterion v0.5.1
[INFO] [stderr]    Compiling rand_distr v0.4.3
[INFO] [stderr]    Compiling synapse-models v0.1.0
[INFO] [stderr]    Compiling nalgebra v0.32.6
[INFO] [stderr]    Compiling statrs v0.17.1
[INFO] [stderr]    Compiling hodgkin-huxley v0.1.0
[INFO] [stderr]    Compiling iit v0.1.0
[INFO] [stderr]    Compiling neural-dynamics v0.1.0
[INFO] [stderr]    Compiling cortexia v0.1.0 (/opt/rustwide/workdir)
[INFO] [stdout] error[E0432]: unresolved import `tda::PersistentHomology`
[INFO] [stdout]    --> src/lib.rs:264:13
[INFO] [stdout]     |
[INFO] [stdout] 264 |         use tda::PersistentHomology;
[INFO] [stdout]     |             ^^^^^------------------
[INFO] [stdout]     |                  |
[INFO] [stdout]     |                  no `PersistentHomology` in the root
[INFO] [stdout]     |
[INFO] [stdout] help: a similar name exists in the module
[INFO] [stdout]     |
[INFO] [stdout] 264 -         use tda::PersistentHomology;
[INFO] [stdout] 264 +         use tda::persistent_homology;
[INFO] [stdout]     |
[INFO] [stdout] 
[INFO] [stdout] 
[INFO] [stdout] error[E0432]: unresolved import `synapse_models::Neurotransmitter`
[INFO] [stdout]    --> src/lib.rs:265:13
[INFO] [stdout]     |
[INFO] [stdout] 265 |         use synapse_models::Neurotransmitter;
[INFO] [stdout]     |             ^^^^^^^^^^^^^^^^----------------
[INFO] [stdout]     |                             |
[INFO] [stdout]     |                             no `Neurotransmitter` in the root
[INFO] [stdout]     |
[INFO] [stdout] help: a similar name exists in the module
[INFO] [stdout]     |
[INFO] [stdout] 265 -         use synapse_models::Neurotransmitter;
[INFO] [stdout] 265 +         use synapse_models::neurotransmitter;
[INFO] [stdout]     |
[INFO] [stdout] 
[INFO] [stdout] 
[INFO] [stdout] error[E0061]: this function takes 1 argument but 0 arguments were supplied
[INFO] [stdout]    --> src/lib.rs:269:23
[INFO] [stdout]     |
[INFO] [stdout] 269 |         let _neuron = HodgkinHuxleyNeuron::new();
[INFO] [stdout]     |                       ^^^^^^^^^^^^^^^^^^^^^^^^-- argument #1 of type `NeuronConfig` is missing
[INFO] [stdout]     |
[INFO] [stdout] note: associated function defined here
[INFO] [stdout]    --> /opt/rustwide/cargo-home/registry/src/index.crates.io-1949cf8c6b5b557f/hodgkin-huxley-0.1.0/src/lib.rs:168:12
[INFO] [stdout]     |
[INFO] [stdout] 168 |     pub fn new(config: NeuronConfig) -> Result<Self> {
[INFO] [stdout]     |            ^^^
[INFO] [stdout] help: provide the argument
[INFO] [stdout]     |
[INFO] [stdout] 269 |         let _neuron = HodgkinHuxleyNeuron::new(/* NeuronConfig */);
[INFO] [stdout]     |                                                ++++++++++++++++++
[INFO] [stdout] 
[INFO] [stdout] 
[INFO] [stdout] error[E0061]: this function takes 1 argument but 0 arguments were supplied
[INFO] [stdout]    --> src/lib.rs:281:23
[INFO] [stdout]     |
[INFO] [stdout] 281 |         let _neuron = HodgkinHuxleyNeuron::new();
[INFO] [stdout]     |                       ^^^^^^^^^^^^^^^^^^^^^^^^-- argument #1 of type `NeuronConfig` is missing
[INFO] [stdout]     |
[INFO] [stdout] note: associated function defined here
[INFO] [stdout]    --> /opt/rustwide/cargo-home/registry/src/index.crates.io-1949cf8c6b5b557f/hodgkin-huxley-0.1.0/src/lib.rs:168:12
[INFO] [stdout]     |
[INFO] [stdout] 168 |     pub fn new(config: NeuronConfig) -> Result<Self> {
[INFO] [stdout]     |            ^^^
[INFO] [stdout] help: provide the argument
[INFO] [stdout]     |
[INFO] [stdout] 281 |         let _neuron = HodgkinHuxleyNeuron::new(/* NeuronConfig */);
[INFO] [stdout]     |                                                ++++++++++++++++++
[INFO] [stdout] 
[INFO] [stdout] 
[INFO] [stdout] Some errors have detailed explanations: E0061, E0432.
[INFO] [stdout] 
[INFO] [stdout] For more information about an error, try `rustc --explain E0061`.
[INFO] [stdout] 
[INFO] [stderr] error: could not compile `cortexia` (lib test) due to 4 previous errors
[INFO] running `Command { std: "docker" "inspect" "82b036f69ff074eca777a8147bc1ecdea96c6b25ec3e49e7776d6945f9a69eef", kill_on_drop: false }`
[INFO] running `Command { std: "docker" "rm" "-f" "82b036f69ff074eca777a8147bc1ecdea96c6b25ec3e49e7776d6945f9a69eef", kill_on_drop: false }`
[INFO] [stdout] 82b036f69ff074eca777a8147bc1ecdea96c6b25ec3e49e7776d6945f9a69eef
