[INFO] fetching crate corsairmi 2.0.1+deprecated...
[INFO] testing corsairmi-2.0.1+deprecated against 1.99.0-beta.8+cargoflags=--release for beta-release-1.100-2
[INFO] extracting crate corsairmi 2.0.1+deprecated into /workspace/builds/worker-0-tc1/source
[INFO] started tweaking crates.io crate corsairmi 2.0.1+deprecated
[INFO] removed 0 missing examples
[INFO] finished tweaking crates.io crate corsairmi 2.0.1+deprecated
[INFO] tweaked toml for crates.io crate corsairmi 2.0.1+deprecated written to /workspace/builds/worker-0-tc1/source/Cargo.toml
[INFO] validating manifest of crates.io crate corsairmi 2.0.1+deprecated on toolchain 1.99.0-beta.8
[INFO] running `Command { std: CARGO_HOME="/workspace/cargo-home" RUSTUP_HOME="/workspace/rustup-home" "/workspace/cargo-home/bin/cargo" "+1.99.0-beta.8" "metadata" "--manifest-path" "Cargo.toml" "--no-deps", kill_on_drop: false }`
[INFO] crate crates.io crate corsairmi 2.0.1+deprecated already has a lockfile, it will not be regenerated
[INFO] running `Command { std: CARGO_HOME="/workspace/cargo-home" RUSTUP_HOME="/workspace/rustup-home" "/workspace/cargo-home/bin/cargo" "+1.99.0-beta.8" "fetch" "--manifest-path" "Cargo.toml", kill_on_drop: false }`
[INFO] [stderr]  Downloading crates ...
[INFO] [stderr]   Downloaded windows-targets v0.42.1
[INFO] [stderr]   Downloaded tokio-macros v1.8.2
[INFO] [stderr]   Downloaded parking_lot_core v0.9.7
[INFO] [stderr]   Downloaded quote v1.0.23
[INFO] [stderr]   Downloaded proc-macro2 v1.0.51
[INFO] [stderr]   Downloaded mio v0.8.6
[INFO] [stderr]   Downloaded windows_x86_64_gnullvm v0.42.1
[INFO] [stderr]   Downloaded windows_aarch64_gnullvm v0.42.1
[INFO] [stderr]   Downloaded tokio v1.26.0
[INFO] [stderr]   Downloaded windows_x86_64_msvc v0.42.1
[INFO] [stderr]   Downloaded windows_x86_64_gnu v0.42.1
[INFO] [stderr]   Downloaded windows_i686_msvc v0.42.1
[INFO] [stderr]   Downloaded windows_i686_gnu v0.42.1
[INFO] [stderr]   Downloaded windows_aarch64_msvc v0.42.1
[INFO] running `Command { std: "docker" "create" "-v" "/var/lib/crater-agent-workspace/builds/worker-0-tc1/source:/opt/rustwide/workdir:ro,Z" "-v" "/var/lib/crater-agent-workspace/builds/worker-0-tc1/target:/opt/rustwide/target:rw,Z" "-v" "/var/lib/crater-agent-workspace/cargo-home:/opt/rustwide/cargo-home:ro,Z" "-v" "/var/lib/crater-agent-workspace/rustup-home:/opt/rustwide/rustup-home:ro,Z" "-m" "1610612736" "--network" "none" "ghcr.io/rust-lang/crates-build-env/linux@sha256:77db811e55d90add9212f6832c23229e3de5f1c1f9905e8cb07319ea15df73ac" "sleep" "infinity", kill_on_drop: false }`
[INFO] [stdout] df2b9cef35e7d40839f62863c0a7a90148ba69d319f6e999a9034b24fe84b3bb
[INFO] running `Command { std: "docker" "start" "df2b9cef35e7d40839f62863c0a7a90148ba69d319f6e999a9034b24fe84b3bb", kill_on_drop: false }`
[INFO] running `Command { std: "docker" "inspect" "df2b9cef35e7d40839f62863c0a7a90148ba69d319f6e999a9034b24fe84b3bb", kill_on_drop: false }`
[INFO] running `Command { std: "docker" "exec" "-e" "SOURCE_DIR=/opt/rustwide/workdir" "-e" "CARGO_HOME=/opt/rustwide/cargo-home" "-e" "RUSTUP_HOME=/opt/rustwide/rustup-home" "-e" "CARGO_TARGET_DIR=/opt/rustwide/target" "-w" "/opt/rustwide/workdir" "--user" "0:0" "df2b9cef35e7d40839f62863c0a7a90148ba69d319f6e999a9034b24fe84b3bb" "/opt/rustwide/cargo-home/bin/cargo" "+1.99.0-beta.8" "metadata" "--no-deps" "--format-version=1", kill_on_drop: false }`
[INFO] running `Command { std: "docker" "inspect" "df2b9cef35e7d40839f62863c0a7a90148ba69d319f6e999a9034b24fe84b3bb", kill_on_drop: false }`
[INFO] running `Command { std: "docker" "exec" "-e" "SOURCE_DIR=/opt/rustwide/workdir" "-e" "CARGO_HOME=/opt/rustwide/cargo-home" "-e" "RUSTUP_HOME=/opt/rustwide/rustup-home" "-e" "CARGO_TARGET_DIR=/opt/rustwide/target" "-e" "CARGO_INCREMENTAL=0" "-e" "RUST_BACKTRACE=full" "-e" "RUSTFLAGS=--cap-lints=warn" "-e" "RUSTDOCFLAGS=--cap-lints=warn" "-w" "/opt/rustwide/workdir" "--user" "0:0" "df2b9cef35e7d40839f62863c0a7a90148ba69d319f6e999a9034b24fe84b3bb" "/opt/rustwide/cargo-home/bin/cargo" "+1.99.0-beta.8" "build" "--frozen" "--message-format=json" "--release", kill_on_drop: false }`
[INFO] [stderr]    Compiling libc v0.2.140
[INFO] [stderr]    Compiling corsairmi v2.0.1+deprecated (/opt/rustwide/workdir)
[INFO] [stderr]     Finished `release` profile [optimized] target(s) in 1.49s
[INFO] running `Command { std: "docker" "inspect" "df2b9cef35e7d40839f62863c0a7a90148ba69d319f6e999a9034b24fe84b3bb", kill_on_drop: false }`
[INFO] running `Command { std: "docker" "exec" "-e" "SOURCE_DIR=/opt/rustwide/workdir" "-e" "CARGO_HOME=/opt/rustwide/cargo-home" "-e" "RUSTUP_HOME=/opt/rustwide/rustup-home" "-e" "CARGO_TARGET_DIR=/opt/rustwide/target" "-e" "CARGO_INCREMENTAL=0" "-e" "RUST_BACKTRACE=full" "-e" "RUSTFLAGS=--cap-lints=warn" "-e" "RUSTDOCFLAGS=--cap-lints=warn" "-w" "/opt/rustwide/workdir" "--user" "0:0" "df2b9cef35e7d40839f62863c0a7a90148ba69d319f6e999a9034b24fe84b3bb" "/opt/rustwide/cargo-home/bin/cargo" "+1.99.0-beta.8" "test" "--frozen" "--no-run" "--message-format=json" "--release", kill_on_drop: false }`
[INFO] [stderr]    Compiling autocfg v1.1.0
[INFO] [stderr]    Compiling proc-macro2 v1.0.51
[INFO] [stderr]    Compiling quote v1.0.23
[INFO] [stderr]    Compiling cfg-if v1.0.0
[INFO] [stderr]    Compiling parking_lot_core v0.9.7
[INFO] [stderr]    Compiling log v0.4.17
[INFO] [stderr]    Compiling smallvec v1.10.0
[INFO] [stderr]    Compiling scopeguard v1.1.0
[INFO] [stderr]    Compiling signal-hook-registry v1.4.1
[INFO] [stderr]    Compiling num_cpus v1.15.0
[INFO] [stderr]    Compiling socket2 v0.4.9
[INFO] [stderr]    Compiling pin-project-lite v0.2.9
[INFO] [stderr]    Compiling bytes v1.4.0
[INFO] [stderr]    Compiling memchr v2.5.0
[INFO] [stderr]    Compiling mio v0.8.6
[INFO] [stderr]    Compiling lock_api v0.4.9
[INFO] [stderr]    Compiling tokio v1.26.0
[INFO] [stderr]    Compiling parking_lot v0.12.1
[INFO] [stderr]    Compiling syn v1.0.109
[INFO] [stderr]    Compiling tokio-macros v1.8.2
[INFO] [stderr]    Compiling corsairmi v2.0.1+deprecated (/opt/rustwide/workdir)
[INFO] [stdout] error[E0432]: unresolved import `corsairmi::aio`
[INFO] [stdout]   --> examples/async.rs:1:17
[INFO] [stdout]    |
[INFO] [stdout]  1 | use corsairmi::{aio::PowerSupply, OpenError, RAILS};
[INFO] [stdout]    |                 ^^^ could not find `aio` in `corsairmi`
[INFO] [stdout]    |
[INFO] [stdout] note: found an item that was configured out
[INFO] [stdout]   --> src/lib.rs:61:9
[INFO] [stdout]    |
[INFO] [stdout] 60 | #[cfg(feature = "tokio")]
[INFO] [stdout]    |       ----------------- the item is gated behind the `tokio` feature
[INFO] [stdout] 61 | pub mod aio;
[INFO] [stdout]    |         ^^^
[INFO] [stdout] 
[INFO] [stdout] 
[INFO] [stdout] warning: method call on a diverging inference variable
[INFO] [stdout]  --> examples/async.rs:8:37
[INFO] [stdout]   |
[INFO] [stdout] 8 |         println!("Model: {:?}", psu.model());
[INFO] [stdout]   |                                     ^^^^^
[INFO] [stdout]   |
[INFO] [stdout]   = help: consider providing a type annotation
[INFO] [stdout]   = warning: this was previously accepted by the compiler but is being phased out; it will become a hard error in a future release!
[INFO] [stdout]   = note: for more information, see issue #156047 <https://github.com/rust-lang/rust/issues/156047>
[INFO] [stdout]   = note: `#[warn(method_call_on_diverging_infer_var)]` (part of `#[warn(future_incompatible)]`) on by default
[INFO] [stdout] 
[INFO] [stdout] 
[INFO] [stdout] error[E0599]: no method named `model` found for type `!` in the current scope
[INFO] [stdout]  --> examples/async.rs:8:37
[INFO] [stdout]   |
[INFO] [stdout] 8 |         println!("Model: {:?}", psu.model());
[INFO] [stdout]   |                                     ^^^^^ method not found in `!`
[INFO] [stdout] 
[INFO] [stdout] 
[INFO] [stdout] error[E0599]: no method named `pc_uptime` found for type `!` in the current scope
[INFO] [stdout]  --> examples/async.rs:9:41
[INFO] [stdout]   |
[INFO] [stdout] 9 |         println!("PC uptime: {:?}", psu.pc_uptime().await);
[INFO] [stdout]   |                                         ^^^^^^^^^ method not found in `!`
[INFO] [stdout] 
[INFO] [stdout] 
[INFO] [stdout] warning: unreachable call
[INFO] [stdout]  --> examples/async.rs:9:41
[INFO] [stdout]   |
[INFO] [stdout] 9 |         println!("PC uptime: {:?}", psu.pc_uptime().await);
[INFO] [stdout]   |                                     --- ^^^^^^^^^ unreachable call
[INFO] [stdout]   |                                     |
[INFO] [stdout]   |                                     any code following this expression is unreachable
[INFO] [stdout]   |
[INFO] [stdout]   = note: `#[warn(unreachable_code)]` (part of `#[warn(unused)]`) on by default
[INFO] [stdout] 
[INFO] [stdout] 
[INFO] [stdout] error[E0599]: no method named `uptime` found for type `!` in the current scope
[INFO] [stdout]   --> examples/async.rs:10:42
[INFO] [stdout]    |
[INFO] [stdout] 10 |         println!("PSU uptime: {:?}", psu.uptime().await);
[INFO] [stdout]    |                                          ^^^^^^ method not found in `!`
[INFO] [stdout] 
[INFO] [stdout] 
[INFO] [stdout] warning: unreachable call
[INFO] [stdout]   --> examples/async.rs:10:42
[INFO] [stdout]    |
[INFO] [stdout] 10 |         println!("PSU uptime: {:?}", psu.uptime().await);
[INFO] [stdout]    |                                      --- ^^^^^^ unreachable call
[INFO] [stdout]    |                                      |
[INFO] [stdout]    |                                      any code following this expression is unreachable
[INFO] [stdout] 
[INFO] [stdout] 
[INFO] [stdout] error[E0599]: no method named `name` found for type `!` in the current scope
[INFO] [stdout]   --> examples/async.rs:11:36
[INFO] [stdout]    |
[INFO] [stdout] 11 |         println!("Name: {:?}", psu.name().await);
[INFO] [stdout]    |                                    ^^^^
[INFO] [stdout]    |
[INFO] [stdout] help: there is a method `ne` with a similar name, but with different arguments
[INFO] [stdout]   --> /rustc/dfb0accb7f508ae8be965d8629557221c889dd98/library/core/src/cmp.rs:275:4
[INFO] [stdout] 
[INFO] [stdout] 
[INFO] [stdout] warning: unreachable call
[INFO] [stdout]   --> examples/async.rs:11:36
[INFO] [stdout]    |
[INFO] [stdout] 11 |         println!("Name: {:?}", psu.name().await);
[INFO] [stdout]    |                                --- ^^^^ unreachable call
[INFO] [stdout]    |                                |
[INFO] [stdout]    |                                any code following this expression is unreachable
[INFO] [stdout] 
[INFO] [stdout] 
[INFO] [stdout] error[E0599]: `!` is not an iterator
[INFO] [stdout]   --> examples/async.rs:12:39
[INFO] [stdout]    |
[INFO] [stdout] 12 |         println!("Product: {:?}", psu.product().await);
[INFO] [stdout]    |                                       ^^^^^^^ `!` is not an iterator
[INFO] [stdout]    |
[INFO] [stdout]    = note: the following trait bounds were not satisfied:
[INFO] [stdout]            `!: Iterator`
[INFO] [stdout]            which is required by `&mut !: Iterator`
[INFO] [stdout] 
[INFO] [stdout] 
[INFO] [stdout] warning: unreachable call
[INFO] [stdout]   --> examples/async.rs:12:39
[INFO] [stdout]    |
[INFO] [stdout] 12 |         println!("Product: {:?}", psu.product().await);
[INFO] [stdout]    |                                   --- ^^^^^^^ unreachable call
[INFO] [stdout]    |                                   |
[INFO] [stdout]    |                                   any code following this expression is unreachable
[INFO] [stdout] 
[INFO] [stdout] 
[INFO] [stdout] error[E0599]: no method named `vendor` found for type `!` in the current scope
[INFO] [stdout]   --> examples/async.rs:13:38
[INFO] [stdout]    |
[INFO] [stdout] 13 |         println!("Vendor: {:?}", psu.vendor().await);
[INFO] [stdout]    |                                      ^^^^^^ method not found in `!`
[INFO] [stdout] 
[INFO] [stdout] 
[INFO] [stdout] warning: unreachable call
[INFO] [stdout]   --> examples/async.rs:13:38
[INFO] [stdout]    |
[INFO] [stdout] 13 |         println!("Vendor: {:?}", psu.vendor().await);
[INFO] [stdout]    |                                  --- ^^^^^^ unreachable call
[INFO] [stdout]    |                                  |
[INFO] [stdout]    |                                  any code following this expression is unreachable
[INFO] [stdout] 
[INFO] [stdout] 
[INFO] [stdout] error[E0599]: no method named `temp1` found for type `!` in the current scope
[INFO] [stdout]   --> examples/async.rs:14:39
[INFO] [stdout]    |
[INFO] [stdout] 14 |         println!("Temp1: {:?} C", psu.temp1().await);
[INFO] [stdout]    |                                       ^^^^^ method not found in `!`
[INFO] [stdout] 
[INFO] [stdout] 
[INFO] [stdout] warning: unreachable call
[INFO] [stdout]   --> examples/async.rs:14:39
[INFO] [stdout]    |
[INFO] [stdout] 14 |         println!("Temp1: {:?} C", psu.temp1().await);
[INFO] [stdout]    |                                   --- ^^^^^ unreachable call
[INFO] [stdout]    |                                   |
[INFO] [stdout]    |                                   any code following this expression is unreachable
[INFO] [stdout] 
[INFO] [stdout] 
[INFO] [stdout] error[E0599]: no method named `temp2` found for type `!` in the current scope
[INFO] [stdout]   --> examples/async.rs:15:39
[INFO] [stdout]    |
[INFO] [stdout] 15 |         println!("Temp2: {:?} C", psu.temp2().await);
[INFO] [stdout]    |                                       ^^^^^ method not found in `!`
[INFO] [stdout] 
[INFO] [stdout] 
[INFO] [stdout] warning: unreachable call
[INFO] [stdout]   --> examples/async.rs:15:39
[INFO] [stdout]    |
[INFO] [stdout] 15 |         println!("Temp2: {:?} C", psu.temp2().await);
[INFO] [stdout]    |                                   --- ^^^^^ unreachable call
[INFO] [stdout]    |                                   |
[INFO] [stdout]    |                                   any code following this expression is unreachable
[INFO] [stdout] 
[INFO] [stdout] 
[INFO] [stdout] error[E0599]: no method named `rpm` found for type `!` in the current scope
[INFO] [stdout]   --> examples/async.rs:16:39
[INFO] [stdout]    |
[INFO] [stdout] 16 |         println!("Fan: {:?} RPM", psu.rpm().await);
[INFO] [stdout]    |                                       ^^^ method not found in `!`
[INFO] [stdout] 
[INFO] [stdout] 
[INFO] [stdout] warning: unreachable call
[INFO] [stdout]   --> examples/async.rs:16:39
[INFO] [stdout]    |
[INFO] [stdout] 16 |         println!("Fan: {:?} RPM", psu.rpm().await);
[INFO] [stdout]    |                                   --- ^^^ unreachable call
[INFO] [stdout]    |                                   |
[INFO] [stdout]    |                                   any code following this expression is unreachable
[INFO] [stdout] 
[INFO] [stdout] 
[INFO] [stdout] error[E0599]: no method named `input_voltage` found for type `!` in the current scope
[INFO] [stdout]   --> examples/async.rs:17:47
[INFO] [stdout]    |
[INFO] [stdout] 17 |         println!("Input voltage: {:?} V", psu.input_voltage().await);
[INFO] [stdout]    |                                               ^^^^^^^^^^^^^ method not found in `!`
[INFO] [stdout] 
[INFO] [stdout] 
[INFO] [stdout] warning: unreachable call
[INFO] [stdout]   --> examples/async.rs:17:47
[INFO] [stdout]    |
[INFO] [stdout] 17 |         println!("Input voltage: {:?} V", psu.input_voltage().await);
[INFO] [stdout]    |                                           --- ^^^^^^^^^^^^^ unreachable call
[INFO] [stdout]    |                                           |
[INFO] [stdout]    |                                           any code following this expression is unreachable
[INFO] [stdout] 
[INFO] [stdout] 
[INFO] [stdout] error[E0599]: no method named `input_power` found for type `!` in the current scope
[INFO] [stdout]   --> examples/async.rs:18:45
[INFO] [stdout]    |
[INFO] [stdout] 18 |         println!("Input power: {:?} W", psu.input_power().await);
[INFO] [stdout]    |                                             ^^^^^^^^^^^ method not found in `!`
[INFO] [stdout] 
[INFO] [stdout] 
[INFO] [stdout] warning: unreachable call
[INFO] [stdout]   --> examples/async.rs:18:45
[INFO] [stdout]    |
[INFO] [stdout] 18 |         println!("Input power: {:?} W", psu.input_power().await);
[INFO] [stdout]    |                                         --- ^^^^^^^^^^^ unreachable call
[INFO] [stdout]    |                                         |
[INFO] [stdout]    |                                         any code following this expression is unreachable
[INFO] [stdout] 
[INFO] [stdout] 
[INFO] [stdout] error[E0599]: no method named `input_current` found for type `!` in the current scope
[INFO] [stdout]   --> examples/async.rs:19:47
[INFO] [stdout]    |
[INFO] [stdout] 19 |         println!("Input current: {:?} A", psu.input_current().await);
[INFO] [stdout]    |                                               ^^^^^^^^^^^^^ method not found in `!`
[INFO] [stdout] 
[INFO] [stdout] 
[INFO] [stdout] warning: unreachable call
[INFO] [stdout]   --> examples/async.rs:19:47
[INFO] [stdout]    |
[INFO] [stdout] 19 |         println!("Input current: {:?} A", psu.input_current().await);
[INFO] [stdout]    |                                           --- ^^^^^^^^^^^^^ unreachable call
[INFO] [stdout]    |                                           |
[INFO] [stdout]    |                                           any code following this expression is unreachable
[INFO] [stdout] 
[INFO] [stdout] 
[INFO] [stdout] error[E0599]: no method named `output_select` found for type `!` in the current scope
[INFO] [stdout]   --> examples/async.rs:22:17
[INFO] [stdout]    |
[INFO] [stdout] 22 |             psu.output_select(*rail).await?;
[INFO] [stdout]    |                 ^^^^^^^^^^^^^ method not found in `!`
[INFO] [stdout] 
[INFO] [stdout] 
[INFO] [stdout] warning: unreachable expression
[INFO] [stdout]   --> examples/async.rs:22:31
[INFO] [stdout]    |
[INFO] [stdout] 22 |             psu.output_select(*rail).await?;
[INFO] [stdout]    |             ---               ^^^^^ unreachable expression
[INFO] [stdout]    |             |
[INFO] [stdout]    |             any code following this expression is unreachable
[INFO] [stdout] 
[INFO] [stdout] 
[INFO] [stdout] error[E0599]: no method named `output_voltage` found for type `!` in the current scope
[INFO] [stdout]   --> examples/async.rs:26:21
[INFO] [stdout]    |
[INFO] [stdout] 26 |                 psu.output_voltage().await
[INFO] [stdout]    |                     ^^^^^^^^^^^^^^ method not found in `!`
[INFO] [stdout] 
[INFO] [stdout] 
[INFO] [stdout] warning: unreachable call
[INFO] [stdout]   --> examples/async.rs:26:21
[INFO] [stdout]    |
[INFO] [stdout] 26 |                 psu.output_voltage().await
[INFO] [stdout]    |                 --- ^^^^^^^^^^^^^^ unreachable call
[INFO] [stdout]    |                 |
[INFO] [stdout]    |                 any code following this expression is unreachable
[INFO] [stdout] 
[INFO] [stdout] 
[INFO] [stdout] error[E0599]: no method named `output_current` found for type `!` in the current scope
[INFO] [stdout]   --> examples/async.rs:31:21
[INFO] [stdout]    |
[INFO] [stdout] 31 |                 psu.output_current().await
[INFO] [stdout]    |                     ^^^^^^^^^^^^^^ method not found in `!`
[INFO] [stdout] 
[INFO] [stdout] 
[INFO] [stdout] warning: unreachable call
[INFO] [stdout]   --> examples/async.rs:31:21
[INFO] [stdout]    |
[INFO] [stdout] 31 |                 psu.output_current().await
[INFO] [stdout]    |                 --- ^^^^^^^^^^^^^^ unreachable call
[INFO] [stdout]    |                 |
[INFO] [stdout]    |                 any code following this expression is unreachable
[INFO] [stdout] 
[INFO] [stdout] 
[INFO] [stdout] error[E0599]: no method named `output_power` found for type `!` in the current scope
[INFO] [stdout]   --> examples/async.rs:33:60
[INFO] [stdout]    |
[INFO] [stdout] 33 |             println!("{} output power: {:?} W", *rail, psu.output_power().await);
[INFO] [stdout]    |                                                            ^^^^^^^^^^^^ method not found in `!`
[INFO] [stdout] 
[INFO] [stdout] 
[INFO] [stdout] warning: unreachable call
[INFO] [stdout]   --> examples/async.rs:33:60
[INFO] [stdout]    |
[INFO] [stdout] 33 |             println!("{} output power: {:?} W", *rail, psu.output_power().await);
[INFO] [stdout]    |                                                        --- ^^^^^^^^^^^^ unreachable call
[INFO] [stdout]    |                                                        |
[INFO] [stdout]    |                                                        any code following this expression is unreachable
[INFO] [stdout] 
[INFO] [stdout] 
[INFO] [stdout] Some errors have detailed explanations: E0432, E0599.
[INFO] [stdout] 
[INFO] [stdout] For more information about an error, try `rustc --explain E0432`.
[INFO] [stdout] 
[INFO] [stderr] error: could not compile `corsairmi` (example "async") due to 17 previous errors; 17 warnings emitted
[INFO] [stderr] warning: build failed, waiting for other jobs to finish...
[INFO] running `Command { std: "docker" "inspect" "df2b9cef35e7d40839f62863c0a7a90148ba69d319f6e999a9034b24fe84b3bb", kill_on_drop: false }`
[INFO] running `Command { std: "docker" "rm" "-f" "df2b9cef35e7d40839f62863c0a7a90148ba69d319f6e999a9034b24fe84b3bb", kill_on_drop: false }`
[INFO] [stdout] df2b9cef35e7d40839f62863c0a7a90148ba69d319f6e999a9034b24fe84b3bb
