[INFO] fetching crate corpora-report 0.2.0...
[INFO] testing corpora-report-0.2.0 against 1.100.0-beta.1+cargoflags=--release for beta-release-1.100-2
[INFO] extracting crate corpora-report 0.2.0 into /workspace/builds/worker-1-tc2/source
[INFO] started tweaking crates.io crate corpora-report 0.2.0
[INFO] removed 0 missing tests
[INFO] finished tweaking crates.io crate corpora-report 0.2.0
[INFO] tweaked toml for crates.io crate corpora-report 0.2.0 written to /workspace/builds/worker-1-tc2/source/Cargo.toml
[INFO] validating manifest of crates.io crate corpora-report 0.2.0 on toolchain 1.100.0-beta.1
[INFO] running `Command { std: CARGO_HOME="/workspace/cargo-home" RUSTUP_HOME="/workspace/rustup-home" "/workspace/cargo-home/bin/cargo" "+1.100.0-beta.1" "metadata" "--manifest-path" "Cargo.toml" "--no-deps", kill_on_drop: false }`
[INFO] crate crates.io crate corpora-report 0.2.0 already has a lockfile, it will not be regenerated
[INFO] running `Command { std: CARGO_HOME="/workspace/cargo-home" RUSTUP_HOME="/workspace/rustup-home" "/workspace/cargo-home/bin/cargo" "+1.100.0-beta.1" "fetch" "--manifest-path" "Cargo.toml", kill_on_drop: false }`
[INFO] running `Command { std: "docker" "create" "-v" "/var/lib/crater-agent-workspace/builds/worker-1-tc2/source:/opt/rustwide/workdir:ro,Z" "-v" "/var/lib/crater-agent-workspace/builds/worker-1-tc2/target:/opt/rustwide/target:rw,Z" "-v" "/var/lib/crater-agent-workspace/cargo-home:/opt/rustwide/cargo-home:ro,Z" "-v" "/var/lib/crater-agent-workspace/rustup-home:/opt/rustwide/rustup-home:ro,Z" "-m" "1610612736" "--network" "none" "ghcr.io/rust-lang/crates-build-env/linux@sha256:77db811e55d90add9212f6832c23229e3de5f1c1f9905e8cb07319ea15df73ac" "sleep" "infinity", kill_on_drop: false }`
[INFO] [stdout] 2051b592c27111e99de3f97e9b04909d22fdd82969c384fbc8cfae96be75d95a
[INFO] running `Command { std: "docker" "start" "2051b592c27111e99de3f97e9b04909d22fdd82969c384fbc8cfae96be75d95a", kill_on_drop: false }`
[INFO] running `Command { std: "docker" "inspect" "2051b592c27111e99de3f97e9b04909d22fdd82969c384fbc8cfae96be75d95a", kill_on_drop: false }`
[INFO] running `Command { std: "docker" "exec" "-e" "SOURCE_DIR=/opt/rustwide/workdir" "-e" "CARGO_HOME=/opt/rustwide/cargo-home" "-e" "RUSTUP_HOME=/opt/rustwide/rustup-home" "-e" "CARGO_TARGET_DIR=/opt/rustwide/target" "-w" "/opt/rustwide/workdir" "--user" "0:0" "2051b592c27111e99de3f97e9b04909d22fdd82969c384fbc8cfae96be75d95a" "/opt/rustwide/cargo-home/bin/cargo" "+1.100.0-beta.1" "metadata" "--no-deps" "--format-version=1", kill_on_drop: false }`
[INFO] running `Command { std: "docker" "inspect" "2051b592c27111e99de3f97e9b04909d22fdd82969c384fbc8cfae96be75d95a", kill_on_drop: false }`
[INFO] running `Command { std: "docker" "exec" "-e" "SOURCE_DIR=/opt/rustwide/workdir" "-e" "CARGO_HOME=/opt/rustwide/cargo-home" "-e" "RUSTUP_HOME=/opt/rustwide/rustup-home" "-e" "CARGO_TARGET_DIR=/opt/rustwide/target" "-e" "CARGO_INCREMENTAL=0" "-e" "RUST_BACKTRACE=full" "-e" "RUSTFLAGS=--cap-lints=warn" "-e" "RUSTDOCFLAGS=--cap-lints=warn" "-w" "/opt/rustwide/workdir" "--user" "0:0" "2051b592c27111e99de3f97e9b04909d22fdd82969c384fbc8cfae96be75d95a" "/opt/rustwide/cargo-home/bin/cargo" "+1.100.0-beta.1" "build" "--frozen" "--message-format=json" "--release", kill_on_drop: false }`
[INFO] [stderr]    Compiling corpora-core v0.2.0
[INFO] [stderr]    Compiling corpora-report v0.2.0 (/opt/rustwide/workdir)
[INFO] [stderr]     Finished `release` profile [optimized] target(s) in 6.31s
[INFO] running `Command { std: "docker" "inspect" "2051b592c27111e99de3f97e9b04909d22fdd82969c384fbc8cfae96be75d95a", kill_on_drop: false }`
[INFO] running `Command { std: "docker" "exec" "-e" "SOURCE_DIR=/opt/rustwide/workdir" "-e" "CARGO_HOME=/opt/rustwide/cargo-home" "-e" "RUSTUP_HOME=/opt/rustwide/rustup-home" "-e" "CARGO_TARGET_DIR=/opt/rustwide/target" "-e" "CARGO_INCREMENTAL=0" "-e" "RUST_BACKTRACE=full" "-e" "RUSTFLAGS=--cap-lints=warn" "-e" "RUSTDOCFLAGS=--cap-lints=warn" "-w" "/opt/rustwide/workdir" "--user" "0:0" "2051b592c27111e99de3f97e9b04909d22fdd82969c384fbc8cfae96be75d95a" "/opt/rustwide/cargo-home/bin/cargo" "+1.100.0-beta.1" "test" "--frozen" "--no-run" "--message-format=json" "--release", kill_on_drop: false }`
[INFO] [stderr]    Compiling corpora-report v0.2.0 (/opt/rustwide/workdir)
[INFO] [stdout] error[E0433]: cannot find module or crate `corpora_testkit` in this scope
[INFO] [stdout]   --> tests/support/mod.rs:45:5
[INFO] [stdout]    |
[INFO] [stdout] 45 |     corpora_testkit::artifact_envelope(adapter_id, &items)
[INFO] [stdout]    |     ^^^^^^^^^^^^^^^ use of unresolved module or unlinked crate `corpora_testkit`
[INFO] [stdout]    |
[INFO] [stdout] help: there is a crate or module with a similar name
[INFO] [stdout]    |
[INFO] [stdout] 45 -     corpora_testkit::artifact_envelope(adapter_id, &items)
[INFO] [stdout] 45 +     corpora_report::artifact_envelope(adapter_id, &items)
[INFO] [stdout]    |
[INFO] [stdout] 
[INFO] [stdout] 
[INFO] [stdout] error[E0433]: cannot find module or crate `corpora_testkit` in this scope
[INFO] [stdout]   --> tests/support/mod.rs:70:29
[INFO] [stdout]    |
[INFO] [stdout] 70 |         .render(&graph_from(corpora_testkit::fixture_records()), &opt)
[INFO] [stdout]    |                             ^^^^^^^^^^^^^^^ use of unresolved module or unlinked crate `corpora_testkit`
[INFO] [stdout]    |
[INFO] [stdout] help: there is a crate or module with a similar name
[INFO] [stdout]    |
[INFO] [stdout] 70 -         .render(&graph_from(corpora_testkit::fixture_records()), &opt)
[INFO] [stdout] 70 +         .render(&graph_from(corpora_report::fixture_records()), &opt)
[INFO] [stdout]    |
[INFO] [stdout] 
[INFO] [stdout] 
[INFO] [stdout] error[E0433]: cannot find module or crate `corpora_testkit` in this scope
[INFO] [stdout]   --> tests/support/mod.rs:75:24
[INFO] [stdout]    |
[INFO] [stdout] 75 |     let mut reversed = corpora_testkit::fixture_records();
[INFO] [stdout]    |                        ^^^^^^^^^^^^^^^ use of unresolved module or unlinked crate `corpora_testkit`
[INFO] [stdout]    |
[INFO] [stdout] help: there is a crate or module with a similar name
[INFO] [stdout]    |
[INFO] [stdout] 75 -     let mut reversed = corpora_testkit::fixture_records();
[INFO] [stdout] 75 +     let mut reversed = corpora_report::fixture_records();
[INFO] [stdout]    |
[INFO] [stdout] 
[INFO] [stdout] 
[INFO] [stdout] error[E0433]: cannot find module or crate `corpora_testkit` in this scope
[INFO] [stdout]    --> tests/support/mod.rs:110:5
[INFO] [stdout]     |
[INFO] [stdout] 110 |     corpora_testkit::assert_snapshot(snapshot_dir, id, &envelope);
[INFO] [stdout]     |     ^^^^^^^^^^^^^^^ use of unresolved module or unlinked crate `corpora_testkit`
[INFO] [stdout]     |
[INFO] [stdout] help: there is a crate or module with a similar name
[INFO] [stdout]     |
[INFO] [stdout] 110 -     corpora_testkit::assert_snapshot(snapshot_dir, id, &envelope);
[INFO] [stdout] 110 +     corpora_report::assert_snapshot(snapshot_dir, id, &envelope);
[INFO] [stdout]     |
[INFO] [stdout] 
[INFO] [stdout] 
[INFO] [stdout] For more information about this error, try `rustc --explain E0433`.
[INFO] [stdout] 
[INFO] [stderr] error: could not compile `corpora-report` (test "contract") due to 4 previous errors
[INFO] [stderr] warning: build failed, waiting for other jobs to finish...
[INFO] [stdout] error[E0432]: unresolved import `corpora_testkit`
[INFO] [stdout]    --> src/blast_radius.rs:154:9
[INFO] [stdout]     |
[INFO] [stdout] 154 |     use corpora_testkit::superseding;
[INFO] [stdout]     |         ^^^^^^^^^^^^^^^ use of unresolved module or unlinked crate `corpora_testkit`
[INFO] [stdout]     |
[INFO] [stdout]     = help: if you wanted to use a crate named `corpora_testkit`, use `cargo add corpora_testkit` to add it to your `Cargo.toml`
[INFO] [stdout] 
[INFO] [stdout] 
[INFO] [stdout] error[E0432]: unresolved import `corpora_testkit`
[INFO] [stdout]    --> src/coverage.rs:106:9
[INFO] [stdout]     |
[INFO] [stdout] 106 |     use corpora_testkit::superseding;
[INFO] [stdout]     |         ^^^^^^^^^^^^^^^ use of unresolved module or unlinked crate `corpora_testkit`
[INFO] [stdout]     |
[INFO] [stdout]     = help: if you wanted to use a crate named `corpora_testkit`, use `cargo add corpora_testkit` to add it to your `Cargo.toml`
[INFO] [stdout] 
[INFO] [stdout] 
[INFO] [stdout] error[E0432]: unresolved import `corpora_testkit`
[INFO] [stdout]    --> src/decision_index.rs:109:9
[INFO] [stdout]     |
[INFO] [stdout] 109 |     use corpora_testkit::dec as decision;
[INFO] [stdout]     |         ^^^^^^^^^^^^^^^ use of unresolved module or unlinked crate `corpora_testkit`
[INFO] [stdout]     |
[INFO] [stdout]     = help: if you wanted to use a crate named `corpora_testkit`, use `cargo add corpora_testkit` to add it to your `Cargo.toml`
[INFO] [stdout] 
[INFO] [stdout] 
[INFO] [stdout] error[E0432]: unresolved import `corpora_testkit`
[INFO] [stdout]    --> src/handoff.rs:465:9
[INFO] [stdout]     |
[INFO] [stdout] 465 |     use corpora_testkit::{current_dossier, decision, plan};
[INFO] [stdout]     |         ^^^^^^^^^^^^^^^ use of unresolved module or unlinked crate `corpora_testkit`
[INFO] [stdout]     |
[INFO] [stdout]     = help: if you wanted to use a crate named `corpora_testkit`, use `cargo add corpora_testkit` to add it to your `Cargo.toml`
[INFO] [stdout] 
[INFO] [stdout] 
[INFO] [stdout] error[E0432]: unresolved import `corpora_testkit`
[INFO] [stdout]   --> src/held_debt.rs:52:9
[INFO] [stdout]    |
[INFO] [stdout] 52 |     use corpora_testkit::{DEFAULT_DATE, decision, set_realized};
[INFO] [stdout]    |         ^^^^^^^^^^^^^^^ use of unresolved module or unlinked crate `corpora_testkit`
[INFO] [stdout]    |
[INFO] [stdout]    = help: if you wanted to use a crate named `corpora_testkit`, use `cargo add corpora_testkit` to add it to your `Cargo.toml`
[INFO] [stdout] 
[INFO] [stdout] 
[INFO] [stdout] error[E0432]: unresolved import `corpora_testkit`
[INFO] [stdout]    --> src/relevant.rs:452:9
[INFO] [stdout]     |
[INFO] [stdout] 452 |     use corpora_testkit::{decision, fixture_records};
[INFO] [stdout]     |         ^^^^^^^^^^^^^^^ use of unresolved module or unlinked crate `corpora_testkit`
[INFO] [stdout]     |
[INFO] [stdout]     = help: if you wanted to use a crate named `corpora_testkit`, use `cargo add corpora_testkit` to add it to your `Cargo.toml`
[INFO] [stdout] 
[INFO] [stdout] 
[INFO] [stdout] error[E0433]: cannot find module or crate `corpora_testkit` in this scope
[INFO] [stdout]   --> src/mermaid.rs:74:21
[INFO] [stdout]    |
[INFO] [stdout] 74 |         let mut r = corpora_testkit::narrative(id);
[INFO] [stdout]    |                     ^^^^^^^^^^^^^^^ use of unresolved module or unlinked crate `corpora_testkit`
[INFO] [stdout]    |
[INFO] [stdout]    = help: if you wanted to use a crate named `corpora_testkit`, use `cargo add corpora_testkit` to add it to your `Cargo.toml`
[INFO] [stdout] 
[INFO] [stdout] 
[INFO] [stdout] error[E0433]: cannot find module or crate `corpora_testkit` in this scope
[INFO] [stdout]   --> src/timeline.rs:72:21
[INFO] [stdout]    |
[INFO] [stdout] 72 |         let mut r = corpora_testkit::decision(id, status, None, date);
[INFO] [stdout]    |                     ^^^^^^^^^^^^^^^ use of unresolved module or unlinked crate `corpora_testkit`
[INFO] [stdout]    |
[INFO] [stdout]    = help: if you wanted to use a crate named `corpora_testkit`, use `cargo add corpora_testkit` to add it to your `Cargo.toml`
[INFO] [stdout] 
[INFO] [stdout] 
[INFO] [stdout] error[E0433]: cannot find module or crate `corpora_testkit` in this scope
[INFO] [stdout]   --> src/timeline.rs:73:30
[INFO] [stdout]    |
[INFO] [stdout] 73 |         r.edges.supersedes = corpora_testkit::ids(supersedes);
[INFO] [stdout]    |                              ^^^^^^^^^^^^^^^ use of unresolved module or unlinked crate `corpora_testkit`
[INFO] [stdout]    |
[INFO] [stdout]    = help: if you wanted to use a crate named `corpora_testkit`, use `cargo add corpora_testkit` to add it to your `Cargo.toml`
[INFO] [stdout] 
[INFO] [stdout] 
[INFO] [stdout] Some errors have detailed explanations: E0432, E0433.
[INFO] [stdout] 
[INFO] [stdout] For more information about an error, try `rustc --explain E0432`.
[INFO] [stdout] 
[INFO] [stderr] error: could not compile `corpora-report` (lib test) due to 9 previous errors
[INFO] running `Command { std: "docker" "inspect" "2051b592c27111e99de3f97e9b04909d22fdd82969c384fbc8cfae96be75d95a", kill_on_drop: false }`
[INFO] running `Command { std: "docker" "rm" "-f" "2051b592c27111e99de3f97e9b04909d22fdd82969c384fbc8cfae96be75d95a", kill_on_drop: false }`
[INFO] [stdout] 2051b592c27111e99de3f97e9b04909d22fdd82969c384fbc8cfae96be75d95a
