[INFO] fetching crate core-foundation 0.10.1...
[INFO] testing core-foundation-0.10.1 against 1.100.0-beta.1+cargoflags=--release for beta-release-1.100-2
[INFO] extracting crate core-foundation 0.10.1 into /workspace/builds/worker-0-tc2/source
[INFO] started tweaking crates.io crate core-foundation 0.10.1
[INFO] removed 0 missing tests
[INFO] finished tweaking crates.io crate core-foundation 0.10.1
[INFO] tweaked toml for crates.io crate core-foundation 0.10.1 written to /workspace/builds/worker-0-tc2/source/Cargo.toml
[INFO] validating manifest of crates.io crate core-foundation 0.10.1 on toolchain 1.100.0-beta.1
[INFO] running `Command { std: CARGO_HOME="/workspace/cargo-home" RUSTUP_HOME="/workspace/rustup-home" "/workspace/cargo-home/bin/cargo" "+1.100.0-beta.1" "metadata" "--manifest-path" "Cargo.toml" "--no-deps", kill_on_drop: false }`
[INFO] crate crates.io crate core-foundation 0.10.1 already has a lockfile, it will not be regenerated
[INFO] running `Command { std: CARGO_HOME="/workspace/cargo-home" RUSTUP_HOME="/workspace/rustup-home" "/workspace/cargo-home/bin/cargo" "+1.100.0-beta.1" "fetch" "--manifest-path" "Cargo.toml", kill_on_drop: false }`
[INFO] running `Command { std: "docker" "create" "-v" "/var/lib/crater-agent-workspace/builds/worker-0-tc2/source:/opt/rustwide/workdir:ro,Z" "-v" "/var/lib/crater-agent-workspace/builds/worker-0-tc2/target:/opt/rustwide/target:rw,Z" "-v" "/var/lib/crater-agent-workspace/cargo-home:/opt/rustwide/cargo-home:ro,Z" "-v" "/var/lib/crater-agent-workspace/rustup-home:/opt/rustwide/rustup-home:ro,Z" "-m" "1610612736" "--network" "none" "ghcr.io/rust-lang/crates-build-env/linux@sha256:77db811e55d90add9212f6832c23229e3de5f1c1f9905e8cb07319ea15df73ac" "sleep" "infinity", kill_on_drop: false }`
[INFO] [stdout] edb21c2bdfe74b42651931a7c9a389574ca01e206a548762809d5f7e94b1d935
[INFO] running `Command { std: "docker" "start" "edb21c2bdfe74b42651931a7c9a389574ca01e206a548762809d5f7e94b1d935", kill_on_drop: false }`
[INFO] running `Command { std: "docker" "inspect" "edb21c2bdfe74b42651931a7c9a389574ca01e206a548762809d5f7e94b1d935", kill_on_drop: false }`
[INFO] running `Command { std: "docker" "exec" "-e" "SOURCE_DIR=/opt/rustwide/workdir" "-e" "CARGO_HOME=/opt/rustwide/cargo-home" "-e" "RUSTUP_HOME=/opt/rustwide/rustup-home" "-e" "CARGO_TARGET_DIR=/opt/rustwide/target" "-w" "/opt/rustwide/workdir" "--user" "0:0" "edb21c2bdfe74b42651931a7c9a389574ca01e206a548762809d5f7e94b1d935" "/opt/rustwide/cargo-home/bin/cargo" "+1.100.0-beta.1" "metadata" "--no-deps" "--format-version=1", kill_on_drop: false }`
[INFO] running `Command { std: "docker" "inspect" "edb21c2bdfe74b42651931a7c9a389574ca01e206a548762809d5f7e94b1d935", kill_on_drop: false }`
[INFO] running `Command { std: "docker" "exec" "-e" "SOURCE_DIR=/opt/rustwide/workdir" "-e" "CARGO_HOME=/opt/rustwide/cargo-home" "-e" "RUSTUP_HOME=/opt/rustwide/rustup-home" "-e" "CARGO_TARGET_DIR=/opt/rustwide/target" "-e" "CARGO_INCREMENTAL=0" "-e" "RUST_BACKTRACE=full" "-e" "RUSTFLAGS=--cap-lints=warn" "-e" "RUSTDOCFLAGS=--cap-lints=warn" "-w" "/opt/rustwide/workdir" "--user" "0:0" "edb21c2bdfe74b42651931a7c9a389574ca01e206a548762809d5f7e94b1d935" "/opt/rustwide/cargo-home/bin/cargo" "+1.100.0-beta.1" "build" "--frozen" "--message-format=json" "--release", kill_on_drop: false }`
[INFO] [stderr]    Compiling core-foundation-sys v0.8.7
[INFO] [stderr]    Compiling core-foundation v0.10.1 (/opt/rustwide/workdir)
[INFO] [stderr]     Finished `release` profile [optimized] target(s) in 0.77s
[INFO] running `Command { std: "docker" "inspect" "edb21c2bdfe74b42651931a7c9a389574ca01e206a548762809d5f7e94b1d935", kill_on_drop: false }`
[INFO] running `Command { std: "docker" "exec" "-e" "SOURCE_DIR=/opt/rustwide/workdir" "-e" "CARGO_HOME=/opt/rustwide/cargo-home" "-e" "RUSTUP_HOME=/opt/rustwide/rustup-home" "-e" "CARGO_TARGET_DIR=/opt/rustwide/target" "-e" "CARGO_INCREMENTAL=0" "-e" "RUST_BACKTRACE=full" "-e" "RUSTFLAGS=--cap-lints=warn" "-e" "RUSTDOCFLAGS=--cap-lints=warn" "-w" "/opt/rustwide/workdir" "--user" "0:0" "edb21c2bdfe74b42651931a7c9a389574ca01e206a548762809d5f7e94b1d935" "/opt/rustwide/cargo-home/bin/cargo" "+1.100.0-beta.1" "test" "--frozen" "--no-run" "--message-format=json" "--release", kill_on_drop: false }`
[INFO] [stderr]    Compiling core-foundation v0.10.1 (/opt/rustwide/workdir)
[INFO] [stdout] warning: value assigned to `info` is never read
[INFO] [stdout]    --> src/filedescriptor.rs:172:9
[INFO] [stdout]     |
[INFO] [stdout] 172 |         info.value = 0;
[INFO] [stdout]     |         ^^^^^^^^^^^^^^
[INFO] [stdout]     |
[INFO] [stdout]     = help: maybe it is overwritten before being read?
[INFO] [stdout]     = note: `#[warn(unused_assignments)]` (part of `#[warn(unused)]`) on by default
[INFO] [stdout] 
[INFO] [stdout] 
[INFO] [stdout] error: linking with `cc` failed: exit status: 1
[INFO] [stdout]   |
[INFO] [stdout]   = note:  "cc" "-m64" "/opt/rustwide/target/release/build/core-foundation/0c1282e99cb51780/out/rustcwKLSYV/symbols.o" "<10 object files omitted>" "-Wl,--as-needed" "-Wl,-Bstatic" "<sysroot>/lib/rustlib/x86_64-unknown-linux-gnu/lib/{libtest-*,libgetopts-*,librustc_std_workspace_std-*}.rlib" "/opt/rustwide/target/release/build/libc/497dc2e61057816d/out/liblibc-497dc2e61057816d.rlib" "/opt/rustwide/target/release/build/core-foundation-sys/9f293266e66b5168/out/libcore_foundation_sys-9f293266e66b5168.rlib" "<sysroot>/lib/rustlib/x86_64-unknown-linux-gnu/lib/{libstd-*,libpanic_unwind-*,libobject-*,libmemchr-*,libaddr2line-*,libgimli-*,libcfg_if-*,librustc_demangle-*,libstd_detect-*,libhashbrown-*,librustc_std_workspace_alloc-*,libminiz_oxide-*,libadler2-*,libunwind-*,liblibc-*,librustc_std_workspace_core-*,liballoc-*,libcore-*,libcompiler_builtins-*}.rlib" "-Wl,-Bdynamic" "-lgcc_s" "-lutil" "-lrt" "-lpthread" "-lm" "-ldl" "-lc" "-L" "/opt/rustwide/target/release/build/core-foundation/0c1282e99cb51780/out/rustcwKLSYV/raw-dylibs" "-B<sysroot>/lib/rustlib/x86_64-unknown-linux-gnu/bin/gcc-ld" "-fuse-ld=lld" "-Wl,--eh-frame-hdr" "-Wl,-z,noexecstack" "-L" "<sysroot>/lib/rustlib/x86_64-unknown-linux-gnu/lib" "-o" "/opt/rustwide/target/release/build/core-foundation/0c1282e99cb51780/out/core_foundation-0c1282e99cb51780" "-Wl,--gc-sections" "-pie" "-Wl,-z,relro,-z,now" "-Wl,-O1" "-Wl,--strip-debug" "-nodefaultlibs"
[INFO] [stdout]   = note: some arguments are omitted. use `--verbose` to show all linker arguments
[INFO] [stdout]   = note: rust-lld: error: undefined symbol: CFRelease
[INFO] [stdout]           >>> referenced by core_foundation.c92c36fea5b47cf7-cgu.0
[INFO] [stdout]           >>>               /opt/rustwide/target/release/build/core-foundation/0c1282e99cb51780/out/core_foundation-0c1282e99cb51780.core_foundation.c92c36fea5b47cf7-cgu.0.rcgu.o:(core::ptr::drop_glue::<core_foundation::string::CFString>)
[INFO] [stdout]           >>> referenced by core_foundation.c92c36fea5b47cf7-cgu.0
[INFO] [stdout]           >>>               /opt/rustwide/target/release/build/core-foundation/0c1282e99cb51780/out/core_foundation-0c1282e99cb51780.core_foundation.c92c36fea5b47cf7-cgu.0.rcgu.o:(<core_foundation::error::CFError as core::fmt::Debug>::fmt)
[INFO] [stdout]           >>> referenced by core_foundation.c92c36fea5b47cf7-cgu.0
[INFO] [stdout]           >>>               /opt/rustwide/target/release/build/core-foundation/0c1282e99cb51780/out/core_foundation-0c1282e99cb51780.core_foundation.c92c36fea5b47cf7-cgu.0.rcgu.o:(<core_foundation::error::CFError as core::fmt::Debug>::fmt)
[INFO] [stdout]           >>> referenced 304 more times
[INFO] [stdout]           
[INFO] [stdout]           rust-lld: error: undefined symbol: CFErrorGetDomain
[INFO] [stdout]           >>> referenced by core_foundation.c92c36fea5b47cf7-cgu.0
[INFO] [stdout]           >>>               /opt/rustwide/target/release/build/core-foundation/0c1282e99cb51780/out/core_foundation-0c1282e99cb51780.core_foundation.c92c36fea5b47cf7-cgu.0.rcgu.o:(<core_foundation::error::CFError as core::fmt::Debug>::fmt)
[INFO] [stdout]           
[INFO] [stdout]           rust-lld: error: undefined symbol: CFRetain
[INFO] [stdout]           >>> referenced by core_foundation.c92c36fea5b47cf7-cgu.0
[INFO] [stdout]           >>>               /opt/rustwide/target/release/build/core-foundation/0c1282e99cb51780/out/core_foundation-0c1282e99cb51780.core_foundation.c92c36fea5b47cf7-cgu.0.rcgu.o:(<core_foundation::error::CFError as core::fmt::Debug>::fmt)
[INFO] [stdout]           >>> referenced by core_foundation.c92c36fea5b47cf7-cgu.0
[INFO] [stdout]           >>>               /opt/rustwide/target/release/build/core-foundation/0c1282e99cb51780/out/core_foundation-0c1282e99cb51780.core_foundation.c92c36fea5b47cf7-cgu.0.rcgu.o:(<core_foundation::boolean::CFBoolean as core::cmp::PartialEq>::eq)
[INFO] [stdout]           >>> referenced by core_foundation.c92c36fea5b47cf7-cgu.0
[INFO] [stdout]           >>>               /opt/rustwide/target/release/build/core-foundation/0c1282e99cb51780/out/core_foundation-0c1282e99cb51780.core_foundation.c92c36fea5b47cf7-cgu.0.rcgu.o:(<core_foundation::boolean::CFBoolean as core::cmp::PartialEq>::eq)
[INFO] [stdout]           >>> referenced 83 more times
[INFO] [stdout]           
[INFO] [stdout]           rust-lld: error: undefined symbol: CFErrorGetCode
[INFO] [stdout]           >>> referenced by core_foundation.c92c36fea5b47cf7-cgu.0
[INFO] [stdout]           >>>               /opt/rustwide/target/release/build/core-foundation/0c1282e99cb51780/out/core_foundation-0c1282e99cb51780.core_foundation.c92c36fea5b47cf7-cgu.0.rcgu.o:(<core_foundation::error::CFError as core::fmt::Debug>::fmt)
[INFO] [stdout]           
[INFO] [stdout]           rust-lld: error: undefined symbol: CFErrorCopyDescription
[INFO] [stdout]           >>> referenced by core_foundation.c92c36fea5b47cf7-cgu.0
[INFO] [stdout]           >>>               /opt/rustwide/target/release/build/core-foundation/0c1282e99cb51780/out/core_foundation-0c1282e99cb51780.core_foundation.c92c36fea5b47cf7-cgu.0.rcgu.o:(<core_foundation::error::CFError as core::fmt::Debug>::fmt)
[INFO] [stdout]           
[INFO] [stdout]           rust-lld: error: undefined symbol: CFStringGetCStringPtr
[INFO] [stdout]           >>> referenced by core_foundation.c92c36fea5b47cf7-cgu.0
[INFO] [stdout]           >>>               /opt/rustwide/target/release/build/core-foundation/0c1282e99cb51780/out/core_foundation-0c1282e99cb51780.core_foundation.c92c36fea5b47cf7-cgu.0.rcgu.o:(<alloc::borrow::Cow<str> as core::convert::From<&core_foundation::string::CFString>>::from)
[INFO] [stdout]           
[INFO] [stdout]           rust-lld: error: undefined symbol: CFStringGetLength
[INFO] [stdout]           >>> referenced by core_foundation.c92c36fea5b47cf7-cgu.0
[INFO] [stdout]           >>>               /opt/rustwide/target/release/build/core-foundation/0c1282e99cb51780/out/core_foundation-0c1282e99cb51780.core_foundation.c92c36fea5b47cf7-cgu.0.rcgu.o:(<alloc::borrow::Cow<str> as core::convert::From<&core_foundation::string::CFString>>::from)
[INFO] [stdout]           
[INFO] [stdout]           rust-lld: error: undefined symbol: CFStringGetBytes
[INFO] [stdout]           >>> referenced by core_foundation.c92c36fea5b47cf7-cgu.0
[INFO] [stdout]           >>>               /opt/rustwide/target/release/build/core-foundation/0c1282e99cb51780/out/core_foundation-0c1282e99cb51780.core_foundation.c92c36fea5b47cf7-cgu.0.rcgu.o:(<alloc::borrow::Cow<str> as core::convert::From<&core_foundation::string::CFString>>::from)
[INFO] [stdout]           >>> referenced by core_foundation.c92c36fea5b47cf7-cgu.0
[INFO] [stdout]           >>>               /opt/rustwide/target/release/build/core-foundation/0c1282e99cb51780/out/core_foundation-0c1282e99cb51780.core_foundation.c92c36fea5b47cf7-cgu.0.rcgu.o:(<alloc::borrow::Cow<str> as core::convert::From<&core_foundation::string::CFString>>::from)
[INFO] [stdout]           
[INFO] [stdout]           rust-lld: error: undefined symbol: CFEqual
[INFO] [stdout]           >>> referenced by core_foundation.c92c36fea5b47cf7-cgu.0
[INFO] [stdout]           >>>               /opt/rustwide/target/release/build/core-foundation/0c1282e99cb51780/out/core_foundation-0c1282e99cb51780.core_foundation.c92c36fea5b47cf7-cgu.0.rcgu.o:(<core_foundation::boolean::CFBoolean as core::cmp::PartialEq>::eq)
[INFO] [stdout]           >>> referenced by core_foundation.c92c36fea5b47cf7-cgu.7
[INFO] [stdout]           >>>               /opt/rustwide/target/release/build/core-foundation/0c1282e99cb51780/out/core_foundation-0c1282e99cb51780.core_foundation.c92c36fea5b47cf7-cgu.7.rcgu.o:(<core_foundation::string::CFString as core::cmp::PartialEq<&str>>::eq)
[INFO] [stdout]           >>> referenced by core_foundation.c92c36fea5b47cf7-cgu.0
[INFO] [stdout]           >>>               /opt/rustwide/target/release/build/core-foundation/0c1282e99cb51780/out/core_foundation-0c1282e99cb51780.core_foundation.c92c36fea5b47cf7-cgu.0.rcgu.o:(<core_foundation::boolean::tests::to_and_from_bool::{closure#0} as core::ops::function::FnOnce<()>>::call_once (.llvm.12963852822611142819))
[INFO] [stdout]           >>> referenced 6 more times
[INFO] [stdout]           
[INFO] [stdout]           rust-lld: error: undefined symbol: kCFAllocatorDefault
[INFO] [stdout]           >>> referenced by core_foundation.c92c36fea5b47cf7-cgu.0
[INFO] [stdout]           >>>               /opt/rustwide/target/release/build/core-foundation/0c1282e99cb51780/out/core_foundation-0c1282e99cb51780.core_foundation.c92c36fea5b47cf7-cgu.0.rcgu.o:(<core_foundation::url::absolute_file_url::{closure#0} as core::ops::function::FnOnce<()>>::call_once (.llvm.12963852822611142819))
[INFO] [stdout]           >>> referenced by core_foundation.c92c36fea5b47cf7-cgu.4
[INFO] [stdout]           >>>               /opt/rustwide/target/release/build/core-foundation/0c1282e99cb51780/out/core_foundation-0c1282e99cb51780.core_foundation.c92c36fea5b47cf7-cgu.4.rcgu.o:(<core_foundation::array::tests::into_untyped::{closure#0} as core::ops::function::FnOnce<()>>::call_once (.llvm.13327661556098215093))
[INFO] [stdout]           >>> referenced by core_foundation.c92c36fea5b47cf7-cgu.4
[INFO] [stdout]           >>>               /opt/rustwide/target/release/build/core-foundation/0c1282e99cb51780/out/core_foundation-0c1282e99cb51780.core_foundation.c92c36fea5b47cf7-cgu.4.rcgu.o:(<core_foundation::array::tests::iter_untyped_array::{closure#0} as core::ops::function::FnOnce<()>>::call_once (.llvm.13327661556098215093))
[INFO] [stdout]           >>> referenced 41 more times
[INFO] [stdout]           
[INFO] [stdout]           rust-lld: error: undefined symbol: kCFAllocatorNull
[INFO] [stdout]           >>> referenced by core_foundation.c92c36fea5b47cf7-cgu.0
[INFO] [stdout]           >>>               /opt/rustwide/target/release/build/core-foundation/0c1282e99cb51780/out/core_foundation-0c1282e99cb51780.core_foundation.c92c36fea5b47cf7-cgu.0.rcgu.o:(<core_foundation::url::absolute_file_url::{closure#0} as core::ops::function::FnOnce<()>>::call_once (.llvm.12963852822611142819))
[INFO] [stdout]           >>> referenced by core_foundation.c92c36fea5b47cf7-cgu.4
[INFO] [stdout]           >>>               /opt/rustwide/target/release/build/core-foundation/0c1282e99cb51780/out/core_foundation-0c1282e99cb51780.core_foundation.c92c36fea5b47cf7-cgu.4.rcgu.o:(<core_foundation::array::tests::iter_untyped_array::{closure#0} as core::ops::function::FnOnce<()>>::call_once (.llvm.13327661556098215093))
[INFO] [stdout]           >>> referenced by core_foundation.c92c36fea5b47cf7-cgu.0
[INFO] [stdout]           >>>               /opt/rustwide/target/release/build/core-foundation/0c1282e99cb51780/out/core_foundation-0c1282e99cb51780.core_foundation.c92c36fea5b47cf7-cgu.0.rcgu.o:(<core_foundation::url::file_url_from_path::{closure#0} as core::ops::function::FnOnce<()>>::call_once (.llvm.12963852822611142819))
[INFO] [stdout]           >>> referenced 23 more times
[INFO] [stdout]           
[INFO] [stdout]           rust-lld: error: undefined symbol: CFStringCreateWithBytesNoCopy
[INFO] [stdout]           >>> referenced by core_foundation.c92c36fea5b47cf7-cgu.0
[INFO] [stdout]           >>>               /opt/rustwide/target/release/build/core-foundation/0c1282e99cb51780/out/core_foundation-0c1282e99cb51780.core_foundation.c92c36fea5b47cf7-cgu.0.rcgu.o:(<core_foundation::url::absolute_file_url::{closure#0} as core::ops::function::FnOnce<()>>::call_once (.llvm.12963852822611142819))
[INFO] [stdout]           >>> referenced by core_foundation.c92c36fea5b47cf7-cgu.0
[INFO] [stdout]           >>>               /opt/rustwide/target/release/build/core-foundation/0c1282e99cb51780/out/core_foundation-0c1282e99cb51780.core_foundation.c92c36fea5b47cf7-cgu.0.rcgu.o:(<core_foundation::url::absolute_file_url::{closure#0} as core::ops::function::FnOnce<()>>::call_once (.llvm.12963852822611142819))
[INFO] [stdout]           >>> referenced by core_foundation.c92c36fea5b47cf7-cgu.4
[INFO] [stdout]           >>>               /opt/rustwide/target/release/build/core-foundation/0c1282e99cb51780/out/core_foundation-0c1282e99cb51780.core_foundation.c92c36fea5b47cf7-cgu.4.rcgu.o:(<core_foundation::array::tests::iter_untyped_array::{closure#0} as core::ops::function::FnOnce<()>>::call_once (.llvm.13327661556098215093))
[INFO] [stdout]           >>> referenced 36 more times
[INFO] [stdout]           
[INFO] [stdout]           rust-lld: error: undefined symbol: CFURLCreateWithFileSystemPath
[INFO] [stdout]           >>> referenced by core_foundation.c92c36fea5b47cf7-cgu.0
[INFO] [stdout]           >>>               /opt/rustwide/target/release/build/core-foundation/0c1282e99cb51780/out/core_foundation-0c1282e99cb51780.core_foundation.c92c36fea5b47cf7-cgu.0.rcgu.o:(<core_foundation::url::absolute_file_url::{closure#0} as core::ops::function::FnOnce<()>>::call_once (.llvm.12963852822611142819))
[INFO] [stdout]           >>> referenced by core_foundation.c92c36fea5b47cf7-cgu.0
[INFO] [stdout]           >>>               /opt/rustwide/target/release/build/core-foundation/0c1282e99cb51780/out/core_foundation-0c1282e99cb51780.core_foundation.c92c36fea5b47cf7-cgu.0.rcgu.o:(<core_foundation::url::file_url_from_path::{closure#0} as core::ops::function::FnOnce<()>>::call_once (.llvm.12963852822611142819))
[INFO] [stdout]           >>> referenced by core_foundation.c92c36fea5b47cf7-cgu.0
[INFO] [stdout]           >>>               /opt/rustwide/target/release/build/core-foundation/0c1282e99cb51780/out/core_foundation-0c1282e99cb51780.core_foundation.c92c36fea5b47cf7-cgu.0.rcgu.o:(<core_foundation::bundle::non_existent_bundle::{closure#0} as core::ops::function::FnOnce<()>>::call_once (.llvm.12963852822611142819))
[INFO] [stdout]           >>> referenced 2 more times
[INFO] [stdout]           
[INFO] [stdout]           rust-lld: error: undefined symbol: CFURLCreateWithFileSystemPathRelativeToBase
[INFO] [stdout]           >>> referenced by core_foundation.c92c36fea5b47cf7-cgu.0
[INFO] [stdout]           >>>               /opt/rustwide/target/release/build/core-foundation/0c1282e99cb51780/out/core_foundation-0c1282e99cb51780.core_foundation.c92c36fea5b47cf7-cgu.0.rcgu.o:(<core_foundation::url::absolute_file_url::{closure#0} as core::ops::function::FnOnce<()>>::call_once (.llvm.12963852822611142819))
[INFO] [stdout]           
[INFO] [stdout]           rust-lld: error: undefined symbol: CFURLCopyFileSystemPath
[INFO] [stdout]           >>> referenced by core_foundation.c92c36fea5b47cf7-cgu.0
[INFO] [stdout]           >>>               /opt/rustwide/target/release/build/core-foundation/0c1282e99cb51780/out/core_foundation-0c1282e99cb51780.core_foundation.c92c36fea5b47cf7-cgu.0.rcgu.o:(<core_foundation::url::absolute_file_url::{closure#0} as core::ops::function::FnOnce<()>>::call_once (.llvm.12963852822611142819))
[INFO] [stdout]           >>> referenced by core_foundation.c92c36fea5b47cf7-cgu.0
[INFO] [stdout]           >>>               /opt/rustwide/target/release/build/core-foundation/0c1282e99cb51780/out/core_foundation-0c1282e99cb51780.core_foundation.c92c36fea5b47cf7-cgu.0.rcgu.o:(<core_foundation::url::absolute_file_url::{closure#0} as core::ops::function::FnOnce<()>>::call_once (.llvm.12963852822611142819))
[INFO] [stdout]           >>> referenced by core_foundation.c92c36fea5b47cf7-cgu.0
[INFO] [stdout]           >>>               /opt/rustwide/target/release/build/core-foundation/0c1282e99cb51780/out/core_foundation-0c1282e99cb51780.core_foundation.c92c36fea5b47cf7-cgu.0.rcgu.o:(<core_foundation::bundle::safari_executable_url::{closure#0} as core::ops::function::FnOnce<()>>::call_once (.llvm.12963852822611142819))
[INFO] [stdout]           >>> referenced 1 more times
[INFO] [stdout]           
[INFO] [stdout]           rust-lld: error: undefined symbol: CFURLCopyAbsoluteURL
[INFO] [stdout]           >>> referenced by core_foundation.c92c36fea5b47cf7-cgu.0
[INFO] [stdout]           >>>               /opt/rustwide/target/release/build/core-foundation/0c1282e99cb51780/out/core_foundation-0c1282e99cb51780.core_foundation.c92c36fea5b47cf7-cgu.0.rcgu.o:(<core_foundation::url::absolute_file_url::{closure#0} as core::ops::function::FnOnce<()>>::call_once (.llvm.12963852822611142819))
[INFO] [stdout]           >>> referenced by core_foundation.c92c36fea5b47cf7-cgu.0
[INFO] [stdout]           >>>               /opt/rustwide/target/release/build/core-foundation/0c1282e99cb51780/out/core_foundation-0c1282e99cb51780.core_foundation.c92c36fea5b47cf7-cgu.0.rcgu.o:(<core_foundation::bundle::safari_executable_url::{closure#0} as core::ops::function::FnOnce<()>>::call_once (.llvm.12963852822611142819))
[INFO] [stdout]           >>> referenced by core_foundation.c92c36fea5b47cf7-cgu.0
[INFO] [stdout]           >>>               /opt/rustwide/target/release/build/core-foundation/0c1282e99cb51780/out/core_foundation-0c1282e99cb51780.core_foundation.c92c36fea5b47cf7-cgu.0.rcgu.o:(<core_foundation::bundle::safari_private_frameworks_url::{closure#0} as core::ops::function::FnOnce<()>>::call_once (.llvm.12963852822611142819))
[INFO] [stdout]           
[INFO] [stdout]           rust-lld: error: undefined symbol: CFNumberCreate
[INFO] [stdout]           >>> referenced by core_foundation.c92c36fea5b47cf7-cgu.4
[INFO] [stdout]           >>>               /opt/rustwide/target/release/build/core-foundation/0c1282e99cb51780/out/core_foundation-0c1282e99cb51780.core_foundation.c92c36fea5b47cf7-cgu.4.rcgu.o:(<core_foundation::array::tests::into_untyped::{closure#0} as core::ops::function::FnOnce<()>>::call_once (.llvm.13327661556098215093))
[INFO] [stdout]           >>> referenced by core_foundation.c92c36fea5b47cf7-cgu.4
[INFO] [stdout]           >>>               /opt/rustwide/target/release/build/core-foundation/0c1282e99cb51780/out/core_foundation-0c1282e99cb51780.core_foundation.c92c36fea5b47cf7-cgu.4.rcgu.o:(<core_foundation::array::tests::should_box_and_unbox::{closure#0} as core::ops::function::FnOnce<()>>::call_once (.llvm.13327661556098215093))
[INFO] [stdout]           >>> referenced by core_foundation.c92c36fea5b47cf7-cgu.4
[INFO] [stdout]           >>>               /opt/rustwide/target/release/build/core-foundation/0c1282e99cb51780/out/core_foundation-0c1282e99cb51780.core_foundation.c92c36fea5b47cf7-cgu.4.rcgu.o:(<core_foundation::array::tests::should_box_and_unbox::{closure#0} as core::ops::function::FnOnce<()>>::call_once (.llvm.13327661556098215093))
[INFO] [stdout]           >>> referenced 8 more times
[INFO] [stdout]           
[INFO] [stdout]           rust-lld: error: undefined symbol: CFGetRetainCount
[INFO] [stdout]           >>> referenced by core_foundation.c92c36fea5b47cf7-cgu.4
[INFO] [stdout]           >>>               /opt/rustwide/target/release/build/core-foundation/0c1282e99cb51780/out/core_foundation-0c1282e99cb51780.core_foundation.c92c36fea5b47cf7-cgu.4.rcgu.o:(<core_foundation::array::tests::into_untyped::{closure#0} as core::ops::function::FnOnce<()>>::call_once (.llvm.13327661556098215093))
[INFO] [stdout]           >>> referenced by core_foundation.c92c36fea5b47cf7-cgu.4
[INFO] [stdout]           >>>               /opt/rustwide/target/release/build/core-foundation/0c1282e99cb51780/out/core_foundation-0c1282e99cb51780.core_foundation.c92c36fea5b47cf7-cgu.4.rcgu.o:(<core_foundation::array::tests::into_untyped::{closure#0} as core::ops::function::FnOnce<()>>::call_once (.llvm.13327661556098215093))
[INFO] [stdout]           >>> referenced by core_foundation.c92c36fea5b47cf7-cgu.4
[INFO] [stdout]           >>>               /opt/rustwide/target/release/build/core-foundation/0c1282e99cb51780/out/core_foundation-0c1282e99cb51780.core_foundation.c92c36fea5b47cf7-cgu.4.rcgu.o:(<core_foundation::array::tests::into_untyped::{closure#0} as core::ops::function::FnOnce<()>>::call_once (.llvm.13327661556098215093))
[INFO] [stdout]           >>> referenced 32 more times
[INFO] [stdout]           
[INFO] [stdout]           rust-lld: error: undefined symbol: CFArrayGetCount
[INFO] [stdout]           >>> referenced by core_foundation.c92c36fea5b47cf7-cgu.4
[INFO] [stdout]           >>>               /opt/rustwide/target/release/build/core-foundation/0c1282e99cb51780/out/core_foundation-0c1282e99cb51780.core_foundation.c92c36fea5b47cf7-cgu.4.rcgu.o:(<core_foundation::array::tests::iter_untyped_array::{closure#0} as core::ops::function::FnOnce<()>>::call_once (.llvm.13327661556098215093))
[INFO] [stdout]           >>> referenced by core_foundation.c92c36fea5b47cf7-cgu.4
[INFO] [stdout]           >>>               /opt/rustwide/target/release/build/core-foundation/0c1282e99cb51780/out/core_foundation-0c1282e99cb51780.core_foundation.c92c36fea5b47cf7-cgu.4.rcgu.o:(<core_foundation::array::tests::should_box_and_unbox::{closure#0} as core::ops::function::FnOnce<()>>::call_once (.llvm.13327661556098215093))
[INFO] [stdout]           >>> referenced by core_foundation.c92c36fea5b47cf7-cgu.4
[INFO] [stdout]           >>>               /opt/rustwide/target/release/build/core-foundation/0c1282e99cb51780/out/core_foundation-0c1282e99cb51780.core_foundation.c92c36fea5b47cf7-cgu.4.rcgu.o:(<core_foundation::array::tests::should_box_and_unbox::{closure#0} as core::ops::function::FnOnce<()>>::call_once (.llvm.13327661556098215093))
[INFO] [stdout]           >>> referenced 4 more times
[INFO] [stdout]           
[INFO] [stdout]           rust-lld: error: undefined symbol: CFAbsoluteTimeGetCurrent
[INFO] [stdout]           >>> referenced by core_foundation.c92c36fea5b47cf7-cgu.8
[INFO] [stdout]           >>>               /opt/rustwide/target/release/build/core-foundation/0c1282e99cb51780/out/core_foundation-0c1282e99cb51780.core_foundation.c92c36fea5b47cf7-cgu.8.rcgu.o:(core_foundation::runloop::test::timer_popped)
[INFO] [stdout]           >>> referenced by core_foundation.c92c36fea5b47cf7-cgu.8
[INFO] [stdout]           >>>               /opt/rustwide/target/release/build/core-foundation/0c1282e99cb51780/out/core_foundation-0c1282e99cb51780.core_foundation.c92c36fea5b47cf7-cgu.8.rcgu.o:(<core_foundation::runloop::test::wait_200_milliseconds::{closure#0} as core::ops::function::FnOnce<()>>::call_once (.llvm.2344381610593902125))
[INFO] [stdout]           >>> referenced by core_foundation.c92c36fea5b47cf7-cgu.7
[INFO] [stdout]           >>>               /opt/rustwide/target/release/build/core-foundation/0c1282e99cb51780/out/core_foundation-0c1282e99cb51780.core_foundation.c92c36fea5b47cf7-cgu.7.rcgu.o:(std::sys::backtrace::__rust_begin_short_backtrace::<core_foundation::runloop::test::observe_runloop::{closure#0}, ()>)
[INFO] [stdout]           >>> referenced 2 more times
[INFO] [stdout]           
[INFO] [stdout]           rust-lld: error: too many errors emitted, stopping now (use --error-limit=0 to see all errors)
[INFO] [stdout]           collect2: error: ld returned 1 exit status
[INFO] [stdout]           
[INFO] [stdout] 
[INFO] [stdout] 
[INFO] [stderr] error: could not compile `core-foundation` (lib test) due to 1 previous error; 1 warning emitted
[INFO] running `Command { std: "docker" "inspect" "edb21c2bdfe74b42651931a7c9a389574ca01e206a548762809d5f7e94b1d935", kill_on_drop: false }`
[INFO] running `Command { std: "docker" "rm" "-f" "edb21c2bdfe74b42651931a7c9a389574ca01e206a548762809d5f7e94b1d935", kill_on_drop: false }`
[INFO] [stdout] edb21c2bdfe74b42651931a7c9a389574ca01e206a548762809d5f7e94b1d935
