[INFO] fetching crate copra 0.1.1...
[INFO] testing copra-0.1.1 against 1.100.0-beta.1+cargoflags=--release for beta-release-1.100-2
[INFO] extracting crate copra 0.1.1 into /workspace/builds/worker-7-tc2/source
[INFO] started tweaking crates.io crate copra 0.1.1
[INFO] finished tweaking crates.io crate copra 0.1.1
[INFO] tweaked toml for crates.io crate copra 0.1.1 written to /workspace/builds/worker-7-tc2/source/Cargo.toml
[INFO] validating manifest of crates.io crate copra 0.1.1 on toolchain 1.100.0-beta.1
[INFO] running `Command { std: CARGO_HOME="/workspace/cargo-home" RUSTUP_HOME="/workspace/rustup-home" "/workspace/cargo-home/bin/cargo" "+1.100.0-beta.1" "metadata" "--manifest-path" "Cargo.toml" "--no-deps", kill_on_drop: false }`
[INFO] running `Command { std: CARGO_HOME="/workspace/cargo-home" RUSTUP_HOME="/workspace/rustup-home" "/workspace/cargo-home/bin/cargo" "+1.100.0-beta.1" "generate-lockfile" "--manifest-path" "Cargo.toml", kill_on_drop: false }`
[INFO] [stderr]     Updating crates.io index
[INFO] [stderr]      Locking 82 packages to highest compatible versions
[INFO] [stderr]       Adding bytes v0.4.12 (available: v1.12.1)
[INFO] [stderr]       Adding futures v0.1.31 (available: v0.3.34)
[INFO] [stderr]       Adding log v0.3.9 (available: v0.4.34)
[INFO] [stderr]       Adding protobuf v1.7.5 (available: v3.7.2)
[INFO] [stderr]       Adding rand v0.4.6 (available: v0.10.3)
[INFO] [stderr]       Adding smallvec v0.5.1 (available: v1.16.3)
[INFO] [stderr]       Adding url v1.7.2 (available: v2.5.8)
[INFO] running `Command { std: CARGO_HOME="/workspace/cargo-home" RUSTUP_HOME="/workspace/rustup-home" "/workspace/cargo-home/bin/cargo" "+1.100.0-beta.1" "fetch" "--manifest-path" "Cargo.toml", kill_on_drop: false }`
[INFO] [stderr] warning: Cargo.toml: `package.edition` is unspecified, defaulting to `2015` while the latest is `2024`
[INFO] [stderr] warning: `copra` (manifest) generated 1 warning
[INFO] running `Command { std: "docker" "create" "-v" "/var/lib/crater-agent-workspace/builds/worker-7-tc2/source:/opt/rustwide/workdir:ro,Z" "-v" "/var/lib/crater-agent-workspace/builds/worker-7-tc2/target:/opt/rustwide/target:rw,Z" "-v" "/var/lib/crater-agent-workspace/cargo-home:/opt/rustwide/cargo-home:ro,Z" "-v" "/var/lib/crater-agent-workspace/rustup-home:/opt/rustwide/rustup-home:ro,Z" "-m" "1610612736" "--network" "none" "ghcr.io/rust-lang/crates-build-env/linux@sha256:77db811e55d90add9212f6832c23229e3de5f1c1f9905e8cb07319ea15df73ac" "sleep" "infinity", kill_on_drop: false }`
[INFO] [stdout] f0e18a46348cace0c98aef6e53bb53c5f698b7fdec36a43b57b86fff9805eb83
[INFO] running `Command { std: "docker" "start" "f0e18a46348cace0c98aef6e53bb53c5f698b7fdec36a43b57b86fff9805eb83", kill_on_drop: false }`
[INFO] running `Command { std: "docker" "inspect" "f0e18a46348cace0c98aef6e53bb53c5f698b7fdec36a43b57b86fff9805eb83", kill_on_drop: false }`
[INFO] running `Command { std: "docker" "exec" "-e" "SOURCE_DIR=/opt/rustwide/workdir" "-e" "CARGO_HOME=/opt/rustwide/cargo-home" "-e" "RUSTUP_HOME=/opt/rustwide/rustup-home" "-e" "CARGO_TARGET_DIR=/opt/rustwide/target" "-w" "/opt/rustwide/workdir" "--user" "0:0" "f0e18a46348cace0c98aef6e53bb53c5f698b7fdec36a43b57b86fff9805eb83" "/opt/rustwide/cargo-home/bin/cargo" "+1.100.0-beta.1" "metadata" "--no-deps" "--format-version=1", kill_on_drop: false }`
[INFO] running `Command { std: "docker" "inspect" "f0e18a46348cace0c98aef6e53bb53c5f698b7fdec36a43b57b86fff9805eb83", kill_on_drop: false }`
[INFO] running `Command { std: "docker" "exec" "-e" "SOURCE_DIR=/opt/rustwide/workdir" "-e" "CARGO_HOME=/opt/rustwide/cargo-home" "-e" "RUSTUP_HOME=/opt/rustwide/rustup-home" "-e" "CARGO_TARGET_DIR=/opt/rustwide/target" "-e" "CARGO_INCREMENTAL=0" "-e" "RUST_BACKTRACE=full" "-e" "RUSTFLAGS=--cap-lints=warn" "-e" "RUSTDOCFLAGS=--cap-lints=warn" "-w" "/opt/rustwide/workdir" "--user" "0:0" "f0e18a46348cace0c98aef6e53bb53c5f698b7fdec36a43b57b86fff9805eb83" "/opt/rustwide/cargo-home/bin/cargo" "+1.100.0-beta.1" "build" "--frozen" "--message-format=json" "--release", kill_on_drop: false }`
[INFO] [stderr] warning: Cargo.toml: `package.edition` is unspecified, defaulting to `2015` while the latest is `2024`
[INFO] [stderr] warning: `copra` (manifest) generated 1 warning
[INFO] [stderr]    Compiling libc v0.2.191
[INFO] [stderr]    Compiling cfg-if v0.1.10
[INFO] [stderr]    Compiling crossbeam-utils v0.7.2
[INFO] [stderr]    Compiling futures v0.1.31
[INFO] [stderr]    Compiling maybe-uninit v2.0.0
[INFO] [stderr]    Compiling lazy_static v1.5.1
[INFO] [stderr]    Compiling semver-parser v0.7.0
[INFO] [stderr]    Compiling memoffset v0.5.6
[INFO] [stderr]    Compiling lock_api v0.3.4
[INFO] [stderr]    Compiling crossbeam-epoch v0.8.2
[INFO] [stderr]    Compiling tinyvec v1.13.3
[INFO] [stderr]    Compiling smallvec v0.6.14
[INFO] [stderr]    Compiling protobuf v1.7.5
[INFO] [stderr]    Compiling semver v0.9.0
[INFO] [stderr]    Compiling scoped-tls v0.1.2
[INFO] [stderr]    Compiling slab v0.3.0
[INFO] [stderr]    Compiling matches v0.1.10
[INFO] [stderr]    Compiling log v0.3.9
[INFO] [stderr]    Compiling smallvec v0.2.1
[INFO] [stderr]    Compiling bytes v0.6.0
[INFO] [stderr]    Compiling rustc_version v0.2.3
[INFO] [stderr]    Compiling percent-encoding v1.0.1
[INFO] [stderr]    Compiling take v0.1.0
[INFO] [stderr]    Compiling smallvec v0.5.1
[INFO] [stderr]    Compiling unicode-normalization v0.1.26
[INFO] [stderr]    Compiling parking_lot_core v0.6.3
[INFO] [stderr]    Compiling parking_lot v0.9.0
[INFO] [stderr]    Compiling crossbeam-queue v0.2.3
[INFO] [stderr]    Compiling crossbeam-deque v0.7.4
[INFO] [stderr]    Compiling idna v0.1.5
[INFO] [stderr]    Compiling iovec v0.1.4
[INFO] [stderr]    Compiling num_cpus v1.17.0
[INFO] [stderr]    Compiling net2 v0.2.39
[INFO] [stderr]    Compiling bytes v0.4.12
[INFO] [stderr]    Compiling rand v0.4.6
[INFO] [stderr]    Compiling tokio-executor v0.1.10
[INFO] [stderr]    Compiling mio v0.6.23
[INFO] [stderr]    Compiling tokio-io v0.1.13
[INFO] [stdout] error[E0277]: the trait bound `usize: RangeBounds<usize>` is not satisfied
[INFO] [stdout]    --> /opt/rustwide/cargo-home/registry/src/index.crates.io-1949cf8c6b5b557f/protobuf-1.7.5/src/buf_read_iter.rs:230:33
[INFO] [stdout]     |
[INFO] [stdout] 230 |             let r = bytes.slice(self.pos_within_buf, self.pos_within_buf + len);
[INFO] [stdout]     |                           ----- ^^^^^^^^^^^^^^^^^^^ the trait `RangeBounds<usize>` is not implemented for `usize`
[INFO] [stdout]     |                           |
[INFO] [stdout]     |                           required by a bound introduced by this call
[INFO] [stdout]     |
[INFO] [stdout] note: required by a bound in `bytes::Bytes::slice`
[INFO] [stdout]    --> /opt/rustwide/cargo-home/registry/src/index.crates.io-1949cf8c6b5b557f/bytes-0.6.0/src/bytes.rs:228:37
[INFO] [stdout]     |
[INFO] [stdout] 109 | impl Bytes {
[INFO] [stdout] ...
[INFO] [stdout] 228 |     pub fn slice(&self, range: impl RangeBounds<usize>) -> Bytes {
[INFO] [stdout]     |                                     ^^^^^^^^^^^^^^^^^^ required by this bound in `Bytes::slice`
[INFO] [stdout] 
[INFO] [stdout] 
[INFO] [stdout] error[E0061]: this method takes 1 argument but 2 arguments were supplied
[INFO] [stdout]    --> /opt/rustwide/cargo-home/registry/src/index.crates.io-1949cf8c6b5b557f/protobuf-1.7.5/src/buf_read_iter.rs:230:27
[INFO] [stdout]     |
[INFO] [stdout] 230 |             let r = bytes.slice(self.pos_within_buf, self.pos_within_buf + len);
[INFO] [stdout]     |                           ^^^^^                      ------------------------- unexpected argument #2 of type `usize`
[INFO] [stdout]     |
[INFO] [stdout] note: method defined here
[INFO] [stdout]    --> /opt/rustwide/cargo-home/registry/src/index.crates.io-1949cf8c6b5b557f/bytes-0.6.0/src/bytes.rs:228:12
[INFO] [stdout]     |
[INFO] [stdout] 228 |     pub fn slice(&self, range: impl RangeBounds<usize>) -> Bytes {
[INFO] [stdout]     |            ^^^^^
[INFO] [stdout] help: remove the extra argument
[INFO] [stdout]     |
[INFO] [stdout] 230 -             let r = bytes.slice(self.pos_within_buf, self.pos_within_buf + len);
[INFO] [stdout] 230 +             let r = bytes.slice(self.pos_within_buf);
[INFO] [stdout]     |
[INFO] [stdout] 
[INFO] [stdout] 
[INFO] [stdout] error[E0308]: mismatched types
[INFO] [stdout]    --> /opt/rustwide/cargo-home/registry/src/index.crates.io-1949cf8c6b5b557f/protobuf-1.7.5/src/buf_read_iter.rs:238:37
[INFO] [stdout]     |
[INFO] [stdout] 238 |                     self.read_exact(buf)?;
[INFO] [stdout]     |                          ---------- ^^^ expected `&mut [u8]`, found `&mut UninitSlice`
[INFO] [stdout]     |                          |
[INFO] [stdout]     |                          arguments to this method are incorrect
[INFO] [stdout]     |
[INFO] [stdout]     = note: expected mutable reference `&mut [u8]`
[INFO] [stdout]                found mutable reference `&mut UninitSlice`
[INFO] [stdout] note: method defined here
[INFO] [stdout]    --> /opt/rustwide/cargo-home/registry/src/index.crates.io-1949cf8c6b5b557f/protobuf-1.7.5/src/buf_read_iter.rs:257:12
[INFO] [stdout]     |
[INFO] [stdout] 257 |     pub fn read_exact(&mut self, mut buf: &mut [u8]) -> ProtobufResult<()> {
[INFO] [stdout]     |            ^^^^^^^^^^            ------------------
[INFO] [stdout] note: the `read_exact` call is resolved to the method in `buf_read_iter::BufReadIter<'ignore>`, shadowing the method of the same name on trait `std::io::Read`
[INFO] [stdout]    --> /opt/rustwide/cargo-home/registry/src/index.crates.io-1949cf8c6b5b557f/protobuf-1.7.5/src/buf_read_iter.rs:238:26
[INFO] [stdout]     |
[INFO] [stdout] 238 |                     self.read_exact(buf)?;
[INFO] [stdout]     |                          ^^^^^^^^^^ refers to `buf_read_iter::BufReadIter::<'ignore>::read_exact`
[INFO] [stdout]     = note: additionally, there is 1 other available method that isn't in scope
[INFO] [stdout] help: you might have meant to call one of the other methods; you can use the fully-qualified path to call one of them explicitly
[INFO] [stdout]     |
[INFO] [stdout] 238 -                     self.read_exact(buf)?;
[INFO] [stdout] 238 +                     <_ as std::io::Read>::read_exact(&mut self, buf)?;
[INFO] [stdout]     |
[INFO] [stdout] 238 -                     self.read_exact(buf)?;
[INFO] [stdout] 238 +                     <_ as object::read::read_cache::ReadCacheOps>::read_exact(&mut self, buf)?;
[INFO] [stdout]     |
[INFO] [stdout] 
[INFO] [stdout] 
[INFO] [stderr]    Compiling tokio-sync v0.1.8
[INFO] [stderr]    Compiling tokio-codec v0.1.2
[INFO] [stderr]    Compiling mio-uds v0.6.8
[INFO] [stderr]    Compiling tokio-threadpool v0.1.18
[INFO] [stderr]    Compiling tokio-current-thread v0.1.7
[INFO] [stderr]    Compiling tokio-timer v0.2.13
[INFO] [stderr]    Compiling tokio-reactor v0.1.12
[INFO] [stderr]    Compiling rand v0.3.23
[INFO] [stderr]    Compiling tokio-service v0.1.0
[INFO] [stderr]    Compiling tokio-timer-plus v0.1.3
[INFO] [stderr]    Compiling url v1.7.2
[INFO] [stderr]    Compiling tokio-tcp v0.1.4
[INFO] [stdout] error[E0521]: borrowed data escapes outside of associated function
[INFO] [stdout]   --> /opt/rustwide/cargo-home/registry/src/index.crates.io-1949cf8c6b5b557f/protobuf-1.7.5/src/chars.rs:38:15
[INFO] [stdout]    |
[INFO] [stdout] 36 | impl<'a> From<&'a str> for Chars {
[INFO] [stdout]    |      -- lifetime `'a` defined here
[INFO] [stdout] 37 |     fn from(src: &'a str) -> Chars {
[INFO] [stdout]    |             --- `src` is only valid in the associated function body
[INFO] [stdout] 38 |         Chars(Bytes::from(src))
[INFO] [stdout]    |               ^^^^^^^^^^^^^^^^
[INFO] [stdout]    |               |
[INFO] [stdout]    |               `src` escapes the associated function body here
[INFO] [stdout]    |               argument requires that `'a` must outlive `'static`
[INFO] [stdout] 
[INFO] [stdout] 
[INFO] [stdout] Some errors have detailed explanations: E0061, E0277, E0308, E0521.
[INFO] [stdout] 
[INFO] [stdout] For more information about an error, try `rustc --explain E0061`.
[INFO] [stdout] 
[INFO] [stderr]    Compiling tokio-fs v0.1.7
[INFO] [stderr] error: could not compile `protobuf` (lib) due to 4 previous errors
[INFO] [stderr] warning: build failed, waiting for other jobs to finish...
[INFO] running `Command { std: "docker" "inspect" "f0e18a46348cace0c98aef6e53bb53c5f698b7fdec36a43b57b86fff9805eb83", kill_on_drop: false }`
[INFO] running `Command { std: "docker" "rm" "-f" "f0e18a46348cace0c98aef6e53bb53c5f698b7fdec36a43b57b86fff9805eb83", kill_on_drop: false }`
[INFO] [stdout] f0e18a46348cace0c98aef6e53bb53c5f698b7fdec36a43b57b86fff9805eb83
