[INFO] fetching crate convertor 2.6.12...
[INFO] testing convertor-2.6.12 against 1.99.0-beta.8+cargoflags=--release for beta-release-1.100-2
[INFO] extracting crate convertor 2.6.12 into /workspace/builds/worker-3-tc1/source
[INFO] started tweaking crates.io crate convertor 2.6.12
[INFO] removed 0 missing tests
[INFO] finished tweaking crates.io crate convertor 2.6.12
[INFO] tweaked toml for crates.io crate convertor 2.6.12 written to /workspace/builds/worker-3-tc1/source/Cargo.toml
[INFO] validating manifest of crates.io crate convertor 2.6.12 on toolchain 1.99.0-beta.8
[INFO] running `Command { std: CARGO_HOME="/workspace/cargo-home" RUSTUP_HOME="/workspace/rustup-home" "/workspace/cargo-home/bin/cargo" "+1.99.0-beta.8" "metadata" "--manifest-path" "Cargo.toml" "--no-deps", kill_on_drop: false }`
[INFO] crate crates.io crate convertor 2.6.12 already has a lockfile, it will not be regenerated
[INFO] running `Command { std: CARGO_HOME="/workspace/cargo-home" RUSTUP_HOME="/workspace/rustup-home" "/workspace/cargo-home/bin/cargo" "+1.99.0-beta.8" "fetch" "--manifest-path" "Cargo.toml", kill_on_drop: false }`
[INFO] [stderr]     Updating crates.io index
[INFO] [stderr]  Downloading crates ...
[INFO] [stderr]   Downloaded unicode-ident v1.0.18
[INFO] [stderr]   Downloaded quote v1.0.40
[INFO] [stderr]   Downloaded serde v1.0.225
[INFO] [stderr]   Downloaded potential_utf v0.1.2
[INFO] [stderr]   Downloaded serde_derive v1.0.225
[INFO] [stderr]   Downloaded tracing-serde v0.2.0
[INFO] [stderr]   Downloaded autocfg v1.1.0
[INFO] [stderr]   Downloaded num_threads v0.1.7
[INFO] [stderr]   Downloaded adler v1.0.2
[INFO] [stderr]   Downloaded thread_local v1.1.7
[INFO] [stderr]   Downloaded equivalent v1.0.1
[INFO] [stderr]   Downloaded stable_deref_trait v1.2.0
[INFO] [stderr]   Downloaded time-core v0.1.4
[INFO] [stderr]   Downloaded wasm-bindgen-shared v0.2.100
[INFO] [stderr]   Downloaded yoke-derive v0.8.0
[INFO] [stderr]   Downloaded wit-bindgen-rt v0.39.0
[INFO] [stderr]   Downloaded serde_spanned v1.0.1
[INFO] [stderr]   Downloaded writeable v0.6.1
[INFO] [stderr]   Downloaded tinystr v0.8.1
[INFO] [stderr]   Downloaded valuable v0.1.0
[INFO] [stderr]   Downloaded clap_lex v0.7.5
[INFO] [stderr]   Downloaded yoke v0.8.0
[INFO] [stderr]   Downloaded nu-ansi-term v0.50.1
[INFO] [stderr]   Downloaded wasm-bindgen-macro v0.2.100
[INFO] [stderr]   Downloaded rustversion v1.0.14
[INFO] [stderr]   Downloaded signal-hook-registry v1.4.1
[INFO] [stderr]   Downloaded rustc-demangle v0.1.23
[INFO] [stderr]   Downloaded addr2line v0.21.0
[INFO] [stderr]   Downloaded thiserror v2.0.16
[INFO] [stderr]   Downloaded tracing-appender v0.2.3
[INFO] [stderr]   Downloaded thiserror v1.0.56
[INFO] [stderr]   Downloaded thiserror-impl v1.0.56
[INFO] [stderr]   Downloaded toml_writer v1.0.2
[INFO] [stderr]   Downloaded toml_datetime v0.7.1
[INFO] [stderr]   Downloaded wasm-bindgen-futures v0.4.40
[INFO] [stderr]   Downloaded prost v0.13.5
[INFO] [stderr]   Downloaded prost-derive v0.13.5
[INFO] [stderr]   Downloaded scoped-tls v1.0.1
[INFO] [stderr]   Downloaded windows-link v0.1.1
[INFO] [stderr]   Downloaded parking v2.2.1
[INFO] [stderr]   Downloaded event-listener-strategy v0.5.4
[INFO] [stderr]   Downloaded http-body v0.4.6
[INFO] [stderr]   Downloaded gloo-timers v0.3.0
[INFO] [stderr]   Downloaded async-channel v2.5.0
[INFO] [stderr]   Downloaded async-channel v1.9.0
[INFO] [stderr]   Downloaded event-listener v2.5.3
[INFO] [stderr]   Downloaded async-attributes v1.1.2
[INFO] [stderr]   Downloaded headers-core v0.3.0
[INFO] [stderr]   Downloaded inout v0.1.3
[INFO] [stderr]   Downloaded zerovec-derive v0.11.1
[INFO] [stderr]   Downloaded litemap v0.8.0
[INFO] [stderr]   Downloaded log v0.4.22
[INFO] [stderr]   Downloaded value-bag v1.11.1
[INFO] [stderr]   Downloaded tracing-attributes v0.1.28
[INFO] [stderr]   Downloaded pin-project-lite v0.2.13
[INFO] [stderr]   Downloaded time-macros v0.2.22
[INFO] [stderr]   Downloaded deranged v0.4.0
[INFO] [stderr]   Downloaded wasm-bindgen v0.2.100
[INFO] [stderr]   Downloaded wasm-bindgen-macro-support v0.2.100
[INFO] [stderr]   Downloaded wasm-bindgen-backend v0.2.100
[INFO] [stderr]   Downloaded slab v0.4.9
[INFO] [stderr]   Downloaded wasi v0.11.0+wasi-snapshot-preview1
[INFO] [stderr]   Downloaded bitflags v2.4.2
[INFO] [stderr]   Downloaded thiserror-impl v2.0.16
[INFO] [stderr]   Downloaded getrandom v0.3.3
[INFO] [stderr]   Downloaded crossbeam-utils v0.8.19
[INFO] [stderr]   Downloaded toml v0.9.6
[INFO] [stderr]   Downloaded toml_parser v1.0.2
[INFO] [stderr]   Downloaded rustls-pki-types v1.12.0
[INFO] [stderr]   Downloaded zeroize v1.8.1
[INFO] [stderr]   Downloaded wasm-streams v0.4.1
[INFO] [stderr]   Downloaded sync_wrapper v1.0.1
[INFO] [stderr]   Downloaded http-body v1.0.0
[INFO] [stderr]   Downloaded quinn-udp v0.5.12
[INFO] [stderr]   Downloaded document-features v0.2.11
[INFO] [stderr]   Downloaded version_check v0.9.4
[INFO] [stderr]   Downloaded rustls-native-certs v0.8.0
[INFO] [stderr]   Downloaded tagptr v0.2.0
[INFO] [stderr]   Downloaded windows-interface v0.59.1
[INFO] [stderr]   Downloaded windows-implement v0.60.0
[INFO] [stderr]   Downloaded levenshtein v1.0.5
[INFO] [stderr]   Downloaded windows-targets v0.53.2
[INFO] [stderr]   Downloaded piper v0.2.4
[INFO] [stderr]   Downloaded proc-macro2 v1.0.92
[INFO] [stderr]   Downloaded serde_core v1.0.225
[INFO] [stderr]   Downloaded icu_properties v2.0.1
[INFO] [stderr]   Downloaded zerotrie v0.2.2
[INFO] [stderr]   Downloaded icu_provider v2.0.0
[INFO] [stderr]   Downloaded icu_normalizer v2.0.0
[INFO] [stderr]   Downloaded icu_normalizer_data v2.0.0
[INFO] [stderr]   Downloaded tracing-core v0.1.33
[INFO] [stderr]   Downloaded js-sys v0.3.77
[INFO] [stderr]   Downloaded socket2 v0.6.0
[INFO] [stderr]   Downloaded io-uring v0.7.8
[INFO] [stderr]   Downloaded bytes v1.9.0
[INFO] [stderr]   Downloaded backtrace v0.3.69
[INFO] [stderr]   Downloaded miniz_oxide v0.7.2
[INFO] [stderr]   Downloaded r-efi v5.2.0
[INFO] [stderr]   Downloaded zerocopy-derive v0.8.25
[INFO] [stderr]   Downloaded opentelemetry v0.30.0
[INFO] [stderr]   Downloaded quinn v0.11.8
[INFO] [stderr]   Downloaded psl-types v2.0.11
[INFO] [stderr]   Downloaded icu_locale_core v2.0.0
[INFO] [stderr]   Downloaded icu_collections v2.0.0
[INFO] [stderr]   Downloaded tracing v0.1.41
[INFO] [stderr]   Downloaded memchr v2.7.1
[INFO] [stderr]   Downloaded indexmap v2.10.0
[INFO] [stderr]   Downloaded bumpalo v3.14.0
[INFO] [stderr]   Downloaded mio v1.0.3
[INFO] [stderr]   Downloaded cc v1.2.27
[INFO] [stderr]   Downloaded rand v0.9.1
[INFO] [stderr]   Downloaded crossbeam-channel v0.5.11
[INFO] [stderr]   Downloaded windows-numerics v0.2.0
[INFO] [stderr]   Downloaded windows-strings v0.4.2
[INFO] [stderr]   Downloaded windows-future v0.2.1
[INFO] [stderr]   Downloaded windows-threading v0.1.0
[INFO] [stderr]   Downloaded serde_regex v1.1.0
[INFO] [stderr]   Downloaded async-process v2.4.0
[INFO] [stderr]   Downloaded errno v0.3.13
[INFO] [stderr]   Downloaded async-signal v0.2.12
[INFO] [stderr]   Downloaded headers v0.4.1
[INFO] [stderr]   Downloaded zerovec v0.11.2
[INFO] [stderr]   Downloaded time v0.3.41
[INFO] [stderr]   Downloaded tracing-opentelemetry v0.31.0
[INFO] [stderr]   Downloaded wasi v0.14.2+wasi-0.2.4
[INFO] [stderr]   Downloaded iri-string v0.7.8
[INFO] [stderr]   Downloaded clap_derive v4.5.47
[INFO] [stderr]   Downloaded icu_properties_data v2.0.1
[INFO] [stderr]   Downloaded hashbrown v0.15.2
[INFO] [stderr]   Downloaded reqwest v0.12.23
[INFO] [stderr]   Downloaded ipnet v2.9.0
[INFO] [stderr]   Downloaded anyhow v1.0.99
[INFO] [stderr]   Downloaded redox_syscall v0.4.1
[INFO] [stderr]   Downloaded lock_api v0.4.11
[INFO] [stderr]   Downloaded windows-result v0.3.4
[INFO] [stderr]   Downloaded windows-collections v0.2.0
[INFO] [stderr]   Downloaded kv-log-macro v1.0.7
[INFO] [stderr]   Downloaded blocking v1.6.2
[INFO] [stderr]   Downloaded async-executor v1.13.2
[INFO] [stderr]   Downloaded typenum v1.17.0
[INFO] [stderr]   Downloaded clap v4.5.47
[INFO] [stderr]   Downloaded aho-corasick v1.1.2
[INFO] [stderr]   Downloaded winnow v0.7.11
[INFO] [stderr]   Downloaded tinyvec v1.9.0
[INFO] [stderr]   Downloaded tracing-subscriber v0.3.20
[INFO] [stderr]   Downloaded opentelemetry_sdk v0.30.0
[INFO] [stderr]   Downloaded zerocopy v0.8.25
[INFO] [stderr]   Downloaded webpki-roots v1.0.0
[INFO] [stderr]   Downloaded tower-http v0.6.6
[INFO] [stderr]   Downloaded tokio-util v0.7.16
[INFO] [stderr]   Downloaded http v1.3.1
[INFO] [stderr]   Downloaded semver v1.0.26
[INFO] [stderr]   Downloaded concurrent-queue v2.5.0
[INFO] [stderr]   Downloaded async-global-executor v2.4.1
[INFO] [stderr]   Downloaded syn v2.0.91
[INFO] [stderr]   Downloaded object v0.32.2
[INFO] [stderr]   Downloaded gimli v0.28.1
[INFO] [stderr]   Downloaded litrs v0.4.1
[INFO] [stderr]   Downloaded rustls-pemfile v2.2.0
[INFO] [stderr]   Downloaded backon v1.5.2
[INFO] [stderr]   Downloaded opentelemetry-otlp v0.30.0
[INFO] [stderr]   Downloaded hyper-timeout v0.5.2
[INFO] [stderr]   Downloaded parking_lot_core v0.9.9
[INFO] [stderr]   Downloaded windows-core v0.61.2
[INFO] [stderr]   Downloaded colored v2.2.0
[INFO] [stderr]   Downloaded regex-syntax v0.8.5
[INFO] [stderr]   Downloaded quinn-proto v0.11.12
[INFO] [stderr]   Downloaded security-framework-sys v2.14.0
[INFO] [stderr]   Downloaded core-foundation-sys v0.8.6
[INFO] [stderr]   Downloaded arc-swap v1.7.1
[INFO] [stderr]   Downloaded event-listener v5.4.0
[INFO] [stderr]   Downloaded async-lock v3.4.0
[INFO] [stderr]   Downloaded async-task v4.7.1
[INFO] [stderr]   Downloaded cookie_store v0.21.1
[INFO] [stderr]   Downloaded cookie v0.18.1
[INFO] [stderr]   Downloaded schannel v0.1.27
[INFO] [stderr]   Downloaded uuid v1.16.0
[INFO] [stderr]   Downloaded parking_lot v0.12.1
[INFO] [stderr]   Downloaded generator v0.8.5
[INFO] [stderr]   Downloaded similar v2.7.0
[INFO] [stderr]   Downloaded futures-lite v2.6.1
[INFO] [stderr]   Downloaded async-io v2.5.0
[INFO] [stderr]   Downloaded polling v3.10.0
[INFO] [stderr]   Downloaded cpufeatures v0.2.12
[INFO] [stderr]   Downloaded hyper-util v0.1.16
[INFO] [stderr]   Downloaded publicsuffix v2.3.0
[INFO] [stderr]   Downloaded security-framework v2.10.0
[INFO] [stderr]   Downloaded loom v0.7.2
[INFO] [stderr]   Downloaded anstyle v1.0.11
[INFO] [stderr]   Downloaded regex-automata v0.4.9
[INFO] [stderr]   Downloaded insta v1.43.2
[INFO] [stderr]   Downloaded httpmock v0.7.0
[INFO] [stderr]   Downloaded http v0.2.12
[INFO] [stderr]   Downloaded base64 v0.21.7
[INFO] [stderr]   Downloaded color-eyre v0.6.5
[INFO] [stderr]   Downloaded libc v0.2.174
[INFO] [stderr]   Downloaded web-sys v0.3.67
[INFO] [stderr]   Downloaded tonic v0.13.1
[INFO] [stderr]   Downloaded tokio v1.47.1
[INFO] [stderr]   Downloaded tokio-rustls v0.26.2
[INFO] [stderr]   Downloaded rustls-webpki v0.103.3
[INFO] [stderr]   Downloaded owo-colors v4.2.2
[INFO] [stderr]   Downloaded hyper v1.7.0
[INFO] [stderr]   Downloaded opentelemetry-proto v0.30.0
[INFO] [stderr]   Downloaded universal-hash v0.5.1
[INFO] [stderr]   Downloaded rustls v0.23.28
[INFO] [stderr]   Downloaded h2 v0.4.11
[INFO] [stderr]   Downloaded regex v1.11.2
[INFO] [stderr]   Downloaded async-object-pool v0.1.5
[INFO] [stderr]   Downloaded assert-json-diff v2.0.2
[INFO] [stderr]   Downloaded poly1305 v0.8.0
[INFO] [stderr]   Downloaded cipher v0.4.4
[INFO] [stderr]   Downloaded chacha20 v0.9.1
[INFO] [stderr]   Downloaded portable-atomic v1.11.1
[INFO] [stderr]   Downloaded hyper v0.14.32
[INFO] [stderr]   Downloaded async-std v1.13.2
[INFO] [stderr]   Downloaded chacha20poly1305 v0.10.1
[INFO] [stderr]   Downloaded moka v0.12.10
[INFO] [stderr]   Downloaded jsonpath_lib v0.3.0
[INFO] [stderr]   Downloaded redis v0.32.5
[INFO] [stderr]   Downloaded rustix v1.0.7
[INFO] [stderr]   Downloaded clap_builder v4.5.47
[INFO] [stderr]   Downloaded windows_aarch64_gnullvm v0.53.0
[INFO] [stderr]   Downloaded windows_x86_64_msvc v0.53.0
[INFO] [stderr]   Downloaded windows_x86_64_gnullvm v0.53.0
[INFO] [stderr]   Downloaded windows_aarch64_msvc v0.53.0
[INFO] [stderr]   Downloaded windows_i686_gnullvm v0.53.0
[INFO] [stderr]   Downloaded windows_x86_64_gnu v0.53.0
[INFO] [stderr]   Downloaded windows_i686_msvc v0.53.0
[INFO] [stderr]   Downloaded windows_i686_gnu v0.53.0
[INFO] [stderr]   Downloaded linux-raw-sys v0.9.4
[INFO] [stderr]   Downloaded windows v0.61.1
[INFO] running `Command { std: "docker" "create" "-v" "/var/lib/crater-agent-workspace/builds/worker-3-tc1/source:/opt/rustwide/workdir:ro,Z" "-v" "/var/lib/crater-agent-workspace/builds/worker-3-tc1/target:/opt/rustwide/target:rw,Z" "-v" "/var/lib/crater-agent-workspace/cargo-home:/opt/rustwide/cargo-home:ro,Z" "-v" "/var/lib/crater-agent-workspace/rustup-home:/opt/rustwide/rustup-home:ro,Z" "-m" "1610612736" "--network" "none" "ghcr.io/rust-lang/crates-build-env/linux@sha256:77db811e55d90add9212f6832c23229e3de5f1c1f9905e8cb07319ea15df73ac" "sleep" "infinity", kill_on_drop: false }`
[INFO] [stdout] dff4dab4d4cf1ebf29c83c4cbdf26d5504f714d8ac89530c0ab44039dab23472
[INFO] running `Command { std: "docker" "start" "dff4dab4d4cf1ebf29c83c4cbdf26d5504f714d8ac89530c0ab44039dab23472", kill_on_drop: false }`
[INFO] running `Command { std: "docker" "inspect" "dff4dab4d4cf1ebf29c83c4cbdf26d5504f714d8ac89530c0ab44039dab23472", kill_on_drop: false }`
[INFO] running `Command { std: "docker" "exec" "-e" "SOURCE_DIR=/opt/rustwide/workdir" "-e" "CARGO_HOME=/opt/rustwide/cargo-home" "-e" "RUSTUP_HOME=/opt/rustwide/rustup-home" "-e" "CARGO_TARGET_DIR=/opt/rustwide/target" "-w" "/opt/rustwide/workdir" "--user" "0:0" "dff4dab4d4cf1ebf29c83c4cbdf26d5504f714d8ac89530c0ab44039dab23472" "/opt/rustwide/cargo-home/bin/cargo" "+1.99.0-beta.8" "metadata" "--no-deps" "--format-version=1", kill_on_drop: false }`
[INFO] running `Command { std: "docker" "inspect" "dff4dab4d4cf1ebf29c83c4cbdf26d5504f714d8ac89530c0ab44039dab23472", kill_on_drop: false }`
[INFO] running `Command { std: "docker" "exec" "-e" "SOURCE_DIR=/opt/rustwide/workdir" "-e" "CARGO_HOME=/opt/rustwide/cargo-home" "-e" "RUSTUP_HOME=/opt/rustwide/rustup-home" "-e" "CARGO_TARGET_DIR=/opt/rustwide/target" "-e" "CARGO_INCREMENTAL=0" "-e" "RUST_BACKTRACE=full" "-e" "RUSTFLAGS=--cap-lints=warn" "-e" "RUSTDOCFLAGS=--cap-lints=warn" "-w" "/opt/rustwide/workdir" "--user" "0:0" "dff4dab4d4cf1ebf29c83c4cbdf26d5504f714d8ac89530c0ab44039dab23472" "/opt/rustwide/cargo-home/bin/cargo" "+1.99.0-beta.8" "build" "--frozen" "--message-format=json" "--release", kill_on_drop: false }`
[INFO] [stderr]    Compiling proc-macro2 v1.0.92
[INFO] [stderr]    Compiling unicode-ident v1.0.18
[INFO] [stderr]    Compiling libc v0.2.174
[INFO] [stderr]    Compiling cfg-if v1.0.0
[INFO] [stderr]    Compiling itoa v1.0.15
[INFO] [stderr]    Compiling version_check v0.9.4
[INFO] [stderr]    Compiling autocfg v1.1.0
[INFO] [stderr]    Compiling pin-project-lite v0.2.13
[INFO] [stderr]    Compiling serde_core v1.0.225
[INFO] [stderr]    Compiling stable_deref_trait v1.2.0
[INFO] [stderr]    Compiling bytes v1.9.0
[INFO] [stderr]    Compiling smallvec v1.15.1
[INFO] [stderr]    Compiling typenum v1.17.0
[INFO] [stderr]    Compiling futures-core v0.3.31
[INFO] [stderr]    Compiling generic-array v0.14.7
[INFO] [stderr]    Compiling zeroize v1.8.1
[INFO] [stderr]    Compiling once_cell v1.21.3
[INFO] [stderr]    Compiling serde v1.0.225
[INFO] [stderr]    Compiling writeable v0.6.1
[INFO] [stderr]    Compiling shlex v1.3.0
[INFO] [stderr]    Compiling litemap v0.8.0
[INFO] [stderr]    Compiling quote v1.0.40
[INFO] [stderr]    Compiling cc v1.2.27
[INFO] [stderr]    Compiling syn v2.0.91
[INFO] [stderr]    Compiling slab v0.4.9
[INFO] [stderr]    Compiling crossbeam-utils v0.8.19
[INFO] [stderr]    Compiling futures-sink v0.3.31
[INFO] [stderr]    Compiling icu_properties_data v2.0.1
[INFO] [stderr]    Compiling fnv v1.0.7
[INFO] [stderr]    Compiling icu_normalizer_data v2.0.0
[INFO] [stderr]    Compiling http v1.3.1
[INFO] [stderr]    Compiling rustls-pki-types v1.12.0
[INFO] [stderr]    Compiling ryu v1.0.20
[INFO] [stderr]    Compiling getrandom v0.2.16
[INFO] [stderr]    Compiling socket2 v0.6.0
[INFO] [stderr]    Compiling mio v1.0.3
[INFO] [stderr]    Compiling tokio v1.47.1
[INFO] [stderr]    Compiling rand_core v0.6.4
[INFO] [stderr]    Compiling crypto-common v0.1.6
[INFO] [stderr]    Compiling pin-utils v0.1.0
[INFO] [stderr]    Compiling percent-encoding v2.3.2
[INFO] [stderr]    Compiling tracing-core v0.1.33
[INFO] [stderr]    Compiling ring v0.17.14
[INFO] [stderr]    Compiling subtle v2.6.1
[INFO] [stderr]    Compiling futures-task v0.3.31
[INFO] [stderr]    Compiling equivalent v1.0.1
[INFO] [stderr]    Compiling memchr v2.7.1
[INFO] [stderr]    Compiling hashbrown v0.15.2
[INFO] [stderr]    Compiling powerfmt v0.2.0
[INFO] [stderr]    Compiling untrusted v0.9.0
[INFO] [stderr]    Compiling num-conv v0.1.0
[INFO] [stderr]    Compiling serde_json v1.0.145
[INFO] [stderr]    Compiling time-core v0.1.4
[INFO] [stderr]    Compiling deranged v0.4.0
[INFO] [stderr]    Compiling time-macros v0.2.22
[INFO] [stderr]    Compiling http-body v1.0.0
[INFO] [stderr]    Compiling log v0.4.22
[INFO] [stderr]    Compiling indexmap v2.10.0
[INFO] [stderr]    Compiling httparse v1.10.1
[INFO] [stderr]    Compiling rustls v0.23.28
[INFO] [stderr]    Compiling num_threads v0.1.7
[INFO] [stderr]    Compiling utf8_iter v1.0.4
[INFO] [stderr]    Compiling getrandom v0.3.3
[INFO] [stderr]    Compiling form_urlencoded v1.2.2
[INFO] [stderr]    Compiling futures-channel v0.3.31
[INFO] [stderr]    Compiling num-traits v0.2.19
[INFO] [stderr]    Compiling regex-syntax v0.8.5
[INFO] [stderr]    Compiling try-lock v0.2.5
[INFO] [stderr]    Compiling tower-service v0.3.3
[INFO] [stderr]    Compiling cpufeatures v0.2.12
[INFO] [stderr]    Compiling want v0.3.1
[INFO] [stderr]    Compiling time v0.3.41
[INFO] [stderr]    Compiling concurrent-queue v2.5.0
[INFO] [stderr]    Compiling synstructure v0.13.2
[INFO] [stderr]    Compiling cookie v0.18.1
[INFO] [stderr]    Compiling lock_api v0.4.11
[INFO] [stderr]    Compiling atomic-waker v1.1.2
[INFO] [stderr]    Compiling thiserror v1.0.56
[INFO] [stderr]    Compiling parking v2.2.1
[INFO] [stderr]    Compiling base64 v0.22.1
[INFO] [stderr]    Compiling heck v0.5.0
[INFO] [stderr]    Compiling parking_lot_core v0.9.9
[INFO] [stderr]    Compiling zerocopy v0.8.25
[INFO] [stderr]    Compiling event-listener v5.4.0
[INFO] [stderr]    Compiling regex-automata v0.4.9
[INFO] [stderr]    Compiling zerofrom-derive v0.1.6
[INFO] [stderr]    Compiling yoke-derive v0.8.0
[INFO] [stderr]    Compiling zerofrom v0.1.6
[INFO] [stderr]    Compiling zerovec-derive v0.11.1
[INFO] [stderr]    Compiling displaydoc v0.2.5
[INFO] [stderr]    Compiling yoke v0.8.0
[INFO] [stderr]    Compiling serde_derive v1.0.225
[INFO] [stderr]    Compiling zerotrie v0.2.2
[INFO] [stderr]    Compiling futures-macro v0.3.31
[INFO] [stderr]    Compiling zerovec v0.11.2
[INFO] [stderr]    Compiling futures-util v0.3.31
[INFO] [stderr]    Compiling tinystr v0.8.1
[INFO] [stderr]    Compiling icu_locale_core v2.0.0
[INFO] [stderr]    Compiling potential_utf v0.1.2
[INFO] [stderr]    Compiling icu_collections v2.0.0
[INFO] [stderr]    Compiling icu_provider v2.0.0
[INFO] [stderr]    Compiling icu_normalizer v2.0.0
[INFO] [stderr]    Compiling icu_properties v2.0.1
[INFO] [stderr]    Compiling tracing-attributes v0.1.28
[INFO] [stderr]    Compiling hyper v1.7.0
[INFO] [stderr]    Compiling tokio-util v0.7.16
[INFO] [stderr]    Compiling thiserror-impl v1.0.56
[INFO] [stderr]    Compiling tracing v0.1.41
[INFO] [stderr]    Compiling idna_adapter v1.2.1
[INFO] [stderr]    Compiling idna v1.1.0
[INFO] [stderr]    Compiling inout v0.1.3
[INFO] [stderr]    Compiling block-buffer v0.10.4
[INFO] [stderr]    Compiling sync_wrapper v1.0.1
[INFO] [stderr]    Compiling ipnet v2.9.0
[INFO] [stderr]    Compiling lazy_static v1.4.0
[INFO] [stderr]    Compiling portable-atomic v1.11.1
[INFO] [stderr]    Compiling scopeguard v1.2.0
[INFO] [stderr]    Compiling psl-types v2.0.11
[INFO] [stderr]    Compiling url v2.5.7
[INFO] [stderr]    Compiling litrs v0.4.1
[INFO] [stderr]    Compiling tower-layer v0.3.3
[INFO] [stderr]    Compiling tower v0.5.2
[INFO] [stderr]    Compiling document-features v0.2.11
[INFO] [stderr]    Compiling rustls-webpki v0.103.3
[INFO] [stderr]    Compiling publicsuffix v2.3.0
[INFO] [stderr]    Compiling hyper-util v0.1.16
[INFO] [stderr]    Compiling sharded-slab v0.1.7
[INFO] [stderr]    Compiling digest v0.10.7
[INFO] [stderr]    Compiling cipher v0.4.4
[INFO] [stderr]    Compiling tracing-serde v0.2.0
[INFO] [stderr]    Compiling matchers v0.2.0
[INFO] [stderr]    Compiling num-integer v0.1.46
[INFO] [stderr]    Compiling event-listener-strategy v0.5.4
[INFO] [stderr]    Compiling tracing-log v0.2.0
[INFO] [stderr]    Compiling crossbeam-channel v0.5.11
[INFO] [stderr]    Compiling universal-hash v0.5.1
[INFO] [stderr]    Compiling rustls-pemfile v2.2.0
[INFO] [stderr]    Compiling webpki-roots v1.0.0
[INFO] [stderr]    Compiling thread_local v1.1.7
[INFO] [stderr]    Compiling nu-ansi-term v0.50.1
[INFO] [stderr]    Compiling opaque-debug v0.3.1
[INFO] [stderr]    Compiling fastrand v2.3.0
[INFO] [stderr]    Compiling iri-string v0.7.8
[INFO] [stderr]    Compiling bitflags v2.4.2
[INFO] [stderr]    Compiling clap_lex v0.7.5
[INFO] [stderr]    Compiling moka v0.12.10
[INFO] [stderr]    Compiling anstyle v1.0.11
[INFO] [stderr]    Compiling openssl-probe v0.1.6
[INFO] [stderr]    Compiling thiserror v2.0.16
[INFO] [stderr]    Compiling winnow v0.7.11
[INFO] [stderr]    Compiling clap_builder v4.5.47
[INFO] [stderr]    Compiling rustls-native-certs v0.8.0
[INFO] [stderr]    Compiling tracing-subscriber v0.3.20
[INFO] [stderr]    Compiling ppv-lite86 v0.2.21
[INFO] [stderr]    Compiling backon v1.5.2
[INFO] [stderr]    Compiling poly1305 v0.8.0
[INFO] [stderr]    Compiling parking_lot v0.12.1
[INFO] [stderr]    Compiling cookie_store v0.21.1
[INFO] [stderr]    Compiling tower-http v0.6.6
[INFO] [stderr]    Compiling async-lock v3.4.0
[INFO] [stderr]    Compiling tokio-rustls v0.26.2
[INFO] [stderr]    Compiling hyper-rustls v0.27.7
[INFO] [stderr]    Compiling toml_parser v1.0.2
[INFO] [stderr]    Compiling num-bigint v0.4.6
[INFO] [stderr]    Compiling chacha20 v0.9.1
[INFO] [stderr]    Compiling sha1 v0.10.6
[INFO] [stderr]    Compiling combine v4.6.7
[INFO] [stderr]    Compiling serde_urlencoded v0.7.1
[INFO] [stderr]    Compiling clap_derive v4.5.47
[INFO] [stderr]    Compiling strum_macros v0.27.2
[INFO] [stderr]    Compiling thiserror-impl v2.0.16
[INFO] [stderr]    Compiling uuid v1.16.0
[INFO] [stderr]    Compiling rand_core v0.9.3
[INFO] [stderr]    Compiling http-body-util v0.1.3
[INFO] [stderr]    Compiling serde_spanned v1.0.1
[INFO] [stderr]    Compiling toml_datetime v0.7.1
[INFO] [stderr]    Compiling crossbeam-epoch v0.9.18
[INFO] [stderr]    Compiling aead v0.5.2
[INFO] [stderr]    Compiling headers-core v0.3.0
[INFO] [stderr]    Compiling toml_writer v1.0.2
[INFO] [stderr]    Compiling httpdate v1.0.3
[INFO] [stderr]    Compiling tagptr v0.2.0
[INFO] [stderr]    Compiling sha1_smol v1.0.1
[INFO] [stderr]    Compiling arc-swap v1.7.1
[INFO] [stderr]    Compiling mime v0.3.17
[INFO] [stderr]    Compiling unsafe-libyaml v0.2.11
[INFO] [stderr]    Compiling headers v0.4.1
[INFO] [stderr]    Compiling toml v0.9.6
[INFO] [stderr]    Compiling serde_yaml v0.9.34+deprecated
[INFO] [stderr]    Compiling chacha20poly1305 v0.10.1
[INFO] [stderr]    Compiling reqwest v0.12.23
[INFO] [stderr]    Compiling redis v0.32.5
[INFO] [stderr]    Compiling strum v0.27.2
[INFO] [stderr]    Compiling rand_chacha v0.9.0
[INFO] [stderr]    Compiling clap v4.5.47
[INFO] [stderr]    Compiling tracing-appender v0.2.3
[INFO] [stderr]    Compiling jsonpath_lib v0.3.0
[INFO] [stderr]    Compiling regex v1.11.2
[INFO] [stderr]    Compiling async-trait v0.1.89
[INFO] [stderr]    Compiling convertor v2.6.12 (/opt/rustwide/workdir)
[INFO] [stderr]     Finished `release` profile [optimized] target(s) in 5m 19s
[INFO] running `Command { std: "docker" "inspect" "dff4dab4d4cf1ebf29c83c4cbdf26d5504f714d8ac89530c0ab44039dab23472", kill_on_drop: false }`
[INFO] running `Command { std: "docker" "exec" "-e" "SOURCE_DIR=/opt/rustwide/workdir" "-e" "CARGO_HOME=/opt/rustwide/cargo-home" "-e" "RUSTUP_HOME=/opt/rustwide/rustup-home" "-e" "CARGO_TARGET_DIR=/opt/rustwide/target" "-e" "CARGO_INCREMENTAL=0" "-e" "RUST_BACKTRACE=full" "-e" "RUSTFLAGS=--cap-lints=warn" "-e" "RUSTDOCFLAGS=--cap-lints=warn" "-w" "/opt/rustwide/workdir" "--user" "0:0" "dff4dab4d4cf1ebf29c83c4cbdf26d5504f714d8ac89530c0ab44039dab23472" "/opt/rustwide/cargo-home/bin/cargo" "+1.99.0-beta.8" "test" "--frozen" "--no-run" "--message-format=json" "--release", kill_on_drop: false }`
[INFO] [stderr]    Compiling regex-syntax v0.8.5
[INFO] [stderr]    Compiling similar v2.7.0
[INFO] [stderr]    Compiling regex-automata v0.4.9
[INFO] [stderr]    Compiling matchers v0.2.0
[INFO] [stderr]    Compiling regex v1.11.2
[INFO] [stderr]    Compiling tracing-subscriber v0.3.20
[INFO] [stderr]    Compiling insta v1.43.2
[INFO] [stderr]    Compiling tracing-appender v0.2.3
[INFO] [stderr]    Compiling convertor v2.6.12 (/opt/rustwide/workdir)
[INFO] [stdout] error[E0433]: cannot find module or crate `color_eyre` in this scope
[INFO] [stdout]  --> src/testkit.rs:9:5
[INFO] [stdout]   |
[INFO] [stdout] 9 | use color_eyre::eyre::OptionExt;
[INFO] [stdout]   |     ^^^^^^^^^^ use of unresolved module or unlinked crate `color_eyre`
[INFO] [stdout]   |
[INFO] [stdout]   = help: if you wanted to use a crate named `color_eyre`, use `cargo add color_eyre` to add it to your `Cargo.toml`
[INFO] [stdout] 
[INFO] [stdout] 
[INFO] [stdout] error[E0433]: cannot find module or crate `httpmock` in this scope
[INFO] [stdout]   --> src/testkit.rs:10:5
[INFO] [stdout]    |
[INFO] [stdout] 10 | use httpmock::Method::{GET, POST};
[INFO] [stdout]    |     ^^^^^^^^ use of unresolved module or unlinked crate `httpmock`
[INFO] [stdout]    |
[INFO] [stdout]    = help: if you wanted to use a crate named `httpmock`, use `cargo add httpmock` to add it to your `Cargo.toml`
[INFO] [stdout] 
[INFO] [stdout] 
[INFO] [stdout] error[E0432]: unresolved import `color_eyre`
[INFO] [stdout]  --> src/testkit.rs:8:5
[INFO] [stdout]   |
[INFO] [stdout] 8 | use color_eyre::Report;
[INFO] [stdout]   |     ^^^^^^^^^^ use of unresolved module or unlinked crate `color_eyre`
[INFO] [stdout]   |
[INFO] [stdout]   = help: if you wanted to use a crate named `color_eyre`, use `cargo add color_eyre` to add it to your `Cargo.toml`
[INFO] [stdout] 
[INFO] [stdout] 
[INFO] [stdout] error[E0432]: unresolved import `httpmock`
[INFO] [stdout]   --> src/testkit.rs:11:5
[INFO] [stdout]    |
[INFO] [stdout] 11 | use httpmock::MockServer;
[INFO] [stdout]    |     ^^^^^^^^ use of unresolved module or unlinked crate `httpmock`
[INFO] [stdout]    |
[INFO] [stdout]    = help: if you wanted to use a crate named `httpmock`, use `cargo add httpmock` to add it to your `Cargo.toml`
[INFO] [stdout] 
[INFO] [stdout] 
[INFO] [stdout] error[E0599]: no method named `ok_or_eyre` found for enum `std::option::Option<T>` in the current scope
[INFO] [stdout]   --> src/testkit.rs:92:49
[INFO] [stdout]    |
[INFO] [stdout] 92 |         let sub_host = self.sub_url.host_port().ok_or_eyre("无法从 sub_url 中提取 host port")?;
[INFO] [stdout]    |                                                 ^^^^^^^^^^
[INFO] [stdout]    |
[INFO] [stdout] help: there is a method `ok_or` with a similar name
[INFO] [stdout]    |
[INFO] [stdout] 92 -         let sub_host = self.sub_url.host_port().ok_or_eyre("无法从 sub_url 中提取 host port")?;
[INFO] [stdout] 92 +         let sub_host = self.sub_url.host_port().ok_or("无法从 sub_url 中提取 host port")?;
[INFO] [stdout]    |
[INFO] [stdout] 
[INFO] [stdout] 
[INFO] [stdout] error[E0599]: no method named `ok_or_eyre` found for enum `std::option::Option<T>` in the current scope
[INFO] [stdout]    --> src/testkit.rs:109:49
[INFO] [stdout]     |
[INFO] [stdout] 109 |         let sub_host = self.sub_url.host_port().ok_or_eyre("无法从 sub_url 中提取 host port")?;
[INFO] [stdout]     |                                                 ^^^^^^^^^^
[INFO] [stdout]     |
[INFO] [stdout] help: there is a method `ok_or` with a similar name
[INFO] [stdout]     |
[INFO] [stdout] 109 -         let sub_host = self.sub_url.host_port().ok_or_eyre("无法从 sub_url 中提取 host port")?;
[INFO] [stdout] 109 +         let sub_host = self.sub_url.host_port().ok_or("无法从 sub_url 中提取 host port")?;
[INFO] [stdout]     |
[INFO] [stdout] 
[INFO] [stdout] 
[INFO] [stdout] error[E0433]: cannot find module or crate `color_eyre` in this scope
[INFO] [stdout]   --> src/testkit.rs:19:25
[INFO] [stdout]    |
[INFO] [stdout] 19 |         if let Err(e) = color_eyre::install() {
[INFO] [stdout]    |                         ^^^^^^^^^^ use of unresolved module or unlinked crate `color_eyre`
[INFO] [stdout]    |
[INFO] [stdout]    = help: if you wanted to use a crate named `color_eyre`, use `cargo add color_eyre` to add it to your `Cargo.toml`
[INFO] [stdout] 
[INFO] [stdout] 
[INFO] [stdout] Some errors have detailed explanations: E0432, E0433, E0599.
[INFO] [stdout] 
[INFO] [stdout] For more information about an error, try `rustc --explain E0432`.
[INFO] [stdout] 
[INFO] [stderr] error: could not compile `convertor` (lib test) due to 7 previous errors
[INFO] [stderr] warning: build failed, waiting for other jobs to finish...
[INFO] running `Command { std: "docker" "inspect" "dff4dab4d4cf1ebf29c83c4cbdf26d5504f714d8ac89530c0ab44039dab23472", kill_on_drop: false }`
[INFO] running `Command { std: "docker" "rm" "-f" "dff4dab4d4cf1ebf29c83c4cbdf26d5504f714d8ac89530c0ab44039dab23472", kill_on_drop: false }`
[INFO] [stdout] dff4dab4d4cf1ebf29c83c4cbdf26d5504f714d8ac89530c0ab44039dab23472
