[INFO] fetching crate convert-js 1.0.0-alpha.15...
[INFO] testing convert-js-1.0.0-alpha.15 against 1.99.0-beta.8+cargoflags=--release for beta-release-1.100-2
[INFO] extracting crate convert-js 1.0.0-alpha.15 into /workspace/builds/worker-1-tc1/source
[INFO] started tweaking crates.io crate convert-js 1.0.0-alpha.15
[INFO] finished tweaking crates.io crate convert-js 1.0.0-alpha.15
[INFO] tweaked toml for crates.io crate convert-js 1.0.0-alpha.15 written to /workspace/builds/worker-1-tc1/source/Cargo.toml
[INFO] validating manifest of crates.io crate convert-js 1.0.0-alpha.15 on toolchain 1.99.0-beta.8
[INFO] running `Command { std: CARGO_HOME="/workspace/cargo-home" RUSTUP_HOME="/workspace/rustup-home" "/workspace/cargo-home/bin/cargo" "+1.99.0-beta.8" "metadata" "--manifest-path" "Cargo.toml" "--no-deps", kill_on_drop: false }`
[INFO] running `Command { std: CARGO_HOME="/workspace/cargo-home" RUSTUP_HOME="/workspace/rustup-home" "/workspace/cargo-home/bin/cargo" "+1.99.0-beta.8" "generate-lockfile" "--manifest-path" "Cargo.toml", kill_on_drop: false }`
[INFO] [stderr]     Updating crates.io index
[INFO] [stderr]      Locking 58 packages to highest compatible versions
[INFO] [stderr]       Adding minicov v0.3.8 (available: v0.3.9)
[INFO] running `Command { std: CARGO_HOME="/workspace/cargo-home" RUSTUP_HOME="/workspace/rustup-home" "/workspace/cargo-home/bin/cargo" "+1.99.0-beta.8" "fetch" "--manifest-path" "Cargo.toml", kill_on_drop: false }`
[INFO] [stderr]  Downloading crates ...
[INFO] [stderr]   Downloaded convert-js-macros v1.0.0-alpha.15
[INFO] running `Command { std: "docker" "create" "-v" "/var/lib/crater-agent-workspace/builds/worker-1-tc1/source:/opt/rustwide/workdir:ro,Z" "-v" "/var/lib/crater-agent-workspace/builds/worker-1-tc1/target:/opt/rustwide/target:rw,Z" "-v" "/var/lib/crater-agent-workspace/cargo-home:/opt/rustwide/cargo-home:ro,Z" "-v" "/var/lib/crater-agent-workspace/rustup-home:/opt/rustwide/rustup-home:ro,Z" "-m" "1610612736" "--network" "none" "ghcr.io/rust-lang/crates-build-env/linux@sha256:77db811e55d90add9212f6832c23229e3de5f1c1f9905e8cb07319ea15df73ac" "sleep" "infinity", kill_on_drop: false }`
[INFO] [stdout] 2b3cdb4ce962a6e1254a64d53b9a82bf3de3cad7d7cc127ce45891a105bbf4d3
[INFO] running `Command { std: "docker" "start" "2b3cdb4ce962a6e1254a64d53b9a82bf3de3cad7d7cc127ce45891a105bbf4d3", kill_on_drop: false }`
[INFO] running `Command { std: "docker" "inspect" "2b3cdb4ce962a6e1254a64d53b9a82bf3de3cad7d7cc127ce45891a105bbf4d3", kill_on_drop: false }`
[INFO] running `Command { std: "docker" "exec" "-e" "SOURCE_DIR=/opt/rustwide/workdir" "-e" "CARGO_HOME=/opt/rustwide/cargo-home" "-e" "RUSTUP_HOME=/opt/rustwide/rustup-home" "-e" "CARGO_TARGET_DIR=/opt/rustwide/target" "-w" "/opt/rustwide/workdir" "--user" "0:0" "2b3cdb4ce962a6e1254a64d53b9a82bf3de3cad7d7cc127ce45891a105bbf4d3" "/opt/rustwide/cargo-home/bin/cargo" "+1.99.0-beta.8" "metadata" "--no-deps" "--format-version=1", kill_on_drop: false }`
[INFO] running `Command { std: "docker" "inspect" "2b3cdb4ce962a6e1254a64d53b9a82bf3de3cad7d7cc127ce45891a105bbf4d3", kill_on_drop: false }`
[INFO] running `Command { std: "docker" "exec" "-e" "SOURCE_DIR=/opt/rustwide/workdir" "-e" "CARGO_HOME=/opt/rustwide/cargo-home" "-e" "RUSTUP_HOME=/opt/rustwide/rustup-home" "-e" "CARGO_TARGET_DIR=/opt/rustwide/target" "-e" "CARGO_INCREMENTAL=0" "-e" "RUST_BACKTRACE=full" "-e" "RUSTFLAGS=--cap-lints=warn" "-e" "RUSTDOCFLAGS=--cap-lints=warn" "-w" "/opt/rustwide/workdir" "--user" "0:0" "2b3cdb4ce962a6e1254a64d53b9a82bf3de3cad7d7cc127ce45891a105bbf4d3" "/opt/rustwide/cargo-home/bin/cargo" "+1.99.0-beta.8" "build" "--frozen" "--message-format=json" "--release", kill_on_drop: false }`
[INFO] [stderr]    Compiling unicode-ident v1.0.27
[INFO] [stderr]    Compiling wasm-bindgen-shared v0.2.129
[INFO] [stderr]    Compiling syn v1.0.109
[INFO] [stderr]    Compiling bumpalo v3.20.3
[INFO] [stderr]    Compiling strsim v0.10.0
[INFO] [stderr]    Compiling futures-core v0.3.34
[INFO] [stderr]    Compiling once_cell v1.21.4
[INFO] [stderr]    Compiling either v1.19.0
[INFO] [stderr]    Compiling wasm-bindgen v0.2.129
[INFO] [stderr]    Compiling proc-macro2 v1.0.107
[INFO] [stderr]    Compiling futures-util v0.3.34
[INFO] [stderr]    Compiling itertools v0.8.2
[INFO] [stderr]    Compiling quote v1.0.47
[INFO] [stderr]    Compiling syn v3.0.9
[INFO] [stderr]    Compiling darling_core v0.13.4
[INFO] [stderr]    Compiling shrinkwraprs v0.3.0
[INFO] [stderr]    Compiling wasm-bindgen-macro-support v0.2.129
[INFO] [stderr]    Compiling darling_macro v0.13.4
[INFO] [stderr]    Compiling darling v0.13.4
[INFO] [stderr]    Compiling convert-js-macros v1.0.0-alpha.15
[INFO] [stderr]    Compiling wasm-bindgen-macro v0.2.129
[INFO] [stderr]    Compiling js-sys v0.3.106
[INFO] [stderr]    Compiling convert-js v1.0.0-alpha.15 (/opt/rustwide/workdir)
[INFO] [stderr]     Finished `release` profile [optimized] target(s) in 28.57s
[INFO] running `Command { std: "docker" "inspect" "2b3cdb4ce962a6e1254a64d53b9a82bf3de3cad7d7cc127ce45891a105bbf4d3", kill_on_drop: false }`
[INFO] running `Command { std: "docker" "exec" "-e" "SOURCE_DIR=/opt/rustwide/workdir" "-e" "CARGO_HOME=/opt/rustwide/cargo-home" "-e" "RUSTUP_HOME=/opt/rustwide/rustup-home" "-e" "CARGO_TARGET_DIR=/opt/rustwide/target" "-e" "CARGO_INCREMENTAL=0" "-e" "RUST_BACKTRACE=full" "-e" "RUSTFLAGS=--cap-lints=warn" "-e" "RUSTDOCFLAGS=--cap-lints=warn" "-w" "/opt/rustwide/workdir" "--user" "0:0" "2b3cdb4ce962a6e1254a64d53b9a82bf3de3cad7d7cc127ce45891a105bbf4d3" "/opt/rustwide/cargo-home/bin/cargo" "+1.99.0-beta.8" "test" "--frozen" "--no-run" "--message-format=json" "--release", kill_on_drop: false }`
[INFO] [stderr]    Compiling serde_core v1.0.229
[INFO] [stderr]    Compiling serde v1.0.229
[INFO] [stderr]    Compiling serde_json v1.0.154
[INFO] [stderr]    Compiling memchr v2.8.3
[INFO] [stderr]    Compiling num-traits v0.2.19
[INFO] [stderr]    Compiling nu-ansi-term v0.50.3
[INFO] [stderr]    Compiling wasm-bindgen-test-shared v0.2.129
[INFO] [stderr]    Compiling serde_derive v1.0.229
[INFO] [stderr]    Compiling async-trait v0.1.92
[INFO] [stderr]    Compiling wasm-bindgen-test-macro v0.3.79
[INFO] [stderr]    Compiling wasm-bindgen-futures v0.4.79
[INFO] [stderr]    Compiling wasm-bindgen-test v0.3.79
[INFO] [stderr]    Compiling convert-js v1.0.0-alpha.15 (/opt/rustwide/workdir)
[INFO] [stdout] error[E0432]: unresolved import `js_test`
[INFO] [stdout]  --> tests/derive_with_generics.rs:2:5
[INFO] [stdout]   |
[INFO] [stdout] 2 | use js_test::deep_equal;
[INFO] [stdout]   |     ^^^^^^^ use of unresolved module or unlinked crate `js_test`
[INFO] [stdout]   |
[INFO] [stdout]   = help: if you wanted to use a crate named `js_test`, use `cargo add js_test` to add it to your `Cargo.toml`
[INFO] [stdout] 
[INFO] [stdout] 
[INFO] [stdout] error[E0432]: unresolved import `js_test`
[INFO] [stdout]  --> tests/derive_to_js.rs:1:5
[INFO] [stdout]   |
[INFO] [stdout] 1 | use js_test::deep_equal;
[INFO] [stdout]   |     ^^^^^^^ use of unresolved module or unlinked crate `js_test`
[INFO] [stdout]   |
[INFO] [stdout]   = help: if you wanted to use a crate named `js_test`, use `cargo add js_test` to add it to your `Cargo.toml`
[INFO] [stdout] 
[INFO] [stdout] 
[INFO] [stderr] error: could not compile `convert-js` (test "derive_with_generics") due to 1 previous error
[INFO] [stdout] For more information about this error, try `rustc --explain E0432`.
[INFO] [stdout] 
[INFO] [stderr] warning: build failed, waiting for other jobs to finish...
[INFO] [stdout] error[E0433]: cannot find module or crate `js_test` in this scope
[INFO] [stdout]   --> tests/macro_js.rs:34:17
[INFO] [stdout]    |
[INFO] [stdout] 34 |         assert!(js_test::object::is_empty_object_with_object_proto(&obj));
[INFO] [stdout]    |                 ^^^^^^^ use of unresolved module or unlinked crate `js_test`
[INFO] [stdout]    |
[INFO] [stdout]    = help: if you wanted to use a crate named `js_test`, use `cargo add js_test` to add it to your `Cargo.toml`
[INFO] [stdout] 
[INFO] [stdout] 
[INFO] [stdout] error[E0433]: cannot find module or crate `js_test` in this scope
[INFO] [stdout]   --> tests/macro_js.rs:38:17
[INFO] [stdout]    |
[INFO] [stdout] 38 |         assert!(js_test::deep_equal(
[INFO] [stdout]    |                 ^^^^^^^ use of unresolved module or unlinked crate `js_test`
[INFO] [stdout]    |
[INFO] [stdout]    = help: if you wanted to use a crate named `js_test`, use `cargo add js_test` to add it to your `Cargo.toml`
[INFO] [stdout] 
[INFO] [stdout] 
[INFO] [stdout] error[E0433]: cannot find module or crate `js_test` in this scope
[INFO] [stdout]   --> tests/macro_js.rs:52:17
[INFO] [stdout]    |
[INFO] [stdout] 52 |         assert!(js_test::deep_equal(
[INFO] [stdout]    |                 ^^^^^^^ use of unresolved module or unlinked crate `js_test`
[INFO] [stdout]    |
[INFO] [stdout]    = help: if you wanted to use a crate named `js_test`, use `cargo add js_test` to add it to your `Cargo.toml`
[INFO] [stdout] 
[INFO] [stdout] 
[INFO] [stdout] error[E0283]: type annotations needed
[INFO] [stdout]     --> tests/to_js.rs:91:5
[INFO] [stdout]      |
[INFO] [stdout]   91 |     js_sys::Reflect::apply(closure.as_ref().dyn_ref().unwrap(), &JsValue::NULL, &args).unwrap();
[INFO] [stdout]      |     ^^^^^^^^^^^^^^^^^^^^^^ ----------------------------------- type must be known at this point
[INFO] [stdout]      |     |
[INFO] [stdout]      |     cannot infer type of the type parameter `T` declared on the function `apply`
[INFO] [stdout]      |
[INFO] [stdout]      = note: the type must implement `JsFunction`
[INFO] [stdout]      = help: the following types implement trait `JsFunction`:
[INFO] [stdout]                fn() -> Ret
[INFO] [stdout]                fn(Arg1) -> Ret
[INFO] [stdout]                fn(Arg1, Arg2) -> Ret
[INFO] [stdout]                fn(Arg1, Arg2, Arg3) -> Ret
[INFO] [stdout]                fn(Arg1, Arg2, Arg3, Arg4) -> Ret
[INFO] [stdout]                fn(Arg1, Arg2, Arg3, Arg4, Arg5) -> Ret
[INFO] [stdout]                fn(Arg1, Arg2, Arg3, Arg4, Arg5, Arg6) -> Ret
[INFO] [stdout]                fn(Arg1, Arg2, Arg3, Arg4, Arg5, Arg6, Arg7) -> Ret
[INFO] [stdout]                fn(Arg1, Arg2, Arg3, Arg4, Arg5, Arg6, Arg7, Arg8) -> Ret
[INFO] [stdout] note: required by a bound in `apply`
[INFO] [stdout]     --> /opt/rustwide/cargo-home/registry/src/index.crates.io-1949cf8c6b5b557f/js-sys-0.3.106/src/lib.rs:7541:25
[INFO] [stdout]      |
[INFO] [stdout] 7541 |         pub fn apply<T: JsFunction = fn() -> JsValue>(
[INFO] [stdout]      |                         ^^^^^^^^^^ required by this bound in `apply`
[INFO] [stdout] help: consider specifying a concrete type for the type parameter `T`
[INFO] [stdout]      |
[INFO] [stdout]   91 |     js_sys::Reflect::apply::</* Type */>(closure.as_ref().dyn_ref().unwrap(), &JsValue::NULL, &args).unwrap();
[INFO] [stdout]      |                           ++++++++++++++
[INFO] [stdout] 
[INFO] [stdout] 
[INFO] [stdout] For more information about this error, try `rustc --explain E0433`.
[INFO] [stdout] 
[INFO] [stdout] error[E0433]: cannot find module or crate `js_test` in this scope
[INFO] [stdout]   --> tests/derive_to_js.rs:84:17
[INFO] [stdout]    |
[INFO] [stdout] 84 |         assert!(js_test::deep_equal(&js, &expect));
[INFO] [stdout]    |                 ^^^^^^^ use of unresolved module or unlinked crate `js_test`
[INFO] [stdout]    |
[INFO] [stdout]    = help: if you wanted to use a crate named `js_test`, use `cargo add js_test` to add it to your `Cargo.toml`
[INFO] [stdout] 
[INFO] [stdout] 
[INFO] [stdout] error[E0433]: cannot find module or crate `js_test` in this scope
[INFO] [stdout]    --> tests/derive_to_js.rs:104:17
[INFO] [stdout]     |
[INFO] [stdout] 104 |         assert!(js_test::deep_equal(&js, &expect));
[INFO] [stdout]     |                 ^^^^^^^ use of unresolved module or unlinked crate `js_test`
[INFO] [stdout]     |
[INFO] [stdout]     = help: if you wanted to use a crate named `js_test`, use `cargo add js_test` to add it to your `Cargo.toml`
[INFO] [stdout] 
[INFO] [stdout] 
[INFO] [stderr] error: could not compile `convert-js` (test "macro_js") due to 3 previous errors
[INFO] [stdout] For more information about this error, try `rustc --explain E0283`.
[INFO] [stdout] 
[INFO] [stderr] error: could not compile `convert-js` (test "to_js") due to 1 previous error
[INFO] [stdout] Some errors have detailed explanations: E0432, E0433.
[INFO] [stdout] 
[INFO] [stdout] For more information about an error, try `rustc --explain E0432`.
[INFO] [stdout] 
[INFO] [stderr] error: could not compile `convert-js` (test "derive_to_js") due to 3 previous errors
[INFO] running `Command { std: "docker" "inspect" "2b3cdb4ce962a6e1254a64d53b9a82bf3de3cad7d7cc127ce45891a105bbf4d3", kill_on_drop: false }`
[INFO] running `Command { std: "docker" "rm" "-f" "2b3cdb4ce962a6e1254a64d53b9a82bf3de3cad7d7cc127ce45891a105bbf4d3", kill_on_drop: false }`
[INFO] [stdout] 2b3cdb4ce962a6e1254a64d53b9a82bf3de3cad7d7cc127ce45891a105bbf4d3
