[INFO] fetching crate convergio-evidence 0.1.0...
[INFO] testing convergio-evidence-0.1.0 against 1.99.0-beta.8+cargoflags=--release for beta-release-1.100-2
[INFO] extracting crate convergio-evidence 0.1.0 into /workspace/builds/worker-1-tc1/source
[INFO] started tweaking crates.io crate convergio-evidence 0.1.0
[INFO] finished tweaking crates.io crate convergio-evidence 0.1.0
[INFO] tweaked toml for crates.io crate convergio-evidence 0.1.0 written to /workspace/builds/worker-1-tc1/source/Cargo.toml
[INFO] validating manifest of crates.io crate convergio-evidence 0.1.0 on toolchain 1.99.0-beta.8
[INFO] running `Command { std: CARGO_HOME="/workspace/cargo-home" RUSTUP_HOME="/workspace/rustup-home" "/workspace/cargo-home/bin/cargo" "+1.99.0-beta.8" "metadata" "--manifest-path" "Cargo.toml" "--no-deps", kill_on_drop: false }`
[INFO] crate crates.io crate convergio-evidence 0.1.0 already has a lockfile, it will not be regenerated
[INFO] running `Command { std: CARGO_HOME="/workspace/cargo-home" RUSTUP_HOME="/workspace/rustup-home" "/workspace/cargo-home/bin/cargo" "+1.99.0-beta.8" "fetch" "--manifest-path" "Cargo.toml", kill_on_drop: false }`
[INFO] [stderr]     Updating crates.io index
[INFO] [stderr]  Downloading crates ...
[INFO] [stderr]   Downloaded convergio-types v0.1.6
[INFO] [stderr]   Downloaded convergio-db v0.1.6
[INFO] running `Command { std: "docker" "create" "-v" "/var/lib/crater-agent-workspace/builds/worker-1-tc1/source:/opt/rustwide/workdir:ro,Z" "-v" "/var/lib/crater-agent-workspace/builds/worker-1-tc1/target:/opt/rustwide/target:rw,Z" "-v" "/var/lib/crater-agent-workspace/cargo-home:/opt/rustwide/cargo-home:ro,Z" "-v" "/var/lib/crater-agent-workspace/rustup-home:/opt/rustwide/rustup-home:ro,Z" "-m" "1610612736" "--network" "none" "ghcr.io/rust-lang/crates-build-env/linux@sha256:77db811e55d90add9212f6832c23229e3de5f1c1f9905e8cb07319ea15df73ac" "sleep" "infinity", kill_on_drop: false }`
[INFO] [stdout] 62e78beb3d9146851ede31a1e54682422d275724560d85a290497bc35a969283
[INFO] running `Command { std: "docker" "start" "62e78beb3d9146851ede31a1e54682422d275724560d85a290497bc35a969283", kill_on_drop: false }`
[INFO] running `Command { std: "docker" "inspect" "62e78beb3d9146851ede31a1e54682422d275724560d85a290497bc35a969283", kill_on_drop: false }`
[INFO] running `Command { std: "docker" "exec" "-e" "SOURCE_DIR=/opt/rustwide/workdir" "-e" "CARGO_HOME=/opt/rustwide/cargo-home" "-e" "RUSTUP_HOME=/opt/rustwide/rustup-home" "-e" "CARGO_TARGET_DIR=/opt/rustwide/target" "-w" "/opt/rustwide/workdir" "--user" "0:0" "62e78beb3d9146851ede31a1e54682422d275724560d85a290497bc35a969283" "/opt/rustwide/cargo-home/bin/cargo" "+1.99.0-beta.8" "metadata" "--no-deps" "--format-version=1", kill_on_drop: false }`
[INFO] running `Command { std: "docker" "inspect" "62e78beb3d9146851ede31a1e54682422d275724560d85a290497bc35a969283", kill_on_drop: false }`
[INFO] running `Command { std: "docker" "exec" "-e" "SOURCE_DIR=/opt/rustwide/workdir" "-e" "CARGO_HOME=/opt/rustwide/cargo-home" "-e" "RUSTUP_HOME=/opt/rustwide/rustup-home" "-e" "CARGO_TARGET_DIR=/opt/rustwide/target" "-e" "CARGO_INCREMENTAL=0" "-e" "RUST_BACKTRACE=full" "-e" "RUSTFLAGS=--cap-lints=warn" "-e" "RUSTDOCFLAGS=--cap-lints=warn" "-w" "/opt/rustwide/workdir" "--user" "0:0" "62e78beb3d9146851ede31a1e54682422d275724560d85a290497bc35a969283" "/opt/rustwide/cargo-home/bin/cargo" "+1.99.0-beta.8" "build" "--frozen" "--message-format=json" "--release", kill_on_drop: false }`
[INFO] [stderr]    Compiling libc v0.2.184
[INFO] [stderr]    Compiling ahash v0.8.12
[INFO] [stderr]    Compiling futures-util v0.3.32
[INFO] [stderr]    Compiling getrandom v0.4.2
[INFO] [stderr]    Compiling syn v2.0.117
[INFO] [stderr]    Compiling rand_core v0.10.0
[INFO] [stderr]    Compiling libsqlite3-sys v0.30.1
[INFO] [stderr]    Compiling sync_wrapper v1.0.2
[INFO] [stderr]    Compiling data-encoding v2.10.0
[INFO] [stderr]    Compiling cpufeatures v0.3.0
[INFO] [stderr]    Compiling fallible-iterator v0.3.0
[INFO] [stderr]    Compiling fallible-streaming-iterator v0.1.9
[INFO] [stderr]    Compiling chacha20 v0.10.0
[INFO] [stderr]    Compiling hashbrown v0.14.5
[INFO] [stderr]    Compiling hashlink v0.9.1
[INFO] [stderr]    Compiling errno v0.3.14
[INFO] [stderr]    Compiling mio v1.2.0
[INFO] [stderr]    Compiling socket2 v0.6.3
[INFO] [stderr]    Compiling getrandom v0.2.17
[INFO] [stderr]    Compiling parking_lot_core v0.9.12
[INFO] [stderr]    Compiling dirs-sys v0.5.0
[INFO] [stderr]    Compiling signal-hook-registry v1.4.8
[INFO] [stderr]    Compiling rand_core v0.6.4
[INFO] [stderr]    Compiling dirs v6.0.0
[INFO] [stderr]    Compiling rand v0.10.1
[INFO] [stderr]    Compiling parking_lot v0.12.5
[INFO] [stderr]    Compiling scheduled-thread-pool v0.2.7
[INFO] [stderr]    Compiling rand_chacha v0.3.1
[INFO] [stderr]    Compiling r2d2 v0.8.10
[INFO] [stderr]    Compiling rand v0.8.5
[INFO] [stderr]    Compiling uuid v1.23.0
[INFO] [stderr]    Compiling multer v3.1.0
[INFO] [stderr]    Compiling tokio-macros v2.7.0
[INFO] [stderr]    Compiling thiserror-impl v1.0.69
[INFO] [stderr]    Compiling serde_derive v1.0.228
[INFO] [stderr]    Compiling tracing-attributes v0.1.31
[INFO] [stderr]    Compiling async-trait v0.1.89
[INFO] [stderr]    Compiling tokio v1.51.1
[INFO] [stderr]    Compiling tracing v0.1.44
[INFO] [stderr]    Compiling axum-core v0.4.5
[INFO] [stderr]    Compiling thiserror v1.0.69
[INFO] [stderr]    Compiling tungstenite v0.24.0
[INFO] [stderr]    Compiling serde v1.0.228
[INFO] [stderr]    Compiling serde_urlencoded v0.7.1
[INFO] [stderr]    Compiling chrono v0.4.44
[INFO] [stderr]    Compiling hyper v1.9.0
[INFO] [stderr]    Compiling tokio-tungstenite v0.24.0
[INFO] [stderr]    Compiling tower v0.5.3
[INFO] [stderr]    Compiling hyper-util v0.1.20
[INFO] [stderr]    Compiling axum v0.7.9
[INFO] [stderr]    Compiling convergio-types v0.1.6
[INFO] [stderr]    Compiling rusqlite v0.32.1
[INFO] [stderr]    Compiling r2d2_sqlite v0.25.0
[INFO] [stderr]    Compiling convergio-db v0.1.6
[INFO] [stderr]    Compiling convergio-evidence v0.1.0 (/opt/rustwide/workdir)
[INFO] [stderr]     Finished `release` profile [optimized] target(s) in 1m 40s
[INFO] running `Command { std: "docker" "inspect" "62e78beb3d9146851ede31a1e54682422d275724560d85a290497bc35a969283", kill_on_drop: false }`
[INFO] running `Command { std: "docker" "exec" "-e" "SOURCE_DIR=/opt/rustwide/workdir" "-e" "CARGO_HOME=/opt/rustwide/cargo-home" "-e" "RUSTUP_HOME=/opt/rustwide/rustup-home" "-e" "CARGO_TARGET_DIR=/opt/rustwide/target" "-e" "CARGO_INCREMENTAL=0" "-e" "RUST_BACKTRACE=full" "-e" "RUSTFLAGS=--cap-lints=warn" "-e" "RUSTDOCFLAGS=--cap-lints=warn" "-w" "/opt/rustwide/workdir" "--user" "0:0" "62e78beb3d9146851ede31a1e54682422d275724560d85a290497bc35a969283" "/opt/rustwide/cargo-home/bin/cargo" "+1.99.0-beta.8" "test" "--frozen" "--no-run" "--message-format=json" "--release", kill_on_drop: false }`
[INFO] [stderr]    Compiling convergio-evidence v0.1.0 (/opt/rustwide/workdir)
[INFO] [stdout] error[E0433]: cannot find module or crate `convergio_orchestrator` in this scope
[INFO] [stdout]    --> src/evidence.rs:125:18
[INFO] [stdout]     |
[INFO] [stdout] 125 |         for m in convergio_orchestrator::schema::migrations() {
[INFO] [stdout]     |                  ^^^^^^^^^^^^^^^^^^^^^^ use of unresolved module or unlinked crate `convergio_orchestrator`
[INFO] [stdout]     |
[INFO] [stdout]     = help: if you wanted to use a crate named `convergio_orchestrator`, use `cargo add convergio_orchestrator` to add it to your `Cargo.toml`
[INFO] [stdout] help: consider importing this module
[INFO] [stdout]     |
[INFO] [stdout] 121 +     use crate::schema;
[INFO] [stdout]     |
[INFO] [stdout] help: if you import `schema`, refer to it directly
[INFO] [stdout]     |
[INFO] [stdout] 125 -         for m in convergio_orchestrator::schema::migrations() {
[INFO] [stdout] 125 +         for m in schema::migrations() {
[INFO] [stdout]     |
[INFO] [stdout] 
[INFO] [stdout] 
[INFO] [stdout] error[E0433]: cannot find module or crate `convergio_orchestrator` in this scope
[INFO] [stdout]    --> src/gates.rs:102:18
[INFO] [stdout]     |
[INFO] [stdout] 102 |         for m in convergio_orchestrator::schema::migrations() {
[INFO] [stdout]     |                  ^^^^^^^^^^^^^^^^^^^^^^ use of unresolved module or unlinked crate `convergio_orchestrator`
[INFO] [stdout]     |
[INFO] [stdout]     = help: if you wanted to use a crate named `convergio_orchestrator`, use `cargo add convergio_orchestrator` to add it to your `Cargo.toml`
[INFO] [stdout] help: consider importing this module
[INFO] [stdout]     |
[INFO] [stdout]  98 +     use crate::schema;
[INFO] [stdout]     |
[INFO] [stdout] help: if you import `schema`, refer to it directly
[INFO] [stdout]     |
[INFO] [stdout] 102 -         for m in convergio_orchestrator::schema::migrations() {
[INFO] [stdout] 102 +         for m in schema::migrations() {
[INFO] [stdout]     |
[INFO] [stdout] 
[INFO] [stdout] 
[INFO] [stdout] error[E0433]: cannot find module or crate `convergio_orchestrator` in this scope
[INFO] [stdout]    --> src/preflight.rs:142:18
[INFO] [stdout]     |
[INFO] [stdout] 142 |         for m in convergio_orchestrator::schema::migrations() {
[INFO] [stdout]     |                  ^^^^^^^^^^^^^^^^^^^^^^ use of unresolved module or unlinked crate `convergio_orchestrator`
[INFO] [stdout]     |
[INFO] [stdout]     = help: if you wanted to use a crate named `convergio_orchestrator`, use `cargo add convergio_orchestrator` to add it to your `Cargo.toml`
[INFO] [stdout] help: consider importing this module
[INFO] [stdout]     |
[INFO] [stdout] 138 +     use crate::schema;
[INFO] [stdout]     |
[INFO] [stdout] help: if you import `schema`, refer to it directly
[INFO] [stdout]     |
[INFO] [stdout] 142 -         for m in convergio_orchestrator::schema::migrations() {
[INFO] [stdout] 142 +         for m in schema::migrations() {
[INFO] [stdout]     |
[INFO] [stdout] 
[INFO] [stdout] 
[INFO] [stdout] error[E0433]: cannot find module or crate `convergio_orchestrator` in this scope
[INFO] [stdout]   --> src/schema.rs:63:14
[INFO] [stdout]    |
[INFO] [stdout] 63 |             &convergio_orchestrator::schema::migrations(),
[INFO] [stdout]    |              ^^^^^^^^^^^^^^^^^^^^^^ use of unresolved module or unlinked crate `convergio_orchestrator`
[INFO] [stdout]    |
[INFO] [stdout]    = help: if you wanted to use a crate named `convergio_orchestrator`, use `cargo add convergio_orchestrator` to add it to your `Cargo.toml`
[INFO] [stdout] help: consider importing this module
[INFO] [stdout]    |
[INFO] [stdout] 45 +     use crate::schema;
[INFO] [stdout]    |
[INFO] [stdout] help: if you import `schema`, refer to it directly
[INFO] [stdout]    |
[INFO] [stdout] 63 -             &convergio_orchestrator::schema::migrations(),
[INFO] [stdout] 63 +             &schema::migrations(),
[INFO] [stdout]    |
[INFO] [stdout] 
[INFO] [stdout] 
[INFO] [stdout] error[E0433]: cannot find module or crate `convergio_orchestrator` in this scope
[INFO] [stdout]  --> src/workflow_tests.rs:5:14
[INFO] [stdout]   |
[INFO] [stdout] 5 |     for m in convergio_orchestrator::schema::migrations() {
[INFO] [stdout]   |              ^^^^^^^^^^^^^^^^^^^^^^ use of unresolved module or unlinked crate `convergio_orchestrator`
[INFO] [stdout]   |
[INFO] [stdout]   = help: if you wanted to use a crate named `convergio_orchestrator`, use `cargo add convergio_orchestrator` to add it to your `Cargo.toml`
[INFO] [stdout] help: consider importing this module
[INFO] [stdout]   |
[INFO] [stdout] 1 + use crate::schema;
[INFO] [stdout]   |
[INFO] [stdout] help: if you import `schema`, refer to it directly
[INFO] [stdout]   |
[INFO] [stdout] 5 -     for m in convergio_orchestrator::schema::migrations() {
[INFO] [stdout] 5 +     for m in schema::migrations() {
[INFO] [stdout]   |
[INFO] [stdout] 
[INFO] [stdout] 
[INFO] [stdout] For more information about this error, try `rustc --explain E0433`.
[INFO] [stdout] 
[INFO] [stderr] error: could not compile `convergio-evidence` (lib test) due to 5 previous errors
[INFO] running `Command { std: "docker" "inspect" "62e78beb3d9146851ede31a1e54682422d275724560d85a290497bc35a969283", kill_on_drop: false }`
[INFO] running `Command { std: "docker" "rm" "-f" "62e78beb3d9146851ede31a1e54682422d275724560d85a290497bc35a969283", kill_on_drop: false }`
[INFO] [stdout] 62e78beb3d9146851ede31a1e54682422d275724560d85a290497bc35a969283
