[INFO] fetching crate convergence-dynamodb 0.3.1...
[INFO] testing convergence-dynamodb-0.3.1 against 1.100.0-beta.1+cargoflags=--release for beta-release-1.100-2
[INFO] extracting crate convergence-dynamodb 0.3.1 into /workspace/builds/worker-7-tc2/source
[INFO] started tweaking crates.io crate convergence-dynamodb 0.3.1
[INFO] finished tweaking crates.io crate convergence-dynamodb 0.3.1
[INFO] tweaked toml for crates.io crate convergence-dynamodb 0.3.1 written to /workspace/builds/worker-7-tc2/source/Cargo.toml
[INFO] validating manifest of crates.io crate convergence-dynamodb 0.3.1 on toolchain 1.100.0-beta.1
[INFO] running `Command { std: CARGO_HOME="/workspace/cargo-home" RUSTUP_HOME="/workspace/rustup-home" "/workspace/cargo-home/bin/cargo" "+1.100.0-beta.1" "metadata" "--manifest-path" "Cargo.toml" "--no-deps", kill_on_drop: false }`
[INFO] running `Command { std: CARGO_HOME="/workspace/cargo-home" RUSTUP_HOME="/workspace/rustup-home" "/workspace/cargo-home/bin/cargo" "+1.100.0-beta.1" "generate-lockfile" "--manifest-path" "Cargo.toml", kill_on_drop: false }`
[INFO] [stderr]     Updating crates.io index
[INFO] [stderr]      Locking 286 packages to highest compatible versions
[INFO] [stderr]       Adding convergence v0.3.1 (available: v0.17.1)
[INFO] [stderr]       Adding convergence-arrow v0.3.1 (available: v0.17.1)
[INFO] [stderr]       Adding datafusion v5.0.0 (available: v55.2.0)
[INFO] [stderr]       Adding flatbuffers v2.0.0 (available: v2.1.2)
[INFO] [stderr]       Adding rusoto_core v0.46.0 (available: v0.48.0)
[INFO] [stderr]       Adding rusoto_dynamodb v0.46.0 (available: v0.48.0)
[INFO] [stderr]       Adding sqlparser v0.10.0 (available: v0.63.0)
[INFO] [stderr]       Adding subtle v2.4.1 (available: v2.6.1)
[INFO] [stderr]       Adding thiserror v1.0.69 (available: v2.0.21)
[INFO] [stderr]       Adding uuid v0.8.2 (available: v1.28.0)
[INFO] [stderr]       Adding zstd-safe v4.1.3+zstd.1.5.1 (available: v4.1.6+zstd.1.5.2)
[INFO] [stderr]       Adding zstd-sys v1.6.2+zstd.1.5.1 (available: v1.6.3+zstd.1.5.2)
[INFO] running `Command { std: CARGO_HOME="/workspace/cargo-home" RUSTUP_HOME="/workspace/rustup-home" "/workspace/cargo-home/bin/cargo" "+1.100.0-beta.1" "fetch" "--manifest-path" "Cargo.toml", kill_on_drop: false }`
[INFO] running `Command { std: "docker" "create" "-v" "/var/lib/crater-agent-workspace/builds/worker-7-tc2/source:/opt/rustwide/workdir:ro,Z" "-v" "/var/lib/crater-agent-workspace/builds/worker-7-tc2/target:/opt/rustwide/target:rw,Z" "-v" "/var/lib/crater-agent-workspace/cargo-home:/opt/rustwide/cargo-home:ro,Z" "-v" "/var/lib/crater-agent-workspace/rustup-home:/opt/rustwide/rustup-home:ro,Z" "-m" "1610612736" "--network" "none" "ghcr.io/rust-lang/crates-build-env/linux@sha256:77db811e55d90add9212f6832c23229e3de5f1c1f9905e8cb07319ea15df73ac" "sleep" "infinity", kill_on_drop: false }`
[INFO] [stdout] b242437b960815b52dd949d39b4ce79055bfae7803c797a54b43b8542affd457
[INFO] running `Command { std: "docker" "start" "b242437b960815b52dd949d39b4ce79055bfae7803c797a54b43b8542affd457", kill_on_drop: false }`
[INFO] running `Command { std: "docker" "inspect" "b242437b960815b52dd949d39b4ce79055bfae7803c797a54b43b8542affd457", kill_on_drop: false }`
[INFO] running `Command { std: "docker" "exec" "-e" "SOURCE_DIR=/opt/rustwide/workdir" "-e" "CARGO_HOME=/opt/rustwide/cargo-home" "-e" "RUSTUP_HOME=/opt/rustwide/rustup-home" "-e" "CARGO_TARGET_DIR=/opt/rustwide/target" "-w" "/opt/rustwide/workdir" "--user" "0:0" "b242437b960815b52dd949d39b4ce79055bfae7803c797a54b43b8542affd457" "/opt/rustwide/cargo-home/bin/cargo" "+1.100.0-beta.1" "metadata" "--no-deps" "--format-version=1", kill_on_drop: false }`
[INFO] running `Command { std: "docker" "inspect" "b242437b960815b52dd949d39b4ce79055bfae7803c797a54b43b8542affd457", kill_on_drop: false }`
[INFO] running `Command { std: "docker" "exec" "-e" "SOURCE_DIR=/opt/rustwide/workdir" "-e" "CARGO_HOME=/opt/rustwide/cargo-home" "-e" "RUSTUP_HOME=/opt/rustwide/rustup-home" "-e" "CARGO_TARGET_DIR=/opt/rustwide/target" "-e" "CARGO_INCREMENTAL=0" "-e" "RUST_BACKTRACE=full" "-e" "RUSTFLAGS=--cap-lints=warn" "-e" "RUSTDOCFLAGS=--cap-lints=warn" "-w" "/opt/rustwide/workdir" "--user" "0:0" "b242437b960815b52dd949d39b4ce79055bfae7803c797a54b43b8542affd457" "/opt/rustwide/cargo-home/bin/cargo" "+1.100.0-beta.1" "build" "--frozen" "--message-format=json" "--release", kill_on_drop: false }`
[INFO] [stderr]    Compiling libc v0.2.191
[INFO] [stderr]    Compiling proc-macro2 v1.0.107
[INFO] [stderr]    Compiling unicode-ident v1.0.27
[INFO] [stderr]    Compiling quote v1.0.47
[INFO] [stderr]    Compiling version_check v0.9.5
[INFO] [stderr]    Compiling autocfg v1.5.1
[INFO] [stderr]    Compiling shlex v2.0.1
[INFO] [stderr]    Compiling find-msvc-tools v0.1.14
[INFO] [stderr]    Compiling cfg-if v1.0.5
[INFO] [stderr]    Compiling memchr v2.8.3
[INFO] [stderr]    Compiling pin-project-lite v0.2.17
[INFO] [stderr]    Compiling serde_core v1.0.229
[INFO] [stderr]    Compiling futures-core v0.3.34
[INFO] [stderr]    Compiling itoa v1.0.18
[INFO] [stderr]    Compiling log v0.4.34
[INFO] [stderr]    Compiling num-traits v0.2.19
[INFO] [stderr]    Compiling bytes v1.12.1
[INFO] [stderr]    Compiling futures-sink v0.3.34
[INFO] [stderr]    Compiling syn v1.0.109
[INFO] [stderr]    Compiling generic-array v0.14.9
[INFO] [stderr]    Compiling syn v3.0.9
[INFO] [stderr]    Compiling syn v2.0.119
[INFO] [stderr]    Compiling futures-channel v0.3.34
[INFO] [stderr]    Compiling serde v1.0.229
[INFO] [stderr]    Compiling jobserver v0.1.35
[INFO] [stderr]    Compiling errno v0.3.14
[INFO] [stderr]    Compiling socket2 v0.6.5
[INFO] [stderr]    Compiling mio v1.2.4
[INFO] [stderr]    Compiling signal-hook-registry v1.4.8
[INFO] [stderr]    Compiling cc v1.8.0
[INFO] [stderr]    Compiling once_cell v1.21.4
[INFO] [stderr]    Compiling slab v0.4.12
[INFO] [stderr]    Compiling typenum v1.20.1
[INFO] [stderr]    Compiling futures-io v0.3.34
[INFO] [stderr]    Compiling futures-task v0.3.34
[INFO] [stderr]    Compiling vcpkg v0.2.15
[INFO] [stderr]    Compiling zmij v1.0.23
[INFO] [stderr]    Compiling pkg-config v0.3.34
[INFO] [stderr]    Compiling standback v0.2.17
[INFO] [stderr]    Compiling equivalent v1.0.3
[INFO] [stderr]    Compiling hashbrown v0.17.1
[INFO] [stderr]    Compiling serde_json v1.0.154
[INFO] [stderr]    Compiling iana-time-zone v0.1.65
[INFO] [stderr]    Compiling openssl-sys v0.9.117
[INFO] [stderr]    Compiling getrandom v0.2.17
[INFO] [stderr]    Compiling foldhash v0.2.0
[INFO] [stderr]    Compiling indexmap v2.14.2
[INFO] [stderr]    Compiling zerocopy v0.8.63
[INFO] [stderr]    Compiling digest v0.9.0
[INFO] [stderr]    Compiling zstd-sys v1.6.2+zstd.1.5.1
[INFO] [stderr]    Compiling num-integer v0.1.47
[INFO] [stderr]    Compiling byteorder v1.5.0
[INFO] [stderr]    Compiling httparse v1.10.1
[INFO] [stderr]    Compiling proc-macro-hack v0.5.20+deprecated
[INFO] [stderr]    Compiling fnv v1.0.7
[INFO] [stderr]    Compiling crc32fast v1.5.2
[INFO] [stderr]    Compiling http v0.2.12
[INFO] [stderr]    Compiling block-buffer v0.9.0
[INFO] [stderr]    Compiling tracing-core v0.1.36
[INFO] [stderr]    Compiling thiserror-impl v1.0.69
[INFO] [stderr]    Compiling lazy_static v1.5.1
[INFO] [stderr]    Compiling foreign-types-shared v0.1.1
[INFO] [stderr]    Compiling openssl v0.10.81
[INFO] [stderr]    Compiling try-lock v0.2.5
[INFO] [stderr]    Compiling hex v0.4.3
[INFO] [stderr]    Compiling ryu v1.0.23
[INFO] [stderr]    Compiling opaque-debug v0.3.1
[INFO] [stderr]    Compiling thiserror v1.0.69
[INFO] [stderr]    Compiling want v0.3.2
[INFO] [stderr]    Compiling foreign-types v0.3.2
[INFO] [stderr]    Compiling tracing v0.1.44
[INFO] [stderr]    Compiling openssl-macros v0.1.1
[INFO] [stderr]    Compiling http-body v0.4.6
[INFO] [stderr]    Compiling num-bigint v0.4.8
[INFO] [stderr]    Compiling rand_core v0.6.4
[INFO] [stderr]    Compiling tokio-macros v2.7.2
[INFO] [stderr]    Compiling futures-macro v0.3.34
[INFO] [stderr]    Compiling serde_derive v1.0.229
[INFO] [stderr]    Compiling async-trait v0.1.92
[INFO] [stderr]    Compiling tokio v1.53.3
[INFO] [stderr]    Compiling futures-util v0.3.34
[INFO] [stderr]    Compiling lz4-sys v1.11.1+lz4-1.10.0
[INFO] [stderr]    Compiling dirs v1.0.5
[INFO] [stderr]    Compiling socket2 v0.5.10
[INFO] [stderr]    Compiling num_cpus v1.17.0
[INFO] [stderr]    Compiling csv-core v0.1.13
[INFO] [stderr]    Compiling ppv-lite86 v0.2.21
[INFO] [stderr]    Compiling aho-corasick v1.1.5
[INFO] [stderr]    Compiling indexmap v1.9.3
[INFO] [stderr]    Compiling base64 v0.13.1
[INFO] [stderr]    Compiling semver-parser v0.7.0
[INFO] [stderr]    Compiling bitflags v2.13.2
[INFO] [stderr]    Compiling regex-syntax v0.8.11
[INFO] [stderr]    Compiling cpufeatures v0.2.17
[INFO] [stderr]    Compiling tower-service v0.3.3
[INFO] [stderr]    Compiling httpdate v1.0.3
[INFO] [stderr]    Compiling chrono v0.4.45
[INFO] [stderr]    Compiling alloc-no-stdlib v2.0.4
[INFO] [stderr]    Compiling zstd-safe v4.1.3+zstd.1.5.1
[INFO] [stderr]    Compiling const_fn v0.4.12
[INFO] [stderr]    Compiling lexical-core v0.7.6
[INFO] [stderr]    Compiling futures-executor v0.3.34
[INFO] [stderr]    Compiling native-tls v0.2.18
[INFO] [stderr]    Compiling futures v0.3.34
[INFO] [stderr]    Compiling bitflags v1.3.2
[INFO] [stderr]    Compiling alloc-stdlib v0.2.4
[INFO] [stderr]    Compiling sha2 v0.9.9
[INFO] [stderr]    Compiling semver v0.9.0
[INFO] [stderr]    Compiling rand_chacha v0.3.1
[INFO] [stderr]    Compiling regex-automata v0.4.18
[INFO] [stderr]    Compiling hyper v0.14.32
[INFO] [stderr]    Compiling csv v1.4.0
[INFO] [stderr]    Compiling threadpool v1.8.1
[INFO] [stderr]    Compiling term v0.5.2
[INFO] [stderr]    Compiling num-rational v0.4.2
[INFO] [stderr]    Compiling time-macros-impl v0.1.2
[INFO] [stderr]    Compiling multiversion-macros v0.6.1
[INFO] [stderr]    Compiling num-iter v0.1.46
[INFO] [stderr]    Compiling dirs-sys-next v0.1.2
[INFO] [stderr]    Compiling atty v0.2.14
[INFO] [stderr]    Compiling num-complex v0.4.6
[INFO] [stderr]    Compiling ordered-float v1.1.1
[INFO] [stderr]    Compiling time v0.2.27
[INFO] [stderr]    Compiling ahash v0.7.8
[INFO] [stderr]    Compiling unicode-width v0.1.14
[INFO] [stderr]    Compiling static_assertions v1.1.0
[INFO] [stderr]    Compiling smallvec v1.16.3
[INFO] [stderr]    Compiling subtle v2.4.1
[INFO] [stderr]    Compiling openssl-probe v0.2.1
[INFO] [stderr]    Compiling adler2 v2.0.1
[INFO] [stderr]    Compiling encode_unicode v0.3.6
[INFO] [stderr]    Compiling arrayvec v0.5.2
[INFO] [stderr]    Compiling simd-adler32 v0.3.10
[INFO] [stderr]    Compiling hashbrown v0.12.3
[INFO] [stderr]    Compiling snap v1.1.2
[INFO] [stderr]    Compiling integer-encoding v1.1.7
[INFO] [stderr]    Compiling thrift v0.13.0
[INFO] [stderr]    Compiling prettytable-rs v0.8.0
[INFO] [stderr]    Compiling miniz_oxide v0.9.1
[INFO] [stderr]    Compiling multiversion v0.6.1
[INFO] [stderr]    Compiling flatbuffers v2.0.0
[INFO] [stderr]    Compiling crypto-mac v0.10.1
[INFO] [stderr]    Compiling num v0.4.3
[INFO] [stderr]    Compiling dirs-next v2.0.0
[INFO] [stderr]    Compiling time-macros v0.1.1
[INFO] [stderr]    Compiling regex v1.13.1
[INFO] [stderr]    Compiling rand v0.8.8
[INFO] [stderr]    Compiling rustc_version v0.2.3
[INFO] [stderr]    Compiling brotli-decompressor v2.5.1
[INFO] [stderr]    Compiling paste v1.0.15
[INFO] [stderr]    Compiling parquet v5.5.0
[INFO] [stderr]    Compiling zeroize v1.9.1
[INFO] [stderr]    Compiling shlex v0.1.1
[INFO] [stderr]    Compiling rusoto_credential v0.46.0
[INFO] [stderr]    Compiling brotli v3.5.0
[INFO] [stderr]    Compiling arrow v5.5.0
[INFO] [stderr]    Compiling rusoto_core v0.46.0
[INFO] [stderr]    Compiling tokio-native-tls v0.3.1
[INFO] [stderr]    Compiling hmac v0.10.1
[INFO] [stderr]    Compiling flate2 v1.1.10
[INFO] [stderr]    Compiling parquet-format v2.6.1
[INFO] [stderr]    Compiling percent-encoding v2.3.2
[INFO] [stderr]    Compiling md5 v0.7.0
[INFO] [stderr]    Compiling rusoto_signature v0.46.0
[INFO] [stderr]    Compiling hyper-tls v0.5.0
[INFO] [stderr]    Compiling hashbrown v0.11.2
[INFO] [stderr]    Compiling tokio-stream v0.1.19
[INFO] [stderr]    Compiling tokio-util v0.6.10
[INFO] [stderr]    Compiling md-5 v0.9.1
[INFO] [stderr]    Compiling ordered-float v2.10.1
[INFO] [stderr]    Compiling sqlparser v0.10.0
[INFO] [stderr]    Compiling sqlparser v0.9.0
[INFO] [stderr]    Compiling xml-rs v0.8.29
[INFO] [stderr]    Compiling unicode-segmentation v1.13.3
[INFO] [stderr]    Compiling convergence v0.3.1
[INFO] [stderr]    Compiling lz4 v1.28.1
[INFO] [stderr]    Compiling rusoto_dynamodb v0.46.0
[INFO] [stderr]    Compiling zstd v0.9.2+zstd.1.5.1
[INFO] [stderr]    Compiling datafusion v5.0.0
[INFO] [stdout] error[E0603]: module `raw` is private
[INFO] [stdout]   --> /opt/rustwide/cargo-home/registry/src/index.crates.io-1949cf8c6b5b557f/datafusion-5.0.0/src/physical_plan/hash_join.rs:52:16
[INFO] [stdout]    |
[INFO] [stdout] 52 | use hashbrown::raw::RawTable;
[INFO] [stdout]    |                ^^^  -------- struct `RawTable` is not publicly re-exported
[INFO] [stdout]    |                |
[INFO] [stdout]    |                private module
[INFO] [stdout]    |
[INFO] [stdout] note: the module `raw` is defined here
[INFO] [stdout]   --> /opt/rustwide/cargo-home/registry/src/index.crates.io-1949cf8c6b5b557f/hashbrown-0.11.2/src/lib.rs:73:1
[INFO] [stdout]    |
[INFO] [stdout] 73 | mod raw;
[INFO] [stdout]    | ^^^^^^^
[INFO] [stdout] 
[INFO] [stdout] 
[INFO] [stdout] error[E0277]: the trait bound `!: std::default::Default` is not satisfied
[INFO] [stdout]    --> /opt/rustwide/cargo-home/registry/src/index.crates.io-1949cf8c6b5b557f/datafusion-5.0.0/src/execution/context.rs:556:30
[INFO] [stdout]     |
[INFO] [stdout] 556 | ...                   .try_collect()
[INFO] [stdout]     |                        ^^^^^^^^^^^ the trait `std::default::Default` is not implemented for `!`
[INFO] [stdout]     |
[INFO] [stdout]     = note: this error might have been caused by changes to Rust's type-inference algorithm (see issue #148922 <https://github.com/rust-lang/rust/issues/148922> for more information)
[INFO] [stdout]     = help: you might have intended to use the type `()` here instead
[INFO] [stdout] note: required by a bound in `futures::TryStreamExt::try_collect`
[INFO] [stdout]    --> /opt/rustwide/cargo-home/registry/src/index.crates.io-1949cf8c6b5b557f/futures-util-0.3.34/src/stream/try_stream/mod.rs:603:23
[INFO] [stdout]     |
[INFO] [stdout] 180 | pub trait TryStreamExt: TryStream {
[INFO] [stdout] ...
[INFO] [stdout] 603 |     fn try_collect<C: Default + Extend<Self::Ok>>(self) -> TryCollect<Self, C>
[INFO] [stdout]     |                       ^^^^^^^ required by this bound in `TryStreamExt::try_collect`
[INFO] [stdout] 
[INFO] [stdout] 
[INFO] [stdout] error[E0277]: the trait bound `!: Extend<()>` is not satisfied
[INFO] [stdout]    --> /opt/rustwide/cargo-home/registry/src/index.crates.io-1949cf8c6b5b557f/datafusion-5.0.0/src/execution/context.rs:556:30
[INFO] [stdout]     |
[INFO] [stdout] 556 | ...                   .try_collect()
[INFO] [stdout]     |                        ^^^^^^^^^^^ the trait `Extend<()>` is not implemented for `!`
[INFO] [stdout]     |
[INFO] [stdout] help: the trait `Extend<()>` is implemented for `()`
[INFO] [stdout]    --> /rustc/e3feeb59cd1bdd011a2bfcc0747b55125d9b8527/library/core/src/iter/traits/collect.rs:454:0
[INFO] [stdout]     = note: this error might have been caused by changes to Rust's type-inference algorithm (see issue #148922 <https://github.com/rust-lang/rust/issues/148922> for more information)
[INFO] [stdout]     = help: you might have intended to use the type `()` here instead
[INFO] [stdout] note: the method call chain might not have had the expected associated types
[INFO] [stdout]    --> /opt/rustwide/cargo-home/registry/src/index.crates.io-1949cf8c6b5b557f/datafusion-5.0.0/src/execution/context.rs:555:30
[INFO] [stdout]     |
[INFO] [stdout] 552 |                     let stream = plan.execute(i).await?;
[INFO] [stdout]     |                                  ---------------------- this expression has type `Pin<Box<dyn RecordBatchStream + Send + Sync>>`
[INFO] [stdout] ...
[INFO] [stdout] 555 |                             .map(|batch| writer.write(&batch?))
[INFO] [stdout]     |                              ^^^^^^^^^^^^^^^^^^^^^^^^^^^^^^^^^^ `TryStream::Ok` is `()` here
[INFO] [stdout] note: required by a bound in `futures::TryStreamExt::try_collect`
[INFO] [stdout]    --> /opt/rustwide/cargo-home/registry/src/index.crates.io-1949cf8c6b5b557f/futures-util-0.3.34/src/stream/try_stream/mod.rs:603:33
[INFO] [stdout]     |
[INFO] [stdout] 180 | pub trait TryStreamExt: TryStream {
[INFO] [stdout] ...
[INFO] [stdout] 603 |     fn try_collect<C: Default + Extend<Self::Ok>>(self) -> TryCollect<Self, C>
[INFO] [stdout]     |                                 ^^^^^^^^^^^^^^^^ required by this bound in `TryStreamExt::try_collect`
[INFO] [stdout] 
[INFO] [stdout] 
[INFO] [stdout] error[E0277]: the trait bound `!: std::default::Default` is not satisfied
[INFO] [stdout]    --> /opt/rustwide/cargo-home/registry/src/index.crates.io-1949cf8c6b5b557f/datafusion-5.0.0/src/execution/context.rs:557:30
[INFO] [stdout]     |
[INFO] [stdout] 557 | ...                   .await
[INFO] [stdout]     |                        ^^^^^ the trait `std::default::Default` is not implemented for `!`
[INFO] [stdout]     |
[INFO] [stdout]     = note: this error might have been caused by changes to Rust's type-inference algorithm (see issue #148922 <https://github.com/rust-lang/rust/issues/148922> for more information)
[INFO] [stdout]     = help: you might have intended to use the type `()` here instead
[INFO] [stdout]     = note: required for `TryCollect<Map<Pin<Box<_>>, {closure@...}>, !>` to implement `futures::Future`
[INFO] [stdout]     = note: the full name for the type has been written to '/opt/rustwide/target/release/build/datafusion/ad7345c1b6fd6371/out/datafusion-ad7345c1b6fd6371.long-type-2084876254984020209.txt'
[INFO] [stdout]     = note: consider using `--verbose` to print the full type name to the console
[INFO] [stdout] 
[INFO] [stdout] 
[INFO] [stdout] error[E0277]: the trait bound `!: Extend<()>` is not satisfied
[INFO] [stdout]    --> /opt/rustwide/cargo-home/registry/src/index.crates.io-1949cf8c6b5b557f/datafusion-5.0.0/src/execution/context.rs:557:30
[INFO] [stdout]     |
[INFO] [stdout] 557 | ...                   .await
[INFO] [stdout]     |                        ^^^^^ the trait `Extend<()>` is not implemented for `!`
[INFO] [stdout]     |
[INFO] [stdout] help: the trait `Extend<()>` is implemented for `()`
[INFO] [stdout]    --> /rustc/e3feeb59cd1bdd011a2bfcc0747b55125d9b8527/library/core/src/iter/traits/collect.rs:454:0
[INFO] [stdout]     = note: this error might have been caused by changes to Rust's type-inference algorithm (see issue #148922 <https://github.com/rust-lang/rust/issues/148922> for more information)
[INFO] [stdout]     = help: you might have intended to use the type `()` here instead
[INFO] [stdout]     = note: required for `TryCollect<Map<Pin<Box<_>>, {closure@...}>, !>` to implement `futures::Future`
[INFO] [stdout]     = note: the full name for the type has been written to '/opt/rustwide/target/release/build/datafusion/ad7345c1b6fd6371/out/datafusion-ad7345c1b6fd6371.long-type-2084876254984020209.txt'
[INFO] [stdout]     = note: consider using `--verbose` to print the full type name to the console
[INFO] [stdout] 
[INFO] [stdout] 
[INFO] [stdout] Some errors have detailed explanations: E0277, E0603.
[INFO] [stdout] 
[INFO] [stdout] For more information about an error, try `rustc --explain E0277`.
[INFO] [stdout] 
[INFO] [stderr] error: could not compile `datafusion` (lib) due to 5 previous errors
[INFO] [stderr] warning: build failed, waiting for other jobs to finish...
[INFO] running `Command { std: "docker" "inspect" "b242437b960815b52dd949d39b4ce79055bfae7803c797a54b43b8542affd457", kill_on_drop: false }`
[INFO] running `Command { std: "docker" "rm" "-f" "b242437b960815b52dd949d39b4ce79055bfae7803c797a54b43b8542affd457", kill_on_drop: false }`
[INFO] [stdout] b242437b960815b52dd949d39b4ce79055bfae7803c797a54b43b8542affd457
