[INFO] fetching crate contrafact 0.2.0-rc.1...
[INFO] testing contrafact-0.2.0-rc.1 against 1.99.0-beta.8+cargoflags=--release for beta-release-1.100-2
[INFO] extracting crate contrafact 0.2.0-rc.1 into /workspace/builds/worker-5-tc1/source
[INFO] started tweaking crates.io crate contrafact 0.2.0-rc.1
[INFO] finished tweaking crates.io crate contrafact 0.2.0-rc.1
[INFO] tweaked toml for crates.io crate contrafact 0.2.0-rc.1 written to /workspace/builds/worker-5-tc1/source/Cargo.toml
[INFO] validating manifest of crates.io crate contrafact 0.2.0-rc.1 on toolchain 1.99.0-beta.8
[INFO] running `Command { std: CARGO_HOME="/workspace/cargo-home" RUSTUP_HOME="/workspace/rustup-home" "/workspace/cargo-home/bin/cargo" "+1.99.0-beta.8" "metadata" "--manifest-path" "Cargo.toml" "--no-deps", kill_on_drop: false }`
[INFO] running `Command { std: CARGO_HOME="/workspace/cargo-home" RUSTUP_HOME="/workspace/rustup-home" "/workspace/cargo-home/bin/cargo" "+1.99.0-beta.8" "generate-lockfile" "--manifest-path" "Cargo.toml", kill_on_drop: false }`
[INFO] [stderr]     Updating crates.io index
[INFO] [stderr]      Locking 156 packages to highest compatible versions
[INFO] [stderr]       Adding derive_more v0.99.20 (available: v2.1.1)
[INFO] [stderr]       Adding itertools v0.10.5 (available: v0.15.0)
[INFO] [stderr]       Adding rand v0.7.3 (available: v0.10.3)
[INFO] running `Command { std: CARGO_HOME="/workspace/cargo-home" RUSTUP_HOME="/workspace/rustup-home" "/workspace/cargo-home/bin/cargo" "+1.99.0-beta.8" "fetch" "--manifest-path" "Cargo.toml", kill_on_drop: false }`
[INFO] [stderr]  Downloading crates ...
[INFO] [stderr]   Downloaded observability v0.1.3
[INFO] [stderr]   Downloaded tracing-opentelemetry v0.8.0
[INFO] [stderr]   Downloaded inferno v0.10.12
[INFO] [stderr]   Downloaded pin-project-internal v0.4.30
[INFO] [stderr]   Downloaded pin-project v0.4.30
[INFO] [stderr]   Downloaded str_stack v0.1.1
[INFO] [stderr]   Downloaded opentelemetry v0.8.0
[INFO] [stderr]   Downloaded holochain_serialized_bytes v0.0.53
[INFO] [stderr]   Downloaded serde-transcode v1.1.1
[INFO] [stderr]   Downloaded holochain_serialized_bytes_derive v0.0.53
[INFO] [stderr]   Downloaded rmp-serde v0.15.5
[INFO] [stderr]   Downloaded derive_arbitrary v1.5.0
[INFO] [stderr]   Downloaded clap_derive v3.2.25
[INFO] [stderr]   Downloaded os_str_bytes v6.6.1
[INFO] [stderr]   Downloaded env_logger v0.9.3
[INFO] [stderr]   Downloaded textwrap v0.16.4
[INFO] [stderr]   Downloaded arbitrary v1.5.0
[INFO] [stderr]   Downloaded quick-xml v0.22.0
[INFO] [stderr]   Downloaded clap v3.2.25
[INFO] running `Command { std: "docker" "create" "-v" "/var/lib/crater-agent-workspace/builds/worker-5-tc1/source:/opt/rustwide/workdir:ro,Z" "-v" "/var/lib/crater-agent-workspace/builds/worker-5-tc1/target:/opt/rustwide/target:rw,Z" "-v" "/var/lib/crater-agent-workspace/cargo-home:/opt/rustwide/cargo-home:ro,Z" "-v" "/var/lib/crater-agent-workspace/rustup-home:/opt/rustwide/rustup-home:ro,Z" "-m" "1610612736" "--network" "none" "ghcr.io/rust-lang/crates-build-env/linux@sha256:77db811e55d90add9212f6832c23229e3de5f1c1f9905e8cb07319ea15df73ac" "sleep" "infinity", kill_on_drop: false }`
[INFO] [stdout] ca80b8d42a53f8fa29f208df2361dfe59a3c0eb7df871e7a89246493018d3cd2
[INFO] running `Command { std: "docker" "start" "ca80b8d42a53f8fa29f208df2361dfe59a3c0eb7df871e7a89246493018d3cd2", kill_on_drop: false }`
[INFO] running `Command { std: "docker" "inspect" "ca80b8d42a53f8fa29f208df2361dfe59a3c0eb7df871e7a89246493018d3cd2", kill_on_drop: false }`
[INFO] running `Command { std: "docker" "exec" "-e" "SOURCE_DIR=/opt/rustwide/workdir" "-e" "CARGO_HOME=/opt/rustwide/cargo-home" "-e" "RUSTUP_HOME=/opt/rustwide/rustup-home" "-e" "CARGO_TARGET_DIR=/opt/rustwide/target" "-w" "/opt/rustwide/workdir" "--user" "0:0" "ca80b8d42a53f8fa29f208df2361dfe59a3c0eb7df871e7a89246493018d3cd2" "/opt/rustwide/cargo-home/bin/cargo" "+1.99.0-beta.8" "metadata" "--no-deps" "--format-version=1", kill_on_drop: false }`
[INFO] running `Command { std: "docker" "inspect" "ca80b8d42a53f8fa29f208df2361dfe59a3c0eb7df871e7a89246493018d3cd2", kill_on_drop: false }`
[INFO] running `Command { std: "docker" "exec" "-e" "SOURCE_DIR=/opt/rustwide/workdir" "-e" "CARGO_HOME=/opt/rustwide/cargo-home" "-e" "RUSTUP_HOME=/opt/rustwide/rustup-home" "-e" "CARGO_TARGET_DIR=/opt/rustwide/target" "-e" "CARGO_INCREMENTAL=0" "-e" "RUST_BACKTRACE=full" "-e" "RUSTFLAGS=--cap-lints=warn" "-e" "RUSTDOCFLAGS=--cap-lints=warn" "-w" "/opt/rustwide/workdir" "--user" "0:0" "ca80b8d42a53f8fa29f208df2361dfe59a3c0eb7df871e7a89246493018d3cd2" "/opt/rustwide/cargo-home/bin/cargo" "+1.99.0-beta.8" "build" "--frozen" "--message-format=json" "--release", kill_on_drop: false }`
[INFO] [stderr]    Compiling unicode-ident v1.0.27
[INFO] [stderr]    Compiling libc v0.2.191
[INFO] [stderr]    Compiling zerocopy v0.8.63
[INFO] [stderr]    Compiling getrandom v0.1.16
[INFO] [stderr]    Compiling cfg-if v1.0.5
[INFO] [stderr]    Compiling num-traits v0.2.19
[INFO] [stderr]    Compiling either v1.19.0
[INFO] [stderr]    Compiling convert_case v0.4.0
[INFO] [stderr]    Compiling proc-macro2 v1.0.107
[INFO] [stderr]    Compiling itertools v0.10.5
[INFO] [stderr]    Compiling quote v1.0.47
[INFO] [stderr]    Compiling syn v2.0.119
[INFO] [stderr]    Compiling syn v3.0.9
[INFO] [stderr]    Compiling num-integer v0.1.47
[INFO] [stderr]    Compiling num-complex v0.4.6
[INFO] [stderr]    Compiling num-bigint v0.4.8
[INFO] [stderr]    Compiling num-iter v0.1.46
[INFO] [stderr]    Compiling rand_core v0.5.1
[INFO] [stderr]    Compiling num-rational v0.4.2
[INFO] [stderr]    Compiling derive_arbitrary v1.5.0
[INFO] [stderr]    Compiling num v0.4.3
[INFO] [stderr]    Compiling arbitrary v1.5.0
[INFO] [stderr]    Compiling tracing-attributes v0.1.31
[INFO] [stderr]    Compiling derive_more v0.99.20
[INFO] [stderr]    Compiling ppv-lite86 v0.2.21
[INFO] [stderr]    Compiling tracing v0.1.44
[INFO] [stderr]    Compiling rand_chacha v0.2.2
[INFO] [stderr]    Compiling rand v0.7.3
[INFO] [stderr]    Compiling contrafact v0.2.0-rc.1 (/opt/rustwide/workdir)
[INFO] [stdout] warning: function `collect_checks` is never used
[INFO] [stdout]    --> src/fact.rs:128:4
[INFO] [stdout]     |
[INFO] [stdout] 128 | fn collect_checks<'a, T, F>(facts: Vec<F>, t: &T) -> Check
[INFO] [stdout]     |    ^^^^^^^^^^^^^^
[INFO] [stdout]     |
[INFO] [stdout]     = note: `#[warn(dead_code)]` (part of `#[warn(unused)]`) on by default
[INFO] [stdout] 
[INFO] [stdout] 
[INFO] [stderr]     Finished `release` profile [optimized] target(s) in 34.65s
[INFO] running `Command { std: "docker" "inspect" "ca80b8d42a53f8fa29f208df2361dfe59a3c0eb7df871e7a89246493018d3cd2", kill_on_drop: false }`
[INFO] running `Command { std: "docker" "exec" "-e" "SOURCE_DIR=/opt/rustwide/workdir" "-e" "CARGO_HOME=/opt/rustwide/cargo-home" "-e" "RUSTUP_HOME=/opt/rustwide/rustup-home" "-e" "CARGO_TARGET_DIR=/opt/rustwide/target" "-e" "CARGO_INCREMENTAL=0" "-e" "RUST_BACKTRACE=full" "-e" "RUSTFLAGS=--cap-lints=warn" "-e" "RUSTDOCFLAGS=--cap-lints=warn" "-w" "/opt/rustwide/workdir" "--user" "0:0" "ca80b8d42a53f8fa29f208df2361dfe59a3c0eb7df871e7a89246493018d3cd2" "/opt/rustwide/cargo-home/bin/cargo" "+1.99.0-beta.8" "test" "--frozen" "--no-run" "--message-format=json" "--release", kill_on_drop: false }`
[INFO] [stderr]    Compiling syn v3.0.9
[INFO] [stderr]    Compiling libc v0.2.191
[INFO] [stderr]    Compiling serde_core v1.0.229
[INFO] [stderr]    Compiling syn v1.0.109
[INFO] [stderr]    Compiling serde v1.0.229
[INFO] [stderr]    Compiling futures-core v0.3.34
[INFO] [stderr]    Compiling serde_json v1.0.154
[INFO] [stderr]    Compiling equivalent v1.0.3
[INFO] [stderr]    Compiling futures-channel v0.3.34
[INFO] [stderr]    Compiling lazy_static v1.5.1
[INFO] [stderr]    Compiling pin-project-internal v0.4.30
[INFO] [stderr]    Compiling smallvec v1.16.3
[INFO] [stderr]    Compiling futures-io v0.3.34
[INFO] [stderr]    Compiling indexmap v2.14.2
[INFO] [stderr]    Compiling proc-macro-error-attr v1.0.4
[INFO] [stderr]    Compiling indexmap v1.9.3
[INFO] [stderr]    Compiling regex-syntax v0.8.11
[INFO] [stderr]    Compiling crossbeam-utils v0.8.23
[INFO] [stderr]    Compiling tracing v0.1.44
[INFO] [stderr]    Compiling ahash v0.7.8
[INFO] [stderr]    Compiling os_str_bytes v6.6.1
[INFO] [stderr]    Compiling clap_lex v0.2.4
[INFO] [stderr]    Compiling chrono v0.4.45
[INFO] [stderr]    Compiling matchers v0.0.1
[INFO] [stderr]    Compiling tracing-log v0.1.4
[INFO] [stderr]    Compiling getrandom v0.1.16
[INFO] [stderr]    Compiling getrandom v0.2.17
[INFO] [stderr]    Compiling rand_core v0.5.1
[INFO] [stderr]    Compiling atty v0.2.14
[INFO] [stderr]    Compiling parking_lot_core v0.9.12
[INFO] [stderr]    Compiling sharded-slab v0.1.7
[INFO] [stderr]    Compiling rand_chacha v0.2.2
[INFO] [stderr]    Compiling regex-automata v0.4.18
[INFO] [stderr]    Compiling rand v0.7.3
[INFO] [stderr]    Compiling rmp v0.8.15
[INFO] [stderr]    Compiling proc-macro-error v1.0.4
[INFO] [stderr]    Compiling thiserror-impl v1.0.69
[INFO] [stderr]    Compiling thread_local v1.1.10
[INFO] [stderr]    Compiling bytemuck v1.25.2
[INFO] [stderr]    Compiling byteorder v1.5.0
[INFO] [stderr]    Compiling ansi_term v0.12.1
[INFO] [stderr]    Compiling textwrap v0.16.4
[INFO] [stderr]    Compiling regex v1.13.1
[INFO] [stderr]    Compiling serde_derive v1.0.229
[INFO] [stderr]    Compiling futures-macro v0.3.34
[INFO] [stderr]    Compiling clap_derive v3.2.25
[INFO] [stderr]    Compiling pin-project v0.4.30
[INFO] [stderr]    Compiling termcolor v1.4.1
[INFO] [stderr]    Compiling futures-util v0.3.34
[INFO] [stderr]    Compiling strsim v0.10.0
[INFO] [stderr]    Compiling hashbrown v0.14.5
[INFO] [stderr]    Compiling derive_arbitrary v1.5.0
[INFO] [stderr]    Compiling holochain_serialized_bytes_derive v0.0.53
[INFO] [stderr]    Compiling thiserror v1.0.69
[INFO] [stderr]    Compiling rgb v0.8.53
[INFO] [stderr]    Compiling dashmap v5.5.3
[INFO] [stderr]    Compiling num-format v0.4.4
[INFO] [stderr]    Compiling serde_bytes v0.11.19
[INFO] [stderr]    Compiling crossbeam-channel v0.5.17
[INFO] [stderr]    Compiling num_cpus v1.17.0
[INFO] [stderr]    Compiling clap v3.2.25
[INFO] [stderr]    Compiling env_logger v0.9.3
[INFO] [stderr]    Compiling quick-xml v0.22.0
[INFO] [stderr]    Compiling str_stack v0.1.1
[INFO] [stderr]    Compiling arbitrary v1.5.0
[INFO] [stderr]    Compiling futures-executor v0.3.34
[INFO] [stderr]    Compiling bincode v1.3.3
[INFO] [stderr]    Compiling tracing-serde v0.1.3
[INFO] [stderr]    Compiling serde-transcode v1.1.1
[INFO] [stderr]    Compiling rmp-serde v0.15.5
[INFO] [stderr]    Compiling tracing-subscriber v0.2.25
[INFO] [stderr]    Compiling contrafact v0.2.0-rc.1 (/opt/rustwide/workdir)
[INFO] [stdout] error[E0425]: cannot find function `read_data_i8` in module `rmp::decode`
[INFO] [stdout]    --> /opt/rustwide/cargo-home/registry/src/index.crates.io-1949cf8c6b5b557f/rmp-serde-0.15.5/src/decode.rs:450:40
[INFO] [stdout]     |
[INFO] [stdout] 450 |                 let tag = rmp::decode::read_data_i8(self.rd)?;
[INFO] [stdout]     |                                        ^^^^^^^^^^^^ not found in `rmp::decode`
[INFO] [stdout] 
[INFO] [stdout] 
[INFO] [stdout] error[E0425]: cannot find function `read_data_u8` in module `rmp::decode`
[INFO] [stdout]    --> /opt/rustwide/cargo-home/registry/src/index.crates.io-1949cf8c6b5b557f/rmp-serde-0.15.5/src/decode.rs:497:57
[INFO] [stdout]     |
[INFO] [stdout] 497 |             Marker::U8 => visitor.visit_u8(rmp::decode::read_data_u8(&mut self.rd)?),
[INFO] [stdout]     |                                                         ^^^^^^^^^^^^ not found in `rmp::decode`
[INFO] [stdout] 
[INFO] [stdout] 
[INFO] [stdout] error[E0425]: cannot find function `read_data_u16` in module `rmp::decode`
[INFO] [stdout]    --> /opt/rustwide/cargo-home/registry/src/index.crates.io-1949cf8c6b5b557f/rmp-serde-0.15.5/src/decode.rs:498:59
[INFO] [stdout]     |
[INFO] [stdout] 498 |             Marker::U16 => visitor.visit_u16(rmp::decode::read_data_u16(&mut self.rd)?),
[INFO] [stdout]     |                                                           ^^^^^^^^^^^^^ not found in `rmp::decode`
[INFO] [stdout] 
[INFO] [stdout] 
[INFO] [stdout] error[E0425]: cannot find function `read_data_u32` in module `rmp::decode`
[INFO] [stdout]    --> /opt/rustwide/cargo-home/registry/src/index.crates.io-1949cf8c6b5b557f/rmp-serde-0.15.5/src/decode.rs:499:59
[INFO] [stdout]     |
[INFO] [stdout] 499 |             Marker::U32 => visitor.visit_u32(rmp::decode::read_data_u32(&mut self.rd)?),
[INFO] [stdout]     |                                                           ^^^^^^^^^^^^^ not found in `rmp::decode`
[INFO] [stdout] 
[INFO] [stdout] 
[INFO] [stdout] error[E0425]: cannot find function `read_data_u64` in module `rmp::decode`
[INFO] [stdout]    --> /opt/rustwide/cargo-home/registry/src/index.crates.io-1949cf8c6b5b557f/rmp-serde-0.15.5/src/decode.rs:500:59
[INFO] [stdout]     |
[INFO] [stdout] 500 |             Marker::U64 => visitor.visit_u64(rmp::decode::read_data_u64(&mut self.rd)?),
[INFO] [stdout]     |                                                           ^^^^^^^^^^^^^ not found in `rmp::decode`
[INFO] [stdout] 
[INFO] [stdout] 
[INFO] [stdout] error[E0425]: cannot find function `read_data_i8` in module `rmp::decode`
[INFO] [stdout]    --> /opt/rustwide/cargo-home/registry/src/index.crates.io-1949cf8c6b5b557f/rmp-serde-0.15.5/src/decode.rs:501:57
[INFO] [stdout]     |
[INFO] [stdout] 501 |             Marker::I8 => visitor.visit_i8(rmp::decode::read_data_i8(&mut self.rd)?),
[INFO] [stdout]     |                                                         ^^^^^^^^^^^^ not found in `rmp::decode`
[INFO] [stdout] 
[INFO] [stdout] 
[INFO] [stdout] error[E0425]: cannot find function `read_data_i16` in module `rmp::decode`
[INFO] [stdout]    --> /opt/rustwide/cargo-home/registry/src/index.crates.io-1949cf8c6b5b557f/rmp-serde-0.15.5/src/decode.rs:502:59
[INFO] [stdout]     |
[INFO] [stdout] 502 |             Marker::I16 => visitor.visit_i16(rmp::decode::read_data_i16(&mut self.rd)?),
[INFO] [stdout]     |                                                           ^^^^^^^^^^^^^ not found in `rmp::decode`
[INFO] [stdout] 
[INFO] [stdout] 
[INFO] [stdout] error[E0425]: cannot find function `read_data_i32` in module `rmp::decode`
[INFO] [stdout]    --> /opt/rustwide/cargo-home/registry/src/index.crates.io-1949cf8c6b5b557f/rmp-serde-0.15.5/src/decode.rs:503:59
[INFO] [stdout]     |
[INFO] [stdout] 503 |             Marker::I32 => visitor.visit_i32(rmp::decode::read_data_i32(&mut self.rd)?),
[INFO] [stdout]     |                                                           ^^^^^^^^^^^^^ not found in `rmp::decode`
[INFO] [stdout] 
[INFO] [stdout] 
[INFO] [stdout] error[E0425]: cannot find function `read_data_i64` in module `rmp::decode`
[INFO] [stdout]    --> /opt/rustwide/cargo-home/registry/src/index.crates.io-1949cf8c6b5b557f/rmp-serde-0.15.5/src/decode.rs:504:59
[INFO] [stdout]     |
[INFO] [stdout] 504 |             Marker::I64 => visitor.visit_i64(rmp::decode::read_data_i64(&mut self.rd)?),
[INFO] [stdout]     |                                                           ^^^^^^^^^^^^^ not found in `rmp::decode`
[INFO] [stdout] 
[INFO] [stdout] 
[INFO] [stdout] error[E0425]: cannot find function `read_data_f32` in module `rmp::decode`
[INFO] [stdout]    --> /opt/rustwide/cargo-home/registry/src/index.crates.io-1949cf8c6b5b557f/rmp-serde-0.15.5/src/decode.rs:505:59
[INFO] [stdout]     |
[INFO] [stdout] 505 |             Marker::F32 => visitor.visit_f32(rmp::decode::read_data_f32(&mut self.rd)?),
[INFO] [stdout]     |                                                           ^^^^^^^^^^^^^ not found in `rmp::decode`
[INFO] [stdout] 
[INFO] [stdout] 
[INFO] [stdout] error[E0425]: cannot find function `read_data_f64` in module `rmp::decode`
[INFO] [stdout]    --> /opt/rustwide/cargo-home/registry/src/index.crates.io-1949cf8c6b5b557f/rmp-serde-0.15.5/src/decode.rs:506:59
[INFO] [stdout]     |
[INFO] [stdout] 506 |             Marker::F64 => visitor.visit_f64(rmp::decode::read_data_f64(&mut self.rd)?),
[INFO] [stdout]     |                                                           ^^^^^^^^^^^^^ not found in `rmp::decode`
[INFO] [stdout] 
[INFO] [stdout] 
[INFO] [stdout] error[E0425]: cannot find function `read_data_u8` in module `rmp::decode`
[INFO] [stdout]    --> /opt/rustwide/cargo-home/registry/src/index.crates.io-1949cf8c6b5b557f/rmp-serde-0.15.5/src/decode.rs:657:40
[INFO] [stdout]     |
[INFO] [stdout] 657 |             Marker::U8 => rmp::decode::read_data_u8(&mut self.rd).map(f32::from),
[INFO] [stdout]     |                                        ^^^^^^^^^^^^ not found in `rmp::decode`
[INFO] [stdout] 
[INFO] [stdout] 
[INFO] [stdout] error[E0425]: cannot find function `read_data_u16` in module `rmp::decode`
[INFO] [stdout]    --> /opt/rustwide/cargo-home/registry/src/index.crates.io-1949cf8c6b5b557f/rmp-serde-0.15.5/src/decode.rs:658:41
[INFO] [stdout]     |
[INFO] [stdout] 658 |             Marker::U16 => rmp::decode::read_data_u16(&mut self.rd).map(f32::from),
[INFO] [stdout]     |                                         ^^^^^^^^^^^^^ not found in `rmp::decode`
[INFO] [stdout] 
[INFO] [stdout] 
[INFO] [stdout] error[E0425]: cannot find function `read_data_i8` in module `rmp::decode`
[INFO] [stdout]    --> /opt/rustwide/cargo-home/registry/src/index.crates.io-1949cf8c6b5b557f/rmp-serde-0.15.5/src/decode.rs:659:40
[INFO] [stdout]     |
[INFO] [stdout] 659 |             Marker::I8 => rmp::decode::read_data_i8(&mut self.rd).map(f32::from),
[INFO] [stdout]     |                                        ^^^^^^^^^^^^ not found in `rmp::decode`
[INFO] [stdout] 
[INFO] [stdout] 
[INFO] [stdout] error[E0425]: cannot find function `read_data_i16` in module `rmp::decode`
[INFO] [stdout]    --> /opt/rustwide/cargo-home/registry/src/index.crates.io-1949cf8c6b5b557f/rmp-serde-0.15.5/src/decode.rs:660:41
[INFO] [stdout]     |
[INFO] [stdout] 660 |             Marker::I16 => rmp::decode::read_data_i16(&mut self.rd).map(f32::from),
[INFO] [stdout]     |                                         ^^^^^^^^^^^^^ not found in `rmp::decode`
[INFO] [stdout] 
[INFO] [stdout] 
[INFO] [stdout] error[E0425]: cannot find function `read_data_f32` in module `rmp::decode`
[INFO] [stdout]    --> /opt/rustwide/cargo-home/registry/src/index.crates.io-1949cf8c6b5b557f/rmp-serde-0.15.5/src/decode.rs:661:41
[INFO] [stdout]     |
[INFO] [stdout] 661 |             Marker::F32 => rmp::decode::read_data_f32(&mut self.rd),
[INFO] [stdout]     |                                         ^^^^^^^^^^^^^ not found in `rmp::decode`
[INFO] [stdout] 
[INFO] [stdout] 
[INFO] [stdout] error[E0425]: cannot find function `read_data_u8` in module `rmp::decode`
[INFO] [stdout]    --> /opt/rustwide/cargo-home/registry/src/index.crates.io-1949cf8c6b5b557f/rmp-serde-0.15.5/src/decode.rs:676:40
[INFO] [stdout]     |
[INFO] [stdout] 676 |             Marker::U8 => rmp::decode::read_data_u8(&mut self.rd).map(f64::from),
[INFO] [stdout]     |                                        ^^^^^^^^^^^^ not found in `rmp::decode`
[INFO] [stdout] 
[INFO] [stdout] 
[INFO] [stdout] error[E0425]: cannot find function `read_data_u16` in module `rmp::decode`
[INFO] [stdout]    --> /opt/rustwide/cargo-home/registry/src/index.crates.io-1949cf8c6b5b557f/rmp-serde-0.15.5/src/decode.rs:677:41
[INFO] [stdout]     |
[INFO] [stdout] 677 |             Marker::U16 => rmp::decode::read_data_u16(&mut self.rd).map(f64::from),
[INFO] [stdout]     |                                         ^^^^^^^^^^^^^ not found in `rmp::decode`
[INFO] [stdout] 
[INFO] [stdout] 
[INFO] [stdout] error[E0425]: cannot find function `read_data_u32` in module `rmp::decode`
[INFO] [stdout]    --> /opt/rustwide/cargo-home/registry/src/index.crates.io-1949cf8c6b5b557f/rmp-serde-0.15.5/src/decode.rs:678:41
[INFO] [stdout]     |
[INFO] [stdout] 678 |             Marker::U32 => rmp::decode::read_data_u32(&mut self.rd).map(f64::from),
[INFO] [stdout]     |                                         ^^^^^^^^^^^^^ not found in `rmp::decode`
[INFO] [stdout] 
[INFO] [stdout] 
[INFO] [stdout] error[E0425]: cannot find function `read_data_i8` in module `rmp::decode`
[INFO] [stdout]    --> /opt/rustwide/cargo-home/registry/src/index.crates.io-1949cf8c6b5b557f/rmp-serde-0.15.5/src/decode.rs:679:40
[INFO] [stdout]     |
[INFO] [stdout] 679 |             Marker::I8 => rmp::decode::read_data_i8(&mut self.rd).map(f64::from),
[INFO] [stdout]     |                                        ^^^^^^^^^^^^ not found in `rmp::decode`
[INFO] [stdout] 
[INFO] [stdout] 
[INFO] [stdout] error[E0425]: cannot find function `read_data_i16` in module `rmp::decode`
[INFO] [stdout]    --> /opt/rustwide/cargo-home/registry/src/index.crates.io-1949cf8c6b5b557f/rmp-serde-0.15.5/src/decode.rs:680:41
[INFO] [stdout]     |
[INFO] [stdout] 680 |             Marker::I16 => rmp::decode::read_data_i16(&mut self.rd).map(f64::from),
[INFO] [stdout]     |                                         ^^^^^^^^^^^^^ not found in `rmp::decode`
[INFO] [stdout] 
[INFO] [stdout] 
[INFO] [stdout] error[E0425]: cannot find function `read_data_i32` in module `rmp::decode`
[INFO] [stdout]    --> /opt/rustwide/cargo-home/registry/src/index.crates.io-1949cf8c6b5b557f/rmp-serde-0.15.5/src/decode.rs:681:41
[INFO] [stdout]     |
[INFO] [stdout] 681 |             Marker::I32 => rmp::decode::read_data_i32(&mut self.rd).map(f64::from),
[INFO] [stdout]     |                                         ^^^^^^^^^^^^^ not found in `rmp::decode`
[INFO] [stdout] 
[INFO] [stdout] 
[INFO] [stdout] error[E0425]: cannot find function `read_data_f32` in module `rmp::decode`
[INFO] [stdout]    --> /opt/rustwide/cargo-home/registry/src/index.crates.io-1949cf8c6b5b557f/rmp-serde-0.15.5/src/decode.rs:682:41
[INFO] [stdout]     |
[INFO] [stdout] 682 |             Marker::F32 => rmp::decode::read_data_f32(&mut self.rd).map(f64::from),
[INFO] [stdout]     |                                         ^^^^^^^^^^^^^ not found in `rmp::decode`
[INFO] [stdout] 
[INFO] [stdout] 
[INFO] [stdout] error[E0425]: cannot find function `read_data_f64` in module `rmp::decode`
[INFO] [stdout]    --> /opt/rustwide/cargo-home/registry/src/index.crates.io-1949cf8c6b5b557f/rmp-serde-0.15.5/src/decode.rs:683:41
[INFO] [stdout]     |
[INFO] [stdout] 683 |             Marker::F64 => rmp::decode::read_data_f64(&mut self.rd),
[INFO] [stdout]     |                                         ^^^^^^^^^^^^^ not found in `rmp::decode`
[INFO] [stdout] 
[INFO] [stdout] 
[INFO] [stderr]    Compiling futures v0.3.34
[INFO] [stderr]    Compiling opentelemetry v0.8.0
[INFO] [stdout] For more information about this error, try `rustc --explain E0425`.
[INFO] [stdout] 
[INFO] [stderr] error: could not compile `rmp-serde` (lib) due to 24 previous errors
[INFO] [stderr] warning: build failed, waiting for other jobs to finish...
[INFO] [stdout] warning: function `collect_checks` is never used
[INFO] [stdout]    --> src/fact.rs:128:4
[INFO] [stdout]     |
[INFO] [stdout] 128 | fn collect_checks<'a, T, F>(facts: Vec<F>, t: &T) -> Check
[INFO] [stdout]     |    ^^^^^^^^^^^^^^
[INFO] [stdout]     |
[INFO] [stdout]     = note: `#[warn(dead_code)]` (part of `#[warn(unused)]`) on by default
[INFO] [stdout] 
[INFO] [stdout] 
[INFO] running `Command { std: "docker" "inspect" "ca80b8d42a53f8fa29f208df2361dfe59a3c0eb7df871e7a89246493018d3cd2", kill_on_drop: false }`
[INFO] running `Command { std: "docker" "rm" "-f" "ca80b8d42a53f8fa29f208df2361dfe59a3c0eb7df871e7a89246493018d3cd2", kill_on_drop: false }`
[INFO] [stdout] ca80b8d42a53f8fa29f208df2361dfe59a3c0eb7df871e7a89246493018d3cd2
