[INFO] fetching crate contract-transcode 6.0.0-beta.2...
[INFO] testing contract-transcode-6.0.0-beta.2 against 1.99.0-beta.8+cargoflags=--release for beta-release-1.100-2
[INFO] extracting crate contract-transcode 6.0.0-beta.2 into /workspace/builds/worker-5-tc1/source
[INFO] started tweaking crates.io crate contract-transcode 6.0.0-beta.2
[INFO] finished tweaking crates.io crate contract-transcode 6.0.0-beta.2
[INFO] tweaked toml for crates.io crate contract-transcode 6.0.0-beta.2 written to /workspace/builds/worker-5-tc1/source/Cargo.toml
[INFO] validating manifest of crates.io crate contract-transcode 6.0.0-beta.2 on toolchain 1.99.0-beta.8
[INFO] running `Command { std: CARGO_HOME="/workspace/cargo-home" RUSTUP_HOME="/workspace/rustup-home" "/workspace/cargo-home/bin/cargo" "+1.99.0-beta.8" "metadata" "--manifest-path" "Cargo.toml" "--no-deps", kill_on_drop: false }`
[INFO] crate crates.io crate contract-transcode 6.0.0-beta.2 already has a lockfile, it will not be regenerated
[INFO] running `Command { std: CARGO_HOME="/workspace/cargo-home" RUSTUP_HOME="/workspace/rustup-home" "/workspace/cargo-home/bin/cargo" "+1.99.0-beta.8" "fetch" "--manifest-path" "Cargo.toml", kill_on_drop: false }`
[INFO] [stderr]     Updating crates.io index
[INFO] [stderr]     Blocking waiting for file lock on package cache
[INFO] [stderr]  Downloading crates ...
[INFO] [stderr]   Downloaded enum-ordinalize v4.3.2
[INFO] [stderr]   Downloaded enum-ordinalize-derive v4.3.2
[INFO] [stderr]   Downloaded valuable v0.1.1
[INFO] [stderr]   Downloaded num-conv v0.2.0
[INFO] [stderr]   Downloaded powerfmt v0.2.0
[INFO] [stderr]   Downloaded matchers v0.2.0
[INFO] [stderr]   Downloaded nohash-hasher v0.2.0
[INFO] [stderr]   Downloaded sp-tracing v18.0.0
[INFO] [stderr]   Downloaded time-core v0.1.8
[INFO] [stderr]   Downloaded sp-panic-handler v13.0.2
[INFO] [stderr]   Downloaded scale-encode-derive v0.10.1
[INFO] [stderr]   Downloaded ark-ff v0.5.0
[INFO] [stderr]   Downloaded polkavm-derive v0.26.0
[INFO] [stderr]   Downloaded scale-bits v0.7.0
[INFO] [stderr]   Downloaded pallet-revive-proc-macro v0.5.0
[INFO] [stderr]   Downloaded ink_prelude v6.0.0-beta.1
[INFO] [stderr]   Downloaded macro-string v0.1.4
[INFO] [stderr]   Downloaded fastrand v2.3.0
[INFO] [stderr]   Downloaded num-integer v0.1.46
[INFO] [stderr]   Downloaded ark-ff-macros v0.5.0
[INFO] [stderr]   Downloaded ark-ff-asm v0.5.0
[INFO] [stderr]   Downloaded deranged v0.5.5
[INFO] [stderr]   Downloaded thread_local v1.1.9
[INFO] [stderr]   Downloaded polkavm-derive-impl v0.27.0
[INFO] [stderr]   Downloaded ark-ed-on-bls12-381-bandersnatch v0.5.0
[INFO] [stderr]   Downloaded memory-db v0.34.0
[INFO] [stderr]   Downloaded sp-wasm-interface v23.0.0
[INFO] [stderr]   Downloaded sp-runtime-interface-proc-macro v20.0.0
[INFO] [stderr]   Downloaded expander v2.2.1
[INFO] [stderr]   Downloaded file-guard v0.2.0
[INFO] [stderr]   Downloaded polkavm-derive-impl-macro v0.26.0
[INFO] [stderr]   Downloaded binary-merkle-tree v16.1.0
[INFO] [stderr]   Downloaded joinery v2.1.0
[INFO] [stderr]   Downloaded indent_write v2.2.0
[INFO] [stderr]   Downloaded scale-type-resolver v0.2.0
[INFO] [stderr]   Downloaded scale-decode-derive v0.16.2
[INFO] [stderr]   Downloaded pallet-revive-uapi v0.8.0
[INFO] [stderr]   Downloaded polkavm-derive v0.27.0
[INFO] [stderr]   Downloaded polkavm-derive-impl-macro v0.27.0
[INFO] [stderr]   Downloaded proc-macro-error-attr2 v2.0.0
[INFO] [stderr]   Downloaded quote v1.0.44
[INFO] [stderr]   Downloaded windows-targets v0.53.5
[INFO] [stderr]   Downloaded rustc_version v0.4.1
[INFO] [stderr]   Downloaded itertools v0.13.0
[INFO] [stderr]   Downloaded ark-transcript v0.0.3
[INFO] [stderr]   Downloaded schnellru v0.2.4
[INFO] [stderr]   Downloaded tracing-log v0.2.0
[INFO] [stderr]   Downloaded sharded-slab v0.1.7
[INFO] [stderr]   Downloaded nu-ansi-term v0.50.3
[INFO] [stderr]   Downloaded rustc-demangle v0.1.27
[INFO] [stderr]   Downloaded addr2line v0.25.1
[INFO] [stderr]   Downloaded sp-runtime-interface v31.0.0
[INFO] [stderr]   Downloaded polkavm-derive-impl v0.26.0
[INFO] [stderr]   Downloaded sp-keystore v0.44.1
[INFO] [stderr]   Downloaded sp-application-crypto v42.0.0
[INFO] [stderr]   Downloaded simple-mermaid v0.1.1
[INFO] [stderr]   Downloaded nom-supreme v0.7.0
[INFO] [stderr]   Downloaded brownstone v1.1.0
[INFO] [stderr]   Downloaded xxhash-rust v0.8.15
[INFO] [stderr]   Downloaded scale-encode v0.10.1
[INFO] [stderr]   Downloaded convert_case v0.10.0
[INFO] [stderr]   Downloaded alloy-sol-macro v1.5.4
[INFO] [stderr]   Downloaded proc-macro-error2 v2.0.1
[INFO] [stderr]   Downloaded alloy-sol-macro-input v1.5.4
[INFO] [stderr]   Downloaded const-hex v1.17.0
[INFO] [stderr]   Downloaded tempfile v3.24.0
[INFO] [stderr]   Downloaded writeable v0.6.2
[INFO] [stderr]   Downloaded potential_utf v0.1.4
[INFO] [stderr]   Downloaded tracing-attributes v0.1.31
[INFO] [stderr]   Downloaded tokio-macros v2.6.0
[INFO] [stderr]   Downloaded sp-keyring v43.0.0
[INFO] [stderr]   Downloaded strum v0.26.3
[INFO] [stderr]   Downloaded strum_macros v0.26.4
[INFO] [stderr]   Downloaded tuplex v0.1.2
[INFO] [stderr]   Downloaded toml_datetime v0.7.5+spec-1.1.0
[INFO] [stderr]   Downloaded ark-ff-asm v0.4.2
[INFO] [stderr]   Downloaded aead v0.5.2
[INFO] [stderr]   Downloaded ark-ec v0.5.0
[INFO] [stderr]   Downloaded sp-io v42.0.0
[INFO] [stderr]   Downloaded time-macros v0.2.26
[INFO] [stderr]   Downloaded sp-state-machine v0.47.0
[INFO] [stderr]   Downloaded anyhow v1.0.100
[INFO] [stderr]   Downloaded fs-err v2.11.0
[INFO] [stderr]   Downloaded polkavm-common v0.26.0
[INFO] [stderr]   Downloaded ink_metadata v6.0.0-beta.1
[INFO] [stderr]   Downloaded ink_primitives v6.0.0-beta.1
[INFO] [stderr]   Downloaded scale-decode v0.16.2
[INFO] [stderr]   Downloaded polkavm-common v0.27.0
[INFO] [stderr]   Downloaded derive_more v2.1.1
[INFO] [stderr]   Downloaded alloy-sol-types v1.5.4
[INFO] [stderr]   Downloaded syn-solidity v1.5.4
[INFO] [stderr]   Downloaded rand v0.9.2
[INFO] [stderr]   Downloaded alloy-sol-macro-expander v1.5.4
[INFO] [stderr]   Downloaded icu_normalizer v2.1.1
[INFO] [stderr]   Downloaded icu_normalizer_data v2.1.1
[INFO] [stderr]   Downloaded socket2 v0.6.2
[INFO] [stderr]   Downloaded parity-scale-codec-derive v3.7.5
[INFO] [stderr]   Downloaded impl-trait-for-tuples v0.2.3
[INFO] [stderr]   Downloaded konst_macro_rules v0.2.19
[INFO] [stderr]   Downloaded const_format_proc_macros v0.2.34
[INFO] [stderr]   Downloaded docify_macros v0.2.9
[INFO] [stderr]   Downloaded termcolor v1.4.1
[INFO] [stderr]   Downloaded ark-std v0.4.0
[INFO] [stderr]   Downloaded ark-ff-macros v0.4.2
[INFO] [stderr]   Downloaded curve25519-dalek-derive v0.1.1
[INFO] [stderr]   Downloaded backtrace v0.3.76
[INFO] [stderr]   Downloaded ed25519-dalek v2.2.0
[INFO] [stderr]   Downloaded itertools v0.14.0
[INFO] [stderr]   Downloaded derive_more-impl v2.1.1
[INFO] [stderr]   Downloaded unicode-segmentation v1.12.0
[INFO] [stderr]   Downloaded const_format v0.2.35
[INFO] [stderr]   Downloaded konst v0.2.19
[INFO] [stderr]   Downloaded substrate-bip39 v0.6.0
[INFO] [stderr]   Downloaded pbkdf2 v0.12.2
[INFO] [stderr]   Downloaded impl-codec v0.7.1
[INFO] [stderr]   Downloaded tinyvec_macros v0.1.1
[INFO] [stderr]   Downloaded bitcoin-internals v0.2.0
[INFO] [stderr]   Downloaded opaque-debug v0.3.1
[INFO] [stderr]   Downloaded digest v0.9.0
[INFO] [stderr]   Downloaded libsecp256k1-gen-genmult v0.3.0
[INFO] [stderr]   Downloaded libsecp256k1-gen-ecmult v0.3.0
[INFO] [stderr]   Downloaded serdect v0.2.0
[INFO] [stderr]   Downloaded futures-task v0.3.31
[INFO] [stderr]   Downloaded tracing-subscriber v0.3.22
[INFO] [stderr]   Downloaded time v0.3.46
[INFO] [stderr]   Downloaded gimli v0.32.3
[INFO] [stderr]   Downloaded proptest v1.9.0
[INFO] [stderr]   Downloaded regex v1.12.2
[INFO] [stderr]   Downloaded futures-channel v0.3.31
[INFO] [stderr]   Downloaded sp-externalities v0.30.0
[INFO] [stderr]   Downloaded sp-storage v22.0.0
[INFO] [stderr]   Downloaded ref-cast v1.0.25
[INFO] [stderr]   Downloaded ref-cast-impl v1.0.25
[INFO] [stderr]   Downloaded impl-serde v0.5.0
[INFO] [stderr]   Downloaded environmental v1.1.4
[INFO] [stderr]   Downloaded zeroize_derive v1.4.3
[INFO] [stderr]   Downloaded serde_bytes v0.11.19
[INFO] [stderr]   Downloaded getrandom_or_panic v0.0.3
[INFO] [stderr]   Downloaded sp-std v14.0.0
[INFO] [stderr]   Downloaded sp-crypto-hashing v0.1.0
[INFO] [stderr]   Downloaded secrecy v0.8.0
[INFO] [stderr]   Downloaded primitive-types v0.13.1
[INFO] [stderr]   Downloaded hex v0.4.3
[INFO] [stderr]   Downloaded impl-num-traits v0.2.0
[INFO] [stderr]   Downloaded fixed-hash v0.8.0
[INFO] [stderr]   Downloaded block-buffer v0.9.0
[INFO] [stderr]   Downloaded base16ct v0.2.0
[INFO] [stderr]   Downloaded pkcs8 v0.10.2
[INFO] [stderr]   Downloaded spki v0.7.3
[INFO] [stderr]   Downloaded group v0.13.0
[INFO] [stderr]   Downloaded signature v2.2.0
[INFO] [stderr]   Downloaded rfc6979 v0.4.0
[INFO] [stderr]   Downloaded hash256-std-hasher v0.15.2
[INFO] [stderr]   Downloaded futures-macro v0.3.31
[INFO] [stderr]   Downloaded futures-io v0.3.31
[INFO] [stderr]   Downloaded num_cpus v1.17.0
[INFO] [stderr]   Downloaded ed25519 v2.2.3
[INFO] [stderr]   Downloaded ark-serialize v0.5.0
[INFO] [stderr]   Downloaded ark-serialize-derive v0.5.0
[INFO] [stderr]   Downloaded object v0.37.3
[INFO] [stderr]   Downloaded regex-syntax v0.8.8
[INFO] [stderr]   Downloaded derive-syn-parse v0.2.0
[INFO] [stderr]   Downloaded sp-core v38.1.0
[INFO] [stderr]   Downloaded w3f-bls v0.1.9
[INFO] [stderr]   Downloaded ark-ff v0.4.2
[INFO] [stderr]   Downloaded either v1.15.0
[INFO] [stderr]   Downloaded derivative v2.2.0
[INFO] [stderr]   Downloaded ark-bls12-377 v0.4.0
[INFO] [stderr]   Downloaded merlin v3.0.0
[INFO] [stderr]   Downloaded password-hash v0.5.0
[INFO] [stderr]   Downloaded base64ct v1.8.3
[INFO] [stderr]   Downloaded hmac v0.12.1
[INFO] [stderr]   Downloaded ss58-registry v1.51.0
[INFO] [stderr]   Downloaded Inflector v0.11.4
[INFO] [stderr]   Downloaded twox-hash v1.6.3
[INFO] [stderr]   Downloaded blake2b_simd v1.0.4
[INFO] [stderr]   Downloaded constant_time_eq v0.4.2
[INFO] [stderr]   Downloaded shlex v1.3.0
[INFO] [stderr]   Downloaded find-msvc-tools v0.1.8
[INFO] [stderr]   Downloaded uint v0.10.0
[INFO] [stderr]   Downloaded hex-conservative v0.1.2
[INFO] [stderr]   Downloaded sha2 v0.9.9
[INFO] [stderr]   Downloaded libsecp256k1-core v0.3.0
[INFO] [stderr]   Downloaded sec1 v0.7.3
[INFO] [stderr]   Downloaded pem-rfc7468 v0.7.0
[INFO] [stderr]   Downloaded ff v0.13.1
[INFO] [stderr]   Downloaded ecdsa v0.16.9
[INFO] [stderr]   Downloaded futures v0.3.31
[INFO] [stderr]   Downloaded futures-executor v0.3.31
[INFO] [stderr]   Downloaded ed25519-zebra v4.1.0
[INFO] [stderr]   Downloaded allocator-api2 v0.2.21
[INFO] [stderr]   Downloaded bs58 v0.5.1
[INFO] [stderr]   Downloaded bitflags v1.3.2
[INFO] [stderr]   Downloaded array-bytes v6.2.3
[INFO] [stderr]   Downloaded w3f-ring-proof v0.0.2
[INFO] [stderr]   Downloaded w3f-plonk-common v0.0.2
[INFO] [stderr]   Downloaded w3f-pcs v0.0.2
[INFO] [stderr]   Downloaded ark-std v0.5.0
[INFO] [stderr]   Downloaded ark-bls12-381 v0.5.0
[INFO] [stderr]   Downloaded rustix v1.1.3
[INFO] [stderr]   Downloaded sp-api v38.0.0
[INFO] [stderr]   Downloaded sp-version v41.0.0
[INFO] [stderr]   Downloaded ink_storage v6.0.0-beta.1
[INFO] [stderr]   Downloaded keccak v0.1.5
[INFO] [stderr]   Downloaded cpufeatures v0.2.17
[INFO] [stderr]   Downloaded digest v0.10.7
[INFO] [stderr]   Downloaded crypto-common v0.1.7
[INFO] [stderr]   Downloaded typenum v1.19.0
[INFO] [stderr]   Downloaded generic-array v0.14.7
[INFO] [stderr]   Downloaded version_check v0.9.5
[INFO] [stderr]   Downloaded num-bigint v0.4.6
[INFO] [stderr]   Downloaded ark-ec v0.4.2
[INFO] [stderr]   Downloaded hashbrown v0.13.2
[INFO] [stderr]   Downloaded ahash v0.8.12
[INFO] [stderr]   Downloaded ark-poly v0.4.2
[INFO] [stderr]   Downloaded schnorrkel v0.11.5
[INFO] [stderr]   Downloaded num-format v0.4.4
[INFO] [stderr]   Downloaded secp256k1 v0.28.2
[INFO] [stderr]   Downloaded cc v1.2.54
[INFO] [stderr]   Downloaded parity-bip39 v2.0.1
[INFO] [stderr]   Downloaded unicode-normalization v0.1.22
[INFO] [stderr]   Downloaded tinyvec v1.10.0
[INFO] [stderr]   Downloaded bitcoin_hashes v0.13.0
[INFO] [stderr]   Downloaded libsecp256k1 v0.7.2
[INFO] [stderr]   Downloaded k256 v0.13.4
[INFO] [stderr]   Downloaded elliptic-curve v0.13.8
[INFO] [stderr]   Downloaded der v0.7.10
[INFO] [stderr]   Downloaded crypto-bigint v0.5.5
[INFO] [stderr]   Downloaded futures-util v0.3.31
[INFO] [stderr]   Downloaded blake2 v0.10.6
[INFO] [stderr]   Downloaded ark-poly v0.5.0
[INFO] [stderr]   Downloaded educe v0.6.0
[INFO] [stderr]   Downloaded tokio v1.49.0
[INFO] [stderr]   Downloaded windows_x86_64_msvc v0.53.1
[INFO] [stderr]   Downloaded windows_x86_64_gnullvm v0.53.1
[INFO] [stderr]   Downloaded windows_x86_64_gnu v0.53.1
[INFO] [stderr]   Downloaded windows_i686_msvc v0.53.1
[INFO] [stderr]   Downloaded sp-runtime v43.0.0
[INFO] [stderr]   Downloaded regex-automata v0.4.13
[INFO] [stderr]   Downloaded curve25519-dalek v4.1.3
[INFO] [stderr]   Downloaded semver v0.11.0
[INFO] [stderr]   Downloaded sp-api-proc-macro v24.0.0
[INFO] [stderr]   Downloaded macro_magic v0.5.1
[INFO] [stderr]   Downloaded macro_magic_macros v0.5.1
[INFO] [stderr]   Downloaded macro_magic_core v0.5.1
[INFO] [stderr]   Downloaded macro_magic_core_macros v0.5.1
[INFO] [stderr]   Downloaded const-random v0.1.18
[INFO] [stderr]   Downloaded const-random-macro v0.1.16
[INFO] [stderr]   Downloaded tiny-keccak v2.0.2
[INFO] [stderr]   Downloaded frame-support-procedural-tools v13.0.1
[INFO] [stderr]   Downloaded frame-support-procedural-tools-derive v12.0.0
[INFO] [stderr]   Downloaded sha3 v0.10.8
[INFO] [stderr]   Downloaded ark-bls12-381 v0.4.0
[INFO] [stderr]   Downloaded fiat-crypto v0.2.9
[INFO] [stderr]   Downloaded ark-vrf v0.1.1
[INFO] [stderr]   Downloaded alloy-primitives v1.5.4
[INFO] [stderr]   Downloaded rustc-hash v2.1.1
[INFO] [stderr]   Downloaded ruint v1.17.2
[INFO] [stderr]   Downloaded ruint-macro v1.2.1
[INFO] [stderr]   Downloaded rlp v0.5.2
[INFO] [stderr]   Downloaded primitive-types v0.12.2
[INFO] [stderr]   Downloaded uint v0.9.5
[INFO] [stderr]   Downloaded impl-codec v0.6.0
[INFO] [stderr]   Downloaded fastrlp v0.4.0
[INFO] [stderr]   Downloaded auto_impl v1.3.0
[INFO] [stderr]   Downloaded fastrlp v0.3.1
[INFO] [stderr]   Downloaded ark-ff v0.3.0
[INFO] [stderr]   Downloaded rustc_version v0.3.3
[INFO] [stderr]   Downloaded semver-parser v0.10.3
[INFO] [stderr]   Downloaded ucd-trie v0.1.7
[INFO] [stderr]   Downloaded ark-std v0.3.0
[INFO] [stderr]   Downloaded ark-serialize v0.3.0
[INFO] [stderr]   Downloaded ark-ff-macros v0.3.0
[INFO] [stderr]   Downloaded ark-ff-asm v0.3.0
[INFO] [stderr]   Downloaded alloy-rlp v0.3.12
[INFO] [stderr]   Downloaded rapidhash v4.2.1
[INFO] [stderr]   Downloaded frame-support-procedural v35.0.0
[INFO] [stderr]   Downloaded icu_locale_core v2.1.1
[INFO] [stderr]   Downloaded base58 v0.2.0
[INFO] [stderr]   Downloaded windows_i686_gnullvm v0.53.1
[INFO] [stderr]   Downloaded sp-weights v33.2.0
[INFO] [stderr]   Downloaded static_assertions v1.1.0
[INFO] [stderr]   Downloaded foldhash v0.2.0
[INFO] [stderr]   Downloaded pest v2.8.5
[INFO] [stderr]   Downloaded sp-debug-derive v14.0.0
[INFO] [stderr]   Downloaded sp-arithmetic v28.0.0
[INFO] [stderr]   Downloaded secp256k1-sys v0.9.2
[INFO] [stderr]   Downloaded hex-conservative v0.2.2
[INFO] [stderr]   Downloaded bitcoin-io v0.1.4
[INFO] [stderr]   Downloaded polkavm-derive v0.29.0
[INFO] [stderr]   Downloaded polkavm-derive-impl-macro v0.29.0
[INFO] [stderr]   Downloaded polkavm-derive-impl v0.29.0
[INFO] [stderr]   Downloaded polkavm-common v0.29.0
[INFO] [stderr]   Downloaded ink_storage_traits v6.0.0-beta.1
[INFO] [stderr]   Downloaded ink_engine v6.0.0-beta.1
[INFO] [stderr]   Downloaded hex-literal v1.1.0
[INFO] [stderr]   Downloaded ink_allocator v6.0.0-beta.1
[INFO] [stderr]   Downloaded const_env v0.1.5
[INFO] [stderr]   Downloaded const_env_impl v0.1.5
[INFO] [stderr]   Downloaded const-crypto v0.3.0
[INFO] [stderr]   Downloaded array-init v2.1.0
[INFO] [stderr]   Downloaded ink_macro v6.0.0-beta.1
[INFO] [stderr]   Downloaded ink_ir v6.0.0-beta.1
[INFO] [stderr]   Downloaded generic-array v1.3.5
[INFO] [stderr]   Downloaded escape8259 v0.5.3
[INFO] [stderr]   Downloaded contract-metadata v6.0.0-beta.2
[INFO] [stderr]   Downloaded idna_adapter v1.2.1
[INFO] [stderr]   Downloaded icu_properties v2.1.2
[INFO] [stderr]   Downloaded windows-sys v0.60.2
[INFO] [stderr]   Downloaded substrate-prometheus-endpoint v0.17.7
[INFO] [stderr]   Downloaded linux-raw-sys v0.11.0
[INFO] [stderr]   Downloaded keccak-asm v0.1.5
[INFO] [stderr]   Downloaded alloy-sol-type-parser v1.5.4
[INFO] [stderr]   Downloaded xcm-procedural v11.0.2
[INFO] [stderr]   Downloaded hex-literal v0.4.1
[INFO] [stderr]   Downloaded tt-call v1.0.9
[INFO] [stderr]   Downloaded sp-staking v40.0.0
[INFO] [stderr]   Downloaded sp-metadata-ir v0.12.2
[INFO] [stderr]   Downloaded sp-inherents v38.0.0
[INFO] [stderr]   Downloaded async-trait v0.1.89
[INFO] [stderr]   Downloaded sp-genesis-builder v0.19.0
[INFO] [stderr]   Downloaded ink_codegen v6.0.0-beta.1
[INFO] [stderr]   Downloaded zerovec v0.11.5
[INFO] [stderr]   Downloaded zerofrom-derive v0.1.6
[INFO] [stderr]   Downloaded yoke v0.8.1
[INFO] [stderr]   Downloaded yoke-derive v0.8.1
[INFO] [stderr]   Downloaded zerotrie v0.2.3
[INFO] [stderr]   Downloaded displaydoc v0.2.5
[INFO] [stderr]   Downloaded icu_provider v2.1.1
[INFO] [stderr]   Downloaded tinystr v0.8.2
[INFO] [stderr]   Downloaded litemap v0.8.1
[INFO] [stderr]   Downloaded icu_properties_data v2.1.2
[INFO] [stderr]   Downloaded icu_collections v2.1.1
[INFO] [stderr]   Downloaded assert_matches v1.5.0
[INFO] [stderr]   Downloaded windows_aarch64_msvc v0.53.1
[INFO] [stderr]   Downloaded docify v0.2.9
[INFO] [stderr]   Downloaded common-path v1.0.0
[INFO] [stderr]   Downloaded bounded-collections v0.3.2
[INFO] [stderr]   Downloaded jam-codec-derive v0.1.1
[INFO] [stderr]   Downloaded trie-root v0.18.0
[INFO] [stderr]   Downloaded hash-db v0.16.0
[INFO] [stderr]   Downloaded alloy-json-abi v1.5.4
[INFO] [stderr]   Downloaded ink_env v6.0.0-beta.1
[INFO] [stderr]   Downloaded windows_i686_gnu v0.53.1
[INFO] [stderr]   Downloaded jam-codec v0.1.1
[INFO] [stderr]   Downloaded sp-trie v41.1.0
[INFO] [stderr]   Downloaded trie-db v0.30.0
[INFO] [stderr]   Downloaded staging-xcm v18.0.0
[INFO] [stderr]   Downloaded frame-metadata v23.0.1
[INFO] [stderr]   Downloaded keccak-const v0.2.0
[INFO] [stderr]   Downloaded ink v6.0.0-beta.1
[INFO] [stderr]   Downloaded linkme v0.3.35
[INFO] [stderr]   Downloaded linkme-impl v0.3.35
[INFO] [stderr]   Downloaded windows_aarch64_gnullvm v0.53.1
[INFO] [stderr]   Downloaded schemars v0.8.22
[INFO] [stderr]   Downloaded schemars_derive v0.8.22
[INFO] [stderr]   Downloaded dyn-clone v1.0.20
[INFO] [stderr]   Downloaded toml_edit v0.23.10+spec-1.0.0
[INFO] [stderr]   Downloaded byte-slice-cast v1.2.3
[INFO] [stderr]   Downloaded tap v1.0.1
[INFO] [stderr]   Downloaded radium v0.7.0
[INFO] [stderr]   Downloaded funty v2.0.0
[INFO] [stderr]   Downloaded sha3-asm v0.1.5
[INFO] [stderr]   Downloaded frame-support v42.0.0
[INFO] [stderr]   Downloaded scale-info-derive v2.11.6
[INFO] [stderr]   Downloaded proc-macro-crate v3.4.0
[INFO] [stderr]   Downloaded bitvec v1.0.1
[INFO] [stderr]   Downloaded wyz v0.5.1
[INFO] [stderr]   Downloaded arrayvec v0.7.6
[INFO] [stderr]   Downloaded autocfg v1.5.0
[INFO] [stderr]   Downloaded proc-macro-warning v1.84.1
[INFO] [stderr]   Downloaded sp-crypto-hashing-proc-macro v0.1.0
[INFO] [stderr]   Downloaded bitflags v2.10.0
[INFO] [stderr]   Downloaded zmij v1.0.17
[INFO] [stderr]   Downloaded serde_derive_internals v0.29.1
[INFO] [stderr]   Downloaded toml_parser v1.0.6+spec-1.1.0
[INFO] [stderr]   Downloaded parity-scale-codec v3.7.5
[INFO] [stderr]   Downloaded derive_more-impl v1.0.0
[INFO] [stderr]   Downloaded sp-version-proc-macro v15.0.0
[INFO] [stderr]   Downloaded parity-wasm v0.45.0
[INFO] [stderr]   Downloaded scale-info v2.11.6
[INFO] [stderr]   Downloaded derive_more v1.0.0
[INFO] [stderr]   Downloaded mio v1.1.1
[INFO] [stderr]   Downloaded bytes v1.11.0
[INFO] [stderr]   Downloaded libm v0.2.16
[INFO] [stderr]   Downloaded proc-macro-error-attr v1.0.4
[INFO] [stderr]   Downloaded include_dir v0.7.4
[INFO] [stderr]   Downloaded cfg-expr v0.15.8
[INFO] [stderr]   Downloaded proc-macro-error v1.0.4
[INFO] [stderr]   Downloaded include_dir_macros v0.7.4
[INFO] [stderr]   Downloaded derive-where v1.6.0
[INFO] [stderr]   Downloaded winnow v0.7.14
[INFO] [stderr]   Downloaded secp256k1 v0.30.0
[INFO] [stderr]   Downloaded bitcoin_hashes v0.14.1
[INFO] [stderr]   Downloaded rustc-hex v2.1.0
[INFO] [stderr]   Downloaded block-buffer v0.10.4
[INFO] [stderr]   Downloaded const-oid v0.9.6
[INFO] [stderr]   Downloaded ark-serialize v0.4.2
[INFO] [stderr]   Downloaded libc v0.2.180
[INFO] [stderr]   Downloaded futures-sink v0.3.31
[INFO] [stderr]   Downloaded futures-core v0.3.31
[INFO] [stderr]   Downloaded slab v0.4.11
[INFO] [stderr]   Downloaded zerofrom v0.1.6
[INFO] [stderr]   Downloaded zerovec-derive v0.11.2
[INFO] [stderr]   Downloaded arrayref v0.3.9
[INFO] [stderr]   Downloaded ark-serialize-derive v0.4.2
[INFO] [stderr]   Downloaded sha2 v0.10.9
[INFO] [stderr]   Downloaded rand v0.8.5
[INFO] [stderr]   Downloaded zerocopy-derive v0.8.35
[INFO] [stderr]   Downloaded syn v1.0.109
[INFO] [stderr]   Downloaded zerocopy v0.8.35
[INFO] [stderr]   Downloaded pin-utils v0.1.0
[INFO] [stderr]   Downloaded integer-sqrt v0.1.5
[INFO] [stderr]   Downloaded prometheus v0.13.4
[INFO] [stderr]   Downloaded http v1.4.0
[INFO] [stderr]   Downloaded hyper-util v0.1.19
[INFO] [stderr]   Downloaded hyper v1.8.1
[INFO] [stderr]   Downloaded h2 v0.4.13
[INFO] [stderr]   Downloaded sha2-const-stable v0.1.0
[INFO] [stderr]   Downloaded aquamarine v0.5.0
[INFO] [stderr]   Downloaded secp256k1-sys v0.10.1
[INFO] running `Command { std: "docker" "create" "-v" "/var/lib/crater-agent-workspace/builds/worker-5-tc1/source:/opt/rustwide/workdir:ro,Z" "-v" "/var/lib/crater-agent-workspace/builds/worker-5-tc1/target:/opt/rustwide/target:rw,Z" "-v" "/var/lib/crater-agent-workspace/cargo-home:/opt/rustwide/cargo-home:ro,Z" "-v" "/var/lib/crater-agent-workspace/rustup-home:/opt/rustwide/rustup-home:ro,Z" "-m" "1610612736" "--network" "none" "ghcr.io/rust-lang/crates-build-env/linux@sha256:77db811e55d90add9212f6832c23229e3de5f1c1f9905e8cb07319ea15df73ac" "sleep" "infinity", kill_on_drop: false }`
[INFO] [stdout] 7b05406c9f6495d714568d2114c32763bef17dfd31ebdc87db8e41bfba26daaa
[INFO] running `Command { std: "docker" "start" "7b05406c9f6495d714568d2114c32763bef17dfd31ebdc87db8e41bfba26daaa", kill_on_drop: false }`
[INFO] running `Command { std: "docker" "inspect" "7b05406c9f6495d714568d2114c32763bef17dfd31ebdc87db8e41bfba26daaa", kill_on_drop: false }`
[INFO] running `Command { std: "docker" "exec" "-e" "SOURCE_DIR=/opt/rustwide/workdir" "-e" "CARGO_HOME=/opt/rustwide/cargo-home" "-e" "RUSTUP_HOME=/opt/rustwide/rustup-home" "-e" "CARGO_TARGET_DIR=/opt/rustwide/target" "-w" "/opt/rustwide/workdir" "--user" "0:0" "7b05406c9f6495d714568d2114c32763bef17dfd31ebdc87db8e41bfba26daaa" "/opt/rustwide/cargo-home/bin/cargo" "+1.99.0-beta.8" "metadata" "--no-deps" "--format-version=1", kill_on_drop: false }`
[INFO] running `Command { std: "docker" "inspect" "7b05406c9f6495d714568d2114c32763bef17dfd31ebdc87db8e41bfba26daaa", kill_on_drop: false }`
[INFO] running `Command { std: "docker" "exec" "-e" "SOURCE_DIR=/opt/rustwide/workdir" "-e" "CARGO_HOME=/opt/rustwide/cargo-home" "-e" "RUSTUP_HOME=/opt/rustwide/rustup-home" "-e" "CARGO_TARGET_DIR=/opt/rustwide/target" "-e" "CARGO_INCREMENTAL=0" "-e" "RUST_BACKTRACE=full" "-e" "RUSTFLAGS=--cap-lints=warn" "-e" "RUSTDOCFLAGS=--cap-lints=warn" "-w" "/opt/rustwide/workdir" "--user" "0:0" "7b05406c9f6495d714568d2114c32763bef17dfd31ebdc87db8e41bfba26daaa" "/opt/rustwide/cargo-home/bin/cargo" "+1.99.0-beta.8" "build" "--frozen" "--message-format=json" "--release", kill_on_drop: false }`
[INFO] [stderr]    Compiling proc-macro2 v1.0.106
[INFO] [stderr]    Compiling quote v1.0.44
[INFO] [stderr]    Compiling unicode-ident v1.0.22
[INFO] [stderr]    Compiling typenum v1.19.0
[INFO] [stderr]    Compiling version_check v0.9.5
[INFO] [stderr]    Compiling cfg-if v1.0.4
[INFO] [stderr]    Compiling libc v0.2.180
[INFO] [stderr]    Compiling serde_core v1.0.228
[INFO] [stderr]    Compiling equivalent v1.0.2
[INFO] [stderr]    Compiling subtle v2.6.1
[INFO] [stderr]    Compiling hashbrown v0.16.1
[INFO] [stderr]    Compiling serde v1.0.228
[INFO] [stderr]    Compiling winnow v0.7.14
[INFO] [stderr]    Compiling generic-array v0.14.7
[INFO] [stderr]    Compiling const-oid v0.9.6
[INFO] [stderr]    Compiling unicode-xid v0.2.6
[INFO] [stderr]    Compiling arrayvec v0.7.6
[INFO] [stderr]    Compiling rustversion v1.0.22
[INFO] [stderr]    Compiling toml_datetime v0.7.5+spec-1.1.0
[INFO] [stderr]    Compiling indexmap v2.13.0
[INFO] [stderr]    Compiling syn v2.0.114
[INFO] [stderr]    Compiling zmij v1.0.17
[INFO] [stderr]    Compiling memchr v2.7.6
[INFO] [stderr]    Compiling getrandom v0.2.17
[INFO] [stderr]    Compiling const_format_proc_macros v0.2.34
[INFO] [stderr]    Compiling rand_core v0.6.4
[INFO] [stderr]    Compiling zerocopy v0.8.35
[INFO] [stderr]    Compiling parity-scale-codec v3.7.5
[INFO] [stderr]    Compiling byte-slice-cast v1.2.3
[INFO] [stderr]    Compiling const_format v0.2.35
[INFO] [stderr]    Compiling itoa v1.0.17
[INFO] [stderr]    Compiling toml_parser v1.0.6+spec-1.1.0
[INFO] [stderr]    Compiling cpufeatures v0.2.17
[INFO] [stderr]    Compiling smallvec v1.15.1
[INFO] [stderr]    Compiling serde_json v1.0.149
[INFO] [stderr]    Compiling find-msvc-tools v0.1.8
[INFO] [stderr]    Compiling shlex v1.3.0
[INFO] [stderr]    Compiling toml_edit v0.23.10+spec-1.0.0
[INFO] [stderr]    Compiling cc v1.2.54
[INFO] [stderr]    Compiling stable_deref_trait v1.2.1
[INFO] [stderr]    Compiling byteorder v1.5.0
[INFO] [stderr]    Compiling autocfg v1.5.0
[INFO] [stderr]    Compiling static_assertions v1.1.0
[INFO] [stderr]    Compiling paste v1.0.15
[INFO] [stderr]    Compiling crunchy v0.2.4
[INFO] [stderr]    Compiling proc-macro-crate v3.4.0
[INFO] [stderr]    Compiling num-traits v0.2.19
[INFO] [stderr]    Compiling keccak v0.1.5
[INFO] [stderr]    Compiling schemars v0.8.22
[INFO] [stderr]    Compiling semver v1.0.27
[INFO] [stderr]    Compiling rustc_version v0.4.1
[INFO] [stderr]    Compiling digest v0.9.0
[INFO] [stderr]    Compiling dyn-clone v1.0.20
[INFO] [stderr]    Compiling strsim v0.11.1
[INFO] [stderr]    Compiling fnv v1.0.7
[INFO] [stderr]    Compiling ident_case v1.0.1
[INFO] [stderr]    Compiling libsecp256k1-core v0.3.0
[INFO] [stderr]    Compiling curve25519-dalek v4.1.3
[INFO] [stderr]    Compiling aho-corasick v1.1.4
[INFO] [stderr]    Compiling pin-project-lite v0.2.16
[INFO] [stderr]    Compiling arrayref v0.3.9
[INFO] [stderr]    Compiling toml_write v0.1.2
[INFO] [stderr]    Compiling regex-syntax v0.8.8
[INFO] [stderr]    Compiling base16ct v0.2.0
[INFO] [stderr]    Compiling block-buffer v0.10.4
[INFO] [stderr]    Compiling crypto-common v0.1.7
[INFO] [stderr]    Compiling ff v0.13.1
[INFO] [stderr]    Compiling jam-codec v0.1.1
[INFO] [stderr]    Compiling bitcoin-internals v0.2.0
[INFO] [stderr]    Compiling futures-sink v0.3.31
[INFO] [stderr]    Compiling integer-sqrt v0.1.5
[INFO] [stderr]    Compiling ref-cast v1.0.25
[INFO] [stderr]    Compiling futures-core v0.3.31
[INFO] [stderr]    Compiling unicode-segmentation v1.12.0
[INFO] [stderr]    Compiling same-file v1.0.6
[INFO] [stderr]    Compiling synstructure v0.13.2
[INFO] [stderr]    Compiling serde_derive_internals v0.29.1
[INFO] [stderr]    Compiling darling_core v0.20.11
[INFO] [stderr]    Compiling convert_case v0.10.0
[INFO] [stderr]    Compiling regex-automata v0.4.13
[INFO] [stderr]    Compiling walkdir v2.5.0
[INFO] [stderr]    Compiling macro-string v0.1.4
[INFO] [stderr]    Compiling syn-solidity v1.5.4
[INFO] [stderr]    Compiling const-hex v1.17.0
[INFO] [stderr]    Compiling futures-channel v0.3.31
[INFO] [stderr]    Compiling group v0.13.0
[INFO] [stderr]    Compiling zeroize_derive v1.4.3
[INFO] [stderr]    Compiling serde_derive v1.0.228
[INFO] [stderr]    Compiling impl-trait-for-tuples v0.2.3
[INFO] [stderr]    Compiling parity-scale-codec-derive v3.7.5
[INFO] [stderr]    Compiling zeroize v1.8.2
[INFO] [stderr]    Compiling ppv-lite86 v0.2.21
[INFO] [stderr]    Compiling rand_chacha v0.3.1
[INFO] [stderr]    Compiling rand v0.8.5
[INFO] [stderr]    Compiling digest v0.10.7
[INFO] [stderr]    Compiling zerofrom-derive v0.1.6
[INFO] [stderr]    Compiling yoke-derive v0.8.1
[INFO] [stderr]    Compiling der v0.7.10
[INFO] [stderr]    Compiling zerovec-derive v0.11.2
[INFO] [stderr]    Compiling schemars_derive v0.8.22
[INFO] [stderr]    Compiling derive_more-impl v1.0.0
[INFO] [stderr]    Compiling zerofrom v0.1.6
[INFO] [stderr]    Compiling yoke v0.8.1
[INFO] [stderr]    Compiling sha2 v0.10.9
[INFO] [stderr]    Compiling zerovec v0.11.5
[INFO] [stderr]    Compiling displaydoc v0.2.5
[INFO] [stderr]    Compiling scale-info-derive v2.11.6
[INFO] [stderr]    Compiling spki v0.7.3
[INFO] [stderr]    Compiling signature v2.2.0
[INFO] [stderr]    Compiling hmac v0.12.1
[INFO] [stderr]    Compiling darling_macro v0.20.11
[INFO] [stderr]    Compiling curve25519-dalek-derive v0.1.1
[INFO] [stderr]    Compiling darling v0.20.11
[INFO] [stderr]    Compiling derive_more v1.0.0
[INFO] [stderr]    Compiling pkcs8 v0.10.2
[INFO] [stderr]    Compiling regex v1.12.2
[INFO] [stderr]    Compiling sha3 v0.10.8
[INFO] [stderr]    Compiling crypto-bigint v0.5.5
[INFO] [stderr]    Compiling serde_spanned v0.6.9
[INFO] [stderr]    Compiling toml_datetime v0.6.11
[INFO] [stderr]    Compiling toml_edit v0.22.27
[INFO] [stderr]    Compiling impl-serde v0.5.0
[INFO] [stderr]    Compiling serdect v0.2.0
[INFO] [stderr]    Compiling sec1 v0.7.3
[INFO] [stderr]    Compiling jam-codec-derive v0.1.1
[INFO] [stderr]    Compiling futures-macro v0.3.31
[INFO] [stderr]    Compiling derive-syn-parse v0.2.0
[INFO] [stderr]    Compiling scale-info v2.11.6
[INFO] [stderr]    Compiling sp-debug-derive v14.0.0
[INFO] [stderr]    Compiling ref-cast-impl v1.0.25
[INFO] [stderr]    Compiling libsecp256k1-gen-genmult v0.3.0
[INFO] [stderr]    Compiling libsecp256k1-gen-ecmult v0.3.0
[INFO] [stderr]    Compiling secp256k1-sys v0.9.2
[INFO] [stderr]    Compiling proc-macro-error-attr2 v2.0.0
[INFO] [stderr]    Compiling dunce v1.0.5
[INFO] [stderr]    Compiling termcolor v1.4.1
[INFO] [stderr]    Compiling toml v0.8.23
[INFO] [stderr]    Compiling slab v0.4.11
[INFO] [stderr]    Compiling thiserror v2.0.18
[INFO] [stderr]    Compiling heck v0.5.0
[INFO] [stderr]    Compiling parking_lot_core v0.9.12
[INFO] [stderr]    Compiling futures-task v0.3.31
[INFO] [stderr]    Compiling once_cell v1.21.3
[INFO] [stderr]    Compiling base64ct v1.8.3
[INFO] [stderr]    Compiling Inflector v0.11.4
[INFO] [stderr]    Compiling futures-io v0.3.31
[INFO] [stderr]    Compiling pin-utils v0.1.0
[INFO] [stderr]    Compiling hex v0.4.3
[INFO] [stderr]    Compiling tinyvec_macros v0.1.1
[INFO] [stderr]    Compiling common-path v1.0.0
[INFO] [stderr]    Compiling futures-util v0.3.31
[INFO] [stderr]    Compiling tinyvec v1.10.0
[INFO] [stderr]    Compiling password-hash v0.5.0
[INFO] [stderr]    Compiling uint v0.10.0
[INFO] [stderr]    Compiling ss58-registry v1.51.0
[INFO] [stderr]    Compiling docify_macros v0.2.9
[INFO] [stderr]    Compiling alloy-sol-macro-input v1.5.4
[INFO] [stderr]    Compiling proc-macro-error2 v2.0.1
[INFO] [stderr]    Compiling libsecp256k1 v0.7.2
[INFO] [stderr]    Compiling elliptic-curve v0.13.8
[INFO] [stderr]    Compiling rfc6979 v0.4.0
[INFO] [stderr]    Compiling tinystr v0.8.2
[INFO] [stderr]    Compiling getrandom_or_panic v0.0.3
[INFO] [stderr]    Compiling block-buffer v0.9.0
[INFO] [stderr]    Compiling merlin v3.0.0
[INFO] [stderr]    Compiling thiserror-impl v2.0.18
[INFO] [stderr]    Compiling derive_more-impl v2.1.1
[INFO] [stderr]    Compiling serde_bytes v0.11.19
[INFO] [stderr]    Compiling scale-type-resolver v0.2.0
[INFO] [stderr]    Compiling num_cpus v1.17.0
[INFO] [stderr]    Compiling scopeguard v1.2.0
[INFO] [stderr]    Compiling litemap v0.8.1
[INFO] [stderr]    Compiling allocator-api2 v0.2.21
[INFO] [stderr]    Compiling opaque-debug v0.3.1
[INFO] [stderr]    Compiling constant_time_eq v0.4.2
[INFO] [stderr]    Compiling either v1.15.0
[INFO] [stderr]    Compiling rustc-hex v2.1.0
[INFO] [stderr]    Compiling log v0.4.29
[INFO] [stderr]    Compiling hex-conservative v0.1.2
[INFO] [stderr]    Compiling foldhash v0.1.5
[INFO] [stderr]    Compiling thiserror v1.0.69
[INFO] [stderr]    Compiling writeable v0.6.2
[INFO] [stderr]    Compiling ruint-macro v1.2.1
[INFO] [stderr]    Compiling icu_locale_core v2.1.1
[INFO] [stderr]    Compiling bitcoin_hashes v0.13.0
[INFO] [stderr]    Compiling ruint v1.17.2
[INFO] [stderr]    Compiling hashbrown v0.15.5
[INFO] [stderr]    Compiling futures-executor v0.3.31
[INFO] [stderr]    Compiling bounded-collections v0.3.2
[INFO] [stderr]    Compiling fixed-hash v0.8.0
[INFO] [stderr]    Compiling blake2b_simd v1.0.4
[INFO] [stderr]    Compiling sha2 v0.9.9
[INFO] [stderr]    Compiling lock_api v0.4.14
[INFO] [stderr]    Compiling derive_more v2.1.1
[INFO] [stderr]    Compiling tracing-core v0.1.36
[INFO] [stderr]    Compiling schnorrkel v0.11.5
[INFO] [stderr]    Compiling ecdsa v0.16.9
[INFO] [stderr]    Compiling docify v0.2.9
[INFO] [stderr]    Compiling sp-storage v22.0.0
[INFO] [stderr]    Compiling alloy-sol-macro-expander v1.5.4
[INFO] [stderr]    Compiling unicode-normalization v0.1.22
[INFO] [stderr]    Compiling pbkdf2 v0.12.2
[INFO] [stderr]    Compiling impl-num-traits v0.2.0
[INFO] [stderr]    Compiling impl-codec v0.7.1
[INFO] [stderr]    Compiling ed25519 v2.2.3
[INFO] [stderr]    Compiling potential_utf v0.1.4
[INFO] [stderr]    Compiling zerotrie v0.2.3
[INFO] [stderr]    Compiling twox-hash v1.6.3
[INFO] [stderr]    Compiling thiserror-impl v1.0.69
[INFO] [stderr]    Compiling tracing-attributes v0.1.31
[INFO] [stderr]    Compiling num-format v0.4.4
[INFO] [stderr]    Compiling bitflags v1.3.2
[INFO] [stderr]    Compiling icu_properties_data v2.1.2
[INFO] [stderr]    Compiling base64 v0.22.1
[INFO] [stderr]    Compiling icu_normalizer_data v2.1.1
[INFO] [stderr]    Compiling environmental v1.1.4
[INFO] [stderr]    Compiling rustc-hash v2.1.1
[INFO] [stderr]    Compiling bytes v1.11.0
[INFO] [stderr]    Compiling tracing v0.1.44
[INFO] [stderr]    Compiling alloy-sol-macro v1.5.4
[INFO] [stderr]    Compiling alloy-primitives v1.5.4
[INFO] [stderr]    Compiling sp-externalities v0.30.0
[INFO] [stderr]    Compiling icu_provider v2.1.1
[INFO] [stderr]    Compiling sp-crypto-hashing v0.1.0
[INFO] [stderr]    Compiling parity-bip39 v2.0.1
[INFO] [stderr]    Compiling substrate-bip39 v0.6.0
[INFO] [stderr]    Compiling icu_collections v2.1.1
[INFO] [stderr]    Compiling ed25519-zebra v4.1.0
[INFO] [stderr]    Compiling primitive-types v0.13.1
[INFO] [stderr]    Compiling parking_lot v0.12.5
[INFO] [stderr]    Compiling secp256k1 v0.28.2
[INFO] [stderr]    Compiling k256 v0.13.4
[INFO] [stderr]    Compiling sp-arithmetic v28.0.0
[INFO] [stderr]    Compiling futures v0.3.31
[INFO] [stderr]    Compiling itertools v0.11.0
[INFO] [stderr]    Compiling scale-bits v0.7.0
[INFO] [stderr]    Compiling scale-encode-derive v0.10.1
[INFO] [stderr]    Compiling scale-decode-derive v0.16.2
[INFO] [stderr]    Compiling blake2 v0.10.6
[INFO] [stderr]    Compiling secrecy v0.8.0
[INFO] [stderr]    Compiling pallet-revive-proc-macro v0.5.0
[INFO] [stderr]    Compiling hash256-std-hasher v0.15.2
[INFO] [stderr]    Compiling bs58 v0.5.1
[INFO] [stderr]    Compiling array-bytes v6.2.3
[INFO] [stderr]    Compiling hash-db v0.16.0
[INFO] [stderr]    Compiling sp-std v14.0.0
[INFO] [stderr]    Compiling pallet-revive-uapi v0.8.0
[INFO] [stderr]    Compiling scale-decode v0.16.2
[INFO] [stderr]    Compiling sp-weights v33.2.0
[INFO] [stderr]    Compiling scale-encode v0.10.1
[INFO] [stderr]    Compiling sp-core v38.1.0
[INFO] [stderr]    Compiling alloy-sol-types v1.5.4
[INFO] [stderr]    Compiling itertools v0.14.0
[INFO] [stderr]    Compiling secp256k1-sys v0.10.1
[INFO] [stderr]    Compiling ink_prelude v6.0.0-beta.1
[INFO] [stderr]    Compiling xxhash-rust v0.8.15
[INFO] [stderr]    Compiling icu_normalizer v2.1.1
[INFO] [stderr]    Compiling icu_properties v2.1.2
[INFO] [stderr]    Compiling percent-encoding v2.3.2
[INFO] [stderr]    Compiling anyhow v1.0.100
[INFO] [stderr]    Compiling utf8_iter v1.0.4
[INFO] [stderr]    Compiling ink_primitives v6.0.0-beta.1
[INFO] [stderr]    Compiling form_urlencoded v1.2.2
[INFO] [stderr]    Compiling const_env_impl v0.1.5
[INFO] [stderr]    Compiling idna_adapter v1.2.1
[INFO] [stderr]    Compiling idna v1.1.0
[INFO] [stderr]    Compiling sha2-const-stable v0.1.0
[INFO] [stderr]    Compiling minimal-lexical v0.2.1
[INFO] [stderr]    Compiling hex-literal v1.1.0
[INFO] [stderr]    Compiling keccak-const v0.2.0
[INFO] [stderr]    Compiling nom v7.1.3
[INFO] [stderr]    Compiling const-crypto v0.3.0
[INFO] [stderr]    Compiling ink_metadata v6.0.0-beta.1
[INFO] [stderr]    Compiling url v2.5.8
[INFO] [stderr]    Compiling const_env v0.1.5
[INFO] [stderr]    Compiling ink_storage_traits v6.0.0-beta.1
[INFO] [stderr]    Compiling tokio-macros v2.6.0
[INFO] [stderr]    Compiling mio v1.1.1
[INFO] [stderr]    Compiling socket2 v0.6.2
[INFO] [stderr]    Compiling brownstone v1.1.0
[INFO] [stderr]    Compiling ink_allocator v6.0.0-beta.1
[INFO] [stderr]    Compiling indent_write v2.2.0
[INFO] [stderr]    Compiling joinery v2.1.0
[INFO] [stderr]    Compiling nom-supreme v0.7.0
[INFO] [stderr]    Compiling tokio v1.49.0
[INFO] [stderr]    Compiling contract-metadata v6.0.0-beta.2
[INFO] [stderr]    Compiling secp256k1 v0.30.0
[INFO] [stderr]    Compiling ink_engine v6.0.0-beta.1
[INFO] [stderr]    Compiling ink_env v6.0.0-beta.1
[INFO] [stderr]    Compiling escape8259 v0.5.3
[INFO] [stderr]    Compiling base58 v0.2.0
[INFO] [stderr]    Compiling contract-transcode v6.0.0-beta.2 (/opt/rustwide/workdir)
[INFO] [stderr]     Finished `release` profile [optimized] target(s) in 5m 29s
[INFO] [stderr] warning: the following packages contain code that will be rejected by a future version of Rust: proc-macro-error2 v2.0.1
[INFO] [stderr] note: to see what the problems were, use the option `--future-incompat-report`, or run `cargo report future-incompatibilities --id 1`
[INFO] running `Command { std: "docker" "inspect" "7b05406c9f6495d714568d2114c32763bef17dfd31ebdc87db8e41bfba26daaa", kill_on_drop: false }`
[INFO] running `Command { std: "docker" "exec" "-e" "SOURCE_DIR=/opt/rustwide/workdir" "-e" "CARGO_HOME=/opt/rustwide/cargo-home" "-e" "RUSTUP_HOME=/opt/rustwide/rustup-home" "-e" "CARGO_TARGET_DIR=/opt/rustwide/target" "-e" "CARGO_INCREMENTAL=0" "-e" "RUST_BACKTRACE=full" "-e" "RUSTFLAGS=--cap-lints=warn" "-e" "RUSTDOCFLAGS=--cap-lints=warn" "-w" "/opt/rustwide/workdir" "--user" "0:0" "7b05406c9f6495d714568d2114c32763bef17dfd31ebdc87db8e41bfba26daaa" "/opt/rustwide/cargo-home/bin/cargo" "+1.99.0-beta.8" "test" "--frozen" "--no-run" "--message-format=json" "--release", kill_on_drop: false }`
[INFO] [stderr]    Compiling generic-array v0.14.7
[INFO] [stderr]    Compiling serde_core v1.0.228
[INFO] [stderr]    Compiling subtle v2.6.1
[INFO] [stderr]    Compiling serde v1.0.228
[INFO] [stderr]    Compiling zeroize v1.8.2
[INFO] [stderr]    Compiling typenum v1.19.0
[INFO] [stderr]    Compiling const-oid v0.9.6
[INFO] [stderr]    Compiling libc v0.2.180
[INFO] [stderr]    Compiling memchr v2.7.6
[INFO] [stderr]    Compiling konst_macro_rules v0.2.19
[INFO] [stderr]    Compiling crunchy v0.2.4
[INFO] [stderr]    Compiling parity-scale-codec v3.7.5
[INFO] [stderr]    Compiling konst v0.2.19
[INFO] [stderr]    Compiling smallvec v1.15.1
[INFO] [stderr]    Compiling lazy_static v1.5.0
[INFO] [stderr]    Compiling serde_json v1.0.149
[INFO] [stderr]    Compiling arrayvec v0.7.6
[INFO] [stderr]    Compiling const_format v0.2.35
[INFO] [stderr]    Compiling tracing v0.1.44
[INFO] [stderr]    Compiling zerocopy v0.8.35
[INFO] [stderr]    Compiling aho-corasick v1.1.4
[INFO] [stderr]    Compiling block-buffer v0.10.4
[INFO] [stderr]    Compiling crypto-common v0.1.7
[INFO] [stderr]    Compiling digest v0.9.0
[INFO] [stderr]    Compiling digest v0.10.7
[INFO] [stderr]    Compiling libsecp256k1-core v0.3.0
[INFO] [stderr]    Compiling byte-slice-cast v1.2.3
[INFO] [stderr]    Compiling sha3 v0.10.8
[INFO] [stderr]    Compiling getrandom v0.2.17
[INFO] [stderr]    Compiling jam-codec v0.1.1
[INFO] [stderr]    Compiling rand_core v0.6.4
[INFO] [stderr]    Compiling libsecp256k1-gen-genmult v0.3.0
[INFO] [stderr]    Compiling libsecp256k1-gen-ecmult v0.3.0
[INFO] [stderr]    Compiling libsecp256k1 v0.7.2
[INFO] [stderr]    Compiling regex-automata v0.4.13
[INFO] [stderr]    Compiling scale-info v2.11.6
[INFO] [stderr]    Compiling crypto-bigint v0.5.5
[INFO] [stderr]    Compiling sec1 v0.7.3
[INFO] [stderr]    Compiling sha2 v0.10.9
[INFO] [stderr]    Compiling serde_spanned v0.6.9
[INFO] [stderr]    Compiling toml_datetime v0.6.11
[INFO] [stderr]    Compiling signature v2.2.0
[INFO] [stderr]    Compiling curve25519-dalek v4.1.3
[INFO] [stderr]    Compiling toml_edit v0.22.27
[INFO] [stderr]    Compiling hmac v0.12.1
[INFO] [stderr]    Compiling regex v1.12.2
[INFO] [stderr]    Compiling rfc6979 v0.4.0
[INFO] [stderr]    Compiling elliptic-curve v0.13.8
[INFO] [stderr]    Compiling ed25519 v2.2.3
[INFO] [stderr]    Compiling block-buffer v0.9.0
[INFO] [stderr]    Compiling Inflector v0.11.4
[INFO] [stderr]    Compiling impl-codec v0.7.1
[INFO] [stderr]    Compiling sp-storage v22.0.0
[INFO] [stderr]    Compiling ecdsa v0.16.9
[INFO] [stderr]    Compiling primitive-types v0.13.1
[INFO] [stderr]    Compiling sp-externalities v0.30.0
[INFO] [stderr]    Compiling ss58-registry v1.51.0
[INFO] [stderr]    Compiling toml v0.8.23
[INFO] [stderr]    Compiling sha2 v0.9.9
[INFO] [stderr]    Compiling schnorrkel v0.11.5
[INFO] [stderr]    Compiling bounded-collections v0.3.2
[INFO] [stderr]    Compiling docify_macros v0.2.9
[INFO] [stderr]    Compiling twox-hash v1.6.3
[INFO] [stderr]    Compiling pbkdf2 v0.12.2
[INFO] [stderr]    Compiling parking_lot_core v0.9.12
[INFO] [stderr]    Compiling const-hex v1.17.0
[INFO] [stderr]    Compiling parking_lot v0.12.5
[INFO] [stderr]    Compiling substrate-bip39 v0.6.0
[INFO] [stderr]    Compiling sp-crypto-hashing v0.1.0
[INFO] [stderr]    Compiling ppv-lite86 v0.2.21
[INFO] [stderr]    Compiling k256 v0.13.4
[INFO] [stderr]    Compiling ed25519-zebra v4.1.0
[INFO] [stderr]    Compiling blake2 v0.10.6
[INFO] [stderr]    Compiling alloy-sol-macro-input v1.5.4
[INFO] [stderr]    Compiling rand_chacha v0.3.1
[INFO] [stderr]    Compiling alloy-sol-macro-expander v1.5.4
[INFO] [stderr]    Compiling rand v0.8.5
[INFO] [stderr]    Compiling docify v0.2.9
[INFO] [stderr]    Compiling byteorder v1.5.0
[INFO] [stderr]    Compiling static_assertions v1.1.0
[INFO] [stderr]    Compiling sp-arithmetic v28.0.0
[INFO] [stderr]    Compiling scale-type-resolver v0.2.0
[INFO] [stderr]    Compiling der v0.7.10
[INFO] [stderr]    Compiling num-traits v0.2.19
[INFO] [stderr]    Compiling derive_more v1.0.0
[INFO] [stderr]    Compiling base16ct v0.2.0
[INFO] [stderr]    Compiling arrayref v0.3.9
[INFO] [stderr]    Compiling prettyplease v0.2.37
[INFO] [stderr]    Compiling alloy-primitives v1.5.4
[INFO] [stderr]    Compiling serdect v0.2.0
[INFO] [stderr]    Compiling integer-sqrt v0.1.5
[INFO] [stderr]    Compiling scale-bits v0.7.0
[INFO] [stderr]    Compiling sp-weights v33.2.0
[INFO] [stderr]    Compiling spki v0.7.3
[INFO] [stderr]    Compiling impl-serde v0.5.0
[INFO] [stderr]    Compiling ff v0.13.1
[INFO] [stderr]    Compiling fs-err v2.11.0
[INFO] [stderr]    Compiling pin-project-lite v0.2.16
[INFO] [stderr]    Compiling futures-sink v0.3.31
[INFO] [stderr]    Compiling futures-core v0.3.31
[INFO] [stderr]    Compiling futures-channel v0.3.31
[INFO] [stderr]    Compiling group v0.13.0
[INFO] [stderr]    Compiling pkcs8 v0.10.2
[INFO] [stderr]    Compiling alloy-sol-macro v1.5.4
[INFO] [stderr]    Compiling sp-core v38.1.0
[INFO] [stderr]    Compiling alloy-sol-types v1.5.4
[INFO] [stderr]    Compiling scale-decode v0.16.2
[INFO] [stderr]    Compiling scale-encode v0.10.1
[INFO] [stderr]    Compiling bitcoin-internals v0.2.0
[INFO] [stderr]    Compiling ref-cast v1.0.25
[INFO] [stderr]    Compiling tinyvec_macros v0.1.1
[INFO] [stderr]    Compiling thiserror v2.0.18
[INFO] [stderr]    Compiling futures-io v0.3.31
[INFO] [stderr]    Compiling either v1.15.0
[INFO] [stderr]    Compiling futures-task v0.3.31
[INFO] [stderr]    Compiling base64ct v1.8.3
[INFO] [stderr]    Compiling pin-utils v0.1.0
[INFO] [stderr]    Compiling expander v2.2.1
[INFO] [stderr]    Compiling slab v0.4.11
[INFO] [stderr]    Compiling hex v0.4.3
[INFO] [stderr]    Compiling futures-util v0.3.31
[INFO] [stderr]    Compiling uint v0.10.0
[INFO] [stderr]    Compiling password-hash v0.5.0
[INFO] [stderr]    Compiling tinyvec v1.10.0
[INFO] [stderr]    Compiling getrandom_or_panic v0.0.3
[INFO] [stderr]    Compiling merlin v3.0.0
[INFO] [stderr]    Compiling serde_bytes v0.11.19
[INFO] [stderr]    Compiling file-guard v0.2.0
[INFO] [stderr]    Compiling num_cpus v1.17.0
[INFO] [stderr]    Compiling secp256k1-sys v0.9.2
[INFO] [stderr]    Compiling constant_time_eq v0.4.2
[INFO] [stderr]    Compiling log v0.4.29
[INFO] [stderr]    Compiling ink_primitives v6.0.0-beta.1
[INFO] [stderr]    Compiling polkavm-common v0.29.0
[INFO] [stderr]    Compiling rustc-hex v2.1.0
[INFO] [stderr]    Compiling allocator-api2 v0.2.21
[INFO] [stderr]    Compiling opaque-debug v0.3.1
[INFO] [stderr]    Compiling foldhash v0.1.5
[INFO] [stderr]    Compiling hex-conservative v0.1.2
[INFO] [stderr]    Compiling scopeguard v1.2.0
[INFO] [stderr]    Compiling lock_api v0.4.14
[INFO] [stderr]    Compiling hashbrown v0.15.5
[INFO] [stderr]    Compiling bitcoin_hashes v0.13.0
[INFO] [stderr]    Compiling fixed-hash v0.8.0
[INFO] [stderr]    Compiling blake2b_simd v1.0.4
[INFO] [stderr]    Compiling futures-executor v0.3.31
[INFO] [stderr]    Compiling polkavm-derive-impl v0.29.0
[INFO] [stderr]    Compiling unicode-normalization v0.1.22
[INFO] [stderr]    Compiling impl-num-traits v0.2.0
[INFO] [stderr]    Compiling ruint v1.17.2
[INFO] [stderr]    Compiling derive_more v2.1.1
[INFO] [stderr]    Compiling memory-db v0.34.0
[INFO] [stderr]    Compiling trie-db v0.30.0
[INFO] [stderr]    Compiling trie-root v0.18.0
[INFO] [stderr]    Compiling num-format v0.4.4
[INFO] [stderr]    Compiling thiserror v1.0.69
[INFO] [stderr]    Compiling tracing-core v0.1.36
[INFO] [stderr]    Compiling bytes v1.11.0
[INFO] [stderr]    Compiling bitflags v1.3.2
[INFO] [stderr]    Compiling environmental v1.1.4
[INFO] [stderr]    Compiling base64 v0.22.1
[INFO] [stderr]    Compiling rustc-hash v2.1.1
[INFO] [stderr]    Compiling parity-bip39 v2.0.1
[INFO] [stderr]    Compiling polkavm-derive-impl-macro v0.29.0
[INFO] [stderr]    Compiling icu_normalizer v2.1.1
[INFO] [stderr]    Compiling secp256k1 v0.28.2
[INFO] [stderr]    Compiling sp-trie v41.1.0
[INFO] [stderr]    Compiling futures v0.3.31
[INFO] [stderr]    Compiling ink_metadata v6.0.0-beta.1
[INFO] [stderr]    Compiling sp-runtime-interface-proc-macro v20.0.0
[INFO] [stderr]    Compiling itertools v0.11.0
[INFO] [stderr]    Compiling itertools v0.14.0
[INFO] [stderr]    Compiling sp-wasm-interface v23.0.0
[INFO] [stderr]    Compiling sp-tracing v18.0.0
[INFO] [stderr]    Compiling hash256-std-hasher v0.15.2
[INFO] [stderr]    Compiling secrecy v0.8.0
[INFO] [stderr]    Compiling ink_prelude v6.0.0-beta.1
[INFO] [stderr]    Compiling sp-io v42.0.0
[INFO] [stderr]    Compiling hash-db v0.16.0
[INFO] [stderr]    Compiling array-bytes v6.2.3
[INFO] [stderr]    Compiling bs58 v0.5.1
[INFO] [stderr]    Compiling sp-std v14.0.0
[INFO] [stderr]    Compiling dyn-clone v1.0.20
[INFO] [stderr]    Compiling ink_engine v6.0.0-beta.1
[INFO] [stderr]    Compiling sp-state-machine v0.47.0
[INFO] [stderr]    Compiling sp-runtime-interface v31.0.0
[INFO] [stderr]    Compiling ink_storage_traits v6.0.0-beta.1
[INFO] [stderr]    Compiling idna_adapter v1.2.1
[INFO] [stderr]    Compiling pallet-revive-uapi v0.8.0
[INFO] [stderr]    Compiling sp-keystore v0.44.1
[INFO] [stderr]    Compiling ed25519-dalek v2.2.0
[INFO] [stderr]    Compiling xxhash-rust v0.8.15
[INFO] [stderr]    Compiling linkme-impl v0.3.35
[INFO] [stderr]    Compiling idna v1.1.0
[INFO] [stderr]    Compiling ink_env v6.0.0-beta.1
[INFO] [stderr]    Compiling ink_ir v6.0.0-beta.1
[INFO] [stderr]    Compiling polkavm-derive v0.29.0
[INFO] [stderr]    Compiling linkme v0.3.35
[INFO] [stderr]    Compiling url v2.5.8
[INFO] [stderr]    Compiling binary-merkle-tree v16.1.0
[INFO] [stderr]    Compiling strum_macros v0.26.4
[INFO] [stderr]    Compiling array-init v2.1.0
[INFO] [stderr]    Compiling tuplex v0.1.2
[INFO] [stderr]    Compiling ink_storage v6.0.0-beta.1
[INFO] [stderr]    Compiling contract-metadata v6.0.0-beta.2
[INFO] [stderr]    Compiling ink_codegen v6.0.0-beta.1
[INFO] [stderr]    Compiling sp-application-crypto v42.0.0
[INFO] [stdout] error[E0046]: not all trait items implemented, missing: `sign`
[INFO] [stdout]    --> /opt/rustwide/cargo-home/registry/src/index.crates.io-1949cf8c6b5b557f/sp-application-crypto-42.0.0/src/lib.rs:139:3
[INFO] [stdout]     |
[INFO] [stdout] 139 |         impl $crate::Pair for Pair {
[INFO] [stdout]     |         ^^^^^^^^^^^^^^^^^^^^^^^^^^ missing `sign` in implementation
[INFO] [stdout]     |
[INFO] [stdout]    ::: /opt/rustwide/cargo-home/registry/src/index.crates.io-1949cf8c6b5b557f/sp-application-crypto-42.0.0/src/ecdsa.rs:28:2
[INFO] [stdout]     |
[INFO] [stdout]  28 |     crate::app_crypto!(super, sp_core::testing::ECDSA);
[INFO] [stdout]     |     -------------------------------------------------- in this macro invocation
[INFO] [stdout]     |
[INFO] [stdout]     = note: this error originates in the macro `$crate::app_crypto_pair_common` which comes from the expansion of the macro `crate::app_crypto` (in Nightly builds, run with -Z macro-backtrace for more info)
[INFO] [stdout]     = help: implement the missing item: `fn sign(&self, _: &[u8]) -> <Self as sp_core::Pair>::Signature { todo!() }`
[INFO] [stdout] 
[INFO] [stdout] 
[INFO] [stdout] error[E0046]: not all trait items implemented, missing: `sign`
[INFO] [stdout]    --> /opt/rustwide/cargo-home/registry/src/index.crates.io-1949cf8c6b5b557f/sp-application-crypto-42.0.0/src/lib.rs:139:3
[INFO] [stdout]     |
[INFO] [stdout] 139 |         impl $crate::Pair for Pair {
[INFO] [stdout]     |         ^^^^^^^^^^^^^^^^^^^^^^^^^^ missing `sign` in implementation
[INFO] [stdout]     |
[INFO] [stdout]    ::: /opt/rustwide/cargo-home/registry/src/index.crates.io-1949cf8c6b5b557f/sp-application-crypto-42.0.0/src/ed25519.rs:28:2
[INFO] [stdout]     |
[INFO] [stdout]  28 |     crate::app_crypto!(super, sp_core::testing::ED25519);
[INFO] [stdout]     |     ---------------------------------------------------- in this macro invocation
[INFO] [stdout]     |
[INFO] [stdout]     = note: this error originates in the macro `$crate::app_crypto_pair_common` which comes from the expansion of the macro `crate::app_crypto` (in Nightly builds, run with -Z macro-backtrace for more info)
[INFO] [stdout]     = help: implement the missing item: `fn sign(&self, _: &[u8]) -> <Self as sp_core::Pair>::Signature { todo!() }`
[INFO] [stdout] 
[INFO] [stdout] 
[INFO] [stdout] error[E0046]: not all trait items implemented, missing: `sign`
[INFO] [stdout]    --> /opt/rustwide/cargo-home/registry/src/index.crates.io-1949cf8c6b5b557f/sp-application-crypto-42.0.0/src/lib.rs:139:3
[INFO] [stdout]     |
[INFO] [stdout] 139 |         impl $crate::Pair for Pair {
[INFO] [stdout]     |         ^^^^^^^^^^^^^^^^^^^^^^^^^^ missing `sign` in implementation
[INFO] [stdout]     |
[INFO] [stdout]    ::: /opt/rustwide/cargo-home/registry/src/index.crates.io-1949cf8c6b5b557f/sp-application-crypto-42.0.0/src/sr25519.rs:28:2
[INFO] [stdout]     |
[INFO] [stdout]  28 |     crate::app_crypto!(super, sp_core::testing::SR25519);
[INFO] [stdout]     |     ---------------------------------------------------- in this macro invocation
[INFO] [stdout]     |
[INFO] [stdout]     = note: this error originates in the macro `$crate::app_crypto_pair_common` which comes from the expansion of the macro `crate::app_crypto` (in Nightly builds, run with -Z macro-backtrace for more info)
[INFO] [stdout]     = help: implement the missing item: `fn sign(&self, _: &[u8]) -> <Self as sp_core::Pair>::Signature { todo!() }`
[INFO] [stdout] 
[INFO] [stdout] 
[INFO] [stdout] For more information about this error, try `rustc --explain E0046`.
[INFO] [stdout] 
[INFO] [stderr] error: could not compile `sp-application-crypto` (lib) due to 3 previous errors
[INFO] [stderr] warning: build failed, waiting for other jobs to finish...
[INFO] running `Command { std: "docker" "inspect" "7b05406c9f6495d714568d2114c32763bef17dfd31ebdc87db8e41bfba26daaa", kill_on_drop: false }`
[INFO] running `Command { std: "docker" "rm" "-f" "7b05406c9f6495d714568d2114c32763bef17dfd31ebdc87db8e41bfba26daaa", kill_on_drop: false }`
[INFO] [stdout] 7b05406c9f6495d714568d2114c32763bef17dfd31ebdc87db8e41bfba26daaa
