[INFO] fetching crate contextdb-core 1.0.0...
[INFO] testing contextdb-core-1.0.0 against 1.99.0-beta.8+cargoflags=--release for beta-release-1.100-2
[INFO] extracting crate contextdb-core 1.0.0 into /workspace/builds/worker-5-tc1/source
[INFO] started tweaking crates.io crate contextdb-core 1.0.0
[INFO] removed 0 missing tests
[INFO] finished tweaking crates.io crate contextdb-core 1.0.0
[INFO] tweaked toml for crates.io crate contextdb-core 1.0.0 written to /workspace/builds/worker-5-tc1/source/Cargo.toml
[INFO] validating manifest of crates.io crate contextdb-core 1.0.0 on toolchain 1.99.0-beta.8
[INFO] running `Command { std: CARGO_HOME="/workspace/cargo-home" RUSTUP_HOME="/workspace/rustup-home" "/workspace/cargo-home/bin/cargo" "+1.99.0-beta.8" "metadata" "--manifest-path" "Cargo.toml" "--no-deps", kill_on_drop: false }`
[INFO] crate crates.io crate contextdb-core 1.0.0 already has a lockfile, it will not be regenerated
[INFO] running `Command { std: CARGO_HOME="/workspace/cargo-home" RUSTUP_HOME="/workspace/rustup-home" "/workspace/cargo-home/bin/cargo" "+1.99.0-beta.8" "fetch" "--manifest-path" "Cargo.toml", kill_on_drop: false }`
[INFO] [stderr]  Downloading crates ...
[INFO] [stderr]   Downloaded trybuild v1.0.116
[INFO] running `Command { std: "docker" "create" "-v" "/var/lib/crater-agent-workspace/builds/worker-5-tc1/source:/opt/rustwide/workdir:ro,Z" "-v" "/var/lib/crater-agent-workspace/builds/worker-5-tc1/target:/opt/rustwide/target:rw,Z" "-v" "/var/lib/crater-agent-workspace/cargo-home:/opt/rustwide/cargo-home:ro,Z" "-v" "/var/lib/crater-agent-workspace/rustup-home:/opt/rustwide/rustup-home:ro,Z" "-m" "1610612736" "--network" "none" "ghcr.io/rust-lang/crates-build-env/linux@sha256:77db811e55d90add9212f6832c23229e3de5f1c1f9905e8cb07319ea15df73ac" "sleep" "infinity", kill_on_drop: false }`
[INFO] [stdout] 3fa6c7883868dc7de0a6736ebda4ce6e04be22bc1c2bd4f82c2c4bdd107cf7cb
[INFO] running `Command { std: "docker" "start" "3fa6c7883868dc7de0a6736ebda4ce6e04be22bc1c2bd4f82c2c4bdd107cf7cb", kill_on_drop: false }`
[INFO] running `Command { std: "docker" "inspect" "3fa6c7883868dc7de0a6736ebda4ce6e04be22bc1c2bd4f82c2c4bdd107cf7cb", kill_on_drop: false }`
[INFO] running `Command { std: "docker" "exec" "-e" "SOURCE_DIR=/opt/rustwide/workdir" "-e" "CARGO_HOME=/opt/rustwide/cargo-home" "-e" "RUSTUP_HOME=/opt/rustwide/rustup-home" "-e" "CARGO_TARGET_DIR=/opt/rustwide/target" "-w" "/opt/rustwide/workdir" "--user" "0:0" "3fa6c7883868dc7de0a6736ebda4ce6e04be22bc1c2bd4f82c2c4bdd107cf7cb" "/opt/rustwide/cargo-home/bin/cargo" "+1.99.0-beta.8" "metadata" "--no-deps" "--format-version=1", kill_on_drop: false }`
[INFO] running `Command { std: "docker" "inspect" "3fa6c7883868dc7de0a6736ebda4ce6e04be22bc1c2bd4f82c2c4bdd107cf7cb", kill_on_drop: false }`
[INFO] running `Command { std: "docker" "exec" "-e" "SOURCE_DIR=/opt/rustwide/workdir" "-e" "CARGO_HOME=/opt/rustwide/cargo-home" "-e" "RUSTUP_HOME=/opt/rustwide/rustup-home" "-e" "CARGO_TARGET_DIR=/opt/rustwide/target" "-e" "CARGO_INCREMENTAL=0" "-e" "RUST_BACKTRACE=full" "-e" "RUSTFLAGS=--cap-lints=warn" "-e" "RUSTDOCFLAGS=--cap-lints=warn" "-w" "/opt/rustwide/workdir" "--user" "0:0" "3fa6c7883868dc7de0a6736ebda4ce6e04be22bc1c2bd4f82c2c4bdd107cf7cb" "/opt/rustwide/cargo-home/bin/cargo" "+1.99.0-beta.8" "build" "--frozen" "--message-format=json" "--release", kill_on_drop: false }`
[INFO] [stderr]    Compiling serde_core v1.0.228
[INFO] [stderr]    Compiling libc v0.2.182
[INFO] [stderr]    Compiling memchr v2.8.0
[INFO] [stderr]    Compiling syn v2.0.117
[INFO] [stderr]    Compiling bytemuck v1.25.0
[INFO] [stderr]    Compiling roaring v0.11.3
[INFO] [stderr]    Compiling getrandom v0.4.2
[INFO] [stderr]    Compiling serde_derive v1.0.228
[INFO] [stderr]    Compiling thiserror-impl v2.0.18
[INFO] [stderr]    Compiling thiserror v2.0.18
[INFO] [stderr]    Compiling serde_json v1.0.149
[INFO] [stderr]    Compiling uuid v1.22.0
[INFO] [stderr]    Compiling serde v1.0.228
[INFO] [stderr]    Compiling contextdb-core v1.0.0 (/opt/rustwide/workdir)
[INFO] [stdout] warning: use of deprecated method `std::sync::atomic::Atomic::<usize>::fetch_update`: renamed to `try_update` for consistency
[INFO] [stdout]   --> src/memory.rs:91:14
[INFO] [stdout]    |
[INFO] [stdout] 91 |             .fetch_update(Ordering::SeqCst, Ordering::SeqCst, |used| {
[INFO] [stdout]    |              ^^^^^^^^^^^^
[INFO] [stdout]    |
[INFO] [stdout]    = note: `#[warn(deprecated)]` on by default
[INFO] [stdout] help: replace the use of the deprecated method
[INFO] [stdout]    |
[INFO] [stdout] 91 -             .fetch_update(Ordering::SeqCst, Ordering::SeqCst, |used| {
[INFO] [stdout] 91 +             .try_update(Ordering::SeqCst, Ordering::SeqCst, |used| {
[INFO] [stdout]    |
[INFO] [stdout] 
[INFO] [stdout] 
[INFO] [stderr]     Finished `release` profile [optimized] target(s) in 29.61s
[INFO] running `Command { std: "docker" "inspect" "3fa6c7883868dc7de0a6736ebda4ce6e04be22bc1c2bd4f82c2c4bdd107cf7cb", kill_on_drop: false }`
[INFO] running `Command { std: "docker" "exec" "-e" "SOURCE_DIR=/opt/rustwide/workdir" "-e" "CARGO_HOME=/opt/rustwide/cargo-home" "-e" "RUSTUP_HOME=/opt/rustwide/rustup-home" "-e" "CARGO_TARGET_DIR=/opt/rustwide/target" "-e" "CARGO_INCREMENTAL=0" "-e" "RUST_BACKTRACE=full" "-e" "RUSTFLAGS=--cap-lints=warn" "-e" "RUSTDOCFLAGS=--cap-lints=warn" "-w" "/opt/rustwide/workdir" "--user" "0:0" "3fa6c7883868dc7de0a6736ebda4ce6e04be22bc1c2bd4f82c2c4bdd107cf7cb" "/opt/rustwide/cargo-home/bin/cargo" "+1.99.0-beta.8" "test" "--frozen" "--no-run" "--message-format=json" "--release", kill_on_drop: false }`
[INFO] [stderr]    Compiling serde v1.0.228
[INFO] [stderr]    Compiling target-triple v1.0.0
[INFO] [stderr]    Compiling num-traits v0.2.19
[INFO] [stderr]    Compiling indexmap v2.13.0
[INFO] [stderr]    Compiling serde_json v1.0.149
[INFO] [stderr]    Compiling aho-corasick v1.1.4
[INFO] [stderr]    Compiling virtue v0.0.18
[INFO] [stderr]    Compiling winnow v0.7.15
[INFO] [stderr]    Compiling toml_write v0.1.2
[INFO] [stderr]    Compiling uuid v1.22.0
[INFO] [stderr]    Compiling bincode_derive v2.0.1
[INFO] [stderr]    Compiling toml_datetime v0.6.11
[INFO] [stderr]    Compiling serde_spanned v0.6.9
[INFO] [stderr]    Compiling unty v0.0.4
[INFO] [stderr]    Compiling rmp v0.8.15
[INFO] [stderr]    Compiling glob v0.3.3
[INFO] [stderr]    Compiling tempfile v3.27.0
[INFO] [stderr]    Compiling serde_bytes v0.11.19
[INFO] [stderr]    Compiling bincode v2.0.1
[INFO] [stderr]    Compiling regex-automata v0.4.14
[INFO] [stderr]    Compiling rmp-serde v1.3.1
[INFO] [stderr]    Compiling trybuild v1.0.116
[INFO] [stderr]    Compiling contextdb-core v1.0.0 (/opt/rustwide/workdir)
[INFO] [stdout] warning: use of deprecated method `std::sync::atomic::Atomic::<usize>::fetch_update`: renamed to `try_update` for consistency
[INFO] [stdout]   --> src/memory.rs:91:14
[INFO] [stdout]    |
[INFO] [stdout] 91 |             .fetch_update(Ordering::SeqCst, Ordering::SeqCst, |used| {
[INFO] [stdout]    |              ^^^^^^^^^^^^
[INFO] [stdout]    |
[INFO] [stdout]    = note: `#[warn(deprecated)]` on by default
[INFO] [stdout] help: replace the use of the deprecated method
[INFO] [stdout]    |
[INFO] [stdout] 91 -             .fetch_update(Ordering::SeqCst, Ordering::SeqCst, |used| {
[INFO] [stdout] 91 +             .try_update(Ordering::SeqCst, Ordering::SeqCst, |used| {
[INFO] [stdout]    |
[INFO] [stdout] 
[INFO] [stdout] 
[INFO] [stderr]    Compiling toml_edit v0.22.27
[INFO] [stderr]    Compiling regex v1.12.3
[INFO] [stderr]    Compiling toml v0.8.23
[INFO] [stdout] error[E0433]: cannot find module or crate `contextdb_engine` in this scope
[INFO] [stdout]  --> tests/txid_newtype_tests.rs:7:5
[INFO] [stdout]   |
[INFO] [stdout] 7 | use contextdb_engine::composite_store::ChangeLogEntry;
[INFO] [stdout]   |     ^^^^^^^^^^^^^^^^ use of unresolved module or unlinked crate `contextdb_engine`
[INFO] [stdout]   |
[INFO] [stdout] help: there is a crate or module with a similar name
[INFO] [stdout]   |
[INFO] [stdout] 7 - use contextdb_engine::composite_store::ChangeLogEntry;
[INFO] [stdout] 7 + use contextdb_core::composite_store::ChangeLogEntry;
[INFO] [stdout]   |
[INFO] [stdout] 
[INFO] [stdout] 
[INFO] [stdout] error[E0433]: cannot find module or crate `contextdb_engine` in this scope
[INFO] [stdout]  --> tests/txid_newtype_tests.rs:8:5
[INFO] [stdout]   |
[INFO] [stdout] 8 | use contextdb_engine::sync_types::{EdgeChange, RowChange, VectorChange};
[INFO] [stdout]   |     ^^^^^^^^^^^^^^^^ use of unresolved module or unlinked crate `contextdb_engine`
[INFO] [stdout]   |
[INFO] [stdout] help: there is a crate or module with a similar name
[INFO] [stdout]   |
[INFO] [stdout] 8 - use contextdb_engine::sync_types::{EdgeChange, RowChange, VectorChange};
[INFO] [stdout] 8 + use contextdb_core::sync_types::{EdgeChange, RowChange, VectorChange};
[INFO] [stdout]   |
[INFO] [stdout] 
[INFO] [stdout] 
[INFO] [stdout] error[E0433]: cannot find module or crate `contextdb_engine` in this scope
[INFO] [stdout]    --> tests/txid_newtype_tests.rs:412:9
[INFO] [stdout]     |
[INFO] [stdout] 412 |     use contextdb_engine::sync_types::NaturalKey;
[INFO] [stdout]     |         ^^^^^^^^^^^^^^^^ use of unresolved module or unlinked crate `contextdb_engine`
[INFO] [stdout]     |
[INFO] [stdout] help: there is a crate or module with a similar name
[INFO] [stdout]     |
[INFO] [stdout] 412 -     use contextdb_engine::sync_types::NaturalKey;
[INFO] [stdout] 412 +     use contextdb_core::sync_types::NaturalKey;
[INFO] [stdout]     |
[INFO] [stdout] 
[INFO] [stdout] 
[INFO] [stdout] warning: use of deprecated method `std::sync::atomic::Atomic::<usize>::fetch_update`: renamed to `try_update` for consistency
[INFO] [stdout]   --> src/memory.rs:91:14
[INFO] [stdout]    |
[INFO] [stdout] 91 |             .fetch_update(Ordering::SeqCst, Ordering::SeqCst, |used| {
[INFO] [stdout]    |              ^^^^^^^^^^^^
[INFO] [stdout]    |
[INFO] [stdout]    = note: `#[warn(deprecated)]` on by default
[INFO] [stdout] help: replace the use of the deprecated method
[INFO] [stdout]    |
[INFO] [stdout] 91 -             .fetch_update(Ordering::SeqCst, Ordering::SeqCst, |used| {
[INFO] [stdout] 91 +             .try_update(Ordering::SeqCst, Ordering::SeqCst, |used| {
[INFO] [stdout]    |
[INFO] [stdout] 
[INFO] [stdout] 
[INFO] [stdout] For more information about this error, try `rustc --explain E0433`.
[INFO] [stdout] 
[INFO] [stderr] error: could not compile `contextdb-core` (test "txid_newtype_tests") due to 3 previous errors
[INFO] [stderr] warning: build failed, waiting for other jobs to finish...
[INFO] running `Command { std: "docker" "inspect" "3fa6c7883868dc7de0a6736ebda4ce6e04be22bc1c2bd4f82c2c4bdd107cf7cb", kill_on_drop: false }`
[INFO] running `Command { std: "docker" "rm" "-f" "3fa6c7883868dc7de0a6736ebda4ce6e04be22bc1c2bd4f82c2c4bdd107cf7cb", kill_on_drop: false }`
[INFO] [stdout] 3fa6c7883868dc7de0a6736ebda4ce6e04be22bc1c2bd4f82c2c4bdd107cf7cb
