[INFO] fetching crate context_deserialize_derive 0.2.1...
[INFO] testing context_deserialize_derive-0.2.1 against 1.100.0-beta.1+cargoflags=--release for beta-release-1.100-2
[INFO] extracting crate context_deserialize_derive 0.2.1 into /workspace/builds/worker-1-tc2/source
[INFO] started tweaking crates.io crate context_deserialize_derive 0.2.1
[INFO] removed 0 missing tests
[INFO] finished tweaking crates.io crate context_deserialize_derive 0.2.1
[INFO] tweaked toml for crates.io crate context_deserialize_derive 0.2.1 written to /workspace/builds/worker-1-tc2/source/Cargo.toml
[INFO] validating manifest of crates.io crate context_deserialize_derive 0.2.1 on toolchain 1.100.0-beta.1
[INFO] running `Command { std: CARGO_HOME="/workspace/cargo-home" RUSTUP_HOME="/workspace/rustup-home" "/workspace/cargo-home/bin/cargo" "+1.100.0-beta.1" "metadata" "--manifest-path" "Cargo.toml" "--no-deps", kill_on_drop: false }`
[INFO] crate crates.io crate context_deserialize_derive 0.2.1 already has a lockfile, it will not be regenerated
[INFO] running `Command { std: CARGO_HOME="/workspace/cargo-home" RUSTUP_HOME="/workspace/rustup-home" "/workspace/cargo-home/bin/cargo" "+1.100.0-beta.1" "fetch" "--manifest-path" "Cargo.toml", kill_on_drop: false }`
[INFO] running `Command { std: "docker" "create" "-v" "/var/lib/crater-agent-workspace/builds/worker-1-tc2/source:/opt/rustwide/workdir:ro,Z" "-v" "/var/lib/crater-agent-workspace/builds/worker-1-tc2/target:/opt/rustwide/target:rw,Z" "-v" "/var/lib/crater-agent-workspace/cargo-home:/opt/rustwide/cargo-home:ro,Z" "-v" "/var/lib/crater-agent-workspace/rustup-home:/opt/rustwide/rustup-home:ro,Z" "-m" "1610612736" "--network" "none" "ghcr.io/rust-lang/crates-build-env/linux@sha256:77db811e55d90add9212f6832c23229e3de5f1c1f9905e8cb07319ea15df73ac" "sleep" "infinity", kill_on_drop: false }`
[INFO] [stdout] 686a3730b5542d10999edecf569cbdae3d8f2f869ce772a6e2b2e7735683fa6f
[INFO] running `Command { std: "docker" "start" "686a3730b5542d10999edecf569cbdae3d8f2f869ce772a6e2b2e7735683fa6f", kill_on_drop: false }`
[INFO] running `Command { std: "docker" "inspect" "686a3730b5542d10999edecf569cbdae3d8f2f869ce772a6e2b2e7735683fa6f", kill_on_drop: false }`
[INFO] running `Command { std: "docker" "exec" "-e" "SOURCE_DIR=/opt/rustwide/workdir" "-e" "CARGO_HOME=/opt/rustwide/cargo-home" "-e" "RUSTUP_HOME=/opt/rustwide/rustup-home" "-e" "CARGO_TARGET_DIR=/opt/rustwide/target" "-w" "/opt/rustwide/workdir" "--user" "0:0" "686a3730b5542d10999edecf569cbdae3d8f2f869ce772a6e2b2e7735683fa6f" "/opt/rustwide/cargo-home/bin/cargo" "+1.100.0-beta.1" "metadata" "--no-deps" "--format-version=1", kill_on_drop: false }`
[INFO] running `Command { std: "docker" "inspect" "686a3730b5542d10999edecf569cbdae3d8f2f869ce772a6e2b2e7735683fa6f", kill_on_drop: false }`
[INFO] running `Command { std: "docker" "exec" "-e" "SOURCE_DIR=/opt/rustwide/workdir" "-e" "CARGO_HOME=/opt/rustwide/cargo-home" "-e" "RUSTUP_HOME=/opt/rustwide/rustup-home" "-e" "CARGO_TARGET_DIR=/opt/rustwide/target" "-e" "CARGO_INCREMENTAL=0" "-e" "RUST_BACKTRACE=full" "-e" "RUSTFLAGS=--cap-lints=warn" "-e" "RUSTDOCFLAGS=--cap-lints=warn" "-w" "/opt/rustwide/workdir" "--user" "0:0" "686a3730b5542d10999edecf569cbdae3d8f2f869ce772a6e2b2e7735683fa6f" "/opt/rustwide/cargo-home/bin/cargo" "+1.100.0-beta.1" "build" "--frozen" "--message-format=json" "--release", kill_on_drop: false }`
[INFO] [stderr]    Compiling proc-macro2 v1.0.105
[INFO] [stderr]    Compiling quote v1.0.43
[INFO] [stderr]    Compiling unicode-ident v1.0.22
[INFO] [stderr]    Compiling syn v2.0.114
[INFO] [stderr]    Compiling context_deserialize_derive v0.2.1 (/opt/rustwide/workdir)
[INFO] [stderr]     Finished `release` profile [optimized] target(s) in 7.60s
[INFO] running `Command { std: "docker" "inspect" "686a3730b5542d10999edecf569cbdae3d8f2f869ce772a6e2b2e7735683fa6f", kill_on_drop: false }`
[INFO] running `Command { std: "docker" "exec" "-e" "SOURCE_DIR=/opt/rustwide/workdir" "-e" "CARGO_HOME=/opt/rustwide/cargo-home" "-e" "RUSTUP_HOME=/opt/rustwide/rustup-home" "-e" "CARGO_TARGET_DIR=/opt/rustwide/target" "-e" "CARGO_INCREMENTAL=0" "-e" "RUST_BACKTRACE=full" "-e" "RUSTFLAGS=--cap-lints=warn" "-e" "RUSTDOCFLAGS=--cap-lints=warn" "-w" "/opt/rustwide/workdir" "--user" "0:0" "686a3730b5542d10999edecf569cbdae3d8f2f869ce772a6e2b2e7735683fa6f" "/opt/rustwide/cargo-home/bin/cargo" "+1.100.0-beta.1" "test" "--frozen" "--no-run" "--message-format=json" "--release", kill_on_drop: false }`
[INFO] [stderr]    Compiling serde_core v1.0.228
[INFO] [stderr]    Compiling zmij v1.0.14
[INFO] [stderr]    Compiling serde_json v1.0.149
[INFO] [stderr]    Compiling proc-macro2 v1.0.105
[INFO] [stderr]    Compiling unicode-ident v1.0.22
[INFO] [stderr]    Compiling serde v1.0.228
[INFO] [stderr]    Compiling quote v1.0.43
[INFO] [stderr]    Compiling serde_derive v1.0.228
[INFO] [stderr]    Compiling memchr v2.7.6
[INFO] [stderr]    Compiling context_deserialize_derive v0.2.1 (/opt/rustwide/workdir)
[INFO] [stderr]    Compiling syn v2.0.114
[INFO] [stdout] error[E0432]: unresolved import `context_deserialize`
[INFO] [stdout]  --> tests/derive.rs:1:5
[INFO] [stdout]   |
[INFO] [stdout] 1 | use context_deserialize::{ContextDeserialize, context_deserialize};
[INFO] [stdout]   |     ^^^^^^^^^^^^^^^^^^^ use of unresolved module or unlinked crate `context_deserialize`
[INFO] [stdout]   |
[INFO] [stdout]   = help: if you wanted to use a crate named `context_deserialize`, use `cargo add context_deserialize` to add it to your `Cargo.toml`
[INFO] [stdout] 
[INFO] [stdout] 
[INFO] [stdout] error[E0599]: no associated function or constant named `context_deserialize` found for struct `test_context_deserialize_derive::Test` in the current scope
[INFO] [stdout]    --> tests/derive.rs:19:15
[INFO] [stdout]     |
[INFO] [stdout]  10 |     struct Test {
[INFO] [stdout]     |     ----------- associated function or constant `context_deserialize` not found for this struct
[INFO] [stdout] ...
[INFO] [stdout]  19 |         Test::context_deserialize(&mut serde_json::Deserializer::from_str(&serialized), ())
[INFO] [stdout]     |               ^^^^^^^^^^^^^^^^^^^ associated function or constant not found in `test_context_deserialize_derive::Test`
[INFO] [stdout]     |
[INFO] [stdout] help: there is an associated function `deserialize` with a similar name
[INFO] [stdout]    --> /opt/rustwide/cargo-home/registry/src/index.crates.io-1949cf8c6b5b557f/serde_core-1.0.228/src/de/mod.rs:561:5
[INFO] [stdout]     |
[INFO] [stdout] 561 | /     fn deserialize<D>(deserializer: D) -> Result<Self, D::Error>
[INFO] [stdout] 562 | |     where
[INFO] [stdout] 563 | |         D: Deserializer<'de>;
[INFO] [stdout]     | |_____________________________^
[INFO] [stdout] 
[INFO] [stdout] 
[INFO] [stdout] error[E0599]: no associated function or constant named `context_deserialize` found for struct `test_context_deserialize_derive_multiple_types::Test` in the current scope
[INFO] [stdout]    --> tests/derive.rs:45:30
[INFO] [stdout]     |
[INFO] [stdout]  37 |     struct Test {
[INFO] [stdout]     |     ----------- associated function or constant `context_deserialize` not found for this struct
[INFO] [stdout] ...
[INFO] [stdout]  45 |     let deserialized = Test::context_deserialize(
[INFO] [stdout]     |                              ^^^^^^^^^^^^^^^^^^^ associated function or constant not found in `test_context_deserialize_derive_multiple_types::Test`
[INFO] [stdout]     |
[INFO] [stdout] help: there is an associated function `deserialize` with a similar name
[INFO] [stdout]    --> /opt/rustwide/cargo-home/registry/src/index.crates.io-1949cf8c6b5b557f/serde_core-1.0.228/src/de/mod.rs:561:5
[INFO] [stdout]     |
[INFO] [stdout] 561 | /     fn deserialize<D>(deserializer: D) -> Result<Self, D::Error>
[INFO] [stdout] 562 | |     where
[INFO] [stdout] 563 | |         D: Deserializer<'de>;
[INFO] [stdout]     | |_____________________________^
[INFO] [stdout] 
[INFO] [stdout] 
[INFO] [stdout] error[E0599]: no associated function or constant named `context_deserialize` found for struct `test_context_deserialize_derive_multiple_types::Test` in the current scope
[INFO] [stdout]    --> tests/derive.rs:52:30
[INFO] [stdout]     |
[INFO] [stdout]  37 |     struct Test {
[INFO] [stdout]     |     ----------- associated function or constant `context_deserialize` not found for this struct
[INFO] [stdout] ...
[INFO] [stdout]  52 |     let deserialized = Test::context_deserialize(
[INFO] [stdout]     |                              ^^^^^^^^^^^^^^^^^^^ associated function or constant not found in `test_context_deserialize_derive_multiple_types::Test`
[INFO] [stdout]     |
[INFO] [stdout] help: there is an associated function `deserialize` with a similar name
[INFO] [stdout]    --> /opt/rustwide/cargo-home/registry/src/index.crates.io-1949cf8c6b5b557f/serde_core-1.0.228/src/de/mod.rs:561:5
[INFO] [stdout]     |
[INFO] [stdout] 561 | /     fn deserialize<D>(deserializer: D) -> Result<Self, D::Error>
[INFO] [stdout] 562 | |     where
[INFO] [stdout] 563 | |         D: Deserializer<'de>;
[INFO] [stdout]     | |_____________________________^
[INFO] [stdout] 
[INFO] [stdout] 
[INFO] [stdout] error[E0599]: no associated function or constant named `context_deserialize` found for struct `Wrapper<T>` in the current scope
[INFO] [stdout]    --> tests/derive.rs:86:42
[INFO] [stdout]     |
[INFO] [stdout]  77 |     struct Wrapper<T> {
[INFO] [stdout]     |     ----------------- associated function or constant `context_deserialize` not found for this struct
[INFO] [stdout] ...
[INFO] [stdout]  86 |     let deserialized = Wrapper::<Inner>::context_deserialize(
[INFO] [stdout]     |                                          ^^^^^^^^^^^^^^^^^^^ associated function or constant not found in `Wrapper<Inner>`
[INFO] [stdout]     |
[INFO] [stdout] help: there is an associated function `deserialize` with a similar name
[INFO] [stdout]    --> /opt/rustwide/cargo-home/registry/src/index.crates.io-1949cf8c6b5b557f/serde_core-1.0.228/src/de/mod.rs:561:5
[INFO] [stdout]     |
[INFO] [stdout] 561 | /     fn deserialize<D>(deserializer: D) -> Result<Self, D::Error>
[INFO] [stdout] 562 | |     where
[INFO] [stdout] 563 | |         D: Deserializer<'de>;
[INFO] [stdout]     | |_____________________________^
[INFO] [stdout] 
[INFO] [stdout] 
[INFO] [stdout] Some errors have detailed explanations: E0432, E0599.
[INFO] [stdout] 
[INFO] [stdout] For more information about an error, try `rustc --explain E0432`.
[INFO] [stdout] 
[INFO] [stderr] error: could not compile `context_deserialize_derive` (test "derive") due to 5 previous errors
[INFO] running `Command { std: "docker" "inspect" "686a3730b5542d10999edecf569cbdae3d8f2f869ce772a6e2b2e7735683fa6f", kill_on_drop: false }`
[INFO] running `Command { std: "docker" "rm" "-f" "686a3730b5542d10999edecf569cbdae3d8f2f869ce772a6e2b2e7735683fa6f", kill_on_drop: false }`
[INFO] [stdout] 686a3730b5542d10999edecf569cbdae3d8f2f869ce772a6e2b2e7735683fa6f
