[INFO] fetching crate consume_ptr 0.3.0...
[INFO] testing consume_ptr-0.3.0 against 1.100.0-beta.1+cargoflags=--release for beta-release-1.100-2
[INFO] extracting crate consume_ptr 0.3.0 into /workspace/builds/worker-4-tc2/source
[INFO] started tweaking crates.io crate consume_ptr 0.3.0
[INFO] finished tweaking crates.io crate consume_ptr 0.3.0
[INFO] tweaked toml for crates.io crate consume_ptr 0.3.0 written to /workspace/builds/worker-4-tc2/source/Cargo.toml
[INFO] validating manifest of crates.io crate consume_ptr 0.3.0 on toolchain 1.100.0-beta.1
[INFO] running `Command { std: CARGO_HOME="/workspace/cargo-home" RUSTUP_HOME="/workspace/rustup-home" "/workspace/cargo-home/bin/cargo" "+1.100.0-beta.1" "metadata" "--manifest-path" "Cargo.toml" "--no-deps", kill_on_drop: false }`
[INFO] running `Command { std: CARGO_HOME="/workspace/cargo-home" RUSTUP_HOME="/workspace/rustup-home" "/workspace/cargo-home/bin/cargo" "+1.100.0-beta.1" "generate-lockfile" "--manifest-path" "Cargo.toml", kill_on_drop: false }`
[INFO] [stderr]     Updating crates.io index
[INFO] [stderr]      Locking 8 packages to highest compatible versions
[INFO] [stderr]       Adding derive_more v0.99.20 (available: v2.1.1)
[INFO] running `Command { std: CARGO_HOME="/workspace/cargo-home" RUSTUP_HOME="/workspace/rustup-home" "/workspace/cargo-home/bin/cargo" "+1.100.0-beta.1" "fetch" "--manifest-path" "Cargo.toml", kill_on_drop: false }`
[INFO] running `Command { std: "docker" "create" "-v" "/var/lib/crater-agent-workspace/builds/worker-4-tc2/source:/opt/rustwide/workdir:ro,Z" "-v" "/var/lib/crater-agent-workspace/builds/worker-4-tc2/target:/opt/rustwide/target:rw,Z" "-v" "/var/lib/crater-agent-workspace/cargo-home:/opt/rustwide/cargo-home:ro,Z" "-v" "/var/lib/crater-agent-workspace/rustup-home:/opt/rustwide/rustup-home:ro,Z" "-m" "1610612736" "--network" "none" "ghcr.io/rust-lang/crates-build-env/linux@sha256:77db811e55d90add9212f6832c23229e3de5f1c1f9905e8cb07319ea15df73ac" "sleep" "infinity", kill_on_drop: false }`
[INFO] [stdout] 80ba72c54a39a9c9c2c19a1f26834123af3bd4c700d8f3fab85b42c771d62b6c
[INFO] running `Command { std: "docker" "start" "80ba72c54a39a9c9c2c19a1f26834123af3bd4c700d8f3fab85b42c771d62b6c", kill_on_drop: false }`
[INFO] running `Command { std: "docker" "inspect" "80ba72c54a39a9c9c2c19a1f26834123af3bd4c700d8f3fab85b42c771d62b6c", kill_on_drop: false }`
[INFO] running `Command { std: "docker" "exec" "-e" "SOURCE_DIR=/opt/rustwide/workdir" "-e" "CARGO_HOME=/opt/rustwide/cargo-home" "-e" "RUSTUP_HOME=/opt/rustwide/rustup-home" "-e" "CARGO_TARGET_DIR=/opt/rustwide/target" "-w" "/opt/rustwide/workdir" "--user" "0:0" "80ba72c54a39a9c9c2c19a1f26834123af3bd4c700d8f3fab85b42c771d62b6c" "/opt/rustwide/cargo-home/bin/cargo" "+1.100.0-beta.1" "metadata" "--no-deps" "--format-version=1", kill_on_drop: false }`
[INFO] running `Command { std: "docker" "inspect" "80ba72c54a39a9c9c2c19a1f26834123af3bd4c700d8f3fab85b42c771d62b6c", kill_on_drop: false }`
[INFO] running `Command { std: "docker" "exec" "-e" "SOURCE_DIR=/opt/rustwide/workdir" "-e" "CARGO_HOME=/opt/rustwide/cargo-home" "-e" "RUSTUP_HOME=/opt/rustwide/rustup-home" "-e" "CARGO_TARGET_DIR=/opt/rustwide/target" "-e" "CARGO_INCREMENTAL=0" "-e" "RUST_BACKTRACE=full" "-e" "RUSTFLAGS=--cap-lints=warn" "-e" "RUSTDOCFLAGS=--cap-lints=warn" "-w" "/opt/rustwide/workdir" "--user" "0:0" "80ba72c54a39a9c9c2c19a1f26834123af3bd4c700d8f3fab85b42c771d62b6c" "/opt/rustwide/cargo-home/bin/cargo" "+1.100.0-beta.1" "build" "--frozen" "--message-format=json" "--release", kill_on_drop: false }`
[INFO] [stderr]    Compiling unicode-ident v1.0.27
[INFO] [stderr]    Compiling proc-macro2 v1.0.107
[INFO] [stderr]    Compiling quote v1.0.47
[INFO] [stderr]    Compiling syn v2.0.119
[INFO] [stderr]    Compiling derive_more v0.99.20
[INFO] [stderr]    Compiling consume_ptr v0.3.0 (/opt/rustwide/workdir)
[INFO] [stdout] error: `[const]` is not allowed here
[INFO] [stdout]   --> src/lib.rs:30:46
[INFO] [stdout]    |
[INFO] [stdout] 30 | pub unsafe trait TryConsume<Target: ?Sized + ~const Destruct>: Sized {
[INFO] [stdout]    |                                              ^^^^^^
[INFO] [stdout]    |
[INFO] [stdout] note: this trait is not `const`, so it cannot have `[const]` trait bounds
[INFO] [stdout]   --> src/lib.rs:30:1
[INFO] [stdout]    |
[INFO] [stdout] 30 | / pub unsafe trait TryConsume<Target: ?Sized + ~const Destruct>: Sized {
[INFO] [stdout] 31 | |
[INFO] [stdout] 32 | |     /// `Target` is never read after this call
[INFO] [stdout] 33 | |     fn try_consume_unsized<T>(self, f: impl FnOnce(*mut Target) -> T) -> Result<T, Self>;
[INFO] [stdout] ...  |
[INFO] [stdout] 50 | | }
[INFO] [stdout]    | |_^
[INFO] [stdout] 
[INFO] [stdout] 
[INFO] [stdout] error: `[const]` is not allowed here
[INFO] [stdout]   --> src/lib.rs:52:43
[INFO] [stdout]    |
[INFO] [stdout] 52 | pub unsafe trait Consume<Target: ?Sized + ~const Destruct>: TryConsume<Target> {
[INFO] [stdout]    |                                           ^^^^^^
[INFO] [stdout]    |
[INFO] [stdout] note: this trait is not `const`, so it cannot have `[const]` trait bounds
[INFO] [stdout]   --> src/lib.rs:52:1
[INFO] [stdout]    |
[INFO] [stdout] 52 | / pub unsafe trait Consume<Target: ?Sized + ~const Destruct>: TryConsume<Target> {
[INFO] [stdout] 53 | |     /// `Target` is never read after this call
[INFO] [stdout] 54 | |     fn consume_unsized<T>(self, f: impl FnOnce(*mut Target) -> T) -> T;
[INFO] [stdout] ...  |
[INFO] [stdout] 71 | | }
[INFO] [stdout]    | |_^
[INFO] [stdout] 
[INFO] [stdout] 
[INFO] [stdout] error[E0554]: `#![feature]` may not be used on the beta release channel
[INFO] [stdout]  --> src/lib.rs:1:1
[INFO] [stdout]   |
[INFO] [stdout] 1 | #![feature(mem_copy_fn, box_into_inner)]
[INFO] [stdout]   | ^^^^^^^^^^^^^^^^^^^^^^^^^^^^^^^^^^^^^^^^
[INFO] [stdout] 
[INFO] [stdout] 
[INFO] [stdout] error[E0658]: use of unstable library feature `const_destruct`
[INFO] [stdout]   --> src/lib.rs:10:5
[INFO] [stdout]    |
[INFO] [stdout] 10 | use std::marker::Destruct;
[INFO] [stdout]    |     ^^^^^^^^^^^^^^^^^^^^^
[INFO] [stdout]    |
[INFO] [stdout]    = note: see issue #133214 <https://github.com/rust-lang/rust/issues/133214> for more information
[INFO] [stdout] 
[INFO] [stdout] 
[INFO] [stdout] error[E0658]: use of unstable const library feature `const_destruct`
[INFO] [stdout]   --> src/lib.rs:30:53
[INFO] [stdout]    |
[INFO] [stdout] 30 | pub unsafe trait TryConsume<Target: ?Sized + ~const Destruct>: Sized {
[INFO] [stdout]    |                                              ------ ^^^^^^^^
[INFO] [stdout]    |                                              |
[INFO] [stdout]    |                                              trait is not stable as const yet
[INFO] [stdout]    |
[INFO] [stdout]    = note: see issue #133214 <https://github.com/rust-lang/rust/issues/133214> for more information
[INFO] [stdout] 
[INFO] [stdout] 
[INFO] [stdout] error[E0658]: use of unstable library feature `const_destruct`
[INFO] [stdout]   --> src/lib.rs:30:53
[INFO] [stdout]    |
[INFO] [stdout] 30 | pub unsafe trait TryConsume<Target: ?Sized + ~const Destruct>: Sized {
[INFO] [stdout]    |                                                     ^^^^^^^^
[INFO] [stdout]    |
[INFO] [stdout]    = note: see issue #133214 <https://github.com/rust-lang/rust/issues/133214> for more information
[INFO] [stdout] 
[INFO] [stdout] 
[INFO] [stdout] error[E0658]: use of unstable const library feature `const_destruct`
[INFO] [stdout]   --> src/lib.rs:52:50
[INFO] [stdout]    |
[INFO] [stdout] 52 | pub unsafe trait Consume<Target: ?Sized + ~const Destruct>: TryConsume<Target> {
[INFO] [stdout]    |                                           ------ ^^^^^^^^
[INFO] [stdout]    |                                           |
[INFO] [stdout]    |                                           trait is not stable as const yet
[INFO] [stdout]    |
[INFO] [stdout]    = note: see issue #133214 <https://github.com/rust-lang/rust/issues/133214> for more information
[INFO] [stdout] 
[INFO] [stdout] 
[INFO] [stdout] error[E0658]: use of unstable library feature `const_destruct`
[INFO] [stdout]   --> src/lib.rs:52:50
[INFO] [stdout]    |
[INFO] [stdout] 52 | pub unsafe trait Consume<Target: ?Sized + ~const Destruct>: TryConsume<Target> {
[INFO] [stdout]    |                                                  ^^^^^^^^
[INFO] [stdout]    |
[INFO] [stdout]    = note: see issue #133214 <https://github.com/rust-lang/rust/issues/133214> for more information
[INFO] [stdout] 
[INFO] [stdout] 
[INFO] [stdout] warning: use of deprecated import through accidentally stabilized module `intrinsics`
[INFO] [stdout]   --> src/lib.rs:39:17
[INFO] [stdout]    |
[INFO] [stdout] 39 |                 std::intrinsics::copy_nonoverlapping(x, &mut ret as _, 1);
[INFO] [stdout]    |                 ^^^^^^^^^^^^^^^^^^^^^^^^^^^^^^^^^^^^
[INFO] [stdout]    |
[INFO] [stdout]    = note: `#[warn(deprecated)]` on by default
[INFO] [stdout] help: import this function via the `ptr` module instead
[INFO] [stdout]    |
[INFO] [stdout] 39 -                 std::intrinsics::copy_nonoverlapping(x, &mut ret as _, 1);
[INFO] [stdout] 39 +                 std::ptr::copy_nonoverlapping(x, &mut ret as _, 1);
[INFO] [stdout]    |
[INFO] [stdout] 
[INFO] [stdout] 
[INFO] [stdout] warning: use of deprecated import through accidentally stabilized module `intrinsics`
[INFO] [stdout]   --> src/lib.rs:60:17
[INFO] [stdout]    |
[INFO] [stdout] 60 |                 std::intrinsics::copy_nonoverlapping(x, &mut ret as _, 1);
[INFO] [stdout]    |                 ^^^^^^^^^^^^^^^^^^^^^^^^^^^^^^^^^^^^
[INFO] [stdout]    |
[INFO] [stdout] help: import this function via the `ptr` module instead
[INFO] [stdout]    |
[INFO] [stdout] 60 -                 std::intrinsics::copy_nonoverlapping(x, &mut ret as _, 1);
[INFO] [stdout] 60 +                 std::ptr::copy_nonoverlapping(x, &mut ret as _, 1);
[INFO] [stdout]    |
[INFO] [stdout] 
[INFO] [stdout] 
[INFO] [stdout] warning: use of deprecated import through accidentally stabilized module `intrinsics`
[INFO] [stdout]   --> src/lib.rs:25:13
[INFO] [stdout]    |
[INFO] [stdout] 25 |             std::intrinsics::copy_nonoverlapping(self, &mut ret as _, 1);
[INFO] [stdout]    |             ^^^^^^^^^^^^^^^^^^^^^^^^^^^^^^^^^^^^
[INFO] [stdout]    |
[INFO] [stdout] help: import this function via the `ptr` module instead
[INFO] [stdout]    |
[INFO] [stdout] 25 -             std::intrinsics::copy_nonoverlapping(self, &mut ret as _, 1);
[INFO] [stdout] 25 +             std::ptr::copy_nonoverlapping(self, &mut ret as _, 1);
[INFO] [stdout]    |
[INFO] [stdout] 
[INFO] [stdout] 
[INFO] [stdout] warning: use of deprecated import through accidentally stabilized module `intrinsics`
[INFO] [stdout]    --> src/lib.rs:314:9
[INFO] [stdout]     |
[INFO] [stdout] 314 | ...   std::intrinsics::copy_nonoverlapping(p as *const AlwaysCopy<T>, Arc::get_mut_unchecked(&mut ret).assume_init_mut() as *mut Al...
[INFO] [stdout]     |       ^^^^^^^^^^^^^^^^^^^^^^^^^^^^^^^^^^^^
[INFO] [stdout]     |
[INFO] [stdout] help: import this function via the `ptr` module instead
[INFO] [stdout]     |
[INFO] [stdout] 314 -         std::intrinsics::copy_nonoverlapping(p as *const AlwaysCopy<T>, Arc::get_mut_unchecked(&mut ret).assume_init_mut() as *mut AlwaysCopy<T>, 1);
[INFO] [stdout] 314 +         std::ptr::copy_nonoverlapping(p as *const AlwaysCopy<T>, Arc::get_mut_unchecked(&mut ret).assume_init_mut() as *mut AlwaysCopy<T>, 1);
[INFO] [stdout]     |
[INFO] [stdout] 
[INFO] [stdout] 
[INFO] [stdout] warning: use of deprecated import through accidentally stabilized module `intrinsics`
[INFO] [stdout]    --> src/lib.rs:325:9
[INFO] [stdout]     |
[INFO] [stdout] 325 | ...   std::intrinsics::copy_nonoverlapping(p as *const AlwaysCopy<T>, Arc::get_mut_unchecked(&mut ret).as_mut_ptr() as *mut AlwaysC...
[INFO] [stdout]     |       ^^^^^^^^^^^^^^^^^^^^^^^^^^^^^^^^^^^^
[INFO] [stdout]     |
[INFO] [stdout] help: import this function via the `ptr` module instead
[INFO] [stdout]     |
[INFO] [stdout] 325 -         std::intrinsics::copy_nonoverlapping(p as *const AlwaysCopy<T>, Arc::get_mut_unchecked(&mut ret).as_mut_ptr() as *mut AlwaysCopy<T>, p.len());
[INFO] [stdout] 325 +         std::ptr::copy_nonoverlapping(p as *const AlwaysCopy<T>, Arc::get_mut_unchecked(&mut ret).as_mut_ptr() as *mut AlwaysCopy<T>, p.len());
[INFO] [stdout]     |
[INFO] [stdout] 
[INFO] [stdout] 
[INFO] [stdout] warning: use of deprecated import through accidentally stabilized module `intrinsics`
[INFO] [stdout]    --> src/lib.rs:363:9
[INFO] [stdout]     |
[INFO] [stdout] 363 | ...   std::intrinsics::copy_nonoverlapping(p as *const AlwaysCopy<T>, Rc::get_mut_unchecked(&mut ret).assume_init_mut() as *mut Alw...
[INFO] [stdout]     |       ^^^^^^^^^^^^^^^^^^^^^^^^^^^^^^^^^^^^
[INFO] [stdout]     |
[INFO] [stdout] help: import this function via the `ptr` module instead
[INFO] [stdout]     |
[INFO] [stdout] 363 -         std::intrinsics::copy_nonoverlapping(p as *const AlwaysCopy<T>, Rc::get_mut_unchecked(&mut ret).assume_init_mut() as *mut AlwaysCopy<T>, 1);
[INFO] [stdout] 363 +         std::ptr::copy_nonoverlapping(p as *const AlwaysCopy<T>, Rc::get_mut_unchecked(&mut ret).assume_init_mut() as *mut AlwaysCopy<T>, 1);
[INFO] [stdout]     |
[INFO] [stdout] 
[INFO] [stdout] 
[INFO] [stdout] warning: use of deprecated import through accidentally stabilized module `intrinsics`
[INFO] [stdout]    --> src/lib.rs:374:9
[INFO] [stdout]     |
[INFO] [stdout] 374 | ...   std::intrinsics::copy_nonoverlapping(p as *const AlwaysCopy<T>, Rc::get_mut_unchecked(&mut ret).as_mut_ptr() as *mut AlwaysCo...
[INFO] [stdout]     |       ^^^^^^^^^^^^^^^^^^^^^^^^^^^^^^^^^^^^
[INFO] [stdout]     |
[INFO] [stdout] help: import this function via the `ptr` module instead
[INFO] [stdout]     |
[INFO] [stdout] 374 -         std::intrinsics::copy_nonoverlapping(p as *const AlwaysCopy<T>, Rc::get_mut_unchecked(&mut ret).as_mut_ptr() as *mut AlwaysCopy<T>, p.len());
[INFO] [stdout] 374 +         std::ptr::copy_nonoverlapping(p as *const AlwaysCopy<T>, Rc::get_mut_unchecked(&mut ret).as_mut_ptr() as *mut AlwaysCopy<T>, p.len());
[INFO] [stdout]     |
[INFO] [stdout] 
[INFO] [stdout] 
[INFO] [stdout] warning: the feature `slice_ptr_len` has been stable since 1.79.0 and no longer requires an attribute to enable
[INFO] [stdout]  --> src/lib.rs:5:12
[INFO] [stdout]   |
[INFO] [stdout] 5 | #![feature(slice_ptr_len)]
[INFO] [stdout]   |            ^^^^^^^^^^^^^
[INFO] [stdout]   |
[INFO] [stdout]   = note: `#[warn(stable_features)]` on by default
[INFO] [stdout] 
[INFO] [stdout] 
[INFO] [stdout] warning: the feature `new_uninit` has been stable since 1.82.0 and no longer requires an attribute to enable
[INFO] [stdout]  --> src/lib.rs:4:12
[INFO] [stdout]   |
[INFO] [stdout] 4 | #![feature(new_uninit)]
[INFO] [stdout]   |            ^^^^^^^^^^
[INFO] [stdout] 
[INFO] [stdout] 
[INFO] [stdout] Some errors have detailed explanations: E0554, E0658.
[INFO] [stdout] 
[INFO] [stdout] For more information about an error, try `rustc --explain E0554`.
[INFO] [stdout] 
[INFO] [stderr] error: could not compile `consume_ptr` (lib) due to 8 previous errors; 9 warnings emitted
[INFO] [stderr] warning: unused dependency `derive_more`
[INFO] [stderr]  --> Cargo.toml:1:15
[INFO] [stderr]   |
[INFO] [stderr] 1 | [dependencies.derive_more]
[INFO] [stderr]   |               ^^^^^^^^^^^^
[INFO] [stderr]   |
[INFO] [stderr]   = note: `cargo::unused_dependencies` is set to `warn` by default
[INFO] [stderr] help: consider removing the dependency on `derive_more`
[INFO] [stderr] warning: `consume_ptr` (manifest) generated 1 warning
[INFO] running `Command { std: "docker" "inspect" "80ba72c54a39a9c9c2c19a1f26834123af3bd4c700d8f3fab85b42c771d62b6c", kill_on_drop: false }`
[INFO] running `Command { std: "docker" "rm" "-f" "80ba72c54a39a9c9c2c19a1f26834123af3bd4c700d8f3fab85b42c771d62b6c", kill_on_drop: false }`
[INFO] [stdout] 80ba72c54a39a9c9c2c19a1f26834123af3bd4c700d8f3fab85b42c771d62b6c
