[INFO] fetching crate const-source-position 0.1.0...
[INFO] testing const-source-position-0.1.0 against 1.99.0-beta.8+cargoflags=--release for beta-release-1.100-2
[INFO] extracting crate const-source-position 0.1.0 into /workspace/builds/worker-0-tc1/source
[INFO] removed /workspace/builds/worker-0-tc1/source/rust-toolchain
[INFO] started tweaking crates.io crate const-source-position 0.1.0
[INFO] finished tweaking crates.io crate const-source-position 0.1.0
[INFO] tweaked toml for crates.io crate const-source-position 0.1.0 written to /workspace/builds/worker-0-tc1/source/Cargo.toml
[INFO] validating manifest of crates.io crate const-source-position 0.1.0 on toolchain 1.99.0-beta.8
[INFO] running `Command { std: CARGO_HOME="/workspace/cargo-home" RUSTUP_HOME="/workspace/rustup-home" "/workspace/cargo-home/bin/cargo" "+1.99.0-beta.8" "metadata" "--manifest-path" "Cargo.toml" "--no-deps", kill_on_drop: false }`
[INFO] running `Command { std: CARGO_HOME="/workspace/cargo-home" RUSTUP_HOME="/workspace/rustup-home" "/workspace/cargo-home/bin/cargo" "+1.99.0-beta.8" "generate-lockfile" "--manifest-path" "Cargo.toml", kill_on_drop: false }`
[INFO] [stderr]     Updating crates.io index
[INFO] [stderr]      Locking 4 packages to highest compatible versions
[INFO] [stderr]       Adding syn v1.0.109 (available: v3.0.9)
[INFO] running `Command { std: CARGO_HOME="/workspace/cargo-home" RUSTUP_HOME="/workspace/rustup-home" "/workspace/cargo-home/bin/cargo" "+1.99.0-beta.8" "fetch" "--manifest-path" "Cargo.toml", kill_on_drop: false }`
[INFO] running `Command { std: "docker" "create" "-v" "/var/lib/crater-agent-workspace/builds/worker-0-tc1/source:/opt/rustwide/workdir:ro,Z" "-v" "/var/lib/crater-agent-workspace/builds/worker-0-tc1/target:/opt/rustwide/target:rw,Z" "-v" "/var/lib/crater-agent-workspace/cargo-home:/opt/rustwide/cargo-home:ro,Z" "-v" "/var/lib/crater-agent-workspace/rustup-home:/opt/rustwide/rustup-home:ro,Z" "-m" "1610612736" "--network" "none" "ghcr.io/rust-lang/crates-build-env/linux@sha256:77db811e55d90add9212f6832c23229e3de5f1c1f9905e8cb07319ea15df73ac" "sleep" "infinity", kill_on_drop: false }`
[INFO] [stdout] ee47d01ae2927a9d9362ab74077a5775f39e20a5c6f42e0542a77cc8dca14d87
[INFO] running `Command { std: "docker" "start" "ee47d01ae2927a9d9362ab74077a5775f39e20a5c6f42e0542a77cc8dca14d87", kill_on_drop: false }`
[INFO] running `Command { std: "docker" "inspect" "ee47d01ae2927a9d9362ab74077a5775f39e20a5c6f42e0542a77cc8dca14d87", kill_on_drop: false }`
[INFO] running `Command { std: "docker" "exec" "-e" "SOURCE_DIR=/opt/rustwide/workdir" "-e" "CARGO_HOME=/opt/rustwide/cargo-home" "-e" "RUSTUP_HOME=/opt/rustwide/rustup-home" "-e" "CARGO_TARGET_DIR=/opt/rustwide/target" "-w" "/opt/rustwide/workdir" "--user" "0:0" "ee47d01ae2927a9d9362ab74077a5775f39e20a5c6f42e0542a77cc8dca14d87" "/opt/rustwide/cargo-home/bin/cargo" "+1.99.0-beta.8" "metadata" "--no-deps" "--format-version=1", kill_on_drop: false }`
[INFO] running `Command { std: "docker" "inspect" "ee47d01ae2927a9d9362ab74077a5775f39e20a5c6f42e0542a77cc8dca14d87", kill_on_drop: false }`
[INFO] running `Command { std: "docker" "exec" "-e" "SOURCE_DIR=/opt/rustwide/workdir" "-e" "CARGO_HOME=/opt/rustwide/cargo-home" "-e" "RUSTUP_HOME=/opt/rustwide/rustup-home" "-e" "CARGO_TARGET_DIR=/opt/rustwide/target" "-e" "CARGO_INCREMENTAL=0" "-e" "RUST_BACKTRACE=full" "-e" "RUSTFLAGS=--cap-lints=warn" "-e" "RUSTDOCFLAGS=--cap-lints=warn" "-w" "/opt/rustwide/workdir" "--user" "0:0" "ee47d01ae2927a9d9362ab74077a5775f39e20a5c6f42e0542a77cc8dca14d87" "/opt/rustwide/cargo-home/bin/cargo" "+1.99.0-beta.8" "build" "--frozen" "--message-format=json" "--release", kill_on_drop: false }`
[INFO] [stderr]    Compiling proc-macro2 v1.0.107
[INFO] [stderr]    Compiling unicode-ident v1.0.27
[INFO] [stderr]    Compiling quote v1.0.47
[INFO] [stderr]    Compiling syn v1.0.109
[INFO] [stderr]    Compiling const-source-position v0.1.0 (/opt/rustwide/workdir)
[INFO] [stdout] error[E0554]: `#![feature]` may not be used on the beta release channel
[INFO] [stdout]  --> src/lib.rs:2:1
[INFO] [stdout]   |
[INFO] [stdout] 2 | #![feature(adt_const_params)]
[INFO] [stdout]   | ^^^^^^^^^^^^^^^^^^^^^^^^^^^^^
[INFO] [stdout] 
[INFO] [stdout] 
[INFO] [stdout] error[E0599]: no method named `source_file` found for struct `Span` in the current scope
[INFO] [stdout]   --> src/lib.rs:50:10
[INFO] [stdout]    |
[INFO] [stdout] 49 |       (*span
[INFO] [stdout]    |  _______-
[INFO] [stdout] 50 | |         .source_file()
[INFO] [stdout]    | |_________-^^^^^^^^^^^
[INFO] [stdout]    |
[INFO] [stdout] help: there is a method `source` with a similar name
[INFO] [stdout]    |
[INFO] [stdout] 50 -         .source_file()
[INFO] [stdout] 50 +         .source()
[INFO] [stdout]    |
[INFO] [stdout] 
[INFO] [stdout] 
[INFO] [stdout] error[E0615]: attempted to take value of method `line` on type `Span`
[INFO] [stdout]   --> src/lib.rs:58:57
[INFO] [stdout]    |
[INFO] [stdout] 58 |     file_source.push_str(&format!(":{}:{}", line_column.line, line_column.column));
[INFO] [stdout]    |                                                         ^^^^ method, not a field
[INFO] [stdout]    |
[INFO] [stdout] help: use parentheses to call the method
[INFO] [stdout]    |
[INFO] [stdout] 58 |     file_source.push_str(&format!(":{}:{}", line_column.line(), line_column.column));
[INFO] [stdout]    |                                                             ++
[INFO] [stdout] 
[INFO] [stdout] 
[INFO] [stdout] error[E0615]: attempted to take value of method `column` on type `Span`
[INFO] [stdout]   --> src/lib.rs:58:75
[INFO] [stdout]    |
[INFO] [stdout] 58 |     file_source.push_str(&format!(":{}:{}", line_column.line, line_column.column));
[INFO] [stdout]    |                                                                           ^^^^^^ method, not a field
[INFO] [stdout]    |
[INFO] [stdout] help: use parentheses to call the method
[INFO] [stdout]    |
[INFO] [stdout] 58 |     file_source.push_str(&format!(":{}:{}", line_column.line, line_column.column()));
[INFO] [stdout]    |                                                                                 ++
[INFO] [stdout] 
[INFO] [stdout] 
[INFO] [stdout] Some errors have detailed explanations: E0554, E0599, E0615.
[INFO] [stdout] 
[INFO] [stdout] For more information about an error, try `rustc --explain E0554`.
[INFO] [stdout] 
[INFO] [stderr] error: could not compile `const-source-position` (lib) due to 4 previous errors
[INFO] running `Command { std: "docker" "inspect" "ee47d01ae2927a9d9362ab74077a5775f39e20a5c6f42e0542a77cc8dca14d87", kill_on_drop: false }`
[INFO] running `Command { std: "docker" "rm" "-f" "ee47d01ae2927a9d9362ab74077a5775f39e20a5c6f42e0542a77cc8dca14d87", kill_on_drop: false }`
[INFO] [stdout] ee47d01ae2927a9d9362ab74077a5775f39e20a5c6f42e0542a77cc8dca14d87
