[INFO] fetching crate consortium-fanout-sim 0.3.1...
[INFO] testing consortium-fanout-sim-0.3.1 against 1.100.0-beta.1+cargoflags=--release for beta-release-1.100-2
[INFO] extracting crate consortium-fanout-sim 0.3.1 into /workspace/builds/worker-4-tc2/source
[INFO] started tweaking crates.io crate consortium-fanout-sim 0.3.1
[INFO] removed 0 missing examples
[INFO] removed 0 missing tests
[INFO] finished tweaking crates.io crate consortium-fanout-sim 0.3.1
[INFO] tweaked toml for crates.io crate consortium-fanout-sim 0.3.1 written to /workspace/builds/worker-4-tc2/source/Cargo.toml
[INFO] validating manifest of crates.io crate consortium-fanout-sim 0.3.1 on toolchain 1.100.0-beta.1
[INFO] running `Command { std: CARGO_HOME="/workspace/cargo-home" RUSTUP_HOME="/workspace/rustup-home" "/workspace/cargo-home/bin/cargo" "+1.100.0-beta.1" "metadata" "--manifest-path" "Cargo.toml" "--no-deps", kill_on_drop: false }`
[INFO] crate crates.io crate consortium-fanout-sim 0.3.1 already has a lockfile, it will not be regenerated
[INFO] running `Command { std: CARGO_HOME="/workspace/cargo-home" RUSTUP_HOME="/workspace/rustup-home" "/workspace/cargo-home/bin/cargo" "+1.100.0-beta.1" "fetch" "--manifest-path" "Cargo.toml", kill_on_drop: false }`
[INFO] running `Command { std: "docker" "create" "-v" "/var/lib/crater-agent-workspace/builds/worker-4-tc2/source:/opt/rustwide/workdir:ro,Z" "-v" "/var/lib/crater-agent-workspace/builds/worker-4-tc2/target:/opt/rustwide/target:rw,Z" "-v" "/var/lib/crater-agent-workspace/cargo-home:/opt/rustwide/cargo-home:ro,Z" "-v" "/var/lib/crater-agent-workspace/rustup-home:/opt/rustwide/rustup-home:ro,Z" "-m" "1610612736" "--network" "none" "ghcr.io/rust-lang/crates-build-env/linux@sha256:77db811e55d90add9212f6832c23229e3de5f1c1f9905e8cb07319ea15df73ac" "sleep" "infinity", kill_on_drop: false }`
[INFO] [stdout] 429d126a3ac6bc168f4caaa3768531869b106a41b4ddc14653ede876e0503d9d
[INFO] running `Command { std: "docker" "start" "429d126a3ac6bc168f4caaa3768531869b106a41b4ddc14653ede876e0503d9d", kill_on_drop: false }`
[INFO] running `Command { std: "docker" "inspect" "429d126a3ac6bc168f4caaa3768531869b106a41b4ddc14653ede876e0503d9d", kill_on_drop: false }`
[INFO] running `Command { std: "docker" "exec" "-e" "SOURCE_DIR=/opt/rustwide/workdir" "-e" "CARGO_HOME=/opt/rustwide/cargo-home" "-e" "RUSTUP_HOME=/opt/rustwide/rustup-home" "-e" "CARGO_TARGET_DIR=/opt/rustwide/target" "-w" "/opt/rustwide/workdir" "--user" "0:0" "429d126a3ac6bc168f4caaa3768531869b106a41b4ddc14653ede876e0503d9d" "/opt/rustwide/cargo-home/bin/cargo" "+1.100.0-beta.1" "metadata" "--no-deps" "--format-version=1", kill_on_drop: false }`
[INFO] running `Command { std: "docker" "inspect" "429d126a3ac6bc168f4caaa3768531869b106a41b4ddc14653ede876e0503d9d", kill_on_drop: false }`
[INFO] running `Command { std: "docker" "exec" "-e" "SOURCE_DIR=/opt/rustwide/workdir" "-e" "CARGO_HOME=/opt/rustwide/cargo-home" "-e" "RUSTUP_HOME=/opt/rustwide/rustup-home" "-e" "CARGO_TARGET_DIR=/opt/rustwide/target" "-e" "CARGO_INCREMENTAL=0" "-e" "RUST_BACKTRACE=full" "-e" "RUSTFLAGS=--cap-lints=warn" "-e" "RUSTDOCFLAGS=--cap-lints=warn" "-w" "/opt/rustwide/workdir" "--user" "0:0" "429d126a3ac6bc168f4caaa3768531869b106a41b4ddc14653ede876e0503d9d" "/opt/rustwide/cargo-home/bin/cargo" "+1.100.0-beta.1" "build" "--frozen" "--message-format=json" "--release", kill_on_drop: false }`
[INFO] [stderr]    Compiling libc v0.2.184
[INFO] [stderr]    Compiling memchr v2.8.0
[INFO] [stderr]    Compiling configparser v3.1.0
[INFO] [stderr]    Compiling slotmap v1.1.1
[INFO] [stderr]    Compiling syn v2.0.117
[INFO] [stderr]    Compiling ppv-lite86 v0.2.21
[INFO] [stderr]    Compiling serde_json v1.0.149
[INFO] [stderr]    Compiling dirs-sys-next v0.1.2
[INFO] [stderr]    Compiling getrandom v0.2.17
[INFO] [stderr]    Compiling hostname v0.4.2
[INFO] [stderr]    Compiling rand_core v0.6.4
[INFO] [stderr]    Compiling dirs-next v2.0.0
[INFO] [stderr]    Compiling rand_chacha v0.3.1
[INFO] [stderr]    Compiling rand v0.8.6
[INFO] [stderr]    Compiling thiserror-impl v2.0.18
[INFO] [stderr]    Compiling serde_derive v1.0.228
[INFO] [stderr]    Compiling thiserror v2.0.18
[INFO] [stderr]    Compiling consortium-crate v0.3.1
[INFO] [stderr]    Compiling serde v1.0.228
[INFO] [stderr]    Compiling consortium-integration v0.3.1
[INFO] [stderr]    Compiling consortium-nix v0.3.1
[INFO] [stderr]    Compiling consortium-fanout-sim v0.3.1 (/opt/rustwide/workdir)
[INFO] [stderr]     Finished `release` profile [optimized] target(s) in 38.10s
[INFO] running `Command { std: "docker" "inspect" "429d126a3ac6bc168f4caaa3768531869b106a41b4ddc14653ede876e0503d9d", kill_on_drop: false }`
[INFO] running `Command { std: "docker" "exec" "-e" "SOURCE_DIR=/opt/rustwide/workdir" "-e" "CARGO_HOME=/opt/rustwide/cargo-home" "-e" "RUSTUP_HOME=/opt/rustwide/rustup-home" "-e" "CARGO_TARGET_DIR=/opt/rustwide/target" "-e" "CARGO_INCREMENTAL=0" "-e" "RUST_BACKTRACE=full" "-e" "RUSTFLAGS=--cap-lints=warn" "-e" "RUSTDOCFLAGS=--cap-lints=warn" "-w" "/opt/rustwide/workdir" "--user" "0:0" "429d126a3ac6bc168f4caaa3768531869b106a41b4ddc14653ede876e0503d9d" "/opt/rustwide/cargo-home/bin/cargo" "+1.100.0-beta.1" "test" "--frozen" "--no-run" "--message-format=json" "--release", kill_on_drop: false }`
[INFO] [stderr]    Compiling zerocopy v0.8.48
[INFO] [stderr]    Compiling serde v1.0.228
[INFO] [stderr]    Compiling getrandom v0.3.4
[INFO] [stderr]    Compiling regex-syntax v0.8.10
[INFO] [stderr]    Compiling num-traits v0.2.19
[INFO] [stderr]    Compiling serde_json v1.0.149
[INFO] [stderr]    Compiling getrandom v0.4.2
[INFO] [stderr]    Compiling ciborium-io v0.2.2
[INFO] [stderr]    Compiling fastrand v2.4.1
[INFO] [stderr]    Compiling syn v2.0.117
[INFO] [stderr]    Compiling itertools v0.10.5
[INFO] [stderr]    Compiling wait-timeout v0.2.1
[INFO] [stderr]    Compiling clap_builder v4.6.0
[INFO] [stderr]    Compiling quick-error v1.2.3
[INFO] [stderr]    Compiling bit-vec v0.8.0
[INFO] [stderr]    Compiling is-terminal v0.4.17
[INFO] [stderr]    Compiling anes v0.1.6
[INFO] [stderr]    Compiling unarray v0.1.4
[INFO] [stderr]    Compiling rand_core v0.9.5
[INFO] [stderr]    Compiling tempfile v3.27.0
[INFO] [stderr]    Compiling rand_xorshift v0.4.0
[INFO] [stderr]    Compiling rand v0.9.4
[INFO] [stderr]    Compiling bit-set v0.8.0
[INFO] [stderr]    Compiling rusty-fork v0.3.1
[INFO] [stderr]    Compiling criterion-plot v0.5.0
[INFO] [stderr]    Compiling regex-automata v0.4.14
[INFO] [stderr]    Compiling clap v4.6.0
[INFO] [stderr]    Compiling zerocopy-derive v0.8.48
[INFO] [stderr]    Compiling serde_derive v1.0.228
[INFO] [stderr]    Compiling thiserror-impl v2.0.18
[INFO] [stderr]    Compiling thiserror v2.0.18
[INFO] [stderr]    Compiling consortium-crate v0.3.1
[INFO] [stderr]    Compiling regex v1.12.3
[INFO] [stderr]    Compiling consortium-integration v0.3.1
[INFO] [stderr]    Compiling tinytemplate v1.2.1
[INFO] [stderr]    Compiling consortium-nix v0.3.1
[INFO] [stderr]    Compiling ppv-lite86 v0.2.21
[INFO] [stderr]    Compiling half v2.7.1
[INFO] [stderr]    Compiling ciborium-ll v0.2.2
[INFO] [stderr]    Compiling rand_chacha v0.3.1
[INFO] [stderr]    Compiling rand_chacha v0.9.0
[INFO] [stderr]    Compiling ciborium v0.2.2
[INFO] [stderr]    Compiling proptest v1.11.0
[INFO] [stderr]    Compiling rand v0.8.6
[INFO] [stderr]    Compiling criterion v0.5.1
[INFO] [stderr]    Compiling consortium-fanout-sim v0.3.1 (/opt/rustwide/workdir)
[INFO] [stdout] error[E0433]: cannot find module or crate `consortium_cli` in this scope
[INFO] [stdout]   --> examples/scale_1024.rs:18:5
[INFO] [stdout]    |
[INFO] [stdout] 18 | use consortium_cli::tree::{render, NodeStatus, OutputFormat, TreeNode};
[INFO] [stdout]    |     ^^^^^^^^^^^^^^ use of unresolved module or unlinked crate `consortium_cli`
[INFO] [stdout]    |
[INFO] [stdout] help: there is a crate or module with a similar name
[INFO] [stdout]    |
[INFO] [stdout] 18 - use consortium_cli::tree::{render, NodeStatus, OutputFormat, TreeNode};
[INFO] [stdout] 18 + use consortium_nix::tree::{render, NodeStatus, OutputFormat, TreeNode};
[INFO] [stdout]    |
[INFO] [stdout] 
[INFO] [stdout] 
[INFO] [stdout] For more information about this error, try `rustc --explain E0433`.
[INFO] [stdout] 
[INFO] [stdout] error[E0433]: cannot find module or crate `consortium` in this scope
[INFO] [stdout]  --> tests/simexec.rs:8:5
[INFO] [stdout]   |
[INFO] [stdout] 8 | use consortium::dag::{DagBuilder, DagContext, DagReport, FnTask, TaskId, TaskOutcome};
[INFO] [stdout]   |     ^^^^^^^^^^ use of unresolved module or unlinked crate `consortium`
[INFO] [stdout]   |
[INFO] [stdout]   = help: if you wanted to use a crate named `consortium`, use `cargo add consortium` to add it to your `Cargo.toml`
[INFO] [stdout] 
[INFO] [stdout] 
[INFO] [stderr] error: could not compile `consortium-fanout-sim` (example "scale_1024") due to 1 previous error
[INFO] [stderr] warning: build failed, waiting for other jobs to finish...
[INFO] [stdout] error[E0433]: cannot find module or crate `consortium_cli` in this scope
[INFO] [stdout]   --> examples/scale_256.rs:18:5
[INFO] [stdout]    |
[INFO] [stdout] 18 | use consortium_cli::tree::{render, NodeStatus, OutputFormat, TreeNode};
[INFO] [stdout]    |     ^^^^^^^^^^^^^^ use of unresolved module or unlinked crate `consortium_cli`
[INFO] [stdout]    |
[INFO] [stdout] help: there is a crate or module with a similar name
[INFO] [stdout]    |
[INFO] [stdout] 18 - use consortium_cli::tree::{render, NodeStatus, OutputFormat, TreeNode};
[INFO] [stdout] 18 + use consortium_nix::tree::{render, NodeStatus, OutputFormat, TreeNode};
[INFO] [stdout]    |
[INFO] [stdout] 
[INFO] [stdout] 
[INFO] [stdout] For more information about this error, try `rustc --explain E0433`.
[INFO] [stdout] 
[INFO] [stdout] For more information about this error, try `rustc --explain E0433`.
[INFO] [stdout] 
[INFO] [stderr] error: could not compile `consortium-fanout-sim` (example "scale_256") due to 1 previous error
[INFO] [stderr] error: could not compile `consortium-fanout-sim` (test "simexec") due to 1 previous error
[INFO] running `Command { std: "docker" "inspect" "429d126a3ac6bc168f4caaa3768531869b106a41b4ddc14653ede876e0503d9d", kill_on_drop: false }`
[INFO] running `Command { std: "docker" "rm" "-f" "429d126a3ac6bc168f4caaa3768531869b106a41b4ddc14653ede876e0503d9d", kill_on_drop: false }`
[INFO] [stdout] 429d126a3ac6bc168f4caaa3768531869b106a41b4ddc14653ede876e0503d9d
