[INFO] fetching crate consortium-ansible 0.3.1...
[INFO] testing consortium-ansible-0.3.1 against 1.100.0-beta.1+cargoflags=--release for beta-release-1.100-2
[INFO] extracting crate consortium-ansible 0.3.1 into /workspace/builds/worker-5-tc2/source
[INFO] started tweaking crates.io crate consortium-ansible 0.3.1
[INFO] removed 0 missing tests
[INFO] finished tweaking crates.io crate consortium-ansible 0.3.1
[INFO] tweaked toml for crates.io crate consortium-ansible 0.3.1 written to /workspace/builds/worker-5-tc2/source/Cargo.toml
[INFO] validating manifest of crates.io crate consortium-ansible 0.3.1 on toolchain 1.100.0-beta.1
[INFO] running `Command { std: CARGO_HOME="/workspace/cargo-home" RUSTUP_HOME="/workspace/rustup-home" "/workspace/cargo-home/bin/cargo" "+1.100.0-beta.1" "metadata" "--manifest-path" "Cargo.toml" "--no-deps", kill_on_drop: false }`
[INFO] crate crates.io crate consortium-ansible 0.3.1 already has a lockfile, it will not be regenerated
[INFO] running `Command { std: CARGO_HOME="/workspace/cargo-home" RUSTUP_HOME="/workspace/rustup-home" "/workspace/cargo-home/bin/cargo" "+1.100.0-beta.1" "fetch" "--manifest-path" "Cargo.toml", kill_on_drop: false }`
[INFO] running `Command { std: "docker" "create" "-v" "/var/lib/crater-agent-workspace/builds/worker-5-tc2/source:/opt/rustwide/workdir:ro,Z" "-v" "/var/lib/crater-agent-workspace/builds/worker-5-tc2/target:/opt/rustwide/target:rw,Z" "-v" "/var/lib/crater-agent-workspace/cargo-home:/opt/rustwide/cargo-home:ro,Z" "-v" "/var/lib/crater-agent-workspace/rustup-home:/opt/rustwide/rustup-home:ro,Z" "-m" "1610612736" "--network" "none" "ghcr.io/rust-lang/crates-build-env/linux@sha256:77db811e55d90add9212f6832c23229e3de5f1c1f9905e8cb07319ea15df73ac" "sleep" "infinity", kill_on_drop: false }`
[INFO] [stdout] c4d16e61b51449443babf2717d7db2e6d847780971da60d183e5a965669eb275
[INFO] running `Command { std: "docker" "start" "c4d16e61b51449443babf2717d7db2e6d847780971da60d183e5a965669eb275", kill_on_drop: false }`
[INFO] running `Command { std: "docker" "inspect" "c4d16e61b51449443babf2717d7db2e6d847780971da60d183e5a965669eb275", kill_on_drop: false }`
[INFO] running `Command { std: "docker" "exec" "-e" "SOURCE_DIR=/opt/rustwide/workdir" "-e" "CARGO_HOME=/opt/rustwide/cargo-home" "-e" "RUSTUP_HOME=/opt/rustwide/rustup-home" "-e" "CARGO_TARGET_DIR=/opt/rustwide/target" "-w" "/opt/rustwide/workdir" "--user" "0:0" "c4d16e61b51449443babf2717d7db2e6d847780971da60d183e5a965669eb275" "/opt/rustwide/cargo-home/bin/cargo" "+1.100.0-beta.1" "metadata" "--no-deps" "--format-version=1", kill_on_drop: false }`
[INFO] running `Command { std: "docker" "inspect" "c4d16e61b51449443babf2717d7db2e6d847780971da60d183e5a965669eb275", kill_on_drop: false }`
[INFO] running `Command { std: "docker" "exec" "-e" "SOURCE_DIR=/opt/rustwide/workdir" "-e" "CARGO_HOME=/opt/rustwide/cargo-home" "-e" "RUSTUP_HOME=/opt/rustwide/rustup-home" "-e" "CARGO_TARGET_DIR=/opt/rustwide/target" "-e" "CARGO_INCREMENTAL=0" "-e" "RUST_BACKTRACE=full" "-e" "RUSTFLAGS=--cap-lints=warn" "-e" "RUSTDOCFLAGS=--cap-lints=warn" "-w" "/opt/rustwide/workdir" "--user" "0:0" "c4d16e61b51449443babf2717d7db2e6d847780971da60d183e5a965669eb275" "/opt/rustwide/cargo-home/bin/cargo" "+1.100.0-beta.1" "build" "--frozen" "--message-format=json" "--release", kill_on_drop: false }`
[INFO] [stderr]    Compiling libc v0.2.184
[INFO] [stderr]    Compiling configparser v3.1.0
[INFO] [stderr]    Compiling slotmap v1.1.1
[INFO] [stderr]    Compiling syn v2.0.117
[INFO] [stderr]    Compiling serde_json v1.0.149
[INFO] [stderr]    Compiling dirs-sys-next v0.1.2
[INFO] [stderr]    Compiling hostname v0.4.2
[INFO] [stderr]    Compiling dirs-next v2.0.0
[INFO] [stderr]    Compiling thiserror-impl v2.0.18
[INFO] [stderr]    Compiling serde_derive v1.0.228
[INFO] [stderr]    Compiling thiserror v2.0.18
[INFO] [stderr]    Compiling consortium-crate v0.3.1
[INFO] [stderr]    Compiling serde v1.0.228
[INFO] [stderr]    Compiling consortium-integration v0.3.1
[INFO] [stderr]    Compiling serde_yaml v0.9.34+deprecated
[INFO] [stderr]    Compiling consortium-ansible v0.3.1 (/opt/rustwide/workdir)
[INFO] [stderr] warning: unused dependency `serde_yaml`
[INFO] [stderr]   --> Cargo.toml:15:15
[INFO] [stderr]    |
[INFO] [stderr] 15 | [dependencies.serde_yaml]
[INFO] [stderr]    |               ^^^^^^^^^^^
[INFO] [stderr]    |
[INFO] [stderr]    = note: `cargo::unused_dependencies` is set to `warn` by default
[INFO] [stderr] help: consider removing the dependency on `serde_yaml`
[INFO] [stderr] warning: `consortium-ansible` (manifest) generated 1 warning
[INFO] [stderr]     Finished `release` profile [optimized] target(s) in 21.55s
[INFO] running `Command { std: "docker" "inspect" "c4d16e61b51449443babf2717d7db2e6d847780971da60d183e5a965669eb275", kill_on_drop: false }`
[INFO] running `Command { std: "docker" "exec" "-e" "SOURCE_DIR=/opt/rustwide/workdir" "-e" "CARGO_HOME=/opt/rustwide/cargo-home" "-e" "RUSTUP_HOME=/opt/rustwide/rustup-home" "-e" "CARGO_TARGET_DIR=/opt/rustwide/target" "-e" "CARGO_INCREMENTAL=0" "-e" "RUST_BACKTRACE=full" "-e" "RUSTFLAGS=--cap-lints=warn" "-e" "RUSTDOCFLAGS=--cap-lints=warn" "-w" "/opt/rustwide/workdir" "--user" "0:0" "c4d16e61b51449443babf2717d7db2e6d847780971da60d183e5a965669eb275" "/opt/rustwide/cargo-home/bin/cargo" "+1.100.0-beta.1" "test" "--frozen" "--no-run" "--message-format=json" "--release", kill_on_drop: false }`
[INFO] [stderr]    Compiling consortium-ansible v0.3.1 (/opt/rustwide/workdir)
[INFO] [stdout] error[E0433]: cannot find module or crate `consortium_fanout_sim` in this scope
[INFO] [stdout]   --> tests/sim.rs:27:5
[INFO] [stdout]    |
[INFO] [stdout] 27 | use consortium_fanout_sim::fixtures::{BandwidthDistribution, FailureSchedule};
[INFO] [stdout]    |     ^^^^^^^^^^^^^^^^^^^^^ use of unresolved module or unlinked crate `consortium_fanout_sim`
[INFO] [stdout]    |
[INFO] [stdout]    = help: if you wanted to use a crate named `consortium_fanout_sim`, use `cargo add consortium_fanout_sim` to add it to your `Cargo.toml`
[INFO] [stdout] 
[INFO] [stdout] 
[INFO] [stdout] error[E0433]: cannot find module or crate `consortium_fanout_sim` in this scope
[INFO] [stdout]   --> tests/sim.rs:28:5
[INFO] [stdout]    |
[INFO] [stdout] 28 | use consortium_fanout_sim::simexec::{
[INFO] [stdout]    |     ^^^^^^^^^^^^^^^^^^^^^ use of unresolved module or unlinked crate `consortium_fanout_sim`
[INFO] [stdout]    |
[INFO] [stdout]    = help: if you wanted to use a crate named `consortium_fanout_sim`, use `cargo add consortium_fanout_sim` to add it to your `Cargo.toml`
[INFO] [stdout] 
[INFO] [stdout] 
[INFO] [stdout] error[E0432]: unresolved import `consortium_fanout_sim`
[INFO] [stdout]   --> tests/sim.rs:31:5
[INFO] [stdout]    |
[INFO] [stdout] 31 | use consortium_fanout_sim::NodeId;
[INFO] [stdout]    |     ^^^^^^^^^^^^^^^^^^^^^ use of unresolved module or unlinked crate `consortium_fanout_sim`
[INFO] [stdout]    |
[INFO] [stdout]    = help: if you wanted to use a crate named `consortium_fanout_sim`, use `cargo add consortium_fanout_sim` to add it to your `Cargo.toml`
[INFO] [stdout] 
[INFO] [stdout] 
[INFO] [stdout] error[E0432]: unresolved import `consortium_integration_testkit`
[INFO] [stdout]   --> tests/contract.rs:14:5
[INFO] [stdout]    |
[INFO] [stdout] 14 | use consortium_integration_testkit::{
[INFO] [stdout]    |     ^^^^^^^^^^^^^^^^^^^^^^^^^^^^^^ use of unresolved module or unlinked crate `consortium_integration_testkit`
[INFO] [stdout]    |
[INFO] [stdout] help: there is a crate or module with a similar name
[INFO] [stdout]    |
[INFO] [stdout] 14 - use consortium_integration_testkit::{
[INFO] [stdout] 14 + use consortium_integration::{
[INFO] [stdout]    |
[INFO] [stdout] 
[INFO] [stdout] 
[INFO] [stdout] For more information about this error, try `rustc --explain E0432`.
[INFO] [stdout] 
[INFO] [stderr] error: could not compile `consortium-ansible` (test "contract") due to 1 previous error
[INFO] [stderr] warning: build failed, waiting for other jobs to finish...
[INFO] [stdout] Some errors have detailed explanations: E0432, E0433.
[INFO] [stdout] 
[INFO] [stdout] For more information about an error, try `rustc --explain E0432`.
[INFO] [stdout] 
[INFO] [stderr] error: could not compile `consortium-ansible` (test "sim") due to 3 previous errors
[INFO] [stderr] warning: unused dependency `serde_yaml`
[INFO] [stderr]   --> Cargo.toml:15:15
[INFO] [stderr]    |
[INFO] [stderr] 15 | [dependencies.serde_yaml]
[INFO] [stderr]    |               ^^^^^^^^^^^
[INFO] [stderr]    |
[INFO] [stderr]    = note: `cargo::unused_dependencies` is set to `warn` by default
[INFO] [stderr] help: consider removing the dependency on `serde_yaml`
[INFO] [stderr] warning: `consortium-ansible` (manifest) generated 1 warning
[INFO] running `Command { std: "docker" "inspect" "c4d16e61b51449443babf2717d7db2e6d847780971da60d183e5a965669eb275", kill_on_drop: false }`
[INFO] running `Command { std: "docker" "rm" "-f" "c4d16e61b51449443babf2717d7db2e6d847780971da60d183e5a965669eb275", kill_on_drop: false }`
[INFO] [stdout] c4d16e61b51449443babf2717d7db2e6d847780971da60d183e5a965669eb275
