[INFO] fetching crate conservation-lint 0.1.0...
[INFO] testing conservation-lint-0.1.0 against 1.99.0-beta.8+cargoflags=--release for beta-release-1.100-2
[INFO] extracting crate conservation-lint 0.1.0 into /workspace/builds/worker-6-tc1/source
[INFO] started tweaking crates.io crate conservation-lint 0.1.0
[INFO] removed 0 missing tests
[INFO] finished tweaking crates.io crate conservation-lint 0.1.0
[INFO] tweaked toml for crates.io crate conservation-lint 0.1.0 written to /workspace/builds/worker-6-tc1/source/Cargo.toml
[INFO] validating manifest of crates.io crate conservation-lint 0.1.0 on toolchain 1.99.0-beta.8
[INFO] running `Command { std: CARGO_HOME="/workspace/cargo-home" RUSTUP_HOME="/workspace/rustup-home" "/workspace/cargo-home/bin/cargo" "+1.99.0-beta.8" "metadata" "--manifest-path" "Cargo.toml" "--no-deps", kill_on_drop: false }`
[INFO] crate crates.io crate conservation-lint 0.1.0 already has a lockfile, it will not be regenerated
[INFO] running `Command { std: CARGO_HOME="/workspace/cargo-home" RUSTUP_HOME="/workspace/rustup-home" "/workspace/cargo-home/bin/cargo" "+1.99.0-beta.8" "fetch" "--manifest-path" "Cargo.toml", kill_on_drop: false }`
[INFO] running `Command { std: "docker" "create" "-v" "/var/lib/crater-agent-workspace/builds/worker-6-tc1/source:/opt/rustwide/workdir:ro,Z" "-v" "/var/lib/crater-agent-workspace/builds/worker-6-tc1/target:/opt/rustwide/target:rw,Z" "-v" "/var/lib/crater-agent-workspace/cargo-home:/opt/rustwide/cargo-home:ro,Z" "-v" "/var/lib/crater-agent-workspace/rustup-home:/opt/rustwide/rustup-home:ro,Z" "-m" "1610612736" "--network" "none" "ghcr.io/rust-lang/crates-build-env/linux@sha256:77db811e55d90add9212f6832c23229e3de5f1c1f9905e8cb07319ea15df73ac" "sleep" "infinity", kill_on_drop: false }`
[INFO] [stdout] 3d42b8094ebb4ccc47be2a76f13c279e4eea4203e84dc4dabc546ca22137bd37
[INFO] running `Command { std: "docker" "start" "3d42b8094ebb4ccc47be2a76f13c279e4eea4203e84dc4dabc546ca22137bd37", kill_on_drop: false }`
[INFO] running `Command { std: "docker" "inspect" "3d42b8094ebb4ccc47be2a76f13c279e4eea4203e84dc4dabc546ca22137bd37", kill_on_drop: false }`
[INFO] running `Command { std: "docker" "exec" "-e" "SOURCE_DIR=/opt/rustwide/workdir" "-e" "CARGO_HOME=/opt/rustwide/cargo-home" "-e" "RUSTUP_HOME=/opt/rustwide/rustup-home" "-e" "CARGO_TARGET_DIR=/opt/rustwide/target" "-w" "/opt/rustwide/workdir" "--user" "0:0" "3d42b8094ebb4ccc47be2a76f13c279e4eea4203e84dc4dabc546ca22137bd37" "/opt/rustwide/cargo-home/bin/cargo" "+1.99.0-beta.8" "metadata" "--no-deps" "--format-version=1", kill_on_drop: false }`
[INFO] running `Command { std: "docker" "inspect" "3d42b8094ebb4ccc47be2a76f13c279e4eea4203e84dc4dabc546ca22137bd37", kill_on_drop: false }`
[INFO] running `Command { std: "docker" "exec" "-e" "SOURCE_DIR=/opt/rustwide/workdir" "-e" "CARGO_HOME=/opt/rustwide/cargo-home" "-e" "RUSTUP_HOME=/opt/rustwide/rustup-home" "-e" "CARGO_TARGET_DIR=/opt/rustwide/target" "-e" "CARGO_INCREMENTAL=0" "-e" "RUST_BACKTRACE=full" "-e" "RUSTFLAGS=--cap-lints=warn" "-e" "RUSTDOCFLAGS=--cap-lints=warn" "-w" "/opt/rustwide/workdir" "--user" "0:0" "3d42b8094ebb4ccc47be2a76f13c279e4eea4203e84dc4dabc546ca22137bd37" "/opt/rustwide/cargo-home/bin/cargo" "+1.99.0-beta.8" "build" "--frozen" "--message-format=json" "--release", kill_on_drop: false }`
[INFO] [stderr]    Compiling memchr v2.8.1
[INFO] [stderr]    Compiling anstream v1.0.0
[INFO] [stderr]    Compiling syn v2.0.117
[INFO] [stderr]    Compiling clap_builder v4.6.0
[INFO] [stderr]    Compiling aho-corasick v1.1.4
[INFO] [stderr]    Compiling serde_json v1.0.150
[INFO] [stderr]    Compiling regex-automata v0.4.14
[INFO] [stderr]    Compiling clap_derive v4.6.1
[INFO] [stderr]    Compiling serde_derive v1.0.228
[INFO] [stderr]    Compiling regex v1.12.3
[INFO] [stderr]    Compiling clap v4.6.1
[INFO] [stderr]    Compiling serde v1.0.228
[INFO] [stderr]    Compiling conservation-lint v0.1.0 (/opt/rustwide/workdir)
[INFO] [stderr]     Finished `release` profile [optimized] target(s) in 31.67s
[INFO] running `Command { std: "docker" "inspect" "3d42b8094ebb4ccc47be2a76f13c279e4eea4203e84dc4dabc546ca22137bd37", kill_on_drop: false }`
[INFO] running `Command { std: "docker" "exec" "-e" "SOURCE_DIR=/opt/rustwide/workdir" "-e" "CARGO_HOME=/opt/rustwide/cargo-home" "-e" "RUSTUP_HOME=/opt/rustwide/rustup-home" "-e" "CARGO_TARGET_DIR=/opt/rustwide/target" "-e" "CARGO_INCREMENTAL=0" "-e" "RUST_BACKTRACE=full" "-e" "RUSTFLAGS=--cap-lints=warn" "-e" "RUSTDOCFLAGS=--cap-lints=warn" "-w" "/opt/rustwide/workdir" "--user" "0:0" "3d42b8094ebb4ccc47be2a76f13c279e4eea4203e84dc4dabc546ca22137bd37" "/opt/rustwide/cargo-home/bin/cargo" "+1.99.0-beta.8" "test" "--frozen" "--no-run" "--message-format=json" "--release", kill_on_drop: false }`
[INFO] [stderr]    Compiling libc v0.2.186
[INFO] [stderr]    Compiling getrandom v0.4.2
[INFO] [stderr]    Compiling bitflags v2.13.0
[INFO] [stderr]    Compiling once_cell v1.21.4
[INFO] [stderr]    Compiling fastrand v2.4.1
[INFO] [stderr]    Compiling rustix v1.1.4
[INFO] [stderr]    Compiling tempfile v3.27.0
[INFO] [stderr]    Compiling conservation-lint v0.1.0 (/opt/rustwide/workdir)
[INFO] [stdout] error[E0425]: cannot find value `errors` in this scope
[INFO] [stdout]   --> tests/integration_tests.rs:35:14
[INFO] [stdout]    |
[INFO] [stdout] 34 |     let _errors: Vec<_> = diagnostics.iter().filter(|d| d.level == DiagnosticLevel::Error).collect();
[INFO] [stdout]    |         ------- `_errors` defined here
[INFO] [stdout] 35 |     assert!(!errors.is_empty(), "Should detect sum conservation violation");
[INFO] [stdout]    |              ^^^^^^
[INFO] [stdout]    |
[INFO] [stdout] help: the leading underscore in `_errors` marks it as unused, consider renaming it to `errors`
[INFO] [stdout]    |
[INFO] [stdout] 34 -     let _errors: Vec<_> = diagnostics.iter().filter(|d| d.level == DiagnosticLevel::Error).collect();
[INFO] [stdout] 34 +     let errors: Vec<_> = diagnostics.iter().filter(|d| d.level == DiagnosticLevel::Error).collect();
[INFO] [stdout]    |
[INFO] [stdout] 
[INFO] [stdout] 
[INFO] [stdout] error[E0425]: cannot find value `errors` in this scope
[INFO] [stdout]   --> tests/integration_tests.rs:36:13
[INFO] [stdout]    |
[INFO] [stdout] 34 |     let _errors: Vec<_> = diagnostics.iter().filter(|d| d.level == DiagnosticLevel::Error).collect();
[INFO] [stdout]    |         ------- `_errors` defined here
[INFO] [stdout] 35 |     assert!(!errors.is_empty(), "Should detect sum conservation violation");
[INFO] [stdout] 36 |     assert!(errors[0].message.contains("SCORE_TOTAL"));
[INFO] [stdout]    |             ^^^^^^
[INFO] [stdout]    |
[INFO] [stdout] help: the leading underscore in `_errors` marks it as unused, consider renaming it to `errors`
[INFO] [stdout]    |
[INFO] [stdout] 34 -     let _errors: Vec<_> = diagnostics.iter().filter(|d| d.level == DiagnosticLevel::Error).collect();
[INFO] [stdout] 34 +     let errors: Vec<_> = diagnostics.iter().filter(|d| d.level == DiagnosticLevel::Error).collect();
[INFO] [stdout]    |
[INFO] [stdout] 
[INFO] [stdout] 
[INFO] [stdout] error[E0425]: cannot find value `errors` in this scope
[INFO] [stdout]   --> tests/integration_tests.rs:37:13
[INFO] [stdout]    |
[INFO] [stdout] 34 |     let _errors: Vec<_> = diagnostics.iter().filter(|d| d.level == DiagnosticLevel::Error).collect();
[INFO] [stdout]    |         ------- `_errors` defined here
[INFO] [stdout] ...
[INFO] [stdout] 37 |     assert!(errors[0].code.as_ref().unwrap().contains("sum-conservation"));
[INFO] [stdout]    |             ^^^^^^
[INFO] [stdout]    |
[INFO] [stdout] help: the leading underscore in `_errors` marks it as unused, consider renaming it to `errors`
[INFO] [stdout]    |
[INFO] [stdout] 34 -     let _errors: Vec<_> = diagnostics.iter().filter(|d| d.level == DiagnosticLevel::Error).collect();
[INFO] [stdout] 34 +     let errors: Vec<_> = diagnostics.iter().filter(|d| d.level == DiagnosticLevel::Error).collect();
[INFO] [stdout]    |
[INFO] [stdout] 
[INFO] [stdout] 
[INFO] [stdout] error[E0425]: cannot find value `errors` in this scope
[INFO] [stdout]   --> tests/integration_tests.rs:54:13
[INFO] [stdout]    |
[INFO] [stdout] 53 |     let _errors: Vec<_> = diagnostics.iter().filter(|d| d.level == DiagnosticLevel::Error).collect();
[INFO] [stdout]    |         ------- `_errors` defined here
[INFO] [stdout] 54 |     assert!(errors.is_empty(), "Should have no errors when sums match");
[INFO] [stdout]    |             ^^^^^^
[INFO] [stdout]    |
[INFO] [stdout] help: the leading underscore in `_errors` marks it as unused, consider renaming it to `errors`
[INFO] [stdout]    |
[INFO] [stdout] 53 -     let _errors: Vec<_> = diagnostics.iter().filter(|d| d.level == DiagnosticLevel::Error).collect();
[INFO] [stdout] 53 +     let errors: Vec<_> = diagnostics.iter().filter(|d| d.level == DiagnosticLevel::Error).collect();
[INFO] [stdout]    |
[INFO] [stdout] 
[INFO] [stdout] 
[INFO] [stdout] error[E0425]: cannot find value `errors` in this scope
[INFO] [stdout]    --> tests/integration_tests.rs:116:13
[INFO] [stdout]     |
[INFO] [stdout] 115 |     let _errors: Vec<_> = diagnostics.iter().filter(|d| d.level == DiagnosticLevel::Error).collect();
[INFO] [stdout]     |         ------- `_errors` defined here
[INFO] [stdout] 116 |     assert!(errors.is_empty(), "Empty crate should have no errors");
[INFO] [stdout]     |             ^^^^^^
[INFO] [stdout]     |
[INFO] [stdout] help: the leading underscore in `_errors` marks it as unused, consider renaming it to `errors`
[INFO] [stdout]     |
[INFO] [stdout] 115 -     let _errors: Vec<_> = diagnostics.iter().filter(|d| d.level == DiagnosticLevel::Error).collect();
[INFO] [stdout] 115 +     let errors: Vec<_> = diagnostics.iter().filter(|d| d.level == DiagnosticLevel::Error).collect();
[INFO] [stdout]     |
[INFO] [stdout] 
[INFO] [stdout] 
[INFO] [stdout] error[E0425]: cannot find value `errors` in this scope
[INFO] [stdout]    --> tests/integration_tests.rs:168:14
[INFO] [stdout]     |
[INFO] [stdout] 166 |     let _errors: Vec<_> = diagnostics.iter().filter(|d| d.level == DiagnosticLevel::Error).collect();
[INFO] [stdout]     |         ------- `_errors` defined here
[INFO] [stdout] 167 |     // 0.4 + 0.3 + 0.2 = 0.9 != 1.0
[INFO] [stdout] 168 |     assert!(!errors.is_empty(), "Should detect WEIGHT conservation violation");
[INFO] [stdout]     |              ^^^^^^
[INFO] [stdout]     |
[INFO] [stdout] help: the leading underscore in `_errors` marks it as unused, consider renaming it to `errors`
[INFO] [stdout]     |
[INFO] [stdout] 166 -     let _errors: Vec<_> = diagnostics.iter().filter(|d| d.level == DiagnosticLevel::Error).collect();
[INFO] [stdout] 166 +     let errors: Vec<_> = diagnostics.iter().filter(|d| d.level == DiagnosticLevel::Error).collect();
[INFO] [stdout]     |
[INFO] [stdout] 
[INFO] [stdout] 
[INFO] [stdout] error[E0425]: cannot find value `errors` in this scope
[INFO] [stdout]    --> tests/integration_tests.rs:299:13
[INFO] [stdout]     |
[INFO] [stdout] 297 |     let _errors: Vec<_> = diagnostics.iter().filter(|d| d.level == DiagnosticLevel::Error).collect();
[INFO] [stdout]     |         ------- `_errors` defined here
[INFO] [stdout] 298 |     // Zero total with no sub-components matching should not error
[INFO] [stdout] 299 |     assert!(errors.is_empty());
[INFO] [stdout]     |             ^^^^^^
[INFO] [stdout]     |
[INFO] [stdout] help: the leading underscore in `_errors` marks it as unused, consider renaming it to `errors`
[INFO] [stdout]     |
[INFO] [stdout] 297 -     let _errors: Vec<_> = diagnostics.iter().filter(|d| d.level == DiagnosticLevel::Error).collect();
[INFO] [stdout] 297 +     let errors: Vec<_> = diagnostics.iter().filter(|d| d.level == DiagnosticLevel::Error).collect();
[INFO] [stdout]     |
[INFO] [stdout] 
[INFO] [stdout] 
[INFO] [stdout] For more information about this error, try `rustc --explain E0425`.
[INFO] [stdout] 
[INFO] [stderr] error: could not compile `conservation-lint` (test "integration_tests") due to 7 previous errors
[INFO] [stderr] warning: build failed, waiting for other jobs to finish...
[INFO] running `Command { std: "docker" "inspect" "3d42b8094ebb4ccc47be2a76f13c279e4eea4203e84dc4dabc546ca22137bd37", kill_on_drop: false }`
[INFO] running `Command { std: "docker" "rm" "-f" "3d42b8094ebb4ccc47be2a76f13c279e4eea4203e84dc4dabc546ca22137bd37", kill_on_drop: false }`
[INFO] [stdout] 3d42b8094ebb4ccc47be2a76f13c279e4eea4203e84dc4dabc546ca22137bd37
