[INFO] fetching crate configulator-rs 0.3.1...
[INFO] testing configulator-rs-0.3.1 against 1.100.0-beta.1+cargoflags=--release for beta-release-1.100-2
[INFO] extracting crate configulator-rs 0.3.1 into /workspace/builds/worker-5-tc2/source
[INFO] started tweaking crates.io crate configulator-rs 0.3.1
[INFO] removed 0 missing examples
[INFO] removed 0 missing tests
[INFO] finished tweaking crates.io crate configulator-rs 0.3.1
[INFO] tweaked toml for crates.io crate configulator-rs 0.3.1 written to /workspace/builds/worker-5-tc2/source/Cargo.toml
[INFO] validating manifest of crates.io crate configulator-rs 0.3.1 on toolchain 1.100.0-beta.1
[INFO] running `Command { std: CARGO_HOME="/workspace/cargo-home" RUSTUP_HOME="/workspace/rustup-home" "/workspace/cargo-home/bin/cargo" "+1.100.0-beta.1" "metadata" "--manifest-path" "Cargo.toml" "--no-deps", kill_on_drop: false }`
[INFO] crate crates.io crate configulator-rs 0.3.1 already has a lockfile, it will not be regenerated
[INFO] running `Command { std: CARGO_HOME="/workspace/cargo-home" RUSTUP_HOME="/workspace/rustup-home" "/workspace/cargo-home/bin/cargo" "+1.100.0-beta.1" "fetch" "--manifest-path" "Cargo.toml", kill_on_drop: false }`
[INFO] running `Command { std: "docker" "create" "-v" "/var/lib/crater-agent-workspace/builds/worker-5-tc2/source:/opt/rustwide/workdir:ro,Z" "-v" "/var/lib/crater-agent-workspace/builds/worker-5-tc2/target:/opt/rustwide/target:rw,Z" "-v" "/var/lib/crater-agent-workspace/cargo-home:/opt/rustwide/cargo-home:ro,Z" "-v" "/var/lib/crater-agent-workspace/rustup-home:/opt/rustwide/rustup-home:ro,Z" "-m" "1610612736" "--network" "none" "ghcr.io/rust-lang/crates-build-env/linux@sha256:77db811e55d90add9212f6832c23229e3de5f1c1f9905e8cb07319ea15df73ac" "sleep" "infinity", kill_on_drop: false }`
[INFO] [stdout] c6ac888cb3b4df7f0293a6186402462a7ce2516d4e11e7810a25739eb701b3ee
[INFO] running `Command { std: "docker" "start" "c6ac888cb3b4df7f0293a6186402462a7ce2516d4e11e7810a25739eb701b3ee", kill_on_drop: false }`
[INFO] running `Command { std: "docker" "inspect" "c6ac888cb3b4df7f0293a6186402462a7ce2516d4e11e7810a25739eb701b3ee", kill_on_drop: false }`
[INFO] running `Command { std: "docker" "exec" "-e" "SOURCE_DIR=/opt/rustwide/workdir" "-e" "CARGO_HOME=/opt/rustwide/cargo-home" "-e" "RUSTUP_HOME=/opt/rustwide/rustup-home" "-e" "CARGO_TARGET_DIR=/opt/rustwide/target" "-w" "/opt/rustwide/workdir" "--user" "0:0" "c6ac888cb3b4df7f0293a6186402462a7ce2516d4e11e7810a25739eb701b3ee" "/opt/rustwide/cargo-home/bin/cargo" "+1.100.0-beta.1" "metadata" "--no-deps" "--format-version=1", kill_on_drop: false }`
[INFO] running `Command { std: "docker" "inspect" "c6ac888cb3b4df7f0293a6186402462a7ce2516d4e11e7810a25739eb701b3ee", kill_on_drop: false }`
[INFO] running `Command { std: "docker" "exec" "-e" "SOURCE_DIR=/opt/rustwide/workdir" "-e" "CARGO_HOME=/opt/rustwide/cargo-home" "-e" "RUSTUP_HOME=/opt/rustwide/rustup-home" "-e" "CARGO_TARGET_DIR=/opt/rustwide/target" "-e" "CARGO_INCREMENTAL=0" "-e" "RUST_BACKTRACE=full" "-e" "RUSTFLAGS=--cap-lints=warn" "-e" "RUSTDOCFLAGS=--cap-lints=warn" "-w" "/opt/rustwide/workdir" "--user" "0:0" "c6ac888cb3b4df7f0293a6186402462a7ce2516d4e11e7810a25739eb701b3ee" "/opt/rustwide/cargo-home/bin/cargo" "+1.100.0-beta.1" "build" "--frozen" "--message-format=json" "--release", kill_on_drop: false }`
[INFO] [stderr]    Compiling proc-macro2 v1.0.106
[INFO] [stderr]    Compiling quote v1.0.45
[INFO] [stderr]    Compiling utf8parse v0.2.2
[INFO] [stderr]    Compiling is_terminal_polyfill v1.70.2
[INFO] [stderr]    Compiling serde_core v1.0.228
[INFO] [stderr]    Compiling anstyle v1.0.14
[INFO] [stderr]    Compiling anstyle-query v1.1.5
[INFO] [stderr]    Compiling colorchoice v1.0.5
[INFO] [stderr]    Compiling serde v1.0.228
[INFO] [stderr]    Compiling clap_lex v1.1.0
[INFO] [stderr]    Compiling anstyle-parse v1.0.0
[INFO] [stderr]    Compiling strsim v0.11.1
[INFO] [stderr]    Compiling unicode-properties v0.1.4
[INFO] [stderr]    Compiling anstream v1.0.0
[INFO] [stderr]    Compiling clap_builder v4.6.7
[INFO] [stderr]    Compiling syn v2.0.117
[INFO] [stderr]    Compiling clap v4.6.7
[INFO] [stderr]    Compiling serde_derive v1.0.228
[INFO] [stderr]    Compiling configulator-derive v0.3.1
[INFO] [stderr]    Compiling configulator-rs v0.3.1 (/opt/rustwide/workdir)
[INFO] [stderr]     Finished `release` profile [optimized] target(s) in 37.51s
[INFO] running `Command { std: "docker" "inspect" "c6ac888cb3b4df7f0293a6186402462a7ce2516d4e11e7810a25739eb701b3ee", kill_on_drop: false }`
[INFO] running `Command { std: "docker" "exec" "-e" "SOURCE_DIR=/opt/rustwide/workdir" "-e" "CARGO_HOME=/opt/rustwide/cargo-home" "-e" "RUSTUP_HOME=/opt/rustwide/rustup-home" "-e" "CARGO_TARGET_DIR=/opt/rustwide/target" "-e" "CARGO_INCREMENTAL=0" "-e" "RUST_BACKTRACE=full" "-e" "RUSTFLAGS=--cap-lints=warn" "-e" "RUSTDOCFLAGS=--cap-lints=warn" "-w" "/opt/rustwide/workdir" "--user" "0:0" "c6ac888cb3b4df7f0293a6186402462a7ce2516d4e11e7810a25739eb701b3ee" "/opt/rustwide/cargo-home/bin/cargo" "+1.100.0-beta.1" "test" "--frozen" "--no-run" "--message-format=json" "--release", kill_on_drop: false }`
[INFO] [stderr]    Compiling serde_core v1.0.228
[INFO] [stderr]    Compiling zmij v1.0.21
[INFO] [stderr]    Compiling libc v0.2.185
[INFO] [stderr]    Compiling target-tuple v1.0.2
[INFO] [stderr]    Compiling winnow v1.0.4
[INFO] [stderr]    Compiling getrandom v0.4.2
[INFO] [stderr]    Compiling rustix v1.1.4
[INFO] [stderr]    Compiling serde_json v1.0.149
[INFO] [stderr]    Compiling linux-raw-sys v0.12.1
[INFO] [stderr]    Compiling toml_writer v1.1.3+spec-1.1.0
[INFO] [stderr]    Compiling memchr v2.8.0
[INFO] [stderr]    Compiling equivalent v1.0.2
[INFO] [stderr]    Compiling bitflags v2.11.1
[INFO] [stderr]    Compiling hashbrown v0.17.0
[INFO] [stderr]    Compiling toml_parser v1.1.4+spec-1.1.0
[INFO] [stderr]    Compiling glob v0.3.4
[INFO] [stderr]    Compiling fastrand v2.4.1
[INFO] [stderr]    Compiling ryu v1.0.23
[INFO] [stderr]    Compiling once_cell v1.21.4
[INFO] [stderr]    Compiling indexmap v2.14.0
[INFO] [stderr]    Compiling unsafe-libyaml v0.2.11
[INFO] [stderr]    Compiling termcolor v1.4.1
[INFO] [stderr]    Compiling tempfile v3.27.0
[INFO] [stderr]    Compiling serde v1.0.228
[INFO] [stderr]    Compiling toml_datetime v1.1.2+spec-1.1.0
[INFO] [stderr]    Compiling serde_spanned v1.1.2
[INFO] [stderr]    Compiling toml v1.1.7+spec-1.1.0
[INFO] [stderr]    Compiling serde_yaml_ng v0.10.0
[INFO] [stderr]    Compiling configulator-rs v0.3.1 (/opt/rustwide/workdir)
[INFO] [stderr]    Compiling trybuild v1.0.122
[INFO] [stdout] error[E0599]: no method named `with_env_vars` found for struct `Configulator<C>` in the current scope
[INFO] [stdout]    --> tests/corpus.rs:512:10
[INFO] [stdout]     |
[INFO] [stdout] 503 |     Configulator::<C>::new()
[INFO] [stdout] 504 |         .with_file(FileOptions {
[INFO] [stdout] 505 |             paths: vec![case.dir.join("config.json")],
[INFO] [stdout] 506 |             ..FileOptions::new(serde_loader(|s| serde_json::from_str(s)))
[INFO] [stdout] 507 |         })
[INFO] [stdout] 508 |         .with_environment_variables(EnvironmentVariableOptions {
[INFO] [stdout] 509 |             prefix: case.options.prefix.clone(),
[INFO] [stdout] 510 |             separator: case.options.env_separator.clone(),
[INFO] [stdout] 511 |         })
[INFO] [stdout] 512 |         .with_env_vars(case.env.clone())
[INFO] [stdout]     |          ^^^^^^^^^^^^^
[INFO] [stdout]     |
[INFO] [stdout] help: there is a method `with_environment_variables` with a similar name
[INFO] [stdout]     |
[INFO] [stdout] 512 -         .with_env_vars(case.env.clone())
[INFO] [stdout] 512 +         .with_environment_variables(case.env.clone())
[INFO] [stdout]     |
[INFO] [stdout] 
[INFO] [stdout] 
[INFO] [stdout] error[E0599]: no method named `with_cli_args` found for struct `Configulator<C>` in the current scope
[INFO] [stdout]    --> tests/integration.rs:240:10
[INFO] [stdout]     |
[INFO] [stdout] 236 |     let err = Configulator::<SimpleConfig>::new()
[INFO] [stdout] 237 |         .with_cli_flags(CLIFlagOptions {
[INFO] [stdout] 238 |             separator: ".".into(),
[INFO] [stdout] 239 |         })
[INFO] [stdout] 240 |         .with_cli_args(args(&["--port", "0"]))
[INFO] [stdout]     |          ^^^^^^^^^^^^^
[INFO] [stdout]     |
[INFO] [stdout] help: there is a method `with_cli_flags` with a similar name
[INFO] [stdout]     |
[INFO] [stdout] 240 -         .with_cli_args(args(&["--port", "0"]))
[INFO] [stdout] 240 +         .with_cli_flags(args(&["--port", "0"]))
[INFO] [stdout]     |
[INFO] [stdout] 
[INFO] [stdout] 
[INFO] [stdout] error[E0599]: no method named `with_cli_args` found for struct `Configulator<C>` in the current scope
[INFO] [stdout]    --> tests/integration.rs:249:10
[INFO] [stdout]     |
[INFO] [stdout] 245 |     let ok = Configulator::<SimpleConfig>::new()
[INFO] [stdout] 246 |         .with_cli_flags(CLIFlagOptions {
[INFO] [stdout] 247 |             separator: ".".into(),
[INFO] [stdout] 248 |         })
[INFO] [stdout] 249 |         .with_cli_args(args(&["--port", "0"]))
[INFO] [stdout]     |          ^^^^^^^^^^^^^
[INFO] [stdout]     |
[INFO] [stdout] help: there is a method `with_cli_flags` with a similar name
[INFO] [stdout]     |
[INFO] [stdout] 249 -         .with_cli_args(args(&["--port", "0"]))
[INFO] [stdout] 249 +         .with_cli_flags(args(&["--port", "0"]))
[INFO] [stdout]     |
[INFO] [stdout] 
[INFO] [stdout] 
[INFO] [stdout] error[E0599]: no method named `with_cli_args` found for struct `Configulator<C>` in the current scope
[INFO] [stdout]    --> tests/integration.rs:429:10
[INFO] [stdout]     |
[INFO] [stdout] 424 |     let err = Configulator::<SimpleConfig>::new()
[INFO] [stdout] 425 |         .with_file(yaml_opts::<SimpleConfig>(good.path()))
[INFO] [stdout] 426 |         .with_cli_flags(CLIFlagOptions {
[INFO] [stdout] 427 |             separator: ".".into(),
[INFO] [stdout] 428 |         })
[INFO] [stdout] 429 |         .with_cli_args(args(&["--config", "/nonexistent/app.yaml"]))
[INFO] [stdout]     |          ^^^^^^^^^^^^^
[INFO] [stdout]     |
[INFO] [stdout] help: there is a method `with_cli_flags` with a similar name
[INFO] [stdout]     |
[INFO] [stdout] 429 -         .with_cli_args(args(&["--config", "/nonexistent/app.yaml"]))
[INFO] [stdout] 429 +         .with_cli_flags(args(&["--config", "/nonexistent/app.yaml"]))
[INFO] [stdout]     |
[INFO] [stdout] 
[INFO] [stdout] 
[INFO] [stdout] error[E0599]: no method named `with_cli_args` found for struct `Configulator<C>` in the current scope
[INFO] [stdout]    --> tests/integration.rs:440:10
[INFO] [stdout]     |
[INFO] [stdout] 435 |     let config = Configulator::<SimpleConfig>::new()
[INFO] [stdout] 436 |         .with_file(yaml_opts::<SimpleConfig>(good.path()))
[INFO] [stdout] 437 |         .with_cli_flags(CLIFlagOptions {
[INFO] [stdout] 438 |             separator: ".".into(),
[INFO] [stdout] 439 |         })
[INFO] [stdout] 440 |         .with_cli_args(args(&["--config", &cli_file.path().display().to_string()]))
[INFO] [stdout]     |          ^^^^^^^^^^^^^
[INFO] [stdout]     |
[INFO] [stdout] help: there is a method `with_cli_flags` with a similar name
[INFO] [stdout]     |
[INFO] [stdout] 440 -         .with_cli_args(args(&["--config", &cli_file.path().display().to_string()]))
[INFO] [stdout] 440 +         .with_cli_flags(args(&["--config", &cli_file.path().display().to_string()]))
[INFO] [stdout]     |
[INFO] [stdout] 
[INFO] [stdout] 
[INFO] [stdout] error[E0599]: no method named `with_env_vars` found for struct `Configulator<C>` in the current scope
[INFO] [stdout]    --> tests/integration.rs:521:10
[INFO] [stdout]     |
[INFO] [stdout] 519 |     let (config, report) = Configulator::<NestedConfig>::new()
[INFO] [stdout] 520 |         .with_environment_variables(env_opts("APP_"))
[INFO] [stdout] 521 |         .with_env_vars(env(&[
[INFO] [stdout]     |          ^^^^^^^^^^^^^
[INFO] [stdout]     |
[INFO] [stdout] help: there is a method `with_environment_variables` with a similar name
[INFO] [stdout]     |
[INFO] [stdout] 521 -         .with_env_vars(env(&[
[INFO] [stdout] 521 +         .with_environment_variables(env(&[
[INFO] [stdout]     |
[INFO] [stdout] 
[INFO] [stdout] 
[INFO] [stdout] error[E0599]: no method named `with_env_vars` found for struct `Configulator<C>` in the current scope
[INFO] [stdout]    --> tests/integration.rs:538:10
[INFO] [stdout]     |
[INFO] [stdout] 536 |     let config = Configulator::<SimpleConfig>::new()
[INFO] [stdout] 537 |         .with_environment_variables(env_opts("X"))
[INFO] [stdout] 538 |         .with_env_vars(env(&[("XHOST", "glued")]))
[INFO] [stdout]     |          ^^^^^^^^^^^^^
[INFO] [stdout]     |
[INFO] [stdout] help: there is a method `with_environment_variables` with a similar name
[INFO] [stdout]     |
[INFO] [stdout] 538 -         .with_env_vars(env(&[("XHOST", "glued")]))
[INFO] [stdout] 538 +         .with_environment_variables(env(&[("XHOST", "glued")]))
[INFO] [stdout]     |
[INFO] [stdout] 
[INFO] [stdout] 
[INFO] [stdout] For more information about this error, try `rustc --explain E0599`.
[INFO] [stdout] 
[INFO] [stdout] error[E0599]: no method named `with_env_vars` found for struct `Configulator<C>` in the current scope
[INFO] [stdout]    --> tests/integration.rs:548:10
[INFO] [stdout]     |
[INFO] [stdout] 546 |     let config = Configulator::<SimpleConfig>::new()
[INFO] [stdout] 547 |         .with_environment_variables(env_opts("APP_"))
[INFO] [stdout] 548 |         .with_env_vars(env(&[("APP_HOST", "")]))
[INFO] [stdout]     |          ^^^^^^^^^^^^^
[INFO] [stdout]     |
[INFO] [stdout] help: there is a method `with_environment_variables` with a similar name
[INFO] [stdout]     |
[INFO] [stdout] 548 -         .with_env_vars(env(&[("APP_HOST", "")]))
[INFO] [stdout] 548 +         .with_environment_variables(env(&[("APP_HOST", "")]))
[INFO] [stdout]     |
[INFO] [stdout] 
[INFO] [stdout] 
[INFO] [stderr] error: could not compile `configulator-rs` (test "corpus") due to 1 previous error
[INFO] [stderr] warning: build failed, waiting for other jobs to finish...
[INFO] [stdout] error[E0599]: no method named `with_env_vars` found for struct `Configulator<C>` in the current scope
[INFO] [stdout]    --> tests/integration.rs:561:10
[INFO] [stdout]     |
[INFO] [stdout] 559 |     let config = Configulator::<ListConfig>::new()
[INFO] [stdout] 560 |         .with_environment_variables(env_opts("APP_"))
[INFO] [stdout] 561 |         .with_env_vars(env(&[("APP_TAGS", "p, q")]))
[INFO] [stdout]     |          ^^^^^^^^^^^^^
[INFO] [stdout]     |
[INFO] [stdout] help: there is a method `with_environment_variables` with a similar name
[INFO] [stdout]     |
[INFO] [stdout] 561 -         .with_env_vars(env(&[("APP_TAGS", "p, q")]))
[INFO] [stdout] 561 +         .with_environment_variables(env(&[("APP_TAGS", "p, q")]))
[INFO] [stdout]     |
[INFO] [stdout] 
[INFO] [stdout] 
[INFO] [stdout] error[E0599]: no method named `with_env_vars` found for struct `Configulator<C>` in the current scope
[INFO] [stdout]    --> tests/integration.rs:572:10
[INFO] [stdout]     |
[INFO] [stdout] 569 |     let config = Configulator::<ListConfig>::new()
[INFO] [stdout] 570 |         .with_array_separator(";")
[INFO] [stdout] 571 |         .with_environment_variables(env_opts("APP_"))
[INFO] [stdout] 572 |         .with_env_vars(env(&[("APP_TAGS", "x;y")]))
[INFO] [stdout]     |          ^^^^^^^^^^^^^
[INFO] [stdout]     |
[INFO] [stdout] help: there is a method `with_environment_variables` with a similar name
[INFO] [stdout]     |
[INFO] [stdout] 572 -         .with_env_vars(env(&[("APP_TAGS", "x;y")]))
[INFO] [stdout] 572 +         .with_environment_variables(env(&[("APP_TAGS", "x;y")]))
[INFO] [stdout]     |
[INFO] [stdout] 
[INFO] [stdout] 
[INFO] [stdout] error[E0599]: no method named `with_env_vars` found for struct `Configulator<C>` in the current scope
[INFO] [stdout]    --> tests/integration.rs:598:10
[INFO] [stdout]     |
[INFO] [stdout] 596 |     let err = Configulator::<SimpleConfig>::new()
[INFO] [stdout] 597 |         .with_environment_variables(env_opts("APP_"))
[INFO] [stdout] 598 |         .with_env_vars(env(&[("APP_PORT", "lots")]))
[INFO] [stdout]     |          ^^^^^^^^^^^^^
[INFO] [stdout]     |
[INFO] [stdout] help: there is a method `with_environment_variables` with a similar name
[INFO] [stdout]     |
[INFO] [stdout] 598 -         .with_env_vars(env(&[("APP_PORT", "lots")]))
[INFO] [stdout] 598 +         .with_environment_variables(env(&[("APP_PORT", "lots")]))
[INFO] [stdout]     |
[INFO] [stdout] 
[INFO] [stdout] 
[INFO] [stdout] error[E0599]: no method named `with_env_vars` found for struct `Configulator<C>` in the current scope
[INFO] [stdout]    --> tests/integration.rs:659:10
[INFO] [stdout]     |
[INFO] [stdout] 657 |     let (config, report) = Configulator::<EnvAttrConfig>::new()
[INFO] [stdout] 658 |         .with_environment_variables(env_opts("APP_"))
[INFO] [stdout] 659 |         .with_env_vars(env(&[
[INFO] [stdout]     |          ^^^^^^^^^^^^^
[INFO] [stdout]     |
[INFO] [stdout] help: there is a method `with_environment_variables` with a similar name
[INFO] [stdout]     |
[INFO] [stdout] 659 -         .with_env_vars(env(&[
[INFO] [stdout] 659 +         .with_environment_variables(env(&[
[INFO] [stdout]     |
[INFO] [stdout] 
[INFO] [stdout] 
[INFO] [stdout] error[E0599]: no method named `with_env_vars` found for struct `Configulator<C>` in the current scope
[INFO] [stdout]    --> tests/integration.rs:677:10
[INFO] [stdout]     |
[INFO] [stdout] 675 |     let config = Configulator::<OptionalsConfig>::new()
[INFO] [stdout] 676 |         .with_environment_variables(env_opts("APP_"))
[INFO] [stdout] 677 |         .with_env_vars(env(&[("APP_PORT", "123"), ("APP_TLS_CERT", "e.pem")]))
[INFO] [stdout]     |          ^^^^^^^^^^^^^
[INFO] [stdout]     |
[INFO] [stdout] help: there is a method `with_environment_variables` with a similar name
[INFO] [stdout]     |
[INFO] [stdout] 677 -         .with_env_vars(env(&[("APP_PORT", "123"), ("APP_TLS_CERT", "e.pem")]))
[INFO] [stdout] 677 +         .with_environment_variables(env(&[("APP_PORT", "123"), ("APP_TLS_CERT", "e.pem")]))
[INFO] [stdout]     |
[INFO] [stdout] 
[INFO] [stdout] 
[INFO] [stdout] error[E0599]: no method named `with_env_vars` found for struct `Configulator<C>` in the current scope
[INFO] [stdout]    --> tests/integration.rs:690:10
[INFO] [stdout]     |
[INFO] [stdout] 688 |     let config = Configulator::<OptionalsConfig>::new()
[INFO] [stdout] 689 |         .with_environment_variables(env_opts("APP_"))
[INFO] [stdout] 690 |         .with_env_vars(env(&[("APP_PORT", "123")]))
[INFO] [stdout]     |          ^^^^^^^^^^^^^
[INFO] [stdout]     |
[INFO] [stdout] help: there is a method `with_environment_variables` with a similar name
[INFO] [stdout]     |
[INFO] [stdout] 690 -         .with_env_vars(env(&[("APP_PORT", "123")]))
[INFO] [stdout] 690 +         .with_environment_variables(env(&[("APP_PORT", "123")]))
[INFO] [stdout]     |
[INFO] [stdout] 
[INFO] [stdout] 
[INFO] [stdout] error[E0599]: no method named `with_cli_args` found for struct `Configulator<C>` in the current scope
[INFO] [stdout]    --> tests/integration.rs:702:10
[INFO] [stdout]     |
[INFO] [stdout] 698 |     let config = Configulator::<SimpleConfig>::new()
[INFO] [stdout] 699 |         .with_cli_flags(CLIFlagOptions {
[INFO] [stdout] 700 |             separator: ".".into(),
[INFO] [stdout] 701 |         })
[INFO] [stdout] 702 |         .with_cli_args(args(&["--host", "cli.example", "--debug"]))
[INFO] [stdout]     |          ^^^^^^^^^^^^^
[INFO] [stdout]     |
[INFO] [stdout] help: there is a method `with_cli_flags` with a similar name
[INFO] [stdout]     |
[INFO] [stdout] 702 -         .with_cli_args(args(&["--host", "cli.example", "--debug"]))
[INFO] [stdout] 702 +         .with_cli_flags(args(&["--host", "cli.example", "--debug"]))
[INFO] [stdout]     |
[INFO] [stdout] 
[INFO] [stdout] 
[INFO] [stdout] error[E0599]: no method named `with_cli_args` found for struct `Configulator<C>` in the current scope
[INFO] [stdout]    --> tests/integration.rs:712:10
[INFO] [stdout]     |
[INFO] [stdout] 708 |     let config = Configulator::<SimpleConfig>::new()
[INFO] [stdout] 709 |         .with_cli_flags(CLIFlagOptions {
[INFO] [stdout] 710 |             separator: ".".into(),
[INFO] [stdout] 711 |         })
[INFO] [stdout] 712 |         .with_cli_args(args(&["--debug", "false"]))
[INFO] [stdout]     |          ^^^^^^^^^^^^^
[INFO] [stdout]     |
[INFO] [stdout] help: there is a method `with_cli_flags` with a similar name
[INFO] [stdout]     |
[INFO] [stdout] 712 -         .with_cli_args(args(&["--debug", "false"]))
[INFO] [stdout] 712 +         .with_cli_flags(args(&["--debug", "false"]))
[INFO] [stdout]     |
[INFO] [stdout] 
[INFO] [stdout] 
[INFO] [stdout] error[E0599]: no method named `with_cli_args` found for struct `Configulator<C>` in the current scope
[INFO] [stdout]    --> tests/integration.rs:724:10
[INFO] [stdout]     |
[INFO] [stdout] 720 |     let (config, report) = Configulator::<NestedConfig>::new()
[INFO] [stdout] 721 |         .with_cli_flags(CLIFlagOptions {
[INFO] [stdout] 722 |             separator: ".".into(),
[INFO] [stdout] 723 |         })
[INFO] [stdout] 724 |         .with_cli_args(args(&["--database.pool.size", "77"]))
[INFO] [stdout]     |          ^^^^^^^^^^^^^
[INFO] [stdout]     |
[INFO] [stdout] help: there is a method `with_cli_flags` with a similar name
[INFO] [stdout]     |
[INFO] [stdout] 724 -         .with_cli_args(args(&["--database.pool.size", "77"]))
[INFO] [stdout] 724 +         .with_cli_flags(args(&["--database.pool.size", "77"]))
[INFO] [stdout]     |
[INFO] [stdout] 
[INFO] [stdout] 
[INFO] [stdout] error[E0599]: no method named `with_cli_args` found for struct `Configulator<C>` in the current scope
[INFO] [stdout]    --> tests/integration.rs:739:10
[INFO] [stdout]     |
[INFO] [stdout] 735 |     let config = Configulator::<ListConfig>::new()
[INFO] [stdout] 736 |         .with_cli_flags(CLIFlagOptions {
[INFO] [stdout] 737 |             separator: ".".into(),
[INFO] [stdout] 738 |         })
[INFO] [stdout] 739 |         .with_cli_args(args(&["--ports", "80", "--ports", "443"]))
[INFO] [stdout]     |          ^^^^^^^^^^^^^
[INFO] [stdout]     |
[INFO] [stdout] help: there is a method `with_cli_flags` with a similar name
[INFO] [stdout]     |
[INFO] [stdout] 739 -         .with_cli_args(args(&["--ports", "80", "--ports", "443"]))
[INFO] [stdout] 739 +         .with_cli_flags(args(&["--ports", "80", "--ports", "443"]))
[INFO] [stdout]     |
[INFO] [stdout] 
[INFO] [stdout] 
[INFO] [stdout] error[E0599]: no method named `with_cli_args` found for struct `Configulator<C>` in the current scope
[INFO] [stdout]    --> tests/integration.rs:751:10
[INFO] [stdout]     |
[INFO] [stdout] 747 |     let err = Configulator::<SimpleConfig>::new()
[INFO] [stdout] 748 |         .with_cli_flags(CLIFlagOptions {
[INFO] [stdout] 749 |             separator: ".".into(),
[INFO] [stdout] 750 |         })
[INFO] [stdout] 751 |         .with_cli_args(args(&["--nope", "1"]))
[INFO] [stdout]     |          ^^^^^^^^^^^^^
[INFO] [stdout]     |
[INFO] [stdout] help: there is a method `with_cli_flags` with a similar name
[INFO] [stdout]     |
[INFO] [stdout] 751 -         .with_cli_args(args(&["--nope", "1"]))
[INFO] [stdout] 751 +         .with_cli_flags(args(&["--nope", "1"]))
[INFO] [stdout]     |
[INFO] [stdout] 
[INFO] [stdout] 
[INFO] [stdout] error[E0599]: no method named `with_cli_args` found for struct `Configulator<C>` in the current scope
[INFO] [stdout]    --> tests/integration.rs:768:10
[INFO] [stdout]     |
[INFO] [stdout] 764 |     let err = Configulator::<SimpleConfig>::new()
[INFO] [stdout] 765 |         .with_cli_flags(CLIFlagOptions {
[INFO] [stdout] 766 |             separator: ".".into(),
[INFO] [stdout] 767 |         })
[INFO] [stdout] 768 |         .with_cli_args(args(&["--help"]))
[INFO] [stdout]     |          ^^^^^^^^^^^^^
[INFO] [stdout]     |
[INFO] [stdout] help: there is a method `with_cli_flags` with a similar name
[INFO] [stdout]     |
[INFO] [stdout] 768 -         .with_cli_args(args(&["--help"]))
[INFO] [stdout] 768 +         .with_cli_flags(args(&["--help"]))
[INFO] [stdout]     |
[INFO] [stdout] 
[INFO] [stdout] 
[INFO] [stdout] error[E0599]: no method named `with_cli_args` found for struct `Configulator<C>` in the current scope
[INFO] [stdout]    --> tests/integration.rs:787:10
[INFO] [stdout]     |
[INFO] [stdout] 783 |     let err = Configulator::<SimpleConfig>::new()
[INFO] [stdout] 784 |         .with_cli_flags(CLIFlagOptions {
[INFO] [stdout] 785 |             separator: ".".into(),
[INFO] [stdout] 786 |         })
[INFO] [stdout] 787 |         .with_cli_args(args(&["--port", "lots"]))
[INFO] [stdout]     |          ^^^^^^^^^^^^^
[INFO] [stdout]     |
[INFO] [stdout] help: there is a method `with_cli_flags` with a similar name
[INFO] [stdout]     |
[INFO] [stdout] 787 -         .with_cli_args(args(&["--port", "lots"]))
[INFO] [stdout] 787 +         .with_cli_flags(args(&["--port", "lots"]))
[INFO] [stdout]     |
[INFO] [stdout] 
[INFO] [stdout] 
[INFO] [stdout] error[E0599]: no method named `with_cli_args` found for struct `Configulator<C>` in the current scope
[INFO] [stdout]    --> tests/integration.rs:814:10
[INFO] [stdout]     |
[INFO] [stdout] 810 |     let config = Configulator::<ShortConfig>::new()
[INFO] [stdout] 811 |         .with_cli_flags(CLIFlagOptions {
[INFO] [stdout] 812 |             separator: ".".into(),
[INFO] [stdout] 813 |         })
[INFO] [stdout] 814 |         .with_cli_args(args(&["-p", "99"]))
[INFO] [stdout]     |          ^^^^^^^^^^^^^
[INFO] [stdout]     |
[INFO] [stdout] help: there is a method `with_cli_flags` with a similar name
[INFO] [stdout]     |
[INFO] [stdout] 814 -         .with_cli_args(args(&["-p", "99"]))
[INFO] [stdout] 814 +         .with_cli_flags(args(&["-p", "99"]))
[INFO] [stdout]     |
[INFO] [stdout] 
[INFO] [stdout] 
[INFO] [stdout] error[E0599]: no method named `with_cli_args` found for struct `Configulator<C>` in the current scope
[INFO] [stdout]    --> tests/integration.rs:840:10
[INFO] [stdout]     |
[INFO] [stdout] 836 |     let config = Configulator::<FlagAttrConfig>::new()
[INFO] [stdout] 837 |         .with_cli_flags(CLIFlagOptions {
[INFO] [stdout] 838 |             separator: ".".into(),
[INFO] [stdout] 839 |         })
[INFO] [stdout] 840 |         .with_cli_args(args(&["--hostname", "renamed"]))
[INFO] [stdout]     |          ^^^^^^^^^^^^^
[INFO] [stdout]     |
[INFO] [stdout] help: there is a method `with_cli_flags` with a similar name
[INFO] [stdout]     |
[INFO] [stdout] 840 -         .with_cli_args(args(&["--hostname", "renamed"]))
[INFO] [stdout] 840 +         .with_cli_flags(args(&["--hostname", "renamed"]))
[INFO] [stdout]     |
[INFO] [stdout] 
[INFO] [stdout] 
[INFO] [stdout] error[E0599]: no method named `with_cli_args` found for struct `Configulator<C>` in the current scope
[INFO] [stdout]    --> tests/integration.rs:849:10
[INFO] [stdout]     |
[INFO] [stdout] 845 |     let err = Configulator::<FlagAttrConfig>::new()
[INFO] [stdout] 846 |         .with_cli_flags(CLIFlagOptions {
[INFO] [stdout] 847 |             separator: ".".into(),
[INFO] [stdout] 848 |         })
[INFO] [stdout] 849 |         .with_cli_args(args(&["--internal", "x"]))
[INFO] [stdout]     |          ^^^^^^^^^^^^^
[INFO] [stdout]     |
[INFO] [stdout] help: there is a method `with_cli_flags` with a similar name
[INFO] [stdout]     |
[INFO] [stdout] 849 -         .with_cli_args(args(&["--internal", "x"]))
[INFO] [stdout] 849 +         .with_cli_flags(args(&["--internal", "x"]))
[INFO] [stdout]     |
[INFO] [stdout] 
[INFO] [stdout] 
[INFO] [stdout] error[E0599]: no method named `with_cli_args` found for struct `Configulator<C>` in the current scope
[INFO] [stdout]    --> tests/integration.rs:865:10
[INFO] [stdout]     |
[INFO] [stdout] 860 |     let config = Configulator::<SimpleConfig>::new()
[INFO] [stdout] 861 |         .with_cli_command(clap::Command::new("myapp").version("1.0"))
[INFO] [stdout] 862 |         .with_cli_flags(CLIFlagOptions {
[INFO] [stdout] 863 |             separator: ".".into(),
[INFO] [stdout] 864 |         })
[INFO] [stdout] 865 |         .with_cli_args(args(&["--port", "1234"]))
[INFO] [stdout]     |          ^^^^^^^^^^^^^
[INFO] [stdout]     |
[INFO] [stdout] help: there is a method `with_cli_flags` with a similar name
[INFO] [stdout]     |
[INFO] [stdout] 865 -         .with_cli_args(args(&["--port", "1234"]))
[INFO] [stdout] 865 +         .with_cli_flags(args(&["--port", "1234"]))
[INFO] [stdout]     |
[INFO] [stdout] 
[INFO] [stdout] 
[INFO] [stdout] error[E0599]: no method named `with_cli_args` found for struct `Configulator<C>` in the current scope
[INFO] [stdout]    --> tests/integration.rs:878:10
[INFO] [stdout]     |
[INFO] [stdout] 873 |     let err = Configulator::<SimpleConfig>::new()
[INFO] [stdout] 874 |         .with_cli_command(clap::Command::new("myapp").version("1.0"))
[INFO] [stdout] 875 |         .with_cli_flags(CLIFlagOptions {
[INFO] [stdout] 876 |             separator: ".".into(),
[INFO] [stdout] 877 |         })
[INFO] [stdout] 878 |         .with_cli_args(args(&["--version"]))
[INFO] [stdout]     |          ^^^^^^^^^^^^^
[INFO] [stdout]     |
[INFO] [stdout] help: there is a method `with_cli_flags` with a similar name
[INFO] [stdout]     |
[INFO] [stdout] 878 -         .with_cli_args(args(&["--version"]))
[INFO] [stdout] 878 +         .with_cli_flags(args(&["--version"]))
[INFO] [stdout]     |
[INFO] [stdout] 
[INFO] [stdout] 
[INFO] [stdout] error[E0599]: no method named `with_cli_args` found for struct `Configulator<C>` in the current scope
[INFO] [stdout]    --> tests/integration.rs:910:10
[INFO] [stdout]     |
[INFO] [stdout] 906 |     let config = Configulator::<VersionFieldConfig>::new()
[INFO] [stdout] 907 |         .with_cli_flags(CLIFlagOptions {
[INFO] [stdout] 908 |             separator: ".".into(),
[INFO] [stdout] 909 |         })
[INFO] [stdout] 910 |         .with_cli_args(args(&["--version", "3"]))
[INFO] [stdout]     |          ^^^^^^^^^^^^^
[INFO] [stdout]     |
[INFO] [stdout] help: there is a method `with_cli_flags` with a similar name
[INFO] [stdout]     |
[INFO] [stdout] 910 -         .with_cli_args(args(&["--version", "3"]))
[INFO] [stdout] 910 +         .with_cli_flags(args(&["--version", "3"]))
[INFO] [stdout]     |
[INFO] [stdout] 
[INFO] [stdout] 
[INFO] [stdout] error[E0599]: no method named `with_cli_args` found for struct `Configulator<C>` in the current scope
[INFO] [stdout]    --> tests/integration.rs:920:10
[INFO] [stdout]     |
[INFO] [stdout] 915 |     let err = Configulator::<VersionFieldConfig>::new()
[INFO] [stdout] 916 |         .with_cli_command(clap::Command::new("myapp").version("1.0"))
[INFO] [stdout] 917 |         .with_cli_flags(CLIFlagOptions {
[INFO] [stdout] 918 |             separator: ".".into(),
[INFO] [stdout] 919 |         })
[INFO] [stdout] 920 |         .with_cli_args(args(&[]))
[INFO] [stdout]     |          ^^^^^^^^^^^^^
[INFO] [stdout]     |
[INFO] [stdout] help: there is a method `with_cli_flags` with a similar name
[INFO] [stdout]     |
[INFO] [stdout] 920 -         .with_cli_args(args(&[]))
[INFO] [stdout] 920 +         .with_cli_flags(args(&[]))
[INFO] [stdout]     |
[INFO] [stdout] 
[INFO] [stdout] 
[INFO] [stdout] error[E0599]: no method named `with_cli_args` found for struct `Configulator<C>` in the current scope
[INFO] [stdout]    --> tests/integration.rs:933:10
[INFO] [stdout]     |
[INFO] [stdout] 928 |     let err = Configulator::<ShortVConfig>::new()
[INFO] [stdout] 929 |         .with_cli_command(clap::Command::new("myapp").version("1.0"))
[INFO] [stdout] 930 |         .with_cli_flags(CLIFlagOptions {
[INFO] [stdout] 931 |             separator: ".".into(),
[INFO] [stdout] 932 |         })
[INFO] [stdout] 933 |         .with_cli_args(args(&[]))
[INFO] [stdout]     |          ^^^^^^^^^^^^^
[INFO] [stdout]     |
[INFO] [stdout] help: there is a method `with_cli_flags` with a similar name
[INFO] [stdout]     |
[INFO] [stdout] 933 -         .with_cli_args(args(&[]))
[INFO] [stdout] 933 +         .with_cli_flags(args(&[]))
[INFO] [stdout]     |
[INFO] [stdout] 
[INFO] [stdout] 
[INFO] [stdout] error[E0599]: no method named `with_env_vars` found for struct `Configulator<C>` in the current scope
[INFO] [stdout]    --> tests/integration.rs:954:10
[INFO] [stdout]     |
[INFO] [stdout] 951 |     let (config, report) = Configulator::<SimpleConfig>::new()
[INFO] [stdout] 952 |         .with_file(yaml_opts(f.path()))
[INFO] [stdout] 953 |         .with_environment_variables(env_opts("APP_"))
[INFO] [stdout] 954 |         .with_env_vars(env(&[("APP_PORT", "2000"), ("APP_DEBUG", "true")]))
[INFO] [stdout]     |          ^^^^^^^^^^^^^
[INFO] [stdout]     |
[INFO] [stdout] help: there is a method `with_environment_variables` with a similar name
[INFO] [stdout]     |
[INFO] [stdout] 954 -         .with_env_vars(env(&[("APP_PORT", "2000"), ("APP_DEBUG", "true")]))
[INFO] [stdout] 954 +         .with_environment_variables(env(&[("APP_PORT", "2000"), ("APP_DEBUG", "true")]))
[INFO] [stdout]     |
[INFO] [stdout] 
[INFO] [stdout] 
[INFO] [stdout] error[E0599]: no method named `with_env_vars` found for struct `Configulator<C>` in the current scope
[INFO] [stdout]    --> tests/integration.rs:975:10
[INFO] [stdout]     |
[INFO] [stdout] 972 |     let config = Configulator::<NestedConfig>::new()
[INFO] [stdout] 973 |         .with_file(yaml_opts(f.path()))
[INFO] [stdout] 974 |         .with_environment_variables(env_opts("APP_"))
[INFO] [stdout] 975 |         .with_env_vars(env(&[("APP_DATABASE_MAX_CONNECTIONS", "50")]))
[INFO] [stdout]     |          ^^^^^^^^^^^^^
[INFO] [stdout]     |
[INFO] [stdout] help: there is a method `with_environment_variables` with a similar name
[INFO] [stdout]     |
[INFO] [stdout] 975 -         .with_env_vars(env(&[("APP_DATABASE_MAX_CONNECTIONS", "50")]))
[INFO] [stdout] 975 +         .with_environment_variables(env(&[("APP_DATABASE_MAX_CONNECTIONS", "50")]))
[INFO] [stdout]     |
[INFO] [stdout] 
[INFO] [stdout] 
[INFO] [stdout] error[E0599]: no method named `with_env_vars` found for struct `Configulator<C>` in the current scope
[INFO] [stdout]    --> tests/integration.rs:993:10
[INFO] [stdout]     |
[INFO] [stdout] 990 |     let config = Configulator::<ListConfig>::new()
[INFO] [stdout] 991 |         .with_file(yaml_opts(f.path()))
[INFO] [stdout] 992 |         .with_environment_variables(env_opts("APP_"))
[INFO] [stdout] 993 |         .with_env_vars(env(&[("APP_TAGS", "p,q")]))
[INFO] [stdout]     |          ^^^^^^^^^^^^^
[INFO] [stdout]     |
[INFO] [stdout] help: there is a method `with_environment_variables` with a similar name
[INFO] [stdout]     |
[INFO] [stdout] 993 -         .with_env_vars(env(&[("APP_TAGS", "p,q")]))
[INFO] [stdout] 993 +         .with_environment_variables(env(&[("APP_TAGS", "p,q")]))
[INFO] [stdout]     |
[INFO] [stdout] 
[INFO] [stdout] 
[INFO] [stdout] error[E0599]: no method named `with_env_vars` found for struct `Configulator<C>` in the current scope
[INFO] [stdout]     --> tests/integration.rs:1023:10
[INFO] [stdout]      |
[INFO] [stdout] 1021 |     let config = Configulator::<RequiredConfig>::new()
[INFO] [stdout] 1022 |         .with_environment_variables(env_opts("APP_"))
[INFO] [stdout] 1023 |         .with_env_vars(env(&[("APP_TOKEN", "sekrit")]))
[INFO] [stdout]      |          ^^^^^^^^^^^^^
[INFO] [stdout]      |
[INFO] [stdout] help: there is a method `with_environment_variables` with a similar name
[INFO] [stdout]      |
[INFO] [stdout] 1023 -         .with_env_vars(env(&[("APP_TOKEN", "sekrit")]))
[INFO] [stdout] 1023 +         .with_environment_variables(env(&[("APP_TOKEN", "sekrit")]))
[INFO] [stdout]      |
[INFO] [stdout] 
[INFO] [stdout] 
[INFO] [stdout] error[E0599]: no method named `with_env_vars` found for struct `Configulator<C>` in the current scope
[INFO] [stdout]     --> tests/integration.rs:1058:10
[INFO] [stdout]      |
[INFO] [stdout] 1056 |     let err = Configulator::<SecretConfig>::new()
[INFO] [stdout] 1057 |         .with_environment_variables(env_opts("APP_"))
[INFO] [stdout] 1058 |         .with_env_vars(env(&[("APP_BURST", "not-a-number")]))
[INFO] [stdout]      |          ^^^^^^^^^^^^^
[INFO] [stdout]      |
[INFO] [stdout] help: there is a method `with_environment_variables` with a similar name
[INFO] [stdout]      |
[INFO] [stdout] 1058 -         .with_env_vars(env(&[("APP_BURST", "not-a-number")]))
[INFO] [stdout] 1058 +         .with_environment_variables(env(&[("APP_BURST", "not-a-number")]))
[INFO] [stdout]      |
[INFO] [stdout] 
[INFO] [stdout] 
[INFO] [stdout] error[E0599]: no method named `with_env_vars` found for struct `Configulator<C>` in the current scope
[INFO] [stdout]     --> tests/integration.rs:1190:10
[INFO] [stdout]      |
[INFO] [stdout] 1188 |     let config = Configulator::<RequiredNestedConfig>::new()
[INFO] [stdout] 1189 |         .with_environment_variables(env_opts("T_"))
[INFO] [stdout] 1190 |         .with_env_vars(env(&[("T_DB_HOST", "h")]))
[INFO] [stdout]      |          ^^^^^^^^^^^^^
[INFO] [stdout]      |
[INFO] [stdout] help: there is a method `with_environment_variables` with a similar name
[INFO] [stdout]      |
[INFO] [stdout] 1190 -         .with_env_vars(env(&[("T_DB_HOST", "h")]))
[INFO] [stdout] 1190 +         .with_environment_variables(env(&[("T_DB_HOST", "h")]))
[INFO] [stdout]      |
[INFO] [stdout] 
[INFO] [stdout] 
[INFO] [stdout] error[E0599]: no method named `with_env_vars` found for struct `Configulator<C>` in the current scope
[INFO] [stdout]     --> tests/integration.rs:1197:10
[INFO] [stdout]      |
[INFO] [stdout] 1195 |     let err = Configulator::<RequiredNestedConfig>::new()
[INFO] [stdout] 1196 |         .with_environment_variables(env_opts("T_"))
[INFO] [stdout] 1197 |         .with_env_vars(env(&[]))
[INFO] [stdout]      |          ^^^^^^^^^^^^^
[INFO] [stdout]      |
[INFO] [stdout] help: there is a method `with_environment_variables` with a similar name
[INFO] [stdout]      |
[INFO] [stdout] 1197 -         .with_env_vars(env(&[]))
[INFO] [stdout] 1197 +         .with_environment_variables(env(&[]))
[INFO] [stdout]      |
[INFO] [stdout] 
[INFO] [stdout] 
[INFO] [stdout] error[E0599]: no method named `with_env_vars` found for struct `Configulator<C>` in the current scope
[INFO] [stdout]     --> tests/integration.rs:1222:10
[INFO] [stdout]      |
[INFO] [stdout] 1220 |     let config = Configulator::<OptionalSectionConfig>::new()
[INFO] [stdout] 1221 |         .with_environment_variables(env_opts("T_"))
[INFO] [stdout] 1222 |         .with_env_vars(env(&[]))
[INFO] [stdout]      |          ^^^^^^^^^^^^^
[INFO] [stdout]      |
[INFO] [stdout] help: there is a method `with_environment_variables` with a similar name
[INFO] [stdout]      |
[INFO] [stdout] 1222 -         .with_env_vars(env(&[]))
[INFO] [stdout] 1222 +         .with_environment_variables(env(&[]))
[INFO] [stdout]      |
[INFO] [stdout] 
[INFO] [stdout] 
[INFO] [stdout] error[E0599]: no method named `with_env_vars` found for struct `Configulator<C>` in the current scope
[INFO] [stdout]     --> tests/integration.rs:1229:10
[INFO] [stdout]      |
[INFO] [stdout] 1227 |     let err = Configulator::<OptionalSectionConfig>::new()
[INFO] [stdout] 1228 |         .with_environment_variables(env_opts("T_"))
[INFO] [stdout] 1229 |         .with_env_vars(env(&[("T_DB_PORT", "5432")]))
[INFO] [stdout]      |          ^^^^^^^^^^^^^
[INFO] [stdout]      |
[INFO] [stdout] help: there is a method `with_environment_variables` with a similar name
[INFO] [stdout]      |
[INFO] [stdout] 1229 -         .with_env_vars(env(&[("T_DB_PORT", "5432")]))
[INFO] [stdout] 1229 +         .with_environment_variables(env(&[("T_DB_PORT", "5432")]))
[INFO] [stdout]      |
[INFO] [stdout] 
[INFO] [stdout] 
[INFO] [stdout] error[E0599]: no method named `with_cli_args` found for struct `Configulator<C>` in the current scope
[INFO] [stdout]     --> tests/integration.rs:1259:10
[INFO] [stdout]      |
[INFO] [stdout] 1254 |     let err = Configulator::<ShortCConfig>::new()
[INFO] [stdout] 1255 |         .with_file(yaml_opts(f.path()))
[INFO] [stdout] 1256 |         .with_cli_flags(CLIFlagOptions {
[INFO] [stdout] 1257 |             separator: ".".into(),
[INFO] [stdout] 1258 |         })
[INFO] [stdout] 1259 |         .with_cli_args(args(&[]))
[INFO] [stdout]      |          ^^^^^^^^^^^^^
[INFO] [stdout]      |
[INFO] [stdout] help: there is a method `with_cli_flags` with a similar name
[INFO] [stdout]      |
[INFO] [stdout] 1259 -         .with_cli_args(args(&[]))
[INFO] [stdout] 1259 +         .with_cli_flags(args(&[]))
[INFO] [stdout]      |
[INFO] [stdout] 
[INFO] [stdout] 
[INFO] [stdout] error[E0599]: no method named `with_cli_args` found for struct `Configulator<C>` in the current scope
[INFO] [stdout]     --> tests/integration.rs:1271:10
[INFO] [stdout]      |
[INFO] [stdout] 1267 |     let err = Configulator::<DuplicateShortConfig>::new()
[INFO] [stdout] 1268 |         .with_cli_flags(CLIFlagOptions {
[INFO] [stdout] 1269 |             separator: ".".into(),
[INFO] [stdout] 1270 |         })
[INFO] [stdout] 1271 |         .with_cli_args(args(&[]))
[INFO] [stdout]      |          ^^^^^^^^^^^^^
[INFO] [stdout]      |
[INFO] [stdout] help: there is a method `with_cli_flags` with a similar name
[INFO] [stdout]      |
[INFO] [stdout] 1271 -         .with_cli_args(args(&[]))
[INFO] [stdout] 1271 +         .with_cli_flags(args(&[]))
[INFO] [stdout]      |
[INFO] [stdout] 
[INFO] [stdout] 
[INFO] [stdout] error[E0599]: no method named `with_cli_args` found for struct `Configulator<C>` in the current scope
[INFO] [stdout]     --> tests/integration.rs:1290:10
[INFO] [stdout]      |
[INFO] [stdout] 1285 |     let err = Configulator::<SimpleConfig>::new()
[INFO] [stdout] 1286 |         .with_cli_command(clap::Command::new("app").arg(clap::Arg::new("port").long("port")))
[INFO] [stdout] 1287 |         .with_cli_flags(CLIFlagOptions {
[INFO] [stdout] 1288 |             separator: ".".into(),
[INFO] [stdout] 1289 |         })
[INFO] [stdout] 1290 |         .with_cli_args(args(&[]))
[INFO] [stdout]      |          ^^^^^^^^^^^^^
[INFO] [stdout]      |
[INFO] [stdout] help: there is a method `with_cli_flags` with a similar name
[INFO] [stdout]      |
[INFO] [stdout] 1290 -         .with_cli_args(args(&[]))
[INFO] [stdout] 1290 +         .with_cli_flags(args(&[]))
[INFO] [stdout]      |
[INFO] [stdout] 
[INFO] [stdout] 
[INFO] [stdout] error[E0599]: no method named `with_cli_args` found for struct `Configulator<C>` in the current scope
[INFO] [stdout]     --> tests/integration.rs:1318:10
[INFO] [stdout]      |
[INFO] [stdout] 1314 |     let config = Configulator::<RawIdentConfig>::new()
[INFO] [stdout] 1315 |         .with_cli_flags(CLIFlagOptions {
[INFO] [stdout] 1316 |             separator: ".".into(),
[INFO] [stdout] 1317 |         })
[INFO] [stdout] 1318 |         .with_cli_args(args(&["--type", "c"]))
[INFO] [stdout]      |          ^^^^^^^^^^^^^
[INFO] [stdout]      |
[INFO] [stdout] help: there is a method `with_cli_flags` with a similar name
[INFO] [stdout]      |
[INFO] [stdout] 1318 -         .with_cli_args(args(&["--type", "c"]))
[INFO] [stdout] 1318 +         .with_cli_flags(args(&["--type", "c"]))
[INFO] [stdout]      |
[INFO] [stdout] 
[INFO] [stdout] 
[INFO] [stdout] error[E0599]: no method named `with_env_vars` found for struct `Configulator<C>` in the current scope
[INFO] [stdout]     --> tests/integration.rs:1750:10
[INFO] [stdout]      |
[INFO] [stdout] 1748 |     let config = Configulator::<ComplexConfig>::new()
[INFO] [stdout] 1749 |         .with_environment_variables(env_opts("C_"))
[INFO] [stdout] 1750 |         .with_env_vars(env(&[("C_Z", "2i"), ("C_ROOTS", "1+1i,-1-1i")]))
[INFO] [stdout]      |          ^^^^^^^^^^^^^
[INFO] [stdout]      |
[INFO] [stdout] help: there is a method `with_environment_variables` with a similar name
[INFO] [stdout]      |
[INFO] [stdout] 1750 -         .with_env_vars(env(&[("C_Z", "2i"), ("C_ROOTS", "1+1i,-1-1i")]))
[INFO] [stdout] 1750 +         .with_environment_variables(env(&[("C_Z", "2i"), ("C_ROOTS", "1+1i,-1-1i")]))
[INFO] [stdout]      |
[INFO] [stdout] 
[INFO] [stdout] 
[INFO] [stdout] error[E0599]: no method named `with_env_vars` found for struct `Configulator<C>` in the current scope
[INFO] [stdout]     --> tests/integration.rs:1766:10
[INFO] [stdout]      |
[INFO] [stdout] 1764 |     let err = Configulator::<ComplexConfig>::new()
[INFO] [stdout] 1765 |         .with_environment_variables(env_opts("C_"))
[INFO] [stdout] 1766 |         .with_env_vars(env(&[("C_Z", "1+2j")]))
[INFO] [stdout]      |          ^^^^^^^^^^^^^
[INFO] [stdout]      |
[INFO] [stdout] help: there is a method `with_environment_variables` with a similar name
[INFO] [stdout]      |
[INFO] [stdout] 1766 -         .with_env_vars(env(&[("C_Z", "1+2j")]))
[INFO] [stdout] 1766 +         .with_environment_variables(env(&[("C_Z", "1+2j")]))
[INFO] [stdout]      |
[INFO] [stdout] 
[INFO] [stdout] 
[INFO] [stdout] error[E0599]: no method named `with_cli_args` found for struct `Configulator<C>` in the current scope
[INFO] [stdout]     --> tests/integration.rs:1801:10
[INFO] [stdout]      |
[INFO] [stdout] 1796 |     let (config, report) = Configulator::<SimpleConfig>::new()
[INFO] [stdout] 1797 |         .with_file(yaml_opts(f.path()))
[INFO] [stdout] 1798 |         .with_cli_flags(CLIFlagOptions {
[INFO] [stdout] 1799 |             separator: ".".into(),
[INFO] [stdout] 1800 |         })
[INFO] [stdout] 1801 |         .with_cli_args(args(&["--port", "9001"]))
[INFO] [stdout]      |          ^^^^^^^^^^^^^
[INFO] [stdout]      |
[INFO] [stdout] help: there is a method `with_cli_flags` with a similar name
[INFO] [stdout]      |
[INFO] [stdout] 1801 -         .with_cli_args(args(&["--port", "9001"]))
[INFO] [stdout] 1801 +         .with_cli_flags(args(&["--port", "9001"]))
[INFO] [stdout]      |
[INFO] [stdout] 
[INFO] [stdout] 
[INFO] [stdout] error[E0599]: no method named `with_env_vars` found for struct `Configulator<C>` in the current scope
[INFO] [stdout]     --> tests/integration.rs:1824:10
[INFO] [stdout]      |
[INFO] [stdout] 1822 |     let config = Configulator::<ListOverrideConfig>::new()
[INFO] [stdout] 1823 |         .with_environment_variables(env_opts("T_"))
[INFO] [stdout] 1824 |         .with_env_vars(env(&[("T_MY_TAGS", "a,b")]))
[INFO] [stdout]      |          ^^^^^^^^^^^^^
[INFO] [stdout]      |
[INFO] [stdout] help: there is a method `with_environment_variables` with a similar name
[INFO] [stdout]      |
[INFO] [stdout] 1824 -         .with_env_vars(env(&[("T_MY_TAGS", "a,b")]))
[INFO] [stdout] 1824 +         .with_environment_variables(env(&[("T_MY_TAGS", "a,b")]))
[INFO] [stdout]      |
[INFO] [stdout] 
[INFO] [stdout] 
[INFO] [stdout] error[E0599]: no method named `with_cli_args` found for struct `Configulator<C>` in the current scope
[INFO] [stdout]     --> tests/integration.rs:1832:10
[INFO] [stdout]      |
[INFO] [stdout] 1828 |     let config = Configulator::<ListOverrideConfig>::new()
[INFO] [stdout] 1829 |         .with_cli_flags(CLIFlagOptions {
[INFO] [stdout] 1830 |             separator: ".".into(),
[INFO] [stdout] 1831 |         })
[INFO] [stdout] 1832 |         .with_cli_args(args(&["--my-tags", "c", "--my-tags", "d"]))
[INFO] [stdout]      |          ^^^^^^^^^^^^^
[INFO] [stdout]      |
[INFO] [stdout] help: there is a method `with_cli_flags` with a similar name
[INFO] [stdout]      |
[INFO] [stdout] 1832 -         .with_cli_args(args(&["--my-tags", "c", "--my-tags", "d"]))
[INFO] [stdout] 1832 +         .with_cli_flags(args(&["--my-tags", "c", "--my-tags", "d"]))
[INFO] [stdout]      |
[INFO] [stdout] 
[INFO] [stdout] 
[INFO] [stdout] error[E0599]: no method named `with_env_vars` found for struct `Configulator<C>` in the current scope
[INFO] [stdout]     --> tests/integration.rs:1858:14
[INFO] [stdout]      |
[INFO] [stdout] 1856 |         let err = Configulator::<SecretParseConfig>::new()
[INFO] [stdout] 1857 |             .with_environment_variables(env_opts("S_"))
[INFO] [stdout] 1858 |             .with_env_vars(env(&[(k, v)]))
[INFO] [stdout]      |              ^^^^^^^^^^^^^
[INFO] [stdout]      |
[INFO] [stdout] help: there is a method `with_environment_variables` with a similar name
[INFO] [stdout]      |
[INFO] [stdout] 1858 -             .with_env_vars(env(&[(k, v)]))
[INFO] [stdout] 1858 +             .with_environment_variables(env(&[(k, v)]))
[INFO] [stdout]      |
[INFO] [stdout] 
[INFO] [stdout] 
[INFO] [stdout] error[E0599]: no method named `with_env_vars` found for struct `Configulator<C>` in the current scope
[INFO] [stdout]     --> tests/integration.rs:1889:14
[INFO] [stdout]      |
[INFO] [stdout] 1887 |         let config = Configulator::<SimpleConfig>::new()
[INFO] [stdout] 1888 |             .with_environment_variables(env_opts("B_"))
[INFO] [stdout] 1889 |             .with_env_vars(env(&[("B_DEBUG", v)]))
[INFO] [stdout]      |              ^^^^^^^^^^^^^
[INFO] [stdout]      |
[INFO] [stdout] help: there is a method `with_environment_variables` with a similar name
[INFO] [stdout]      |
[INFO] [stdout] 1889 -             .with_env_vars(env(&[("B_DEBUG", v)]))
[INFO] [stdout] 1889 +             .with_environment_variables(env(&[("B_DEBUG", v)]))
[INFO] [stdout]      |
[INFO] [stdout] 
[INFO] [stdout] 
[INFO] [stdout] error[E0599]: no method named `with_cli_args` found for struct `Configulator<C>` in the current scope
[INFO] [stdout]     --> tests/integration.rs:1898:10
[INFO] [stdout]      |
[INFO] [stdout] 1894 |     let config = Configulator::<SimpleConfig>::new()
[INFO] [stdout] 1895 |         .with_cli_flags(CLIFlagOptions {
[INFO] [stdout] 1896 |             separator: ".".into(),
[INFO] [stdout] 1897 |         })
[INFO] [stdout] 1898 |         .with_cli_args(args(&["--debug=1"]))
[INFO] [stdout]      |          ^^^^^^^^^^^^^
[INFO] [stdout]      |
[INFO] [stdout] help: there is a method `with_cli_flags` with a similar name
[INFO] [stdout]      |
[INFO] [stdout] 1898 -         .with_cli_args(args(&["--debug=1"]))
[INFO] [stdout] 1898 +         .with_cli_flags(args(&["--debug=1"]))
[INFO] [stdout]      |
[INFO] [stdout] 
[INFO] [stdout] 
[INFO] [stdout] error[E0599]: no method named `with_env_vars` found for struct `Configulator<C>` in the current scope
[INFO] [stdout]     --> tests/integration.rs:1906:18
[INFO] [stdout]      |
[INFO] [stdout] 1904 |             Configulator::<SimpleConfig>::new()
[INFO] [stdout] 1905 |                 .with_environment_variables(env_opts("B_"))
[INFO] [stdout] 1906 |                 .with_env_vars(env(&[("B_DEBUG", bad)]))
[INFO] [stdout]      |                  ^^^^^^^^^^^^^
[INFO] [stdout]      |
[INFO] [stdout] help: there is a method `with_environment_variables` with a similar name
[INFO] [stdout]      |
[INFO] [stdout] 1906 -                 .with_env_vars(env(&[("B_DEBUG", bad)]))
[INFO] [stdout] 1906 +                 .with_environment_variables(env(&[("B_DEBUG", bad)]))
[INFO] [stdout]      |
[INFO] [stdout] 
[INFO] [stdout] 
[INFO] [stdout] error[E0599]: no method named `with_env_vars` found for struct `Configulator<C>` in the current scope
[INFO] [stdout]     --> tests/integration.rs:2098:10
[INFO] [stdout]      |
[INFO] [stdout] 2093 |     let config = Configulator::<NestedConfig>::new()
[INFO] [stdout] 2094 |         .with_environment_variables(EnvironmentVariableOptions {
[INFO] [stdout] 2095 |             prefix: "D_".into(),
[INFO] [stdout] 2096 |             separator: String::new(),
[INFO] [stdout] 2097 |         })
[INFO] [stdout] 2098 |         .with_env_vars(env(&[("D_DATABASE_POOL_SIZE", "7")]))
[INFO] [stdout]      |          ^^^^^^^^^^^^^
[INFO] [stdout]      |
[INFO] [stdout] help: there is a method `with_environment_variables` with a similar name
[INFO] [stdout]      |
[INFO] [stdout] 2098 -         .with_env_vars(env(&[("D_DATABASE_POOL_SIZE", "7")]))
[INFO] [stdout] 2098 +         .with_environment_variables(env(&[("D_DATABASE_POOL_SIZE", "7")]))
[INFO] [stdout]      |
[INFO] [stdout] 
[INFO] [stdout] 
[INFO] [stdout] error[E0599]: no method named `with_cli_args` found for struct `Configulator<C>` in the current scope
[INFO] [stdout]     --> tests/integration.rs:2127:10
[INFO] [stdout]      |
[INFO] [stdout] 2122 |     let err = Configulator::<HelpConfig>::new()
[INFO] [stdout] 2123 |         .with_file(yaml_opts(f.path()))
[INFO] [stdout] 2124 |         .with_cli_flags(CLIFlagOptions {
[INFO] [stdout] 2125 |             separator: ".".into(),
[INFO] [stdout] 2126 |         })
[INFO] [stdout] 2127 |         .with_cli_args(args(&["--help"]))
[INFO] [stdout]      |          ^^^^^^^^^^^^^
[INFO] [stdout]      |
[INFO] [stdout] help: there is a method `with_cli_flags` with a similar name
[INFO] [stdout]      |
[INFO] [stdout] 2127 -         .with_cli_args(args(&["--help"]))
[INFO] [stdout] 2127 +         .with_cli_flags(args(&["--help"]))
[INFO] [stdout]      |
[INFO] [stdout] 
[INFO] [stdout] 
[INFO] [stdout] error[E0599]: no method named `with_env_vars` found for struct `Configulator<C>` in the current scope
[INFO] [stdout]     --> tests/integration.rs:2144:10
[INFO] [stdout]      |
[INFO] [stdout] 2142 |     let config = Configulator::<HelpConfig>::new()
[INFO] [stdout] 2143 |         .with_environment_variables(env_opts("H_"))
[INFO] [stdout] 2144 |         .with_env_vars(env(&[("H_PORT", "9")]))
[INFO] [stdout]      |          ^^^^^^^^^^^^^
[INFO] [stdout]      |
[INFO] [stdout] help: there is a method `with_environment_variables` with a similar name
[INFO] [stdout]      |
[INFO] [stdout] 2144 -         .with_env_vars(env(&[("H_PORT", "9")]))
[INFO] [stdout] 2144 +         .with_environment_variables(env(&[("H_PORT", "9")]))
[INFO] [stdout]      |
[INFO] [stdout] 
[INFO] [stdout] 
[INFO] [stdout] error[E0599]: no method named `with_env_vars` found for struct `Configulator<C>` in the current scope
[INFO] [stdout]     --> tests/integration.rs:2197:10
[INFO] [stdout]      |
[INFO] [stdout] 2195 |     let err = Configulator::<SimpleConfig>::new()
[INFO] [stdout] 2196 |         .with_environment_variables(env_opts("E_"))
[INFO] [stdout] 2197 |         .with_env_vars(env(&[("E_PORT", "x")]))
[INFO] [stdout]      |          ^^^^^^^^^^^^^
[INFO] [stdout]      |
[INFO] [stdout] help: there is a method `with_environment_variables` with a similar name
[INFO] [stdout]      |
[INFO] [stdout] 2197 -         .with_env_vars(env(&[("E_PORT", "x")]))
[INFO] [stdout] 2197 +         .with_environment_variables(env(&[("E_PORT", "x")]))
[INFO] [stdout]      |
[INFO] [stdout] 
[INFO] [stdout] 
[INFO] [stdout] For more information about this error, try `rustc --explain E0599`.
[INFO] [stdout] 
[INFO] [stderr] error: could not compile `configulator-rs` (test "integration") due to 54 previous errors
[INFO] running `Command { std: "docker" "inspect" "c6ac888cb3b4df7f0293a6186402462a7ce2516d4e11e7810a25739eb701b3ee", kill_on_drop: false }`
[INFO] running `Command { std: "docker" "rm" "-f" "c6ac888cb3b4df7f0293a6186402462a7ce2516d4e11e7810a25739eb701b3ee", kill_on_drop: false }`
[INFO] [stdout] c6ac888cb3b4df7f0293a6186402462a7ce2516d4e11e7810a25739eb701b3ee
