[INFO] fetching crate configloader-676 0.1.0...
[INFO] testing configloader-676-0.1.0 against 1.99.0-beta.8+cargoflags=--release for beta-release-1.100-2
[INFO] extracting crate configloader-676 0.1.0 into /workspace/builds/worker-2-tc1/source
[INFO] started tweaking crates.io crate configloader-676 0.1.0
[INFO] removed 0 missing tests
[INFO] finished tweaking crates.io crate configloader-676 0.1.0
[INFO] tweaked toml for crates.io crate configloader-676 0.1.0 written to /workspace/builds/worker-2-tc1/source/Cargo.toml
[INFO] validating manifest of crates.io crate configloader-676 0.1.0 on toolchain 1.99.0-beta.8
[INFO] running `Command { std: CARGO_HOME="/workspace/cargo-home" RUSTUP_HOME="/workspace/rustup-home" "/workspace/cargo-home/bin/cargo" "+1.99.0-beta.8" "metadata" "--manifest-path" "Cargo.toml" "--no-deps", kill_on_drop: false }`
[INFO] crate crates.io crate configloader-676 0.1.0 already has a lockfile, it will not be regenerated
[INFO] running `Command { std: CARGO_HOME="/workspace/cargo-home" RUSTUP_HOME="/workspace/rustup-home" "/workspace/cargo-home/bin/cargo" "+1.99.0-beta.8" "fetch" "--manifest-path" "Cargo.toml", kill_on_drop: false }`
[INFO] [stderr]     Blocking waiting for file lock on package cache
[INFO] [stderr]     Blocking waiting for file lock on package cache
[INFO] running `Command { std: "docker" "create" "-v" "/var/lib/crater-agent-workspace/builds/worker-2-tc1/source:/opt/rustwide/workdir:ro,Z" "-v" "/var/lib/crater-agent-workspace/builds/worker-2-tc1/target:/opt/rustwide/target:rw,Z" "-v" "/var/lib/crater-agent-workspace/cargo-home:/opt/rustwide/cargo-home:ro,Z" "-v" "/var/lib/crater-agent-workspace/rustup-home:/opt/rustwide/rustup-home:ro,Z" "-m" "1610612736" "--network" "none" "ghcr.io/rust-lang/crates-build-env/linux@sha256:77db811e55d90add9212f6832c23229e3de5f1c1f9905e8cb07319ea15df73ac" "sleep" "infinity", kill_on_drop: false }`
[INFO] [stdout] 2a03d4a9a62e7c70c7fe7ccf1568175b0bd209c165ccb0d9d1abc84b292d51a8
[INFO] running `Command { std: "docker" "start" "2a03d4a9a62e7c70c7fe7ccf1568175b0bd209c165ccb0d9d1abc84b292d51a8", kill_on_drop: false }`
[INFO] running `Command { std: "docker" "inspect" "2a03d4a9a62e7c70c7fe7ccf1568175b0bd209c165ccb0d9d1abc84b292d51a8", kill_on_drop: false }`
[INFO] running `Command { std: "docker" "exec" "-e" "SOURCE_DIR=/opt/rustwide/workdir" "-e" "CARGO_HOME=/opt/rustwide/cargo-home" "-e" "RUSTUP_HOME=/opt/rustwide/rustup-home" "-e" "CARGO_TARGET_DIR=/opt/rustwide/target" "-w" "/opt/rustwide/workdir" "--user" "0:0" "2a03d4a9a62e7c70c7fe7ccf1568175b0bd209c165ccb0d9d1abc84b292d51a8" "/opt/rustwide/cargo-home/bin/cargo" "+1.99.0-beta.8" "metadata" "--no-deps" "--format-version=1", kill_on_drop: false }`
[INFO] running `Command { std: "docker" "inspect" "2a03d4a9a62e7c70c7fe7ccf1568175b0bd209c165ccb0d9d1abc84b292d51a8", kill_on_drop: false }`
[INFO] running `Command { std: "docker" "exec" "-e" "SOURCE_DIR=/opt/rustwide/workdir" "-e" "CARGO_HOME=/opt/rustwide/cargo-home" "-e" "RUSTUP_HOME=/opt/rustwide/rustup-home" "-e" "CARGO_TARGET_DIR=/opt/rustwide/target" "-e" "CARGO_INCREMENTAL=0" "-e" "RUST_BACKTRACE=full" "-e" "RUSTFLAGS=--cap-lints=warn" "-e" "RUSTDOCFLAGS=--cap-lints=warn" "-w" "/opt/rustwide/workdir" "--user" "0:0" "2a03d4a9a62e7c70c7fe7ccf1568175b0bd209c165ccb0d9d1abc84b292d51a8" "/opt/rustwide/cargo-home/bin/cargo" "+1.99.0-beta.8" "build" "--frozen" "--message-format=json" "--release", kill_on_drop: false }`
[INFO] [stderr]    Compiling proc-macro2 v1.0.94
[INFO] [stderr]    Compiling winnow v0.7.4
[INFO] [stderr]    Compiling unsafe-libyaml v0.2.11
[INFO] [stderr]    Compiling memchr v2.7.4
[INFO] [stderr]    Compiling indexmap v2.8.0
[INFO] [stderr]    Compiling quote v1.0.40
[INFO] [stderr]    Compiling syn v2.0.100
[INFO] [stderr]    Compiling serde_derive v1.0.219
[INFO] [stderr]    Compiling serde v1.0.219
[INFO] [stderr]    Compiling serde_spanned v0.6.8
[INFO] [stderr]    Compiling toml_datetime v0.6.8
[INFO] [stderr]    Compiling serde_yaml v0.9.34+deprecated
[INFO] [stderr]    Compiling serde_json v1.0.140
[INFO] [stderr]    Compiling toml_edit v0.22.24
[INFO] [stderr]    Compiling toml v0.8.20
[INFO] [stderr]    Compiling configloader-676 v0.1.0 (/opt/rustwide/workdir)
[INFO] [stderr]     Finished `release` profile [optimized] target(s) in 22.42s
[INFO] running `Command { std: "docker" "inspect" "2a03d4a9a62e7c70c7fe7ccf1568175b0bd209c165ccb0d9d1abc84b292d51a8", kill_on_drop: false }`
[INFO] running `Command { std: "docker" "exec" "-e" "SOURCE_DIR=/opt/rustwide/workdir" "-e" "CARGO_HOME=/opt/rustwide/cargo-home" "-e" "RUSTUP_HOME=/opt/rustwide/rustup-home" "-e" "CARGO_TARGET_DIR=/opt/rustwide/target" "-e" "CARGO_INCREMENTAL=0" "-e" "RUST_BACKTRACE=full" "-e" "RUSTFLAGS=--cap-lints=warn" "-e" "RUSTDOCFLAGS=--cap-lints=warn" "-w" "/opt/rustwide/workdir" "--user" "0:0" "2a03d4a9a62e7c70c7fe7ccf1568175b0bd209c165ccb0d9d1abc84b292d51a8" "/opt/rustwide/cargo-home/bin/cargo" "+1.99.0-beta.8" "test" "--frozen" "--no-run" "--message-format=json" "--release", kill_on_drop: false }`
[INFO] [stderr]    Compiling configloader-676 v0.1.0 (/opt/rustwide/workdir)
[INFO] [stdout] error[E0432]: unresolved import `config_loader`
[INFO] [stdout]  --> tests/integration_tests.rs:1:5
[INFO] [stdout]   |
[INFO] [stdout] 1 | use config_loader::{load_config, validate_config, Validatable};
[INFO] [stdout]   |     ^^^^^^^^^^^^^ use of unresolved module or unlinked crate `config_loader`
[INFO] [stdout]   |
[INFO] [stdout]   = help: if you wanted to use a crate named `config_loader`, use `cargo add config_loader` to add it to your `Cargo.toml`
[INFO] [stdout] 
[INFO] [stdout] 
[INFO] [stdout] error[E0433]: cannot find module or crate `config_loader` in this scope
[INFO] [stdout]   --> tests/integration_tests.rs:25:24
[INFO] [stdout]    |
[INFO] [stdout] 25 |             return Err(config_loader::ConfigError::ValidationError("Database host is required".to_string()));
[INFO] [stdout]    |                        ^^^^^^^^^^^^^ use of unresolved module or unlinked crate `config_loader`
[INFO] [stdout]    |
[INFO] [stdout]    = help: if you wanted to use a crate named `config_loader`, use `cargo add config_loader` to add it to your `Cargo.toml`
[INFO] [stdout] 
[INFO] [stdout] 
[INFO] [stdout] error[E0433]: cannot find module or crate `config_loader` in this scope
[INFO] [stdout]   --> tests/integration_tests.rs:28:24
[INFO] [stdout]    |
[INFO] [stdout] 28 |             return Err(config_loader::ConfigError::ValidationError("Server port must be non-zero".to_string()));
[INFO] [stdout]    |                        ^^^^^^^^^^^^^ use of unresolved module or unlinked crate `config_loader`
[INFO] [stdout]    |
[INFO] [stdout]    = help: if you wanted to use a crate named `config_loader`, use `cargo add config_loader` to add it to your `Cargo.toml`
[INFO] [stdout] 
[INFO] [stdout] 
[INFO] [stdout] error[E0433]: cannot find module or crate `config_loader` in this scope
[INFO] [stdout]   --> tests/integration_tests.rs:23:38
[INFO] [stdout]    |
[INFO] [stdout] 23 |     fn validate(&self) -> Result<(), config_loader::ConfigError> {
[INFO] [stdout]    |                                      ^^^^^^^^^^^^^ use of unresolved module or unlinked crate `config_loader`
[INFO] [stdout]    |
[INFO] [stdout]    = help: if you wanted to use a crate named `config_loader`, use `cargo add config_loader` to add it to your `Cargo.toml`
[INFO] [stdout] 
[INFO] [stdout] 
[INFO] [stdout] Some errors have detailed explanations: E0432, E0433.
[INFO] [stdout] 
[INFO] [stdout] For more information about an error, try `rustc --explain E0432`.
[INFO] [stdout] 
[INFO] [stderr] error: could not compile `configloader-676` (test "integration_tests") due to 4 previous errors
[INFO] [stderr] warning: build failed, waiting for other jobs to finish...
[INFO] running `Command { std: "docker" "inspect" "2a03d4a9a62e7c70c7fe7ccf1568175b0bd209c165ccb0d9d1abc84b292d51a8", kill_on_drop: false }`
[INFO] running `Command { std: "docker" "rm" "-f" "2a03d4a9a62e7c70c7fe7ccf1568175b0bd209c165ccb0d9d1abc84b292d51a8", kill_on_drop: false }`
[INFO] [stdout] 2a03d4a9a62e7c70c7fe7ccf1568175b0bd209c165ccb0d9d1abc84b292d51a8
