[INFO] fetching crate conduit-core 2.1.1...
[INFO] testing conduit-core-2.1.1 against 1.100.0-beta.1+cargoflags=--release for beta-release-1.100-2
[INFO] extracting crate conduit-core 2.1.1 into /workspace/builds/worker-2-tc2/source
[INFO] started tweaking crates.io crate conduit-core 2.1.1
[INFO] removed 0 missing examples
[INFO] removed 0 missing tests
[INFO] finished tweaking crates.io crate conduit-core 2.1.1
[INFO] tweaked toml for crates.io crate conduit-core 2.1.1 written to /workspace/builds/worker-2-tc2/source/Cargo.toml
[INFO] validating manifest of crates.io crate conduit-core 2.1.1 on toolchain 1.100.0-beta.1
[INFO] running `Command { std: CARGO_HOME="/workspace/cargo-home" RUSTUP_HOME="/workspace/rustup-home" "/workspace/cargo-home/bin/cargo" "+1.100.0-beta.1" "metadata" "--manifest-path" "Cargo.toml" "--no-deps", kill_on_drop: false }`
[INFO] crate crates.io crate conduit-core 2.1.1 already has a lockfile, it will not be regenerated
[INFO] running `Command { std: CARGO_HOME="/workspace/cargo-home" RUSTUP_HOME="/workspace/rustup-home" "/workspace/cargo-home/bin/cargo" "+1.100.0-beta.1" "fetch" "--manifest-path" "Cargo.toml", kill_on_drop: false }`
[INFO] [stderr] warning: `package.homepage` is redundant with `package.repository`
[INFO] [stderr]   --> Cargo.toml:71:12
[INFO] [stderr]    |
[INFO] [stderr] 71 | homepage = "https://github.com/userFRM/tauri-conduit"
[INFO] [stderr]    |            ^^^^^^^^^^^^^^^^^^^^^^^^^^^^^^^^^^^^^^^^^^
[INFO] [stderr] ...
[INFO] [stderr] 76 | repository = "https://github.com/userFRM/tauri-conduit"
[INFO] [stderr]    |              ------------------------------------------
[INFO] [stderr]    |
[INFO] [stderr]    = note: `cargo::redundant_homepage` is set to `warn` by default
[INFO] [stderr] help: consider removing `package.homepage`
[INFO] [stderr] warning: `conduit-core` (manifest) generated 1 warning
[INFO] running `Command { std: "docker" "create" "-v" "/var/lib/crater-agent-workspace/builds/worker-2-tc2/source:/opt/rustwide/workdir:ro,Z" "-v" "/var/lib/crater-agent-workspace/builds/worker-2-tc2/target:/opt/rustwide/target:rw,Z" "-v" "/var/lib/crater-agent-workspace/cargo-home:/opt/rustwide/cargo-home:ro,Z" "-v" "/var/lib/crater-agent-workspace/rustup-home:/opt/rustwide/rustup-home:ro,Z" "-m" "1610612736" "--network" "none" "ghcr.io/rust-lang/crates-build-env/linux@sha256:77db811e55d90add9212f6832c23229e3de5f1c1f9905e8cb07319ea15df73ac" "sleep" "infinity", kill_on_drop: false }`
[INFO] [stdout] 3ffea8d447b5e2fa10a5deb73c23c32e68fd0557eefda68a45e8f09806939ce1
[INFO] running `Command { std: "docker" "start" "3ffea8d447b5e2fa10a5deb73c23c32e68fd0557eefda68a45e8f09806939ce1", kill_on_drop: false }`
[INFO] running `Command { std: "docker" "inspect" "3ffea8d447b5e2fa10a5deb73c23c32e68fd0557eefda68a45e8f09806939ce1", kill_on_drop: false }`
[INFO] running `Command { std: "docker" "exec" "-e" "SOURCE_DIR=/opt/rustwide/workdir" "-e" "CARGO_HOME=/opt/rustwide/cargo-home" "-e" "RUSTUP_HOME=/opt/rustwide/rustup-home" "-e" "CARGO_TARGET_DIR=/opt/rustwide/target" "-w" "/opt/rustwide/workdir" "--user" "0:0" "3ffea8d447b5e2fa10a5deb73c23c32e68fd0557eefda68a45e8f09806939ce1" "/opt/rustwide/cargo-home/bin/cargo" "+1.100.0-beta.1" "metadata" "--no-deps" "--format-version=1", kill_on_drop: false }`
[INFO] running `Command { std: "docker" "inspect" "3ffea8d447b5e2fa10a5deb73c23c32e68fd0557eefda68a45e8f09806939ce1", kill_on_drop: false }`
[INFO] running `Command { std: "docker" "exec" "-e" "SOURCE_DIR=/opt/rustwide/workdir" "-e" "CARGO_HOME=/opt/rustwide/cargo-home" "-e" "RUSTUP_HOME=/opt/rustwide/rustup-home" "-e" "CARGO_TARGET_DIR=/opt/rustwide/target" "-e" "CARGO_INCREMENTAL=0" "-e" "RUST_BACKTRACE=full" "-e" "RUSTFLAGS=--cap-lints=warn" "-e" "RUSTDOCFLAGS=--cap-lints=warn" "-w" "/opt/rustwide/workdir" "--user" "0:0" "3ffea8d447b5e2fa10a5deb73c23c32e68fd0557eefda68a45e8f09806939ce1" "/opt/rustwide/cargo-home/bin/cargo" "+1.100.0-beta.1" "build" "--frozen" "--message-format=json" "--release", kill_on_drop: false }`
[INFO] [stderr] warning: `package.homepage` is redundant with `package.repository`
[INFO] [stderr]   --> Cargo.toml:71:12
[INFO] [stderr]    |
[INFO] [stderr] 71 | homepage = "https://github.com/userFRM/tauri-conduit"
[INFO] [stderr]    |            ^^^^^^^^^^^^^^^^^^^^^^^^^^^^^^^^^^^^^^^^^^
[INFO] [stderr] ...
[INFO] [stderr] 76 | repository = "https://github.com/userFRM/tauri-conduit"
[INFO] [stderr]    |              ------------------------------------------
[INFO] [stderr]    |
[INFO] [stderr]    = note: `cargo::redundant_homepage` is set to `warn` by default
[INFO] [stderr] help: consider removing `package.homepage`
[INFO] [stderr] warning: `conduit-core` (manifest) generated 1 warning
[INFO] [stderr]    Compiling serde_core v1.0.228
[INFO] [stderr]    Compiling ref-cast v1.0.25
[INFO] [stderr]    Compiling bytes v1.11.1
[INFO] [stderr]    Compiling simdutf8 v0.1.5
[INFO] [stderr]    Compiling sonic-simd v0.1.3
[INFO] [stderr]    Compiling sonic-number v0.1.1
[INFO] [stderr]    Compiling bumpalo v3.20.2
[INFO] [stderr]    Compiling syn v2.0.117
[INFO] [stderr]    Compiling serde_derive v1.0.228
[INFO] [stderr]    Compiling thiserror-impl v2.0.18
[INFO] [stderr]    Compiling ref-cast-impl v1.0.25
[INFO] [stderr]    Compiling thiserror v2.0.18
[INFO] [stderr]    Compiling serde v1.0.228
[INFO] [stderr]    Compiling faststr v0.2.34
[INFO] [stderr]    Compiling sonic-rs v0.3.17
[INFO] [stderr]    Compiling conduit-core v2.1.1 (/opt/rustwide/workdir)
[INFO] [stderr]     Finished `release` profile [optimized] target(s) in 21.95s
[INFO] running `Command { std: "docker" "inspect" "3ffea8d447b5e2fa10a5deb73c23c32e68fd0557eefda68a45e8f09806939ce1", kill_on_drop: false }`
[INFO] running `Command { std: "docker" "exec" "-e" "SOURCE_DIR=/opt/rustwide/workdir" "-e" "CARGO_HOME=/opt/rustwide/cargo-home" "-e" "RUSTUP_HOME=/opt/rustwide/rustup-home" "-e" "CARGO_TARGET_DIR=/opt/rustwide/target" "-e" "CARGO_INCREMENTAL=0" "-e" "RUST_BACKTRACE=full" "-e" "RUSTFLAGS=--cap-lints=warn" "-e" "RUSTDOCFLAGS=--cap-lints=warn" "-w" "/opt/rustwide/workdir" "--user" "0:0" "3ffea8d447b5e2fa10a5deb73c23c32e68fd0557eefda68a45e8f09806939ce1" "/opt/rustwide/cargo-home/bin/cargo" "+1.100.0-beta.1" "test" "--frozen" "--no-run" "--message-format=json" "--release", kill_on_drop: false }`
[INFO] [stderr] warning: `package.homepage` is redundant with `package.repository`
[INFO] [stderr]   --> Cargo.toml:71:12
[INFO] [stderr]    |
[INFO] [stderr] 71 | homepage = "https://github.com/userFRM/tauri-conduit"
[INFO] [stderr]    |            ^^^^^^^^^^^^^^^^^^^^^^^^^^^^^^^^^^^^^^^^^^
[INFO] [stderr] ...
[INFO] [stderr] 76 | repository = "https://github.com/userFRM/tauri-conduit"
[INFO] [stderr]    |              ------------------------------------------
[INFO] [stderr]    |
[INFO] [stderr]    = note: `cargo::redundant_homepage` is set to `warn` by default
[INFO] [stderr] help: consider removing `package.homepage`
[INFO] [stderr] warning: `conduit-core` (manifest) generated 1 warning
[INFO] [stderr]    Compiling zerocopy v0.8.40
[INFO] [stderr]    Compiling syn v2.0.117
[INFO] [stderr]    Compiling either v1.15.0
[INFO] [stderr]    Compiling memchr v2.8.0
[INFO] [stderr]    Compiling clap_lex v1.0.0
[INFO] [stderr]    Compiling regex-syntax v0.8.10
[INFO] [stderr]    Compiling parking_lot_core v0.9.12
[INFO] [stderr]    Compiling plotters v0.3.7
[INFO] [stderr]    Compiling itertools v0.10.5
[INFO] [stderr]    Compiling clap_builder v4.5.60
[INFO] [stderr]    Compiling parking_lot v0.12.5
[INFO] [stderr]    Compiling rayon v1.11.0
[INFO] [stderr]    Compiling serde_json v1.0.149
[INFO] [stderr]    Compiling is-terminal v0.4.17
[INFO] [stderr]    Compiling regex-automata v0.4.14
[INFO] [stderr]    Compiling criterion-plot v0.5.0
[INFO] [stderr]    Compiling clap v4.5.60
[INFO] [stderr]    Compiling regex v1.12.3
[INFO] [stderr]    Compiling serde_derive v1.0.228
[INFO] [stderr]    Compiling zerocopy-derive v0.8.40
[INFO] [stderr]    Compiling ref-cast-impl v1.0.25
[INFO] [stderr]    Compiling thiserror-impl v2.0.18
[INFO] [stderr]    Compiling ref-cast v1.0.25
[INFO] [stderr]    Compiling tokio-macros v2.6.1
[INFO] [stderr]    Compiling tokio v1.50.0
[INFO] [stderr]    Compiling thiserror v2.0.18
[INFO] [stderr]    Compiling serde v1.0.228
[INFO] [stderr]    Compiling faststr v0.2.34
[INFO] [stderr]    Compiling tinytemplate v1.2.1
[INFO] [stderr]    Compiling sonic-rs v0.3.17
[INFO] [stderr]    Compiling conduit-core v2.1.1 (/opt/rustwide/workdir)
[INFO] [stderr]    Compiling half v2.7.1
[INFO] [stderr]    Compiling ciborium-ll v0.2.2
[INFO] [stderr]    Compiling ciborium v0.2.2
[INFO] [stderr]    Compiling criterion v0.5.1
[INFO] [stdout] error[E0432]: unresolved import `conduit_derive`
[INFO] [stdout]   --> examples/derive_usage.rs:16:5
[INFO] [stdout]    |
[INFO] [stdout] 16 | use conduit_derive::{Decode, Encode};
[INFO] [stdout]    |     ^^^^^^^^^^^^^^ use of unresolved module or unlinked crate `conduit_derive`
[INFO] [stdout]    |
[INFO] [stdout] help: there is a crate or module with a similar name
[INFO] [stdout]    |
[INFO] [stdout] 16 - use conduit_derive::{Decode, Encode};
[INFO] [stdout] 16 + use conduit_core::{Decode, Encode};
[INFO] [stdout]    |
[INFO] [stdout] 
[INFO] [stdout] 
[INFO] [stdout] error[E0599]: no method named `encode_size` found for struct `MarketTick` in the current scope
[INFO] [stdout]   --> examples/derive_usage.rs:74:31
[INFO] [stdout]    |
[INFO] [stdout] 28 | struct MarketTick {
[INFO] [stdout]    | ----------------- method `encode_size` not found for this struct
[INFO] [stdout] ...
[INFO] [stdout] 74 |     let predicted_size = tick.encode_size();
[INFO] [stdout]    |                               ^^^^^^^^^^^ method not found in `MarketTick`
[INFO] [stdout]    |
[INFO] [stdout]    = help: items from traits can only be used if the trait is implemented and in scope
[INFO] [stdout]    = note: the following trait defines an item `encode_size`, perhaps you need to implement it:
[INFO] [stdout]            candidate #1: `Encode`
[INFO] [stdout] help: some of the expressions' fields have a method of the same name
[INFO] [stdout]    |
[INFO] [stdout] 74 |     let predicted_size = tick.price.encode_size();
[INFO] [stdout]    |                               ++++++
[INFO] [stdout] 74 |     let predicted_size = tick.side.encode_size();
[INFO] [stdout]    |                               +++++
[INFO] [stdout] 74 |     let predicted_size = tick.timestamp.encode_size();
[INFO] [stdout]    |                               ++++++++++
[INFO] [stdout] 74 |     let predicted_size = tick.volume.encode_size();
[INFO] [stdout]    |                               +++++++
[INFO] [stdout] 
[INFO] [stdout] 
[INFO] [stdout] error[E0599]: no method named `encode` found for struct `MarketTick` in the current scope
[INFO] [stdout]   --> examples/derive_usage.rs:85:10
[INFO] [stdout]    |
[INFO] [stdout] 28 | struct MarketTick {
[INFO] [stdout]    | ----------------- method `encode` not found for this struct
[INFO] [stdout] ...
[INFO] [stdout] 85 |     tick.encode(&mut buf);
[INFO] [stdout]    |          ^^^^^^ method not found in `MarketTick`
[INFO] [stdout]    |
[INFO] [stdout]    = help: items from traits can only be used if the trait is implemented and in scope
[INFO] [stdout]    = note: the following trait defines an item `encode`, perhaps you need to implement it:
[INFO] [stdout]            candidate #1: `Encode`
[INFO] [stdout] help: some of the expressions' fields have a method of the same name
[INFO] [stdout]    |
[INFO] [stdout] 85 |     tick.price.encode(&mut buf);
[INFO] [stdout]    |          ++++++
[INFO] [stdout] 85 |     tick.side.encode(&mut buf);
[INFO] [stdout]    |          +++++
[INFO] [stdout] 85 |     tick.timestamp.encode(&mut buf);
[INFO] [stdout]    |          ++++++++++
[INFO] [stdout] 85 |     tick.volume.encode(&mut buf);
[INFO] [stdout]    |          +++++++
[INFO] [stdout] 
[INFO] [stdout] 
[INFO] [stdout] error[E0599]: no associated function or constant named `decode` found for struct `MarketTick` in the current scope
[INFO] [stdout]   --> examples/derive_usage.rs:95:43
[INFO] [stdout]    |
[INFO] [stdout] 28 | struct MarketTick {
[INFO] [stdout]    | ----------------- associated function or constant `decode` not found for this struct
[INFO] [stdout] ...
[INFO] [stdout] 95 |     let (decoded, consumed) = MarketTick::decode(&buf).unwrap();
[INFO] [stdout]    |                                           ^^^^^^ associated function or constant not found in `MarketTick`
[INFO] [stdout]    |
[INFO] [stdout]    = help: items from traits can only be used if the trait is implemented and in scope
[INFO] [stdout]    = note: the following trait defines an item `decode`, perhaps you need to implement it:
[INFO] [stdout]            candidate #1: `Decode`
[INFO] [stdout] 
[INFO] [stdout] 
[INFO] [stdout] error[E0599]: no associated function or constant named `decode` found for struct `MarketTick` in the current scope
[INFO] [stdout]    --> examples/derive_usage.rs:125:40
[INFO] [stdout]     |
[INFO] [stdout]  28 | struct MarketTick {
[INFO] [stdout]     | ----------------- associated function or constant `decode` not found for this struct
[INFO] [stdout] ...
[INFO] [stdout] 125 |     let (parsed_tick, _) = MarketTick::decode(payload).expect("decode failed");
[INFO] [stdout]     |                                        ^^^^^^ associated function or constant not found in `MarketTick`
[INFO] [stdout]     |
[INFO] [stdout]     = help: items from traits can only be used if the trait is implemented and in scope
[INFO] [stdout]     = note: the following trait defines an item `decode`, perhaps you need to implement it:
[INFO] [stdout]             candidate #1: `Decode`
[INFO] [stdout] 
[INFO] [stdout] 
[INFO] [stdout] error[E0599]: no method named `encode_size` found for struct `OrderBookLevel` in the current scope
[INFO] [stdout]    --> examples/derive_usage.rs:151:22
[INFO] [stdout]     |
[INFO] [stdout]  41 | struct OrderBookLevel {
[INFO] [stdout]     | --------------------- method `encode_size` not found for this struct
[INFO] [stdout] ...
[INFO] [stdout] 151 |     let size = level.encode_size();
[INFO] [stdout]     |                      ^^^^^^^^^^^ method not found in `OrderBookLevel`
[INFO] [stdout]     |
[INFO] [stdout]     = help: items from traits can only be used if the trait is implemented and in scope
[INFO] [stdout]     = note: the following trait defines an item `encode_size`, perhaps you need to implement it:
[INFO] [stdout]             candidate #1: `Encode`
[INFO] [stdout] help: some of the expressions' fields have a method of the same name
[INFO] [stdout]     |
[INFO] [stdout] 151 |     let size = level.ask.encode_size();
[INFO] [stdout]     |                      ++++
[INFO] [stdout] 151 |     let size = level.ask_size.encode_size();
[INFO] [stdout]     |                      +++++++++
[INFO] [stdout] 151 |     let size = level.bid.encode_size();
[INFO] [stdout]     |                      ++++
[INFO] [stdout] 151 |     let size = level.bid_size.encode_size();
[INFO] [stdout]     |                      +++++++++
[INFO] [stdout]     = and 2 other candidates
[INFO] [stdout] 
[INFO] [stdout] 
[INFO] [stdout] error[E0599]: no method named `encode` found for struct `OrderBookLevel` in the current scope
[INFO] [stdout]    --> examples/derive_usage.rs:160:11
[INFO] [stdout]     |
[INFO] [stdout]  41 | struct OrderBookLevel {
[INFO] [stdout]     | --------------------- method `encode` not found for this struct
[INFO] [stdout] ...
[INFO] [stdout] 160 |     level.encode(&mut level_buf);
[INFO] [stdout]     |           ^^^^^^ method not found in `OrderBookLevel`
[INFO] [stdout]     |
[INFO] [stdout]     = help: items from traits can only be used if the trait is implemented and in scope
[INFO] [stdout]     = note: the following trait defines an item `encode`, perhaps you need to implement it:
[INFO] [stdout]             candidate #1: `Encode`
[INFO] [stdout] help: some of the expressions' fields have a method of the same name
[INFO] [stdout]     |
[INFO] [stdout] 160 |     level.ask.encode(&mut level_buf);
[INFO] [stdout]     |           ++++
[INFO] [stdout] 160 |     level.ask_size.encode(&mut level_buf);
[INFO] [stdout]     |           +++++++++
[INFO] [stdout] 160 |     level.bid.encode(&mut level_buf);
[INFO] [stdout]     |           ++++
[INFO] [stdout] 160 |     level.bid_size.encode(&mut level_buf);
[INFO] [stdout]     |           +++++++++
[INFO] [stdout]     = and 2 other candidates
[INFO] [stdout] 
[INFO] [stdout] 
[INFO] [stdout] error[E0599]: no associated function or constant named `decode` found for struct `OrderBookLevel` in the current scope
[INFO] [stdout]    --> examples/derive_usage.rs:162:53
[INFO] [stdout]     |
[INFO] [stdout]  41 | struct OrderBookLevel {
[INFO] [stdout]     | --------------------- associated function or constant `decode` not found for this struct
[INFO] [stdout] ...
[INFO] [stdout] 162 |     let (decoded_level, consumed) = OrderBookLevel::decode(&level_buf).unwrap();
[INFO] [stdout]     |                                                     ^^^^^^ associated function or constant not found in `OrderBookLevel`
[INFO] [stdout]     |
[INFO] [stdout]     = help: items from traits can only be used if the trait is implemented and in scope
[INFO] [stdout]     = note: the following trait defines an item `decode`, perhaps you need to implement it:
[INFO] [stdout]             candidate #1: `Decode`
[INFO] [stdout] 
[INFO] [stdout] 
[INFO] [stdout] error[E0599]: no method named `encode` found for struct `MarketTick` in the current scope
[INFO] [stdout]    --> examples/derive_usage.rs:173:10
[INFO] [stdout]     |
[INFO] [stdout]  28 | struct MarketTick {
[INFO] [stdout]     | ----------------- method `encode` not found for this struct
[INFO] [stdout] ...
[INFO] [stdout] 173 |     tick.encode(&mut combined);
[INFO] [stdout]     |          ^^^^^^ method not found in `MarketTick`
[INFO] [stdout]     |
[INFO] [stdout]     = help: items from traits can only be used if the trait is implemented and in scope
[INFO] [stdout]     = note: the following trait defines an item `encode`, perhaps you need to implement it:
[INFO] [stdout]             candidate #1: `Encode`
[INFO] [stdout] help: some of the expressions' fields have a method of the same name
[INFO] [stdout]     |
[INFO] [stdout] 173 |     tick.price.encode(&mut combined);
[INFO] [stdout]     |          ++++++
[INFO] [stdout] 173 |     tick.side.encode(&mut combined);
[INFO] [stdout]     |          +++++
[INFO] [stdout] 173 |     tick.timestamp.encode(&mut combined);
[INFO] [stdout]     |          ++++++++++
[INFO] [stdout] 173 |     tick.volume.encode(&mut combined);
[INFO] [stdout]     |          +++++++
[INFO] [stdout] 
[INFO] [stdout] 
[INFO] [stdout] error[E0599]: no method named `encode` found for struct `OrderBookLevel` in the current scope
[INFO] [stdout]    --> examples/derive_usage.rs:174:11
[INFO] [stdout]     |
[INFO] [stdout]  41 | struct OrderBookLevel {
[INFO] [stdout]     | --------------------- method `encode` not found for this struct
[INFO] [stdout] ...
[INFO] [stdout] 174 |     level.encode(&mut combined);
[INFO] [stdout]     |           ^^^^^^ method not found in `OrderBookLevel`
[INFO] [stdout]     |
[INFO] [stdout]     = help: items from traits can only be used if the trait is implemented and in scope
[INFO] [stdout]     = note: the following trait defines an item `encode`, perhaps you need to implement it:
[INFO] [stdout]             candidate #1: `Encode`
[INFO] [stdout] help: some of the expressions' fields have a method of the same name
[INFO] [stdout]     |
[INFO] [stdout] 174 |     level.ask.encode(&mut combined);
[INFO] [stdout]     |           ++++
[INFO] [stdout] 174 |     level.ask_size.encode(&mut combined);
[INFO] [stdout]     |           +++++++++
[INFO] [stdout] 174 |     level.bid.encode(&mut combined);
[INFO] [stdout]     |           ++++
[INFO] [stdout] 174 |     level.bid_size.encode(&mut combined);
[INFO] [stdout]     |           +++++++++
[INFO] [stdout]     = and 2 other candidates
[INFO] [stdout] 
[INFO] [stdout] 
[INFO] [stdout] error[E0599]: no method named `encode_size` found for struct `MarketTick` in the current scope
[INFO] [stdout]    --> examples/derive_usage.rs:178:14
[INFO] [stdout]     |
[INFO] [stdout]  28 | struct MarketTick {
[INFO] [stdout]     | ----------------- method `encode_size` not found for this struct
[INFO] [stdout] ...
[INFO] [stdout] 178 |         tick.encode_size(),
[INFO] [stdout]     |              ^^^^^^^^^^^ method not found in `MarketTick`
[INFO] [stdout]     |
[INFO] [stdout]     = help: items from traits can only be used if the trait is implemented and in scope
[INFO] [stdout]     = note: the following trait defines an item `encode_size`, perhaps you need to implement it:
[INFO] [stdout]             candidate #1: `Encode`
[INFO] [stdout] help: some of the expressions' fields have a method of the same name
[INFO] [stdout]     |
[INFO] [stdout] 178 |         tick.price.encode_size(),
[INFO] [stdout]     |              ++++++
[INFO] [stdout] 178 |         tick.side.encode_size(),
[INFO] [stdout]     |              +++++
[INFO] [stdout] 178 |         tick.timestamp.encode_size(),
[INFO] [stdout]     |              ++++++++++
[INFO] [stdout] 178 |         tick.volume.encode_size(),
[INFO] [stdout]     |              +++++++
[INFO] [stdout] 
[INFO] [stdout] 
[INFO] [stdout] error[E0599]: no method named `encode_size` found for struct `OrderBookLevel` in the current scope
[INFO] [stdout]    --> examples/derive_usage.rs:179:15
[INFO] [stdout]     |
[INFO] [stdout]  41 | struct OrderBookLevel {
[INFO] [stdout]     | --------------------- method `encode_size` not found for this struct
[INFO] [stdout] ...
[INFO] [stdout] 179 |         level.encode_size()
[INFO] [stdout]     |               ^^^^^^^^^^^ method not found in `OrderBookLevel`
[INFO] [stdout]     |
[INFO] [stdout]     = help: items from traits can only be used if the trait is implemented and in scope
[INFO] [stdout]     = note: the following trait defines an item `encode_size`, perhaps you need to implement it:
[INFO] [stdout]             candidate #1: `Encode`
[INFO] [stdout] help: some of the expressions' fields have a method of the same name
[INFO] [stdout]     |
[INFO] [stdout] 179 |         level.ask.encode_size()
[INFO] [stdout]     |               ++++
[INFO] [stdout] 179 |         level.ask_size.encode_size()
[INFO] [stdout]     |               +++++++++
[INFO] [stdout] 179 |         level.bid.encode_size()
[INFO] [stdout]     |               ++++
[INFO] [stdout] 179 |         level.bid_size.encode_size()
[INFO] [stdout]     |               +++++++++
[INFO] [stdout]     = and 2 other candidates
[INFO] [stdout] 
[INFO] [stdout] 
[INFO] [stdout] error[E0599]: no associated function or constant named `decode` found for struct `MarketTick` in the current scope
[INFO] [stdout]    --> examples/derive_usage.rs:183:34
[INFO] [stdout]     |
[INFO] [stdout]  28 | struct MarketTick {
[INFO] [stdout]     | ----------------- associated function or constant `decode` not found for this struct
[INFO] [stdout] ...
[INFO] [stdout] 183 |     let (t, t_len) = MarketTick::decode(&combined).unwrap();
[INFO] [stdout]     |                                  ^^^^^^ associated function or constant not found in `MarketTick`
[INFO] [stdout]     |
[INFO] [stdout]     = help: items from traits can only be used if the trait is implemented and in scope
[INFO] [stdout]     = note: the following trait defines an item `decode`, perhaps you need to implement it:
[INFO] [stdout]             candidate #1: `Decode`
[INFO] [stdout] 
[INFO] [stdout] 
[INFO] [stdout] error[E0599]: no associated function or constant named `decode` found for struct `OrderBookLevel` in the current scope
[INFO] [stdout]    --> examples/derive_usage.rs:184:38
[INFO] [stdout]     |
[INFO] [stdout]  41 | struct OrderBookLevel {
[INFO] [stdout]     | --------------------- associated function or constant `decode` not found for this struct
[INFO] [stdout] ...
[INFO] [stdout] 184 |     let (l, l_len) = OrderBookLevel::decode(&combined[t_len..]).unwrap();
[INFO] [stdout]     |                                      ^^^^^^ associated function or constant not found in `OrderBookLevel`
[INFO] [stdout]     |
[INFO] [stdout]     = help: items from traits can only be used if the trait is implemented and in scope
[INFO] [stdout]     = note: the following trait defines an item `decode`, perhaps you need to implement it:
[INFO] [stdout]             candidate #1: `Decode`
[INFO] [stdout] 
[INFO] [stdout] 
[INFO] [stdout] Some errors have detailed explanations: E0432, E0599.
[INFO] [stdout] 
[INFO] [stdout] For more information about an error, try `rustc --explain E0432`.
[INFO] [stdout] 
[INFO] [stderr] error: could not compile `conduit-core` (example "derive_usage") due to 14 previous errors
[INFO] [stderr] warning: build failed, waiting for other jobs to finish...
[INFO] running `Command { std: "docker" "inspect" "3ffea8d447b5e2fa10a5deb73c23c32e68fd0557eefda68a45e8f09806939ce1", kill_on_drop: false }`
[INFO] running `Command { std: "docker" "rm" "-f" "3ffea8d447b5e2fa10a5deb73c23c32e68fd0557eefda68a45e8f09806939ce1", kill_on_drop: false }`
[INFO] [stdout] 3ffea8d447b5e2fa10a5deb73c23c32e68fd0557eefda68a45e8f09806939ce1
