[INFO] fetching crate conductor-sdk 0.2.0...
[INFO] testing conductor-sdk-0.2.0 against 1.99.0-beta.8+cargoflags=--release for beta-release-1.100-2
[INFO] extracting crate conductor-sdk 0.2.0 into /workspace/builds/worker-1-tc1/source
[INFO] started tweaking crates.io crate conductor-sdk 0.2.0
[INFO] removed 0 missing examples
[INFO] removed 0 missing tests
[INFO] finished tweaking crates.io crate conductor-sdk 0.2.0
[INFO] tweaked toml for crates.io crate conductor-sdk 0.2.0 written to /workspace/builds/worker-1-tc1/source/Cargo.toml
[INFO] validating manifest of crates.io crate conductor-sdk 0.2.0 on toolchain 1.99.0-beta.8
[INFO] running `Command { std: CARGO_HOME="/workspace/cargo-home" RUSTUP_HOME="/workspace/rustup-home" "/workspace/cargo-home/bin/cargo" "+1.99.0-beta.8" "metadata" "--manifest-path" "Cargo.toml" "--no-deps", kill_on_drop: false }`
[INFO] crate crates.io crate conductor-sdk 0.2.0 already has a lockfile, it will not be regenerated
[INFO] running `Command { std: CARGO_HOME="/workspace/cargo-home" RUSTUP_HOME="/workspace/rustup-home" "/workspace/cargo-home/bin/cargo" "+1.99.0-beta.8" "fetch" "--manifest-path" "Cargo.toml", kill_on_drop: false }`
[INFO] [stderr]     Updating crates.io index
[INFO] [stderr]  Downloading crates ...
[INFO] [stderr]   Downloaded wiremock v0.5.22
[INFO] [stderr]   Downloaded serde_qs v0.8.5
[INFO] [stderr]   Downloaded infer v0.2.3
[INFO] [stderr]   Downloaded retain_mut v0.1.9
[INFO] [stderr]   Downloaded deadpool v0.9.5
[INFO] [stderr]   Downloaded mockall v0.12.1
[INFO] [stderr]   Downloaded mockall_derive v0.12.1
[INFO] [stderr]   Downloaded conductor-macros v0.2.0
[INFO] [stderr]   Downloaded prometheus v0.13.4
[INFO] [stderr]   Downloaded protobuf v2.28.0
[INFO] [stderr]   Downloaded http-types v2.12.0
[INFO] running `Command { std: "docker" "create" "-v" "/var/lib/crater-agent-workspace/builds/worker-1-tc1/source:/opt/rustwide/workdir:ro,Z" "-v" "/var/lib/crater-agent-workspace/builds/worker-1-tc1/target:/opt/rustwide/target:rw,Z" "-v" "/var/lib/crater-agent-workspace/cargo-home:/opt/rustwide/cargo-home:ro,Z" "-v" "/var/lib/crater-agent-workspace/rustup-home:/opt/rustwide/rustup-home:ro,Z" "-m" "1610612736" "--network" "none" "ghcr.io/rust-lang/crates-build-env/linux@sha256:77db811e55d90add9212f6832c23229e3de5f1c1f9905e8cb07319ea15df73ac" "sleep" "infinity", kill_on_drop: false }`
[INFO] [stdout] 7da7e2584460d044500e31c6f18393ef30f59198525a0981da1c3c78183db345
[INFO] running `Command { std: "docker" "start" "7da7e2584460d044500e31c6f18393ef30f59198525a0981da1c3c78183db345", kill_on_drop: false }`
[INFO] running `Command { std: "docker" "inspect" "7da7e2584460d044500e31c6f18393ef30f59198525a0981da1c3c78183db345", kill_on_drop: false }`
[INFO] running `Command { std: "docker" "exec" "-e" "SOURCE_DIR=/opt/rustwide/workdir" "-e" "CARGO_HOME=/opt/rustwide/cargo-home" "-e" "RUSTUP_HOME=/opt/rustwide/rustup-home" "-e" "CARGO_TARGET_DIR=/opt/rustwide/target" "-w" "/opt/rustwide/workdir" "--user" "0:0" "7da7e2584460d044500e31c6f18393ef30f59198525a0981da1c3c78183db345" "/opt/rustwide/cargo-home/bin/cargo" "+1.99.0-beta.8" "metadata" "--no-deps" "--format-version=1", kill_on_drop: false }`
[INFO] running `Command { std: "docker" "inspect" "7da7e2584460d044500e31c6f18393ef30f59198525a0981da1c3c78183db345", kill_on_drop: false }`
[INFO] running `Command { std: "docker" "exec" "-e" "SOURCE_DIR=/opt/rustwide/workdir" "-e" "CARGO_HOME=/opt/rustwide/cargo-home" "-e" "RUSTUP_HOME=/opt/rustwide/rustup-home" "-e" "CARGO_TARGET_DIR=/opt/rustwide/target" "-e" "CARGO_INCREMENTAL=0" "-e" "RUST_BACKTRACE=full" "-e" "RUSTFLAGS=--cap-lints=warn" "-e" "RUSTDOCFLAGS=--cap-lints=warn" "-w" "/opt/rustwide/workdir" "--user" "0:0" "7da7e2584460d044500e31c6f18393ef30f59198525a0981da1c3c78183db345" "/opt/rustwide/cargo-home/bin/cargo" "+1.99.0-beta.8" "build" "--frozen" "--message-format=json" "--release", kill_on_drop: false }`
[INFO] [stderr]    Compiling syn v3.0.5
[INFO] [stderr]    Compiling syn v2.0.119
[INFO] [stderr]    Compiling smallvec v1.16.1
[INFO] [stderr]    Compiling find-msvc-tools v0.1.12
[INFO] [stderr]    Compiling futures-sink v0.3.34
[INFO] [stderr]    Compiling mio v1.2.3
[INFO] [stderr]    Compiling getrandom v0.2.17
[INFO] [stderr]    Compiling indexmap v2.14.2
[INFO] [stderr]    Compiling http v0.2.12
[INFO] [stderr]    Compiling rustls v0.21.12
[INFO] [stderr]    Compiling serde_json v1.0.151
[INFO] [stderr]    Compiling num-traits v0.2.19
[INFO] [stderr]    Compiling socket2 v0.5.10
[INFO] [stderr]    Compiling protobuf v2.28.0
[INFO] [stderr]    Compiling regex-syntax v0.8.11
[INFO] [stderr]    Compiling prometheus v0.13.4
[INFO] [stderr]    Compiling futures-channel v0.3.34
[INFO] [stderr]    Compiling schemars v0.8.22
[INFO] [stderr]    Compiling cc v1.4.5
[INFO] [stderr]    Compiling parking_lot_core v0.9.12
[INFO] [stderr]    Compiling getrandom v0.4.3
[INFO] [stderr]    Compiling encoding_rs v0.8.35
[INFO] [stderr]    Compiling ipnet v2.12.2
[INFO] [stderr]    Compiling hashbrown v0.14.5
[INFO] [stderr]    Compiling dyn-clone v1.0.20
[INFO] [stderr]    Compiling parking_lot v0.12.5
[INFO] [stderr]    Compiling hostname v0.3.1
[INFO] [stderr]    Compiling uuid v1.26.1
[INFO] [stderr]    Compiling anyhow v1.0.104
[INFO] [stderr]    Compiling http-body v0.4.6
[INFO] [stderr]    Compiling dashmap v5.5.3
[INFO] [stderr]    Compiling urlencoding v2.1.3
[INFO] [stderr]    Compiling ring v0.17.14
[INFO] [stderr]    Compiling regex-automata v0.4.18
[INFO] [stderr]    Compiling synstructure v0.13.2
[INFO] [stderr]    Compiling serde_derive_internals v0.29.1
[INFO] [stderr]    Compiling zerovec-derive v0.11.6
[INFO] [stderr]    Compiling displaydoc v0.2.7
[INFO] [stderr]    Compiling futures-macro v0.3.34
[INFO] [stderr]    Compiling tokio-macros v2.7.2
[INFO] [stderr]    Compiling serde_derive v1.0.229
[INFO] [stderr]    Compiling async-trait v0.1.92
[INFO] [stderr]    Compiling tracing-attributes v0.1.31
[INFO] [stderr]    Compiling thiserror-impl v1.0.69
[INFO] [stderr]    Compiling tokio v1.53.1
[INFO] [stderr]    Compiling zerofrom-derive v0.1.7
[INFO] [stderr]    Compiling yoke-derive v0.8.2
[INFO] [stderr]    Compiling futures-util v0.3.34
[INFO] [stderr]    Compiling matchers v0.2.0
[INFO] [stderr]    Compiling schemars_derive v0.8.22
[INFO] [stderr]    Compiling thiserror v1.0.69
[INFO] [stderr]    Compiling zerofrom v0.1.8
[INFO] [stderr]    Compiling tracing v0.1.44
[INFO] [stderr]    Compiling yoke v0.8.3
[INFO] [stderr]    Compiling tracing-subscriber v0.3.23
[INFO] [stderr]    Compiling zerovec v0.11.8
[INFO] [stderr]    Compiling zerotrie v0.2.5
[INFO] [stderr]    Compiling tinystr v0.8.4
[INFO] [stderr]    Compiling icu_locale_core v2.1.1
[INFO] [stderr]    Compiling potential_utf v0.1.6
[INFO] [stderr]    Compiling icu_provider v2.1.1
[INFO] [stderr]    Compiling icu_collections v2.1.1
[INFO] [stderr]    Compiling serde v1.0.229
[INFO] [stderr]    Compiling icu_normalizer v2.1.1
[INFO] [stderr]    Compiling icu_properties v2.1.2
[INFO] [stderr]    Compiling serde_urlencoded v0.7.1
[INFO] [stderr]    Compiling futures-executor v0.3.34
[INFO] [stderr]    Compiling chrono v0.4.45
[INFO] [stderr]    Compiling futures v0.3.34
[INFO] [stderr]    Compiling idna_adapter v1.2.1
[INFO] [stderr]    Compiling idna v1.1.0
[INFO] [stderr]    Compiling url v2.5.8
[INFO] [stderr]    Compiling tokio-util v0.7.19
[INFO] [stderr]    Compiling h2 v0.3.27
[INFO] [stderr]    Compiling sct v0.7.1
[INFO] [stderr]    Compiling rustls-webpki v0.101.7
[INFO] [stderr]    Compiling hyper v0.14.32
[INFO] [stderr]    Compiling tokio-rustls v0.24.1
[INFO] [stderr]    Compiling hyper-rustls v0.24.2
[INFO] [stderr]    Compiling reqwest v0.11.27
[INFO] [stderr]    Compiling conductor-sdk v0.2.0 (/opt/rustwide/workdir)
[INFO] [stderr]     Finished `release` profile [optimized] target(s) in 1m 50s
[INFO] running `Command { std: "docker" "inspect" "7da7e2584460d044500e31c6f18393ef30f59198525a0981da1c3c78183db345", kill_on_drop: false }`
[INFO] running `Command { std: "docker" "exec" "-e" "SOURCE_DIR=/opt/rustwide/workdir" "-e" "CARGO_HOME=/opt/rustwide/cargo-home" "-e" "RUSTUP_HOME=/opt/rustwide/rustup-home" "-e" "CARGO_TARGET_DIR=/opt/rustwide/target" "-e" "CARGO_INCREMENTAL=0" "-e" "RUST_BACKTRACE=full" "-e" "RUSTFLAGS=--cap-lints=warn" "-e" "RUSTDOCFLAGS=--cap-lints=warn" "-w" "/opt/rustwide/workdir" "--user" "0:0" "7da7e2584460d044500e31c6f18393ef30f59198525a0981da1c3c78183db345" "/opt/rustwide/cargo-home/bin/cargo" "+1.99.0-beta.8" "test" "--frozen" "--no-run" "--message-format=json" "--release", kill_on_drop: false }`
[INFO] [stderr]    Compiling futures-util v0.3.34
[INFO] [stderr]    Compiling zerocopy v0.8.57
[INFO] [stderr]    Compiling tokio v1.53.1
[INFO] [stderr]    Compiling regex-syntax v0.8.11
[INFO] [stderr]    Compiling crossbeam-utils v0.8.23
[INFO] [stderr]    Compiling getrandom v0.1.16
[INFO] [stderr]    Compiling predicates-core v1.0.10
[INFO] [stderr]    Compiling http-types v2.12.0
[INFO] [stderr]    Compiling serde_qs v0.8.5
[INFO] [stderr]    Compiling num_cpus v1.17.0
[INFO] [stderr]    Compiling retain_mut v0.1.9
[INFO] [stderr]    Compiling infer v0.2.3
[INFO] [stderr]    Compiling url v2.5.8
[INFO] [stderr]    Compiling termtree v0.5.1
[INFO] [stderr]    Compiling deadpool-runtime v0.1.4
[INFO] [stderr]    Compiling mockall_derive v0.12.1
[INFO] [stderr]    Compiling assert-json-diff v2.0.2
[INFO] [stderr]    Compiling predicates v3.1.4
[INFO] [stderr]    Compiling rand_core v0.5.1
[INFO] [stderr]    Compiling predicates-tree v1.0.13
[INFO] [stderr]    Compiling fragile v2.1.0
[INFO] [stderr]    Compiling downcast v0.11.0
[INFO] [stderr]    Compiling futures-timer v3.0.4
[INFO] [stderr]    Compiling concurrent-queue v2.5.0
[INFO] [stderr]    Compiling async-channel v1.9.0
[INFO] [stderr]    Compiling regex-automata v0.4.18
[INFO] [stderr]    Compiling mockall v0.12.1
[INFO] [stderr]    Compiling futures-executor v0.3.34
[INFO] [stderr]    Compiling futures v0.3.34
[INFO] [stderr]    Compiling ppv-lite86 v0.2.21
[INFO] [stderr]    Compiling rand_chacha v0.2.2
[INFO] [stderr]    Compiling rand v0.7.3
[INFO] [stderr]    Compiling tokio-util v0.7.19
[INFO] [stderr]    Compiling tokio-rustls v0.24.1
[INFO] [stderr]    Compiling deadpool v0.9.5
[INFO] [stderr]    Compiling tokio-stream v0.1.19
[INFO] [stderr]    Compiling matchers v0.2.0
[INFO] [stderr]    Compiling regex v1.13.1
[INFO] [stderr]    Compiling tracing-subscriber v0.3.23
[INFO] [stderr]    Compiling tokio-test v0.4.5
[INFO] [stderr]    Compiling h2 v0.3.27
[INFO] [stderr]    Compiling hyper v0.14.32
[INFO] [stderr]    Compiling hyper-rustls v0.24.2
[INFO] [stderr]    Compiling wiremock v0.5.22
[INFO] [stderr]    Compiling reqwest v0.11.27
[INFO] [stderr]    Compiling conductor-sdk v0.2.0 (/opt/rustwide/workdir)
[INFO] [stdout] error[E0432]: unresolved import `conductor::agents`
[INFO] [stdout]   --> examples/agent_demo_22_llm_guardrails.rs:4:16
[INFO] [stdout]    |
[INFO] [stdout]  4 | use conductor::agents::{AgentDef, AgentRuntime, Guardrail, LlmGuardrail, OnFail, Position};
[INFO] [stdout]    |                ^^^^^^ could not find `agents` in `conductor`
[INFO] [stdout]    |
[INFO] [stdout] note: found an item that was configured out
[INFO] [stdout]   --> src/lib.rs:15:9
[INFO] [stdout]    |
[INFO] [stdout] 14 | #[cfg(feature = "agents")]
[INFO] [stdout]    |       ------------------ the item is gated behind the `agents` feature
[INFO] [stdout] 15 | pub mod agents;
[INFO] [stdout]    |         ^^^^^^
[INFO] [stdout] 
[INFO] [stdout] 
[INFO] [stdout] error[E0432]: unresolved import `conductor::agents`
[INFO] [stdout]   --> examples/agent_demo_04_http_and_mcp_tools.rs:4:16
[INFO] [stdout]    |
[INFO] [stdout]  4 | use conductor::agents::AgentRuntime;
[INFO] [stdout]    |                ^^^^^^ could not find `agents` in `conductor`
[INFO] [stdout]    |
[INFO] [stdout] note: found an item that was configured out
[INFO] [stdout]   --> src/lib.rs:15:9
[INFO] [stdout]    |
[INFO] [stdout] 14 | #[cfg(feature = "agents")]
[INFO] [stdout]    |       ------------------ the item is gated behind the `agents` feature
[INFO] [stdout] 15 | pub mod agents;
[INFO] [stdout]    |         ^^^^^^
[INFO] [stdout] 
[INFO] [stdout] 
[INFO] [stdout] error[E0432]: unresolved import `conductor::agents`
[INFO] [stdout]   --> examples/agent_demo_04_http_and_mcp_tools.rs:5:16
[INFO] [stdout]    |
[INFO] [stdout]  5 | use conductor::agents::{AgentDef, ToolDef};
[INFO] [stdout]    |                ^^^^^^ could not find `agents` in `conductor`
[INFO] [stdout]    |
[INFO] [stdout] note: found an item that was configured out
[INFO] [stdout]   --> src/lib.rs:15:9
[INFO] [stdout]    |
[INFO] [stdout] 14 | #[cfg(feature = "agents")]
[INFO] [stdout]    |       ------------------ the item is gated behind the `agents` feature
[INFO] [stdout] 15 | pub mod agents;
[INFO] [stdout]    |         ^^^^^^
[INFO] [stdout] 
[INFO] [stdout] 
[INFO] [stdout] error[E0432]: unresolved import `conductor::agents`
[INFO] [stdout]   --> examples/agent_demo_10_guardrails.rs:4:16
[INFO] [stdout]    |
[INFO] [stdout]  4 | use conductor::agents::AgentRuntime;
[INFO] [stdout]    |                ^^^^^^ could not find `agents` in `conductor`
[INFO] [stdout]    |
[INFO] [stdout] note: found an item that was configured out
[INFO] [stdout]   --> src/lib.rs:15:9
[INFO] [stdout]    |
[INFO] [stdout] 14 | #[cfg(feature = "agents")]
[INFO] [stdout]    |       ------------------ the item is gated behind the `agents` feature
[INFO] [stdout] 15 | pub mod agents;
[INFO] [stdout]    |         ^^^^^^
[INFO] [stdout] 
[INFO] [stdout] 
[INFO] [stdout] error[E0432]: unresolved import `conductor::agents`
[INFO] [stdout]   --> examples/agent_demo_10_guardrails.rs:5:16
[INFO] [stdout]    |
[INFO] [stdout]  5 | use conductor::agents::{
[INFO] [stdout]    |                ^^^^^^ could not find `agents` in `conductor`
[INFO] [stdout]    |
[INFO] [stdout] note: found an item that was configured out
[INFO] [stdout]   --> src/lib.rs:15:9
[INFO] [stdout]    |
[INFO] [stdout] 14 | #[cfg(feature = "agents")]
[INFO] [stdout]    |       ------------------ the item is gated behind the `agents` feature
[INFO] [stdout] 15 | pub mod agents;
[INFO] [stdout]    |         ^^^^^^
[INFO] [stdout] 
[INFO] [stdout] 
[INFO] [stdout] error[E0432]: unresolved import `conductor::agents`
[INFO] [stdout]   --> examples/agent_demo_33_local_tool_handlers.rs:4:16
[INFO] [stdout]    |
[INFO] [stdout]  4 | use conductor::agents::AgentRuntime;
[INFO] [stdout]    |                ^^^^^^ could not find `agents` in `conductor`
[INFO] [stdout]    |
[INFO] [stdout] note: found an item that was configured out
[INFO] [stdout]   --> src/lib.rs:15:9
[INFO] [stdout]    |
[INFO] [stdout] 14 | #[cfg(feature = "agents")]
[INFO] [stdout]    |       ------------------ the item is gated behind the `agents` feature
[INFO] [stdout] 15 | pub mod agents;
[INFO] [stdout]    |         ^^^^^^
[INFO] [stdout] 
[INFO] [stdout] 
[INFO] [stdout] error[E0432]: unresolved import `conductor::agents`
[INFO] [stdout]   --> examples/agent_demo_33_local_tool_handlers.rs:5:16
[INFO] [stdout]    |
[INFO] [stdout]  5 | use conductor::agents::{AgentDef, ToolDef};
[INFO] [stdout]    |                ^^^^^^ could not find `agents` in `conductor`
[INFO] [stdout]    |
[INFO] [stdout] note: found an item that was configured out
[INFO] [stdout]   --> src/lib.rs:15:9
[INFO] [stdout]    |
[INFO] [stdout] 14 | #[cfg(feature = "agents")]
[INFO] [stdout]    |       ------------------ the item is gated behind the `agents` feature
[INFO] [stdout] 15 | pub mod agents;
[INFO] [stdout]    |         ^^^^^^
[INFO] [stdout] 
[INFO] [stdout] 
[INFO] [stdout] error[E0433]: cannot find module or crate `regex` in this scope
[INFO] [stdout]   --> examples/agent_demo_10_guardrails.rs:24:14
[INFO] [stdout]    |
[INFO] [stdout] 24 |     let cc = regex::Regex::new(r"\b\d{4}[\s-]?\d{4}[\s-]?\d{4}[\s-]?\d{4}\b").unwrap();
[INFO] [stdout]    |              ^^^^^ use of unresolved module or unlinked crate `regex`
[INFO] [stdout]    |
[INFO] [stdout]    = help: if you wanted to use a crate named `regex`, use `cargo add regex` to add it to your `Cargo.toml`
[INFO] [stdout] 
[INFO] [stdout] 
[INFO] [stdout] error[E0432]: unresolved import `conductor::agents`
[INFO] [stdout]   --> examples/agent_demo_103_plan_and_compile.rs:4:16
[INFO] [stdout]    |
[INFO] [stdout]  4 | use conductor::agents::AgentRuntime;
[INFO] [stdout]    |                ^^^^^^ could not find `agents` in `conductor`
[INFO] [stdout]    |
[INFO] [stdout] note: found an item that was configured out
[INFO] [stdout]   --> src/lib.rs:15:9
[INFO] [stdout]    |
[INFO] [stdout] 14 | #[cfg(feature = "agents")]
[INFO] [stdout]    |       ------------------ the item is gated behind the `agents` feature
[INFO] [stdout] 15 | pub mod agents;
[INFO] [stdout]    |         ^^^^^^
[INFO] [stdout] 
[INFO] [stdout] 
[INFO] [stdout] error[E0432]: unresolved import `conductor::agents`
[INFO] [stdout]   --> examples/agent_demo_103_plan_and_compile.rs:5:16
[INFO] [stdout]    |
[INFO] [stdout]  5 | use conductor::agents::{plan_execute, PlanExecuteOptions, ToolDef};
[INFO] [stdout]    |                ^^^^^^ could not find `agents` in `conductor`
[INFO] [stdout]    |
[INFO] [stdout] note: found an item that was configured out
[INFO] [stdout]   --> src/lib.rs:15:9
[INFO] [stdout]    |
[INFO] [stdout] 14 | #[cfg(feature = "agents")]
[INFO] [stdout]    |       ------------------ the item is gated behind the `agents` feature
[INFO] [stdout] 15 | pub mod agents;
[INFO] [stdout]    |         ^^^^^^
[INFO] [stdout] 
[INFO] [stdout] 
[INFO] [stdout] error[E0599]: no variant, associated function, or constant named `agent` found for enum `ConductorError` in the current scope
[INFO] [stdout]    --> examples/agent_demo_22_llm_guardrails.rs:12:25
[INFO] [stdout]     |
[INFO] [stdout]  12 |         ConductorError::agent("Pass provider/model as the first argument after --")
[INFO] [stdout]     |                         ^^^^^ variant, associated function, or constant not found in `ConductorError`
[INFO] [stdout]     |
[INFO] [stdout] note: if you're trying to build a new `ConductorError` consider using one of the following associated functions:
[INFO] [stdout]       ConductorError::config
[INFO] [stdout]       ConductorError::auth
[INFO] [stdout]       ConductorError::task_execution
[INFO] [stdout]       ConductorError::worker
[INFO] [stdout]       and 3 others
[INFO] [stdout]    --> src/error.rs:102:5
[INFO] [stdout]     |
[INFO] [stdout] 102 |     pub fn config(msg: impl Into<String>) -> Self {
[INFO] [stdout]     |     ^^^^^^^^^^^^^^^^^^^^^^^^^^^^^^^^^^^^^^^^^^^^^
[INFO] [stdout] ...
[INFO] [stdout] 107 |     pub fn auth(msg: impl Into<String>) -> Self {
[INFO] [stdout]     |     ^^^^^^^^^^^^^^^^^^^^^^^^^^^^^^^^^^^^^^^^^^^
[INFO] [stdout] ...
[INFO] [stdout] 112 |     pub fn task_execution(msg: impl Into<String>) -> Self {
[INFO] [stdout]     |     ^^^^^^^^^^^^^^^^^^^^^^^^^^^^^^^^^^^^^^^^^^^^^^^^^^^^^
[INFO] [stdout] ...
[INFO] [stdout] 117 |     pub fn worker(msg: impl Into<String>) -> Self {
[INFO] [stdout]     |     ^^^^^^^^^^^^^^^^^^^^^^^^^^^^^^^^^^^^^^^^^^^^^
[INFO] [stdout] 
[INFO] [stdout] 
[INFO] [stdout] error[E0433]: cannot find module or crate `regex` in this scope
[INFO] [stdout]   --> examples/agent_demo_10_guardrails.rs:25:15
[INFO] [stdout]    |
[INFO] [stdout] 25 |     let ssn = regex::Regex::new(r"\b\d{3}-\d{2}-\d{4}\b").unwrap();
[INFO] [stdout]    |               ^^^^^ use of unresolved module or unlinked crate `regex`
[INFO] [stdout]    |
[INFO] [stdout]    = help: if you wanted to use a crate named `regex`, use `cargo add regex` to add it to your `Cargo.toml`
[INFO] [stdout] 
[INFO] [stdout] 
[INFO] [stdout] error[E0599]: no variant, associated function, or constant named `agent` found for enum `ConductorError` in the current scope
[INFO] [stdout]    --> examples/agent_demo_22_llm_guardrails.rs:15:36
[INFO] [stdout]     |
[INFO] [stdout]  15 |         return Err(ConductorError::agent("Model argument cannot be empty"));
[INFO] [stdout]     |                                    ^^^^^ variant, associated function, or constant not found in `ConductorError`
[INFO] [stdout]     |
[INFO] [stdout] note: if you're trying to build a new `ConductorError` consider using one of the following associated functions:
[INFO] [stdout]       ConductorError::config
[INFO] [stdout]       ConductorError::auth
[INFO] [stdout]       ConductorError::task_execution
[INFO] [stdout]       ConductorError::worker
[INFO] [stdout]       and 3 others
[INFO] [stdout]    --> src/error.rs:102:5
[INFO] [stdout]     |
[INFO] [stdout] 102 |     pub fn config(msg: impl Into<String>) -> Self {
[INFO] [stdout]     |     ^^^^^^^^^^^^^^^^^^^^^^^^^^^^^^^^^^^^^^^^^^^^^
[INFO] [stdout] ...
[INFO] [stdout] 107 |     pub fn auth(msg: impl Into<String>) -> Self {
[INFO] [stdout]     |     ^^^^^^^^^^^^^^^^^^^^^^^^^^^^^^^^^^^^^^^^^^^
[INFO] [stdout] ...
[INFO] [stdout] 112 |     pub fn task_execution(msg: impl Into<String>) -> Self {
[INFO] [stdout]     |     ^^^^^^^^^^^^^^^^^^^^^^^^^^^^^^^^^^^^^^^^^^^^^^^^^^^^^
[INFO] [stdout] ...
[INFO] [stdout] 117 |     pub fn worker(msg: impl Into<String>) -> Self {
[INFO] [stdout]     |     ^^^^^^^^^^^^^^^^^^^^^^^^^^^^^^^^^^^^^^^^^^^^^
[INFO] [stdout] 
[INFO] [stdout] 
[INFO] [stdout] Some errors have detailed explanations: E0432, E0599.
[INFO] [stdout] 
[INFO] [stdout] For more information about an error, try `rustc --explain E0432`.
[INFO] [stdout] 
[INFO] [stderr] error: could not compile `conductor-sdk` (example "agent_demo_22_llm_guardrails") due to 3 previous errors
[INFO] [stderr] warning: build failed, waiting for other jobs to finish...
[INFO] [stdout] error[E0599]: no variant, associated function, or constant named `agent` found for enum `ConductorError` in the current scope
[INFO] [stdout]    --> examples/agent_demo_04_http_and_mcp_tools.rs:21:25
[INFO] [stdout]     |
[INFO] [stdout]  21 |         ConductorError::agent("Pass provider/model as the first argument after --")
[INFO] [stdout]     |                         ^^^^^ variant, associated function, or constant not found in `ConductorError`
[INFO] [stdout]     |
[INFO] [stdout] note: if you're trying to build a new `ConductorError` consider using one of the following associated functions:
[INFO] [stdout]       ConductorError::config
[INFO] [stdout]       ConductorError::auth
[INFO] [stdout]       ConductorError::task_execution
[INFO] [stdout]       ConductorError::worker
[INFO] [stdout]       and 3 others
[INFO] [stdout]    --> src/error.rs:102:5
[INFO] [stdout]     |
[INFO] [stdout] 102 |     pub fn config(msg: impl Into<String>) -> Self {
[INFO] [stdout]     |     ^^^^^^^^^^^^^^^^^^^^^^^^^^^^^^^^^^^^^^^^^^^^^
[INFO] [stdout] ...
[INFO] [stdout] 107 |     pub fn auth(msg: impl Into<String>) -> Self {
[INFO] [stdout]     |     ^^^^^^^^^^^^^^^^^^^^^^^^^^^^^^^^^^^^^^^^^^^
[INFO] [stdout] ...
[INFO] [stdout] 112 |     pub fn task_execution(msg: impl Into<String>) -> Self {
[INFO] [stdout]     |     ^^^^^^^^^^^^^^^^^^^^^^^^^^^^^^^^^^^^^^^^^^^^^^^^^^^^^
[INFO] [stdout] ...
[INFO] [stdout] 117 |     pub fn worker(msg: impl Into<String>) -> Self {
[INFO] [stdout]     |     ^^^^^^^^^^^^^^^^^^^^^^^^^^^^^^^^^^^^^^^^^^^^^
[INFO] [stdout] 
[INFO] [stdout] 
[INFO] [stdout] error[E0599]: no variant, associated function, or constant named `agent` found for enum `ConductorError` in the current scope
[INFO] [stdout]    --> examples/agent_demo_04_http_and_mcp_tools.rs:24:36
[INFO] [stdout]     |
[INFO] [stdout]  24 |         return Err(ConductorError::agent("Model argument cannot be empty"));
[INFO] [stdout]     |                                    ^^^^^ variant, associated function, or constant not found in `ConductorError`
[INFO] [stdout]     |
[INFO] [stdout] note: if you're trying to build a new `ConductorError` consider using one of the following associated functions:
[INFO] [stdout]       ConductorError::config
[INFO] [stdout]       ConductorError::auth
[INFO] [stdout]       ConductorError::task_execution
[INFO] [stdout]       ConductorError::worker
[INFO] [stdout]       and 3 others
[INFO] [stdout]    --> src/error.rs:102:5
[INFO] [stdout]     |
[INFO] [stdout] 102 |     pub fn config(msg: impl Into<String>) -> Self {
[INFO] [stdout]     |     ^^^^^^^^^^^^^^^^^^^^^^^^^^^^^^^^^^^^^^^^^^^^^
[INFO] [stdout] ...
[INFO] [stdout] 107 |     pub fn auth(msg: impl Into<String>) -> Self {
[INFO] [stdout]     |     ^^^^^^^^^^^^^^^^^^^^^^^^^^^^^^^^^^^^^^^^^^^
[INFO] [stdout] ...
[INFO] [stdout] 112 |     pub fn task_execution(msg: impl Into<String>) -> Self {
[INFO] [stdout]     |     ^^^^^^^^^^^^^^^^^^^^^^^^^^^^^^^^^^^^^^^^^^^^^^^^^^^^^
[INFO] [stdout] ...
[INFO] [stdout] 117 |     pub fn worker(msg: impl Into<String>) -> Self {
[INFO] [stdout]     |     ^^^^^^^^^^^^^^^^^^^^^^^^^^^^^^^^^^^^^^^^^^^^^
[INFO] [stdout] 
[INFO] [stdout] 
[INFO] [stdout] error[E0599]: no variant, associated function, or constant named `agent` found for enum `ConductorError` in the current scope
[INFO] [stdout]    --> examples/agent_demo_04_http_and_mcp_tools.rs:28:25
[INFO] [stdout]     |
[INFO] [stdout]  28 |         ConductorError::agent(format!("Set CONDUCTOR_EXAMPLE_HTTP_REVERSE_URL: {error}"))
[INFO] [stdout]     |                         ^^^^^ variant, associated function, or constant not found in `ConductorError`
[INFO] [stdout]     |
[INFO] [stdout] note: if you're trying to build a new `ConductorError` consider using one of the following associated functions:
[INFO] [stdout]       ConductorError::config
[INFO] [stdout]       ConductorError::auth
[INFO] [stdout]       ConductorError::task_execution
[INFO] [stdout]       ConductorError::worker
[INFO] [stdout]       and 3 others
[INFO] [stdout]    --> src/error.rs:102:5
[INFO] [stdout]     |
[INFO] [stdout] 102 |     pub fn config(msg: impl Into<String>) -> Self {
[INFO] [stdout]     |     ^^^^^^^^^^^^^^^^^^^^^^^^^^^^^^^^^^^^^^^^^^^^^
[INFO] [stdout] ...
[INFO] [stdout] 107 |     pub fn auth(msg: impl Into<String>) -> Self {
[INFO] [stdout]     |     ^^^^^^^^^^^^^^^^^^^^^^^^^^^^^^^^^^^^^^^^^^^
[INFO] [stdout] ...
[INFO] [stdout] 112 |     pub fn task_execution(msg: impl Into<String>) -> Self {
[INFO] [stdout]     |     ^^^^^^^^^^^^^^^^^^^^^^^^^^^^^^^^^^^^^^^^^^^^^^^^^^^^^
[INFO] [stdout] ...
[INFO] [stdout] 117 |     pub fn worker(msg: impl Into<String>) -> Self {
[INFO] [stdout]     |     ^^^^^^^^^^^^^^^^^^^^^^^^^^^^^^^^^^^^^^^^^^^^^
[INFO] [stdout] 
[INFO] [stdout] 
[INFO] [stdout] error[E0599]: no variant, associated function, or constant named `agent` found for enum `ConductorError` in the current scope
[INFO] [stdout]    --> examples/agent_demo_04_http_and_mcp_tools.rs:31:25
[INFO] [stdout]     |
[INFO] [stdout]  31 |         ConductorError::agent(format!("Set CONDUCTOR_EXAMPLE_MCP_URL: {error}"))
[INFO] [stdout]     |                         ^^^^^ variant, associated function, or constant not found in `ConductorError`
[INFO] [stdout]     |
[INFO] [stdout] note: if you're trying to build a new `ConductorError` consider using one of the following associated functions:
[INFO] [stdout]       ConductorError::config
[INFO] [stdout]       ConductorError::auth
[INFO] [stdout]       ConductorError::task_execution
[INFO] [stdout]       ConductorError::worker
[INFO] [stdout]       and 3 others
[INFO] [stdout]    --> src/error.rs:102:5
[INFO] [stdout]     |
[INFO] [stdout] 102 |     pub fn config(msg: impl Into<String>) -> Self {
[INFO] [stdout]     |     ^^^^^^^^^^^^^^^^^^^^^^^^^^^^^^^^^^^^^^^^^^^^^
[INFO] [stdout] ...
[INFO] [stdout] 107 |     pub fn auth(msg: impl Into<String>) -> Self {
[INFO] [stdout]     |     ^^^^^^^^^^^^^^^^^^^^^^^^^^^^^^^^^^^^^^^^^^^
[INFO] [stdout] ...
[INFO] [stdout] 112 |     pub fn task_execution(msg: impl Into<String>) -> Self {
[INFO] [stdout]     |     ^^^^^^^^^^^^^^^^^^^^^^^^^^^^^^^^^^^^^^^^^^^^^^^^^^^^^
[INFO] [stdout] ...
[INFO] [stdout] 117 |     pub fn worker(msg: impl Into<String>) -> Self {
[INFO] [stdout]     |     ^^^^^^^^^^^^^^^^^^^^^^^^^^^^^^^^^^^^^^^^^^^^^
[INFO] [stdout] 
[INFO] [stdout] 
[INFO] [stdout] error[E0599]: no variant, associated function, or constant named `agent` found for enum `ConductorError` in the current scope
[INFO] [stdout]    --> examples/agent_demo_10_guardrails.rs:39:25
[INFO] [stdout]     |
[INFO] [stdout]  39 |         ConductorError::agent("Pass provider/model as the first argument after --")
[INFO] [stdout]     |                         ^^^^^ variant, associated function, or constant not found in `ConductorError`
[INFO] [stdout]     |
[INFO] [stdout] note: if you're trying to build a new `ConductorError` consider using one of the following associated functions:
[INFO] [stdout]       ConductorError::config
[INFO] [stdout]       ConductorError::auth
[INFO] [stdout]       ConductorError::task_execution
[INFO] [stdout]       ConductorError::worker
[INFO] [stdout]       and 3 others
[INFO] [stdout]    --> src/error.rs:102:5
[INFO] [stdout]     |
[INFO] [stdout] 102 |     pub fn config(msg: impl Into<String>) -> Self {
[INFO] [stdout]     |     ^^^^^^^^^^^^^^^^^^^^^^^^^^^^^^^^^^^^^^^^^^^^^
[INFO] [stdout] ...
[INFO] [stdout] 107 |     pub fn auth(msg: impl Into<String>) -> Self {
[INFO] [stdout]     |     ^^^^^^^^^^^^^^^^^^^^^^^^^^^^^^^^^^^^^^^^^^^
[INFO] [stdout] ...
[INFO] [stdout] 112 |     pub fn task_execution(msg: impl Into<String>) -> Self {
[INFO] [stdout]     |     ^^^^^^^^^^^^^^^^^^^^^^^^^^^^^^^^^^^^^^^^^^^^^^^^^^^^^
[INFO] [stdout] ...
[INFO] [stdout] 117 |     pub fn worker(msg: impl Into<String>) -> Self {
[INFO] [stdout]     |     ^^^^^^^^^^^^^^^^^^^^^^^^^^^^^^^^^^^^^^^^^^^^^
[INFO] [stdout] 
[INFO] [stdout] 
[INFO] [stdout] error[E0599]: no variant, associated function, or constant named `agent` found for enum `ConductorError` in the current scope
[INFO] [stdout]    --> examples/agent_demo_04_http_and_mcp_tools.rs:34:25
[INFO] [stdout]     |
[INFO] [stdout]  34 |         ConductorError::agent(format!("Set CONDUCTOR_EXAMPLE_HTTP_CREDENTIAL: {error}"))
[INFO] [stdout]     |                         ^^^^^ variant, associated function, or constant not found in `ConductorError`
[INFO] [stdout]     |
[INFO] [stdout] note: if you're trying to build a new `ConductorError` consider using one of the following associated functions:
[INFO] [stdout]       ConductorError::config
[INFO] [stdout]       ConductorError::auth
[INFO] [stdout]       ConductorError::task_execution
[INFO] [stdout]       ConductorError::worker
[INFO] [stdout]       and 3 others
[INFO] [stdout]    --> src/error.rs:102:5
[INFO] [stdout]     |
[INFO] [stdout] 102 |     pub fn config(msg: impl Into<String>) -> Self {
[INFO] [stdout]     |     ^^^^^^^^^^^^^^^^^^^^^^^^^^^^^^^^^^^^^^^^^^^^^
[INFO] [stdout] ...
[INFO] [stdout] 107 |     pub fn auth(msg: impl Into<String>) -> Self {
[INFO] [stdout]     |     ^^^^^^^^^^^^^^^^^^^^^^^^^^^^^^^^^^^^^^^^^^^
[INFO] [stdout] ...
[INFO] [stdout] 112 |     pub fn task_execution(msg: impl Into<String>) -> Self {
[INFO] [stdout]     |     ^^^^^^^^^^^^^^^^^^^^^^^^^^^^^^^^^^^^^^^^^^^^^^^^^^^^^
[INFO] [stdout] ...
[INFO] [stdout] 117 |     pub fn worker(msg: impl Into<String>) -> Self {
[INFO] [stdout]     |     ^^^^^^^^^^^^^^^^^^^^^^^^^^^^^^^^^^^^^^^^^^^^^
[INFO] [stdout] 
[INFO] [stdout] 
[INFO] [stdout] error[E0599]: no variant, associated function, or constant named `agent` found for enum `ConductorError` in the current scope
[INFO] [stdout]    --> examples/agent_demo_10_guardrails.rs:42:36
[INFO] [stdout]     |
[INFO] [stdout]  42 |         return Err(ConductorError::agent("Model argument cannot be empty"));
[INFO] [stdout]     |                                    ^^^^^ variant, associated function, or constant not found in `ConductorError`
[INFO] [stdout]     |
[INFO] [stdout] note: if you're trying to build a new `ConductorError` consider using one of the following associated functions:
[INFO] [stdout]       ConductorError::config
[INFO] [stdout]       ConductorError::auth
[INFO] [stdout]       ConductorError::task_execution
[INFO] [stdout]       ConductorError::worker
[INFO] [stdout]       and 3 others
[INFO] [stdout]    --> src/error.rs:102:5
[INFO] [stdout]     |
[INFO] [stdout] 102 |     pub fn config(msg: impl Into<String>) -> Self {
[INFO] [stdout]     |     ^^^^^^^^^^^^^^^^^^^^^^^^^^^^^^^^^^^^^^^^^^^^^
[INFO] [stdout] ...
[INFO] [stdout] 107 |     pub fn auth(msg: impl Into<String>) -> Self {
[INFO] [stdout]     |     ^^^^^^^^^^^^^^^^^^^^^^^^^^^^^^^^^^^^^^^^^^^
[INFO] [stdout] ...
[INFO] [stdout] 112 |     pub fn task_execution(msg: impl Into<String>) -> Self {
[INFO] [stdout]     |     ^^^^^^^^^^^^^^^^^^^^^^^^^^^^^^^^^^^^^^^^^^^^^^^^^^^^^
[INFO] [stdout] ...
[INFO] [stdout] 117 |     pub fn worker(msg: impl Into<String>) -> Self {
[INFO] [stdout]     |     ^^^^^^^^^^^^^^^^^^^^^^^^^^^^^^^^^^^^^^^^^^^^^
[INFO] [stdout] 
[INFO] [stdout] 
[INFO] [stdout] error[E0599]: no variant, associated function, or constant named `agent` found for enum `ConductorError` in the current scope
[INFO] [stdout]    --> examples/agent_demo_04_http_and_mcp_tools.rs:37:25
[INFO] [stdout]     |
[INFO] [stdout]  37 |         ConductorError::agent(format!("Set CONDUCTOR_EXAMPLE_MCP_CREDENTIAL: {error}"))
[INFO] [stdout]     |                         ^^^^^ variant, associated function, or constant not found in `ConductorError`
[INFO] [stdout]     |
[INFO] [stdout] note: if you're trying to build a new `ConductorError` consider using one of the following associated functions:
[INFO] [stdout]       ConductorError::config
[INFO] [stdout]       ConductorError::auth
[INFO] [stdout]       ConductorError::task_execution
[INFO] [stdout]       ConductorError::worker
[INFO] [stdout]       and 3 others
[INFO] [stdout]    --> src/error.rs:102:5
[INFO] [stdout]     |
[INFO] [stdout] 102 |     pub fn config(msg: impl Into<String>) -> Self {
[INFO] [stdout]     |     ^^^^^^^^^^^^^^^^^^^^^^^^^^^^^^^^^^^^^^^^^^^^^
[INFO] [stdout] ...
[INFO] [stdout] 107 |     pub fn auth(msg: impl Into<String>) -> Self {
[INFO] [stdout]     |     ^^^^^^^^^^^^^^^^^^^^^^^^^^^^^^^^^^^^^^^^^^^
[INFO] [stdout] ...
[INFO] [stdout] 112 |     pub fn task_execution(msg: impl Into<String>) -> Self {
[INFO] [stdout]     |     ^^^^^^^^^^^^^^^^^^^^^^^^^^^^^^^^^^^^^^^^^^^^^^^^^^^^^
[INFO] [stdout] ...
[INFO] [stdout] 117 |     pub fn worker(msg: impl Into<String>) -> Self {
[INFO] [stdout]     |     ^^^^^^^^^^^^^^^^^^^^^^^^^^^^^^^^^^^^^^^^^^^^^
[INFO] [stdout] 
[INFO] [stdout] 
[INFO] [stdout] error[E0599]: no variant, associated function, or constant named `agent` found for enum `ConductorError` in the current scope
[INFO] [stdout]    --> examples/agent_demo_33_local_tool_handlers.rs:42:25
[INFO] [stdout]     |
[INFO] [stdout]  42 |         ConductorError::agent("Pass provider/model as the first argument after --")
[INFO] [stdout]     |                         ^^^^^ variant, associated function, or constant not found in `ConductorError`
[INFO] [stdout]     |
[INFO] [stdout] note: if you're trying to build a new `ConductorError` consider using one of the following associated functions:
[INFO] [stdout]       ConductorError::config
[INFO] [stdout]       ConductorError::auth
[INFO] [stdout]       ConductorError::task_execution
[INFO] [stdout]       ConductorError::worker
[INFO] [stdout]       and 3 others
[INFO] [stdout]    --> src/error.rs:102:5
[INFO] [stdout]     |
[INFO] [stdout] 102 |     pub fn config(msg: impl Into<String>) -> Self {
[INFO] [stdout]     |     ^^^^^^^^^^^^^^^^^^^^^^^^^^^^^^^^^^^^^^^^^^^^^
[INFO] [stdout] ...
[INFO] [stdout] 107 |     pub fn auth(msg: impl Into<String>) -> Self {
[INFO] [stdout]     |     ^^^^^^^^^^^^^^^^^^^^^^^^^^^^^^^^^^^^^^^^^^^
[INFO] [stdout] ...
[INFO] [stdout] 112 |     pub fn task_execution(msg: impl Into<String>) -> Self {
[INFO] [stdout]     |     ^^^^^^^^^^^^^^^^^^^^^^^^^^^^^^^^^^^^^^^^^^^^^^^^^^^^^
[INFO] [stdout] ...
[INFO] [stdout] 117 |     pub fn worker(msg: impl Into<String>) -> Self {
[INFO] [stdout]     |     ^^^^^^^^^^^^^^^^^^^^^^^^^^^^^^^^^^^^^^^^^^^^^
[INFO] [stdout] 
[INFO] [stdout] 
[INFO] [stdout] Some errors have detailed explanations: E0432, E0433, E0599.
[INFO] [stdout] 
[INFO] [stdout] For more information about an error, try `rustc --explain E0432`.
[INFO] [stdout] 
[INFO] [stderr] error: could not compile `conductor-sdk` (example "agent_demo_10_guardrails") due to 6 previous errors
[INFO] [stdout] error[E0599]: no variant, associated function, or constant named `agent` found for enum `ConductorError` in the current scope
[INFO] [stdout]    --> examples/agent_demo_33_local_tool_handlers.rs:45:36
[INFO] [stdout]     |
[INFO] [stdout]  45 |         return Err(ConductorError::agent("Model argument cannot be empty"));
[INFO] [stdout]     |                                    ^^^^^ variant, associated function, or constant not found in `ConductorError`
[INFO] [stdout]     |
[INFO] [stdout] note: if you're trying to build a new `ConductorError` consider using one of the following associated functions:
[INFO] [stdout]       ConductorError::config
[INFO] [stdout]       ConductorError::auth
[INFO] [stdout]       ConductorError::task_execution
[INFO] [stdout]       ConductorError::worker
[INFO] [stdout]       and 3 others
[INFO] [stdout]    --> src/error.rs:102:5
[INFO] [stdout]     |
[INFO] [stdout] 102 |     pub fn config(msg: impl Into<String>) -> Self {
[INFO] [stdout]     |     ^^^^^^^^^^^^^^^^^^^^^^^^^^^^^^^^^^^^^^^^^^^^^
[INFO] [stdout] ...
[INFO] [stdout] 107 |     pub fn auth(msg: impl Into<String>) -> Self {
[INFO] [stdout]     |     ^^^^^^^^^^^^^^^^^^^^^^^^^^^^^^^^^^^^^^^^^^^
[INFO] [stdout] ...
[INFO] [stdout] 112 |     pub fn task_execution(msg: impl Into<String>) -> Self {
[INFO] [stdout]     |     ^^^^^^^^^^^^^^^^^^^^^^^^^^^^^^^^^^^^^^^^^^^^^^^^^^^^^
[INFO] [stdout] ...
[INFO] [stdout] 117 |     pub fn worker(msg: impl Into<String>) -> Self {
[INFO] [stdout]     |     ^^^^^^^^^^^^^^^^^^^^^^^^^^^^^^^^^^^^^^^^^^^^^
[INFO] [stdout] 
[INFO] [stdout] 
[INFO] [stdout] Some errors have detailed explanations: E0432, E0599.
[INFO] [stdout] 
[INFO] [stdout] For more information about an error, try `rustc --explain E0432`.
[INFO] [stdout] 
[INFO] [stdout] error[E0599]: no variant, associated function, or constant named `agent` found for enum `ConductorError` in the current scope
[INFO] [stdout]    --> examples/agent_demo_103_plan_and_compile.rs:40:25
[INFO] [stdout]     |
[INFO] [stdout]  40 |         ConductorError::agent("Pass provider/model as the first argument after --")
[INFO] [stdout]     |                         ^^^^^ variant, associated function, or constant not found in `ConductorError`
[INFO] [stdout]     |
[INFO] [stdout] note: if you're trying to build a new `ConductorError` consider using one of the following associated functions:
[INFO] [stdout]       ConductorError::config
[INFO] [stdout]       ConductorError::auth
[INFO] [stdout]       ConductorError::task_execution
[INFO] [stdout]       ConductorError::worker
[INFO] [stdout]       and 3 others
[INFO] [stdout]    --> src/error.rs:102:5
[INFO] [stdout]     |
[INFO] [stdout] 102 |     pub fn config(msg: impl Into<String>) -> Self {
[INFO] [stdout]     |     ^^^^^^^^^^^^^^^^^^^^^^^^^^^^^^^^^^^^^^^^^^^^^
[INFO] [stdout] ...
[INFO] [stdout] 107 |     pub fn auth(msg: impl Into<String>) -> Self {
[INFO] [stdout]     |     ^^^^^^^^^^^^^^^^^^^^^^^^^^^^^^^^^^^^^^^^^^^
[INFO] [stdout] ...
[INFO] [stdout] 112 |     pub fn task_execution(msg: impl Into<String>) -> Self {
[INFO] [stdout]     |     ^^^^^^^^^^^^^^^^^^^^^^^^^^^^^^^^^^^^^^^^^^^^^^^^^^^^^
[INFO] [stdout] ...
[INFO] [stdout] 117 |     pub fn worker(msg: impl Into<String>) -> Self {
[INFO] [stdout]     |     ^^^^^^^^^^^^^^^^^^^^^^^^^^^^^^^^^^^^^^^^^^^^^
[INFO] [stdout] 
[INFO] [stdout] 
[INFO] [stderr] error: could not compile `conductor-sdk` (example "agent_demo_04_http_and_mcp_tools") due to 8 previous errors
[INFO] [stdout] error[E0599]: no variant, associated function, or constant named `agent` found for enum `ConductorError` in the current scope
[INFO] [stdout]    --> examples/agent_demo_103_plan_and_compile.rs:43:36
[INFO] [stdout]     |
[INFO] [stdout]  43 |         return Err(ConductorError::agent("Model argument cannot be empty"));
[INFO] [stdout]     |                                    ^^^^^ variant, associated function, or constant not found in `ConductorError`
[INFO] [stdout]     |
[INFO] [stdout] note: if you're trying to build a new `ConductorError` consider using one of the following associated functions:
[INFO] [stdout]       ConductorError::config
[INFO] [stdout]       ConductorError::auth
[INFO] [stdout]       ConductorError::task_execution
[INFO] [stdout]       ConductorError::worker
[INFO] [stdout]       and 3 others
[INFO] [stdout]    --> src/error.rs:102:5
[INFO] [stdout]     |
[INFO] [stdout] 102 |     pub fn config(msg: impl Into<String>) -> Self {
[INFO] [stdout]     |     ^^^^^^^^^^^^^^^^^^^^^^^^^^^^^^^^^^^^^^^^^^^^^
[INFO] [stdout] ...
[INFO] [stdout] 107 |     pub fn auth(msg: impl Into<String>) -> Self {
[INFO] [stdout]     |     ^^^^^^^^^^^^^^^^^^^^^^^^^^^^^^^^^^^^^^^^^^^
[INFO] [stdout] ...
[INFO] [stdout] 112 |     pub fn task_execution(msg: impl Into<String>) -> Self {
[INFO] [stdout]     |     ^^^^^^^^^^^^^^^^^^^^^^^^^^^^^^^^^^^^^^^^^^^^^^^^^^^^^
[INFO] [stdout] ...
[INFO] [stdout] 117 |     pub fn worker(msg: impl Into<String>) -> Self {
[INFO] [stdout]     |     ^^^^^^^^^^^^^^^^^^^^^^^^^^^^^^^^^^^^^^^^^^^^^
[INFO] [stdout] 
[INFO] [stdout] 
[INFO] [stdout] Some errors have detailed explanations: E0432, E0599.
[INFO] [stdout] 
[INFO] [stdout] For more information about an error, try `rustc --explain E0432`.
[INFO] [stdout] 
[INFO] [stderr] error: could not compile `conductor-sdk` (example "agent_demo_33_local_tool_handlers") due to 4 previous errors
[INFO] [stdout] Some errors have detailed explanations: E0432, E0599.
[INFO] [stdout] 
[INFO] [stdout] For more information about an error, try `rustc --explain E0432`.
[INFO] [stdout] 
[INFO] [stderr] error: could not compile `conductor-sdk` (example "agent_demo_103_plan_and_compile") due to 4 previous errors
[INFO] running `Command { std: "docker" "inspect" "7da7e2584460d044500e31c6f18393ef30f59198525a0981da1c3c78183db345", kill_on_drop: false }`
[INFO] running `Command { std: "docker" "rm" "-f" "7da7e2584460d044500e31c6f18393ef30f59198525a0981da1c3c78183db345", kill_on_drop: false }`
[INFO] [stdout] 7da7e2584460d044500e31c6f18393ef30f59198525a0981da1c3c78183db345
