[INFO] fetching crate compression-prompt 0.1.2...
[INFO] testing compression-prompt-0.1.2 against 1.99.0-beta.8+cargoflags=--release for beta-release-1.100-2
[INFO] extracting crate compression-prompt 0.1.2 into /workspace/builds/worker-6-tc1/source
[INFO] removed /workspace/builds/worker-6-tc1/source/rust-toolchain.toml
[INFO] started tweaking crates.io crate compression-prompt 0.1.2
[INFO] removed 0 missing examples
[INFO] removed 0 missing tests
[INFO] finished tweaking crates.io crate compression-prompt 0.1.2
[INFO] tweaked toml for crates.io crate compression-prompt 0.1.2 written to /workspace/builds/worker-6-tc1/source/Cargo.toml
[INFO] validating manifest of crates.io crate compression-prompt 0.1.2 on toolchain 1.99.0-beta.8
[INFO] running `Command { std: CARGO_HOME="/workspace/cargo-home" RUSTUP_HOME="/workspace/rustup-home" "/workspace/cargo-home/bin/cargo" "+1.99.0-beta.8" "metadata" "--manifest-path" "Cargo.toml" "--no-deps", kill_on_drop: false }`
[INFO] crate crates.io crate compression-prompt 0.1.2 already has a lockfile, it will not be regenerated
[INFO] running `Command { std: CARGO_HOME="/workspace/cargo-home" RUSTUP_HOME="/workspace/rustup-home" "/workspace/cargo-home/bin/cargo" "+1.99.0-beta.8" "fetch" "--manifest-path" "Cargo.toml", kill_on_drop: false }`
[INFO] [stderr]  Downloading crates ...
[INFO] [stderr]   Downloaded syn v2.0.107
[INFO] [stderr]   Downloaded moxcms v0.7.7
[INFO] [stderr]   Downloaded tiktoken-rs v0.7.0
[INFO] running `Command { std: "docker" "create" "-v" "/var/lib/crater-agent-workspace/builds/worker-6-tc1/source:/opt/rustwide/workdir:ro,Z" "-v" "/var/lib/crater-agent-workspace/builds/worker-6-tc1/target:/opt/rustwide/target:rw,Z" "-v" "/var/lib/crater-agent-workspace/cargo-home:/opt/rustwide/cargo-home:ro,Z" "-v" "/var/lib/crater-agent-workspace/rustup-home:/opt/rustwide/rustup-home:ro,Z" "-m" "1610612736" "--network" "none" "ghcr.io/rust-lang/crates-build-env/linux@sha256:77db811e55d90add9212f6832c23229e3de5f1c1f9905e8cb07319ea15df73ac" "sleep" "infinity", kill_on_drop: false }`
[INFO] [stdout] 2278e02228966f059c203e15c39340ca22de4b6000fe2a95df34c5049cdee1c8
[INFO] running `Command { std: "docker" "start" "2278e02228966f059c203e15c39340ca22de4b6000fe2a95df34c5049cdee1c8", kill_on_drop: false }`
[INFO] running `Command { std: "docker" "inspect" "2278e02228966f059c203e15c39340ca22de4b6000fe2a95df34c5049cdee1c8", kill_on_drop: false }`
[INFO] running `Command { std: "docker" "exec" "-e" "SOURCE_DIR=/opt/rustwide/workdir" "-e" "CARGO_HOME=/opt/rustwide/cargo-home" "-e" "RUSTUP_HOME=/opt/rustwide/rustup-home" "-e" "CARGO_TARGET_DIR=/opt/rustwide/target" "-w" "/opt/rustwide/workdir" "--user" "0:0" "2278e02228966f059c203e15c39340ca22de4b6000fe2a95df34c5049cdee1c8" "/opt/rustwide/cargo-home/bin/cargo" "+1.99.0-beta.8" "metadata" "--no-deps" "--format-version=1", kill_on_drop: false }`
[INFO] running `Command { std: "docker" "inspect" "2278e02228966f059c203e15c39340ca22de4b6000fe2a95df34c5049cdee1c8", kill_on_drop: false }`
[INFO] running `Command { std: "docker" "exec" "-e" "SOURCE_DIR=/opt/rustwide/workdir" "-e" "CARGO_HOME=/opt/rustwide/cargo-home" "-e" "RUSTUP_HOME=/opt/rustwide/rustup-home" "-e" "CARGO_TARGET_DIR=/opt/rustwide/target" "-e" "CARGO_INCREMENTAL=0" "-e" "RUST_BACKTRACE=full" "-e" "RUSTFLAGS=--cap-lints=warn" "-e" "RUSTDOCFLAGS=--cap-lints=warn" "-w" "/opt/rustwide/workdir" "--user" "0:0" "2278e02228966f059c203e15c39340ca22de4b6000fe2a95df34c5049cdee1c8" "/opt/rustwide/cargo-home/bin/cargo" "+1.99.0-beta.8" "build" "--frozen" "--message-format=json" "--release", kill_on_drop: false }`
[INFO] [stderr]    Compiling proc-macro2 v1.0.101
[INFO] [stderr]    Compiling memchr v2.7.6
[INFO] [stderr]    Compiling quote v1.0.41
[INFO] [stderr]    Compiling unicode-ident v1.0.20
[INFO] [stderr]    Compiling crossbeam-utils v0.8.21
[INFO] [stderr]    Compiling regex-syntax v0.8.8
[INFO] [stderr]    Compiling serde_core v1.0.228
[INFO] [stderr]    Compiling libc v0.2.177
[INFO] [stderr]    Compiling autocfg v1.5.0
[INFO] [stderr]    Compiling bit-vec v0.6.3
[INFO] [stderr]    Compiling version_check v0.9.5
[INFO] [stderr]    Compiling zerocopy v0.8.27
[INFO] [stderr]    Compiling anyhow v1.0.100
[INFO] [stderr]    Compiling getrandom v0.3.4
[INFO] [stderr]    Compiling rayon-core v1.13.0
[INFO] [stderr]    Compiling serde v1.0.228
[INFO] [stderr]    Compiling serde_json v1.0.145
[INFO] [stderr]    Compiling thiserror v2.0.17
[INFO] [stderr]    Compiling bit-set v0.5.3
[INFO] [stderr]    Compiling cfg-if v1.0.4
[INFO] [stderr]    Compiling itoa v1.0.15
[INFO] [stderr]    Compiling rustc-hash v1.1.0
[INFO] [stderr]    Compiling either v1.15.0
[INFO] [stderr]    Compiling once_cell v1.21.3
[INFO] [stderr]    Compiling base64 v0.22.1
[INFO] [stderr]    Compiling ryu v1.0.20
[INFO] [stderr]    Compiling ahash v0.8.12
[INFO] [stderr]    Compiling iana-time-zone v0.1.64
[INFO] [stderr]    Compiling lazy_static v1.5.0
[INFO] [stderr]    Compiling aho-corasick v1.1.3
[INFO] [stderr]    Compiling unicode-segmentation v1.12.0
[INFO] [stderr]    Compiling num-traits v0.2.19
[INFO] [stderr]    Compiling crossbeam-epoch v0.9.18
[INFO] [stderr]    Compiling syn v2.0.107
[INFO] [stderr]    Compiling crossbeam-deque v0.8.6
[INFO] [stderr]    Compiling chrono v0.4.42
[INFO] [stderr]    Compiling rayon v1.11.0
[INFO] [stderr]    Compiling regex-automata v0.4.13
[INFO] [stderr]    Compiling thiserror-impl v2.0.17
[INFO] [stderr]    Compiling serde_derive v1.0.228
[INFO] [stderr]    Compiling fancy-regex v0.13.0
[INFO] [stderr]    Compiling bstr v1.12.0
[INFO] [stderr]    Compiling regex v1.12.2
[INFO] [stderr]    Compiling tiktoken-rs v0.7.0
[INFO] [stderr]    Compiling compression-prompt v0.1.2 (/opt/rustwide/workdir)
[INFO] [stderr]     Finished `release` profile [optimized] target(s) in 48.51s
[INFO] running `Command { std: "docker" "inspect" "2278e02228966f059c203e15c39340ca22de4b6000fe2a95df34c5049cdee1c8", kill_on_drop: false }`
[INFO] running `Command { std: "docker" "exec" "-e" "SOURCE_DIR=/opt/rustwide/workdir" "-e" "CARGO_HOME=/opt/rustwide/cargo-home" "-e" "RUSTUP_HOME=/opt/rustwide/rustup-home" "-e" "CARGO_TARGET_DIR=/opt/rustwide/target" "-e" "CARGO_INCREMENTAL=0" "-e" "RUST_BACKTRACE=full" "-e" "RUSTFLAGS=--cap-lints=warn" "-e" "RUSTDOCFLAGS=--cap-lints=warn" "-w" "/opt/rustwide/workdir" "--user" "0:0" "2278e02228966f059c203e15c39340ca22de4b6000fe2a95df34c5049cdee1c8" "/opt/rustwide/cargo-home/bin/cargo" "+1.99.0-beta.8" "test" "--frozen" "--no-run" "--message-format=json" "--release", kill_on_drop: false }`
[INFO] [stderr]    Compiling serde_core v1.0.228
[INFO] [stderr]    Compiling zerocopy v0.8.27
[INFO] [stderr]    Compiling libc v0.2.177
[INFO] [stderr]    Compiling serde v1.0.228
[INFO] [stderr]    Compiling either v1.15.0
[INFO] [stderr]    Compiling num-traits v0.2.19
[INFO] [stderr]    Compiling once_cell v1.21.3
[INFO] [stderr]    Compiling syn v2.0.107
[INFO] [stderr]    Compiling plotters-backend v0.3.7
[INFO] [stderr]    Compiling ciborium-io v0.2.2
[INFO] [stderr]    Compiling clap_lex v0.7.6
[INFO] [stderr]    Compiling anstyle v1.0.13
[INFO] [stderr]    Compiling same-file v1.0.6
[INFO] [stderr]    Compiling cast v0.3.0
[INFO] [stderr]    Compiling oorandom v11.1.5
[INFO] [stderr]    Compiling anes v0.1.6
[INFO] [stderr]    Compiling walkdir v2.5.0
[INFO] [stderr]    Compiling plotters-svg v0.3.7
[INFO] [stderr]    Compiling rayon v1.11.0
[INFO] [stderr]    Compiling itertools v0.10.5
[INFO] [stderr]    Compiling clap_builder v4.5.50
[INFO] [stderr]    Compiling getrandom v0.3.4
[INFO] [stderr]    Compiling is-terminal v0.4.16
[INFO] [stderr]    Compiling chrono v0.4.42
[INFO] [stderr]    Compiling plotters v0.3.7
[INFO] [stderr]    Compiling criterion-plot v0.5.0
[INFO] [stderr]    Compiling clap v4.5.50
[INFO] [stderr]    Compiling zerocopy-derive v0.8.27
[INFO] [stderr]    Compiling serde_derive v1.0.228
[INFO] [stderr]    Compiling thiserror-impl v2.0.17
[INFO] [stderr]    Compiling thiserror v2.0.17
[INFO] [stderr]    Compiling serde_json v1.0.145
[INFO] [stderr]    Compiling half v2.7.1
[INFO] [stderr]    Compiling ahash v0.8.12
[INFO] [stderr]    Compiling tinytemplate v1.2.1
[INFO] [stderr]    Compiling compression-prompt v0.1.2 (/opt/rustwide/workdir)
[INFO] [stderr]    Compiling ciborium-ll v0.2.2
[INFO] [stderr]    Compiling ciborium v0.2.2
[INFO] [stderr]    Compiling criterion v0.5.1
[INFO] [stdout] error[E0432]: unresolved import `compression_prompt::ImageRenderer`
[INFO] [stdout]   --> examples/paper_to_png_50pct.rs:1:26
[INFO] [stdout]    |
[INFO] [stdout]  1 | use compression_prompt::{ImageRenderer, StatisticalFilter, StatisticalFilterConfig};
[INFO] [stdout]    |                          ^^^^^^^^^^^^^ no `ImageRenderer` in the root
[INFO] [stdout]    |
[INFO] [stdout] note: found an item that was configured out
[INFO] [stdout]   --> src/lib.rs:44:26
[INFO] [stdout]    |
[INFO] [stdout] 43 | #[cfg(feature = "image")]
[INFO] [stdout]    |       ----------------- the item is gated behind the `image` feature
[INFO] [stdout] 44 | pub use image_renderer::{ImageRenderer, ImageRendererConfig};
[INFO] [stdout]    |                          ^^^^^^^^^^^^^
[INFO] [stdout] 
[INFO] [stdout] 
[INFO] [stdout] error[E0432]: unresolved imports `compression_prompt::ImageRenderer`, `compression_prompt::ImageRendererConfig`
[INFO] [stdout]   --> examples/paper_to_readable_images.rs:2:5
[INFO] [stdout]    |
[INFO] [stdout]  2 |     ImageRenderer, ImageRendererConfig, StatisticalFilter, StatisticalFilterConfig,
[INFO] [stdout]    |     ^^^^^^^^^^^^^  ^^^^^^^^^^^^^^^^^^^ no `ImageRendererConfig` in the root
[INFO] [stdout]    |     |
[INFO] [stdout]    |     no `ImageRenderer` in the root
[INFO] [stdout]    |
[INFO] [stdout] note: found an item that was configured out
[INFO] [stdout]   --> src/lib.rs:44:26
[INFO] [stdout]    |
[INFO] [stdout] 43 | #[cfg(feature = "image")]
[INFO] [stdout]    |       ----------------- the item is gated behind the `image` feature
[INFO] [stdout] 44 | pub use image_renderer::{ImageRenderer, ImageRendererConfig};
[INFO] [stdout]    |                          ^^^^^^^^^^^^^
[INFO] [stdout] note: found an item that was configured out
[INFO] [stdout]   --> src/lib.rs:44:41
[INFO] [stdout]    |
[INFO] [stdout] 43 | #[cfg(feature = "image")]
[INFO] [stdout]    |       ----------------- the item is gated behind the `image` feature
[INFO] [stdout] 44 | pub use image_renderer::{ImageRenderer, ImageRendererConfig};
[INFO] [stdout]    |                                         ^^^^^^^^^^^^^^^^^^^
[INFO] [stdout] 
[INFO] [stdout] 
[INFO] [stdout] error[E0432]: unresolved imports `compression_prompt::ImageRenderer`, `compression_prompt::ImageRendererConfig`
[INFO] [stdout]   --> examples/paper_to_jpeg.rs:2:5
[INFO] [stdout]    |
[INFO] [stdout]  2 |     ImageRenderer, ImageRendererConfig, StatisticalFilter, StatisticalFilterConfig,
[INFO] [stdout]    |     ^^^^^^^^^^^^^  ^^^^^^^^^^^^^^^^^^^ no `ImageRendererConfig` in the root
[INFO] [stdout]    |     |
[INFO] [stdout]    |     no `ImageRenderer` in the root
[INFO] [stdout]    |
[INFO] [stdout] note: found an item that was configured out
[INFO] [stdout]   --> src/lib.rs:44:26
[INFO] [stdout]    |
[INFO] [stdout] 43 | #[cfg(feature = "image")]
[INFO] [stdout]    |       ----------------- the item is gated behind the `image` feature
[INFO] [stdout] 44 | pub use image_renderer::{ImageRenderer, ImageRendererConfig};
[INFO] [stdout]    |                          ^^^^^^^^^^^^^
[INFO] [stdout] note: found an item that was configured out
[INFO] [stdout]   --> src/lib.rs:44:41
[INFO] [stdout]    |
[INFO] [stdout] 43 | #[cfg(feature = "image")]
[INFO] [stdout]    |       ----------------- the item is gated behind the `image` feature
[INFO] [stdout] 44 | pub use image_renderer::{ImageRenderer, ImageRendererConfig};
[INFO] [stdout]    |                                         ^^^^^^^^^^^^^^^^^^^
[INFO] [stdout] 
[INFO] [stdout] 
[INFO] [stdout] For more information about this error, try `rustc --explain E0432`.
[INFO] [stdout] 
[INFO] [stderr] error: could not compile `compression-prompt` (example "paper_to_jpeg") due to 1 previous error
[INFO] [stderr] warning: build failed, waiting for other jobs to finish...
[INFO] [stdout] For more information about this error, try `rustc --explain E0432`.
[INFO] [stdout] 
[INFO] [stdout] For more information about this error, try `rustc --explain E0432`.
[INFO] [stdout] 
[INFO] [stderr] error: could not compile `compression-prompt` (example "paper_to_png_50pct") due to 1 previous error
[INFO] [stderr] error: could not compile `compression-prompt` (example "paper_to_readable_images") due to 1 previous error
[INFO] [stdout] error[E0432]: unresolved imports `compression_prompt::ImageRenderer`, `compression_prompt::ImageRendererConfig`
[INFO] [stdout]   --> examples/compare_image_formats.rs:2:5
[INFO] [stdout]    |
[INFO] [stdout]  2 |     ImageRenderer, ImageRendererConfig, StatisticalFilter, StatisticalFilterConfig,
[INFO] [stdout]    |     ^^^^^^^^^^^^^  ^^^^^^^^^^^^^^^^^^^ no `ImageRendererConfig` in the root
[INFO] [stdout]    |     |
[INFO] [stdout]    |     no `ImageRenderer` in the root
[INFO] [stdout]    |
[INFO] [stdout] note: found an item that was configured out
[INFO] [stdout]   --> src/lib.rs:44:26
[INFO] [stdout]    |
[INFO] [stdout] 43 | #[cfg(feature = "image")]
[INFO] [stdout]    |       ----------------- the item is gated behind the `image` feature
[INFO] [stdout] 44 | pub use image_renderer::{ImageRenderer, ImageRendererConfig};
[INFO] [stdout]    |                          ^^^^^^^^^^^^^
[INFO] [stdout] note: found an item that was configured out
[INFO] [stdout]   --> src/lib.rs:44:41
[INFO] [stdout]    |
[INFO] [stdout] 43 | #[cfg(feature = "image")]
[INFO] [stdout]    |       ----------------- the item is gated behind the `image` feature
[INFO] [stdout] 44 | pub use image_renderer::{ImageRenderer, ImageRendererConfig};
[INFO] [stdout]    |                                         ^^^^^^^^^^^^^^^^^^^
[INFO] [stdout] 
[INFO] [stdout] 
[INFO] [stdout] For more information about this error, try `rustc --explain E0432`.
[INFO] [stdout] 
[INFO] [stderr] error: could not compile `compression-prompt` (example "compare_image_formats") due to 1 previous error
[INFO] [stderr] error: could not compile `compression-prompt` (test "integration_test")
[INFO] [stderr] 
[INFO] [stderr] Caused by:
[INFO] [stderr]   process didn't exit successfully: `/opt/rustwide/rustup-home/toolchains/1.99.0-beta.8-x86_64-unknown-linux-gnu/bin/rustc --crate-name integration_test --edition=2024 tests/integration_test.rs --error-format=json --json=diagnostic-rendered-ansi,artifacts,future-incompat --emit=dep-info,link -C opt-level=3 -C lto -C codegen-units=1 --test --cfg 'feature="default"' --cfg 'feature="statistical"' --check-cfg 'cfg(docsrs,test)' --check-cfg 'cfg(feature, values("default", "full", "image", "statistical"))' -C metadata=1182123ba372c6aa -C extra-filename=-aba6af518585fbc2 --out-dir /opt/rustwide/target/release/deps -C strip=symbols -L dependency=/opt/rustwide/target/release/deps --extern ahash=/opt/rustwide/target/release/deps/libahash-45a6b611100c45a6.rlib --extern anyhow=/opt/rustwide/target/release/deps/libanyhow-309024567cc65c1b.rlib --extern chrono=/opt/rustwide/target/release/deps/libchrono-8d805306abcb4e7c.rlib --extern compression_prompt=/opt/rustwide/target/release/deps/libcompression_prompt-645f73dcb41ad8db.rlib --extern criterion=/opt/rustwide/target/release/deps/libcriterion-1841d00647484641.rlib --extern rayon=/opt/rustwide/target/release/deps/librayon-dc4e9b9c8fb39979.rlib --extern regex=/opt/rustwide/target/release/deps/libregex-8f07706520f63487.rlib --extern serde=/opt/rustwide/target/release/deps/libserde-cb2dad19d8a08af3.rlib --extern serde_json=/opt/rustwide/target/release/deps/libserde_json-aa64a6efb794723c.rlib --extern thiserror=/opt/rustwide/target/release/deps/libthiserror-4a6851896f6d7739.rlib --extern tiktoken_rs=/opt/rustwide/target/release/deps/libtiktoken_rs-20b7eae545dc2208.rlib --extern unicode_segmentation=/opt/rustwide/target/release/deps/libunicode_segmentation-f0d88ba737448894.rlib --cap-lints=warn` (signal: 9, SIGKILL: kill)
[INFO] [stderr] error: could not compile `compression-prompt` (test "json_preservation_test")
[INFO] [stderr] 
[INFO] [stderr] Caused by:
[INFO] [stderr]   process didn't exit successfully: `/opt/rustwide/rustup-home/toolchains/1.99.0-beta.8-x86_64-unknown-linux-gnu/bin/rustc --crate-name json_preservation_test --edition=2024 tests/json_preservation_test.rs --error-format=json --json=diagnostic-rendered-ansi,artifacts,future-incompat --emit=dep-info,link -C opt-level=3 -C lto -C codegen-units=1 --test --cfg 'feature="default"' --cfg 'feature="statistical"' --check-cfg 'cfg(docsrs,test)' --check-cfg 'cfg(feature, values("default", "full", "image", "statistical"))' -C metadata=83e46b32bdbe6e23 -C extra-filename=-7d3dd935ba532d25 --out-dir /opt/rustwide/target/release/deps -C strip=symbols -L dependency=/opt/rustwide/target/release/deps --extern ahash=/opt/rustwide/target/release/deps/libahash-45a6b611100c45a6.rlib --extern anyhow=/opt/rustwide/target/release/deps/libanyhow-309024567cc65c1b.rlib --extern chrono=/opt/rustwide/target/release/deps/libchrono-8d805306abcb4e7c.rlib --extern compression_prompt=/opt/rustwide/target/release/deps/libcompression_prompt-645f73dcb41ad8db.rlib --extern criterion=/opt/rustwide/target/release/deps/libcriterion-1841d00647484641.rlib --extern rayon=/opt/rustwide/target/release/deps/librayon-dc4e9b9c8fb39979.rlib --extern regex=/opt/rustwide/target/release/deps/libregex-8f07706520f63487.rlib --extern serde=/opt/rustwide/target/release/deps/libserde-cb2dad19d8a08af3.rlib --extern serde_json=/opt/rustwide/target/release/deps/libserde_json-aa64a6efb794723c.rlib --extern thiserror=/opt/rustwide/target/release/deps/libthiserror-4a6851896f6d7739.rlib --extern tiktoken_rs=/opt/rustwide/target/release/deps/libtiktoken_rs-20b7eae545dc2208.rlib --extern unicode_segmentation=/opt/rustwide/target/release/deps/libunicode_segmentation-f0d88ba737448894.rlib --cap-lints=warn` (signal: 9, SIGKILL: kill)
[INFO] running `Command { std: "docker" "inspect" "2278e02228966f059c203e15c39340ca22de4b6000fe2a95df34c5049cdee1c8", kill_on_drop: false }`
[INFO] running `Command { std: "docker" "rm" "-f" "2278e02228966f059c203e15c39340ca22de4b6000fe2a95df34c5049cdee1c8", kill_on_drop: false }`
[INFO] [stdout] 2278e02228966f059c203e15c39340ca22de4b6000fe2a95df34c5049cdee1c8
