[INFO] fetching crate compile-in-memory 0.2.0...
[INFO] testing compile-in-memory-0.2.0 against 1.99.0-beta.8+cargoflags=--release for beta-release-1.100-2
[INFO] extracting crate compile-in-memory 0.2.0 into /workspace/builds/worker-1-tc1/source
[INFO] started tweaking crates.io crate compile-in-memory 0.2.0
[INFO] finished tweaking crates.io crate compile-in-memory 0.2.0
[INFO] tweaked toml for crates.io crate compile-in-memory 0.2.0 written to /workspace/builds/worker-1-tc1/source/Cargo.toml
[INFO] validating manifest of crates.io crate compile-in-memory 0.2.0 on toolchain 1.99.0-beta.8
[INFO] running `Command { std: CARGO_HOME="/workspace/cargo-home" RUSTUP_HOME="/workspace/rustup-home" "/workspace/cargo-home/bin/cargo" "+1.99.0-beta.8" "metadata" "--manifest-path" "Cargo.toml" "--no-deps", kill_on_drop: false }`
[INFO] running `Command { std: CARGO_HOME="/workspace/cargo-home" RUSTUP_HOME="/workspace/rustup-home" "/workspace/cargo-home/bin/cargo" "+1.99.0-beta.8" "generate-lockfile" "--manifest-path" "Cargo.toml", kill_on_drop: false }`
[INFO] [stderr]     Updating crates.io index
[INFO] [stderr]      Locking 5 packages to highest compatible versions
[INFO] running `Command { std: CARGO_HOME="/workspace/cargo-home" RUSTUP_HOME="/workspace/rustup-home" "/workspace/cargo-home/bin/cargo" "+1.99.0-beta.8" "fetch" "--manifest-path" "Cargo.toml", kill_on_drop: false }`
[INFO] [stderr]  Downloading crates ...
[INFO] [stderr]   Downloaded loader v0.2.1
[INFO] running `Command { std: "docker" "create" "-v" "/var/lib/crater-agent-workspace/builds/worker-1-tc1/source:/opt/rustwide/workdir:ro,Z" "-v" "/var/lib/crater-agent-workspace/builds/worker-1-tc1/target:/opt/rustwide/target:rw,Z" "-v" "/var/lib/crater-agent-workspace/cargo-home:/opt/rustwide/cargo-home:ro,Z" "-v" "/var/lib/crater-agent-workspace/rustup-home:/opt/rustwide/rustup-home:ro,Z" "-m" "1610612736" "--network" "none" "ghcr.io/rust-lang/crates-build-env/linux@sha256:77db811e55d90add9212f6832c23229e3de5f1c1f9905e8cb07319ea15df73ac" "sleep" "infinity", kill_on_drop: false }`
[INFO] [stdout] 814842146c90324e5481dadd9cbb316ce19773a0e5e0164f840859879eb20093
[INFO] running `Command { std: "docker" "start" "814842146c90324e5481dadd9cbb316ce19773a0e5e0164f840859879eb20093", kill_on_drop: false }`
[INFO] running `Command { std: "docker" "inspect" "814842146c90324e5481dadd9cbb316ce19773a0e5e0164f840859879eb20093", kill_on_drop: false }`
[INFO] running `Command { std: "docker" "exec" "-e" "SOURCE_DIR=/opt/rustwide/workdir" "-e" "CARGO_HOME=/opt/rustwide/cargo-home" "-e" "RUSTUP_HOME=/opt/rustwide/rustup-home" "-e" "CARGO_TARGET_DIR=/opt/rustwide/target" "-w" "/opt/rustwide/workdir" "--user" "0:0" "814842146c90324e5481dadd9cbb316ce19773a0e5e0164f840859879eb20093" "/opt/rustwide/cargo-home/bin/cargo" "+1.99.0-beta.8" "metadata" "--no-deps" "--format-version=1", kill_on_drop: false }`
[INFO] running `Command { std: "docker" "inspect" "814842146c90324e5481dadd9cbb316ce19773a0e5e0164f840859879eb20093", kill_on_drop: false }`
[INFO] running `Command { std: "docker" "exec" "-e" "SOURCE_DIR=/opt/rustwide/workdir" "-e" "CARGO_HOME=/opt/rustwide/cargo-home" "-e" "RUSTUP_HOME=/opt/rustwide/rustup-home" "-e" "CARGO_TARGET_DIR=/opt/rustwide/target" "-e" "CARGO_INCREMENTAL=0" "-e" "RUST_BACKTRACE=full" "-e" "RUSTFLAGS=--cap-lints=warn" "-e" "RUSTDOCFLAGS=--cap-lints=warn" "-w" "/opt/rustwide/workdir" "--user" "0:0" "814842146c90324e5481dadd9cbb316ce19773a0e5e0164f840859879eb20093" "/opt/rustwide/cargo-home/bin/cargo" "+1.99.0-beta.8" "build" "--frozen" "--message-format=json" "--release", kill_on_drop: false }`
[INFO] [stderr]    Compiling loader v0.2.1
[INFO] [stderr]    Compiling compile-in-memory v0.2.0 (/opt/rustwide/workdir)
[INFO] [stderr]     Finished `release` profile [optimized] target(s) in 0.56s
[INFO] running `Command { std: "docker" "inspect" "814842146c90324e5481dadd9cbb316ce19773a0e5e0164f840859879eb20093", kill_on_drop: false }`
[INFO] running `Command { std: "docker" "exec" "-e" "SOURCE_DIR=/opt/rustwide/workdir" "-e" "CARGO_HOME=/opt/rustwide/cargo-home" "-e" "RUSTUP_HOME=/opt/rustwide/rustup-home" "-e" "CARGO_TARGET_DIR=/opt/rustwide/target" "-e" "CARGO_INCREMENTAL=0" "-e" "RUST_BACKTRACE=full" "-e" "RUSTFLAGS=--cap-lints=warn" "-e" "RUSTDOCFLAGS=--cap-lints=warn" "-w" "/opt/rustwide/workdir" "--user" "0:0" "814842146c90324e5481dadd9cbb316ce19773a0e5e0164f840859879eb20093" "/opt/rustwide/cargo-home/bin/cargo" "+1.99.0-beta.8" "test" "--frozen" "--no-run" "--message-format=json" "--release", kill_on_drop: false }`
[INFO] [stderr]    Compiling num-complex v0.4.6
[INFO] [stderr]    Compiling compile-in-memory v0.2.0 (/opt/rustwide/workdir)
[INFO] [stdout] error[E0618]: expected function, found `AssertShared<LibraryFunc<'_, extern "C" fn(i32, i32) -> i32>>`
[INFO] [stdout]    --> src/lib.rs:124:16
[INFO] [stdout]     |
[INFO] [stdout] 122 |     let func = unsafe { func.assert_callable_shared() };
[INFO] [stdout]     |         ---- `func` has type `AssertShared<LibraryFunc<'_, extern "C" fn(i32, i32) -> i32>>`
[INFO] [stdout] 123 |
[INFO] [stdout] 124 |     assert_eq!(func(3, 4), 7);
[INFO] [stdout]     |                ^^^^------
[INFO] [stdout]     |                |
[INFO] [stdout]     |                call expression requires function
[INFO] [stdout] 
[INFO] [stdout] 
[INFO] [stdout] error[E0618]: expected function, found `AssertShared<LibraryFunc<'_, extern "C" fn(*mut Complex<f64>, _, _)>>`
[INFO] [stdout]    --> src/lib.rs:156:5
[INFO] [stdout]     |
[INFO] [stdout] 150 |     let func = unsafe { func.assert_callable_shared() };
[INFO] [stdout]     |         ---- `func` has type `AssertShared<LibraryFunc<'_, extern "C" fn(*mut Complex<f64>, _, _)>>`
[INFO] [stdout] ...
[INFO] [stdout] 156 |     func(&mut result, &negative_three_fourths, &parameter);
[INFO] [stdout]     |     ^^^^--------------------------------------------------
[INFO] [stdout]     |     |
[INFO] [stdout]     |     call expression requires function
[INFO] [stdout]     |
[INFO] [stdout]     = note: the full name for the type has been written to '/opt/rustwide/target/release/deps/compile_in_memory-92ed090484cd4b33.long-type-579733288217084459.txt'
[INFO] [stdout]     = note: consider using `--verbose` to print the full type name to the console
[INFO] [stdout] 
[INFO] [stdout] 
[INFO] [stdout] error[E0618]: expected function, found `AssertShared<LibraryFunc<'_, extern "C" fn(*mut Complex<f64>, _, _)>>`
[INFO] [stdout]    --> src/lib.rs:159:5
[INFO] [stdout]     |
[INFO] [stdout] 150 |     let func = unsafe { func.assert_callable_shared() };
[INFO] [stdout]     |         ---- `func` has type `AssertShared<LibraryFunc<'_, extern "C" fn(*mut Complex<f64>, _, _)>>`
[INFO] [stdout] ...
[INFO] [stdout] 159 |     func(&mut result, &negative_three_fourths, &parameter);
[INFO] [stdout]     |     ^^^^--------------------------------------------------
[INFO] [stdout]     |     |
[INFO] [stdout]     |     call expression requires function
[INFO] [stdout]     |
[INFO] [stdout]     = note: the full name for the type has been written to '/opt/rustwide/target/release/deps/compile_in_memory-92ed090484cd4b33.long-type-579733288217084459.txt'
[INFO] [stdout]     = note: consider using `--verbose` to print the full type name to the console
[INFO] [stdout] 
[INFO] [stdout] 
[INFO] [stdout] For more information about this error, try `rustc --explain E0618`.
[INFO] [stdout] 
[INFO] [stderr] error: could not compile `compile-in-memory` (lib test) due to 3 previous errors
[INFO] running `Command { std: "docker" "inspect" "814842146c90324e5481dadd9cbb316ce19773a0e5e0164f840859879eb20093", kill_on_drop: false }`
[INFO] running `Command { std: "docker" "rm" "-f" "814842146c90324e5481dadd9cbb316ce19773a0e5e0164f840859879eb20093", kill_on_drop: false }`
[INFO] [stdout] 814842146c90324e5481dadd9cbb316ce19773a0e5e0164f840859879eb20093
