[INFO] fetching crate cgg-lang 0.10.2...
[INFO] testing cgg-lang-0.10.2 against 1.100.0-beta.1+cargoflags=--release for beta-release-1.100-2
[INFO] extracting crate cgg-lang 0.10.2 into /workspace/builds/worker-5-tc2/source
[INFO] started tweaking crates.io crate cgg-lang 0.10.2
[INFO] finished tweaking crates.io crate cgg-lang 0.10.2
[INFO] tweaked toml for crates.io crate cgg-lang 0.10.2 written to /workspace/builds/worker-5-tc2/source/Cargo.toml
[INFO] validating manifest of crates.io crate cgg-lang 0.10.2 on toolchain 1.100.0-beta.1
[INFO] running `Command { std: CARGO_HOME="/workspace/cargo-home" RUSTUP_HOME="/workspace/rustup-home" "/workspace/cargo-home/bin/cargo" "+1.100.0-beta.1" "metadata" "--manifest-path" "Cargo.toml" "--no-deps", kill_on_drop: false }`
[INFO] crate crates.io crate cgg-lang 0.10.2 already has a lockfile, it will not be regenerated
[INFO] running `Command { std: CARGO_HOME="/workspace/cargo-home" RUSTUP_HOME="/workspace/rustup-home" "/workspace/cargo-home/bin/cargo" "+1.100.0-beta.1" "fetch" "--manifest-path" "Cargo.toml", kill_on_drop: false }`
[INFO] [stderr] warning: `package.homepage` is redundant with `package.repository`
[INFO] [stderr]    --> Cargo.toml:176:12
[INFO] [stderr]     |
[INFO] [stderr] 176 | homepage = "https://github.com/NeuralNotwerk/cgg"
[INFO] [stderr]     |            ^^^^^^^^^^^^^^^^^^^^^^^^^^^^^^^^^^^^^^
[INFO] [stderr] ...
[INFO] [stderr] 181 | repository = "https://github.com/NeuralNotwerk/cgg"
[INFO] [stderr]     |              --------------------------------------
[INFO] [stderr]     |
[INFO] [stderr]     = note: `cargo::redundant_homepage` is set to `warn` by default
[INFO] [stderr] help: consider removing `package.homepage`
[INFO] [stderr] warning: `cgg-lang` (manifest) generated 1 warning
[INFO] running `Command { std: "docker" "create" "-v" "/var/lib/crater-agent-workspace/builds/worker-5-tc2/source:/opt/rustwide/workdir:ro,Z" "-v" "/var/lib/crater-agent-workspace/builds/worker-5-tc2/target:/opt/rustwide/target:rw,Z" "-v" "/var/lib/crater-agent-workspace/cargo-home:/opt/rustwide/cargo-home:ro,Z" "-v" "/var/lib/crater-agent-workspace/rustup-home:/opt/rustwide/rustup-home:ro,Z" "-m" "1610612736" "--network" "none" "ghcr.io/rust-lang/crates-build-env/linux@sha256:77db811e55d90add9212f6832c23229e3de5f1c1f9905e8cb07319ea15df73ac" "sleep" "infinity", kill_on_drop: false }`
[INFO] [stdout] 6b6136b76684e79d1ff03cb65b0c17f227b5a55d4850ae7e5321be7abb86ed2a
[INFO] running `Command { std: "docker" "start" "6b6136b76684e79d1ff03cb65b0c17f227b5a55d4850ae7e5321be7abb86ed2a", kill_on_drop: false }`
[INFO] running `Command { std: "docker" "inspect" "6b6136b76684e79d1ff03cb65b0c17f227b5a55d4850ae7e5321be7abb86ed2a", kill_on_drop: false }`
[INFO] running `Command { std: "docker" "exec" "-e" "SOURCE_DIR=/opt/rustwide/workdir" "-e" "CARGO_HOME=/opt/rustwide/cargo-home" "-e" "RUSTUP_HOME=/opt/rustwide/rustup-home" "-e" "CARGO_TARGET_DIR=/opt/rustwide/target" "-w" "/opt/rustwide/workdir" "--user" "0:0" "6b6136b76684e79d1ff03cb65b0c17f227b5a55d4850ae7e5321be7abb86ed2a" "/opt/rustwide/cargo-home/bin/cargo" "+1.100.0-beta.1" "metadata" "--no-deps" "--format-version=1", kill_on_drop: false }`
[INFO] running `Command { std: "docker" "inspect" "6b6136b76684e79d1ff03cb65b0c17f227b5a55d4850ae7e5321be7abb86ed2a", kill_on_drop: false }`
[INFO] running `Command { std: "docker" "exec" "-e" "SOURCE_DIR=/opt/rustwide/workdir" "-e" "CARGO_HOME=/opt/rustwide/cargo-home" "-e" "RUSTUP_HOME=/opt/rustwide/rustup-home" "-e" "CARGO_TARGET_DIR=/opt/rustwide/target" "-e" "CARGO_INCREMENTAL=0" "-e" "RUST_BACKTRACE=full" "-e" "RUSTFLAGS=--cap-lints=warn" "-e" "RUSTDOCFLAGS=--cap-lints=warn" "-w" "/opt/rustwide/workdir" "--user" "0:0" "6b6136b76684e79d1ff03cb65b0c17f227b5a55d4850ae7e5321be7abb86ed2a" "/opt/rustwide/cargo-home/bin/cargo" "+1.100.0-beta.1" "build" "--frozen" "--message-format=json" "--release", kill_on_drop: false }`
[INFO] [stderr] warning: `package.homepage` is redundant with `package.repository`
[INFO] [stderr]    --> Cargo.toml:176:12
[INFO] [stderr]     |
[INFO] [stderr] 176 | homepage = "https://github.com/NeuralNotwerk/cgg"
[INFO] [stderr]     |            ^^^^^^^^^^^^^^^^^^^^^^^^^^^^^^^^^^^^^^
[INFO] [stderr] ...
[INFO] [stderr] 181 | repository = "https://github.com/NeuralNotwerk/cgg"
[INFO] [stderr]     |              --------------------------------------
[INFO] [stderr]     |
[INFO] [stderr]     = note: `cargo::redundant_homepage` is set to `warn` by default
[INFO] [stderr] help: consider removing `package.homepage`
[INFO] [stderr] warning: `cgg-lang` (manifest) generated 1 warning
[INFO] [stderr]    Compiling tree-sitter-language v0.1.7
[INFO] [stderr]    Compiling memchr v2.8.0
[INFO] [stderr]    Compiling regex-syntax v0.8.10
[INFO] [stderr]    Compiling serde_json v1.0.149
[INFO] [stderr]    Compiling aho-corasick v1.1.4
[INFO] [stderr]    Compiling crossbeam-epoch v0.9.20
[INFO] [stderr]    Compiling blake3 v1.8.5
[INFO] [stderr]    Compiling tree-sitter-verilog v1.0.3
[INFO] [stderr]    Compiling tree-sitter-powershell v0.26.4
[INFO] [stderr]    Compiling tree-sitter-vhdl v1.4.0
[INFO] [stderr]    Compiling tree-sitter-yaml v0.7.2
[INFO] [stderr]    Compiling tree-sitter-zig v1.1.2
[INFO] [stderr]    Compiling tree-sitter-fortran v0.6.0
[INFO] [stderr]    Compiling thiserror-impl v1.0.69
[INFO] [stderr]    Compiling tree-sitter-elixir v0.3.5
[INFO] [stderr]    Compiling tree-sitter-go v0.25.0
[INFO] [stderr]    Compiling tree-sitter-erlang v0.16.0
[INFO] [stderr]    Compiling tree-sitter-graphql v0.1.0
[INFO] [stderr]    Compiling tree-sitter-groovy v0.1.2
[INFO] [stderr]    Compiling tree-sitter-haskell v0.23.1
[INFO] [stderr]    Compiling tree-sitter-hcl v1.1.0
[INFO] [stderr]    Compiling tree-sitter-java v0.23.5
[INFO] [stderr]    Compiling tree-sitter-asm v0.24.0
[INFO] [stderr]    Compiling tree-sitter-bash v0.25.1
[INFO] [stderr]    Compiling tree-sitter-javascript v0.25.0
[INFO] [stderr]    Compiling tree-sitter-c v0.24.2
[INFO] [stderr]    Compiling tree-sitter-c-sharp v0.23.5
[INFO] [stderr]    Compiling tree-sitter-julia v0.23.1
[INFO] [stderr]    Compiling tree-sitter-lua v0.5.0
[INFO] [stderr]    Compiling tree-sitter-clojure-orchard v0.2.5
[INFO] [stderr]    Compiling tree-sitter-kotlin-sg v0.4.1
[INFO] [stderr]    Compiling tree-sitter-nix v0.3.0
[INFO] [stderr]    Compiling tree-sitter-objc v3.0.2
[INFO] [stderr]    Compiling tree-sitter-cmake v0.7.1
[INFO] [stderr]    Compiling tree-sitter-ocaml v0.25.0
[INFO] [stderr]    Compiling tree-sitter-cpp v0.23.4
[INFO] [stderr]    Compiling tree-sitter-proto v0.4.0
[INFO] [stderr]    Compiling tree-sitter-dart v0.2.0
[INFO] [stderr]    Compiling tree-sitter-python v0.25.0
[INFO] [stderr]    Compiling tree-sitter-r v1.2.0
[INFO] [stderr]    Compiling tree-sitter-fsharp v0.3.0
[INFO] [stderr]    Compiling tree-sitter-ruby v0.23.1
[INFO] [stderr]    Compiling tree-sitter-rust v0.24.2
[INFO] [stderr]    Compiling tree-sitter-perl v1.1.2
[INFO] [stderr]    Compiling tree-sitter-scala v0.26.0
[INFO] [stderr]    Compiling tree-sitter-php v0.24.2
[INFO] [stderr]    Compiling tree-sitter-solidity v1.2.13
[INFO] [stderr]    Compiling tree-sitter-starlark v1.3.0
[INFO] [stderr]    Compiling tree-sitter-swift v0.7.2
[INFO] [stderr]    Compiling crossbeam-deque v0.8.6
[INFO] [stderr]    Compiling tree-sitter-typescript v0.23.2
[INFO] [stderr]    Compiling bstr v1.12.1
[INFO] [stderr]    Compiling arrayvec v0.7.6
[INFO] [stderr]    Compiling constant_time_eq v0.4.2
[INFO] [stderr]    Compiling arrayref v0.3.9
[INFO] [stderr]    Compiling streaming-iterator v0.1.9
[INFO] [stderr]    Compiling rayon-core v1.13.0
[INFO] [stderr]    Compiling indexmap v2.14.0
[INFO] [stderr]    Compiling thiserror v1.0.69
[INFO] [stderr]    Compiling rayon v1.12.0
[INFO] [stderr]    Compiling tree-sitter v0.26.8
[INFO] [stderr]    Compiling regex-automata v0.4.14
[INFO] [stderr] error: could not compile `rayon` (lib)
[INFO] [stderr] 
[INFO] [stderr] Caused by:
[INFO] [stderr]   process didn't exit successfully: `/opt/rustwide/rustup-home/toolchains/1.100.0-beta.1-x86_64-unknown-linux-gnu/bin/rustc --crate-name rayon --edition=2021 /opt/rustwide/cargo-home/registry/src/index.crates.io-1949cf8c6b5b557f/rayon-1.12.0/src/lib.rs --error-format=json --json=diagnostic-rendered-ansi,artifacts,future-incompat,unused-externs-silent --crate-type lib --emit=dep-info,metadata,link -C opt-level=3 -C embed-bitcode=no --check-cfg 'cfg(docsrs,test)' --check-cfg 'cfg(feature, values("web_spin_lock"))' -C metadata=983f62e1b4c1dc80 -C extra-filename=-88c93a87561e1c4a --out-dir /opt/rustwide/target/release/build/rayon/88c93a87561e1c4a/out -C strip=debuginfo -L dependency=/opt/rustwide/target/release/build/crossbeam-deque/45ddd28564a05c56/out -L dependency=/opt/rustwide/target/release/build/crossbeam-epoch/311b1dc1bcdabdde/out -L dependency=/opt/rustwide/target/release/build/crossbeam-utils/c35c21890820cf1a/out --extern either=/opt/rustwide/target/release/build/either/381c6dbf3b7f9a41/out/libeither-381c6dbf3b7f9a41.rmeta --extern rayon_core=/opt/rustwide/target/release/build/rayon-core/b0c3c0c67c228431/out/librayon_core-b0c3c0c67c228431.rmeta --cap-lints allow --cap-lints=warn --force-warn=unused_crate_dependencies` (signal: 9, SIGKILL: kill)
[INFO] [stderr] warning: build failed, waiting for other jobs to finish...
[INFO] [stderr] error: could not compile `regex-syntax` (lib)
[INFO] [stderr] 
[INFO] [stderr] Caused by:
[INFO] [stderr]   process didn't exit successfully: `/opt/rustwide/rustup-home/toolchains/1.100.0-beta.1-x86_64-unknown-linux-gnu/bin/rustc --crate-name regex_syntax --edition=2021 /opt/rustwide/cargo-home/registry/src/index.crates.io-1949cf8c6b5b557f/regex-syntax-0.8.10/src/lib.rs --error-format=json --json=diagnostic-rendered-ansi,artifacts,future-incompat,unused-externs-silent --crate-type lib --emit=dep-info,metadata,link -C opt-level=3 -C embed-bitcode=no --cfg 'feature="default"' --cfg 'feature="std"' --cfg 'feature="unicode"' --cfg 'feature="unicode-age"' --cfg 'feature="unicode-bool"' --cfg 'feature="unicode-case"' --cfg 'feature="unicode-gencat"' --cfg 'feature="unicode-perl"' --cfg 'feature="unicode-script"' --cfg 'feature="unicode-segment"' --check-cfg 'cfg(docsrs,test)' --check-cfg 'cfg(feature, values("arbitrary", "default", "std", "unicode", "unicode-age", "unicode-bool", "unicode-case", "unicode-gencat", "unicode-perl", "unicode-script", "unicode-segment"))' -C metadata=55bcb2839c675351 -C extra-filename=-e74e29b98e81dab5 --out-dir /opt/rustwide/target/release/build/regex-syntax/e74e29b98e81dab5/out -C strip=debuginfo --cap-lints allow --cap-lints=warn --force-warn=unused_crate_dependencies` (signal: 9, SIGKILL: kill)
[INFO] [stderr] warning: tree-sitter-scala@0.26.0: cc: fatal error: Killed signal terminated program cc1
[INFO] [stderr] warning: tree-sitter-scala@0.26.0: compilation terminated.
[INFO] [stderr] error: failed to run custom build command for `tree-sitter-scala v0.26.0`
[INFO] [stderr] note: To improve backtraces for build dependencies, set the CARGO_PROFILE_RELEASE_BUILD_OVERRIDE_DEBUG=true environment variable to enable debug information generation.
[INFO] [stderr] 
[INFO] [stderr] Caused by:
[INFO] [stderr]   process didn't exit successfully: `/opt/rustwide/target/release/build/tree-sitter-scala/fbf98bfe709d873c/out/build_script_build` (exit status: 1)
[INFO] [stderr]   --- stdout
[INFO] [stderr]   cargo:rerun-if-changed=src/parser.c
[INFO] [stderr]   cargo:rerun-if-changed=src/scanner.c
[INFO] [stderr]   cargo:rerun-if-env-changed=CC_FORCE_DISABLE
[INFO] [stderr]   CC_FORCE_DISABLE = None
[INFO] [stderr]   cargo:rerun-if-env-changed=CC_x86_64-unknown-linux-gnu
[INFO] [stderr]   CC_x86_64-unknown-linux-gnu = None
[INFO] [stderr]   cargo:rerun-if-env-changed=CC_x86_64_unknown_linux_gnu
[INFO] [stderr]   CC_x86_64_unknown_linux_gnu = None
[INFO] [stderr]   cargo:rerun-if-env-changed=HOST_CC
[INFO] [stderr]   HOST_CC = None
[INFO] [stderr]   cargo:rerun-if-env-changed=CC
[INFO] [stderr]   CC = None
[INFO] [stderr]   cargo:rerun-if-env-changed=CC_ENABLE_DEBUG_OUTPUT
[INFO] [stderr]   cargo:rerun-if-env-changed=CRATE_CC_NO_DEFAULTS
[INFO] [stderr]   CRATE_CC_NO_DEFAULTS = None
[INFO] [stderr]   cargo:rerun-if-env-changed=CFLAGS
[INFO] [stderr]   CFLAGS = None
[INFO] [stderr]   cargo:rerun-if-env-changed=HOST_CFLAGS
[INFO] [stderr]   HOST_CFLAGS = None
[INFO] [stderr]   cargo:rerun-if-env-changed=CFLAGS_x86_64_unknown_linux_gnu
[INFO] [stderr]   CFLAGS_x86_64_unknown_linux_gnu = None
[INFO] [stderr]   cargo:rerun-if-env-changed=CFLAGS_x86_64-unknown-linux-gnu
[INFO] [stderr]   CFLAGS_x86_64-unknown-linux-gnu = None
[INFO] [stderr]   cargo:rerun-if-env-changed=CC_ENABLE_DEBUG_OUTPUT
[INFO] [stderr]   cargo:rerun-if-env-changed=CRATE_CC_NO_DEFAULTS
[INFO] [stderr]   CRATE_CC_NO_DEFAULTS = None
[INFO] [stderr]   cargo:rerun-if-env-changed=CFLAGS
[INFO] [stderr]   CFLAGS = None
[INFO] [stderr]   cargo:rerun-if-env-changed=HOST_CFLAGS
[INFO] [stderr]   HOST_CFLAGS = None
[INFO] [stderr]   cargo:rerun-if-env-changed=CFLAGS_x86_64_unknown_linux_gnu
[INFO] [stderr]   CFLAGS_x86_64_unknown_linux_gnu = None
[INFO] [stderr]   cargo:rerun-if-env-changed=CFLAGS_x86_64-unknown-linux-gnu
[INFO] [stderr]   CFLAGS_x86_64-unknown-linux-gnu = None
[INFO] [stderr]   cargo:warning=cc: fatal error: Killed signal terminated program cc1
[INFO] [stderr]   cargo:warning=compilation terminated.
[INFO] [stderr] 
[INFO] [stderr]   --- stderr
[INFO] [stderr] 
[INFO] [stderr] 
[INFO] [stderr]   error occurred in cc-rs: command did not execute successfully (status code exit status: 1): LC_ALL="C" "cc" "-O3" "-ffunction-sections" "-fdata-sections" "-fPIC" "-m64" "-std=c11" "-I" "src" "-Wall" "-Wextra" "-Wno-unused" "-o" "/opt/rustwide/target/release/build/tree-sitter-scala/3937d9efd5bde5e7/out/ea708c7824d36062-parser.o" "-c" "src/parser.c"
[INFO] [stderr] 
[INFO] [stderr] 
[INFO] [stderr] warning: tree-sitter-fsharp@0.3.0: cc: fatal error: Killed signal terminated program cc1
[INFO] [stderr] warning: tree-sitter-fsharp@0.3.0: compilation terminated.
[INFO] [stderr] error: failed to run custom build command for `tree-sitter-fsharp v0.3.0`
[INFO] [stderr] note: To improve backtraces for build dependencies, set the CARGO_PROFILE_RELEASE_BUILD_OVERRIDE_DEBUG=true environment variable to enable debug information generation.
[INFO] [stderr] 
[INFO] [stderr] Caused by:
[INFO] [stderr]   process didn't exit successfully: `/opt/rustwide/target/release/build/tree-sitter-fsharp/361837d26c947763/out/build_script_build` (exit status: 1)
[INFO] [stderr]   --- stdout
[INFO] [stderr]   cargo:rerun-if-changed=./common
[INFO] [stderr]   cargo:rerun-if-changed=./fsharp/src/parser.c
[INFO] [stderr]   cargo:rerun-if-changed=./fsharp/src/scanner.c
[INFO] [stderr]   cargo:rerun-if-changed=./fsharp_signature/src/parser.c
[INFO] [stderr]   cargo:rerun-if-changed=./fsharp_signature/src/scanner.c
[INFO] [stderr]   cargo:rerun-if-env-changed=CC_FORCE_DISABLE
[INFO] [stderr]   CC_FORCE_DISABLE = None
[INFO] [stderr]   cargo:rerun-if-env-changed=CC_x86_64-unknown-linux-gnu
[INFO] [stderr]   CC_x86_64-unknown-linux-gnu = None
[INFO] [stderr]   cargo:rerun-if-env-changed=CC_x86_64_unknown_linux_gnu
[INFO] [stderr]   CC_x86_64_unknown_linux_gnu = None
[INFO] [stderr]   cargo:rerun-if-env-changed=HOST_CC
[INFO] [stderr]   HOST_CC = None
[INFO] [stderr]   cargo:rerun-if-env-changed=CC
[INFO] [stderr]   CC = None
[INFO] [stderr]   cargo:rerun-if-env-changed=CC_ENABLE_DEBUG_OUTPUT
[INFO] [stderr]   cargo:rerun-if-env-changed=CRATE_CC_NO_DEFAULTS
[INFO] [stderr]   CRATE_CC_NO_DEFAULTS = None
[INFO] [stderr]   cargo:rerun-if-env-changed=CFLAGS
[INFO] [stderr]   CFLAGS = None
[INFO] [stderr]   cargo:rerun-if-env-changed=HOST_CFLAGS
[INFO] [stderr]   HOST_CFLAGS = None
[INFO] [stderr]   cargo:rerun-if-env-changed=CFLAGS_x86_64_unknown_linux_gnu
[INFO] [stderr]   CFLAGS_x86_64_unknown_linux_gnu = None
[INFO] [stderr]   cargo:rerun-if-env-changed=CFLAGS_x86_64-unknown-linux-gnu
[INFO] [stderr]   CFLAGS_x86_64-unknown-linux-gnu = None
[INFO] [stderr]   cargo:warning=cc: fatal error: Killed signal terminated program cc1
[INFO] [stderr]   cargo:warning=compilation terminated.
[INFO] [stderr] 
[INFO] [stderr]   --- stderr
[INFO] [stderr] 
[INFO] [stderr] 
[INFO] [stderr]   error occurred in cc-rs: command did not execute successfully (status code exit status: 1): LC_ALL="C" "cc" "-O3" "-ffunction-sections" "-fdata-sections" "-fPIC" "-m64" "-std=c11" "-I" "./fsharp/src" "-Wall" "-Wextra" "-o" "/opt/rustwide/target/release/build/tree-sitter-fsharp/f68308c40aaf8f92/out/577cc755a205cb7f-parser.o" "-c" "./fsharp/src/parser.c"
[INFO] [stderr] 
[INFO] [stderr] 
[INFO] running `Command { std: "docker" "inspect" "6b6136b76684e79d1ff03cb65b0c17f227b5a55d4850ae7e5321be7abb86ed2a", kill_on_drop: false }`
[INFO] running `Command { std: "docker" "rm" "-f" "6b6136b76684e79d1ff03cb65b0c17f227b5a55d4850ae7e5321be7abb86ed2a", kill_on_drop: false }`
[INFO] [stdout] 6b6136b76684e79d1ff03cb65b0c17f227b5a55d4850ae7e5321be7abb86ed2a
