[INFO] fetching crate autoarc 0.2.3...
[INFO] testing autoarc-0.2.3 against 1.99.0-beta.8+cargoflags=--release for beta-release-1.100-2
[INFO] extracting crate autoarc 0.2.3 into /workspace/builds/worker-1-tc1/source
[INFO] started tweaking crates.io crate autoarc 0.2.3
[INFO] removed 0 missing tests
[INFO] finished tweaking crates.io crate autoarc 0.2.3
[INFO] tweaked toml for crates.io crate autoarc 0.2.3 written to /workspace/builds/worker-1-tc1/source/Cargo.toml
[INFO] validating manifest of crates.io crate autoarc 0.2.3 on toolchain 1.99.0-beta.8
[INFO] running `Command { std: CARGO_HOME="/workspace/cargo-home" RUSTUP_HOME="/workspace/rustup-home" "/workspace/cargo-home/bin/cargo" "+1.99.0-beta.8" "metadata" "--manifest-path" "Cargo.toml" "--no-deps", kill_on_drop: false }`
[INFO] crate crates.io crate autoarc 0.2.3 already has a lockfile, it will not be regenerated
[INFO] running `Command { std: CARGO_HOME="/workspace/cargo-home" RUSTUP_HOME="/workspace/rustup-home" "/workspace/cargo-home/bin/cargo" "+1.99.0-beta.8" "fetch" "--manifest-path" "Cargo.toml", kill_on_drop: false }`
[INFO] [stderr]     Updating crates.io index
[INFO] [stderr]  Downloading crates ...
[INFO] [stderr]   Downloaded deranged v0.5.4
[INFO] [stderr]   Downloaded pbkdf2 v0.13.0
[INFO] [stderr]   Downloaded flate2 v1.1.4
[INFO] [stderr]   Downloaded unrar v0.5.8
[INFO] [stderr]   Downloaded lzma-rust2 v0.16.2
[INFO] [stderr]   Downloaded cipher v0.5.1
[INFO] [stderr]   Downloaded unrar_sys v0.5.8
[INFO] [stderr]   Downloaded cbc v0.2.0
[INFO] [stderr]   Downloaded sevenz-rust2 v0.21.0
[INFO] [stderr]   Downloaded bstr v1.12.3
[INFO] running `Command { std: "docker" "create" "-v" "/var/lib/crater-agent-workspace/builds/worker-1-tc1/source:/opt/rustwide/workdir:ro,Z" "-v" "/var/lib/crater-agent-workspace/builds/worker-1-tc1/target:/opt/rustwide/target:rw,Z" "-v" "/var/lib/crater-agent-workspace/cargo-home:/opt/rustwide/cargo-home:ro,Z" "-v" "/var/lib/crater-agent-workspace/rustup-home:/opt/rustwide/rustup-home:ro,Z" "-m" "1610612736" "--network" "none" "ghcr.io/rust-lang/crates-build-env/linux@sha256:77db811e55d90add9212f6832c23229e3de5f1c1f9905e8cb07319ea15df73ac" "sleep" "infinity", kill_on_drop: false }`
[INFO] [stdout] 035b6100b13ed6fa098326732e30719e12129a490643ed5e4c6514f14e31d281
[INFO] running `Command { std: "docker" "start" "035b6100b13ed6fa098326732e30719e12129a490643ed5e4c6514f14e31d281", kill_on_drop: false }`
[INFO] running `Command { std: "docker" "inspect" "035b6100b13ed6fa098326732e30719e12129a490643ed5e4c6514f14e31d281", kill_on_drop: false }`
[INFO] running `Command { std: "docker" "exec" "-e" "SOURCE_DIR=/opt/rustwide/workdir" "-e" "CARGO_HOME=/opt/rustwide/cargo-home" "-e" "RUSTUP_HOME=/opt/rustwide/rustup-home" "-e" "CARGO_TARGET_DIR=/opt/rustwide/target" "-w" "/opt/rustwide/workdir" "--user" "0:0" "035b6100b13ed6fa098326732e30719e12129a490643ed5e4c6514f14e31d281" "/opt/rustwide/cargo-home/bin/cargo" "+1.99.0-beta.8" "metadata" "--no-deps" "--format-version=1", kill_on_drop: false }`
[INFO] running `Command { std: "docker" "inspect" "035b6100b13ed6fa098326732e30719e12129a490643ed5e4c6514f14e31d281", kill_on_drop: false }`
[INFO] running `Command { std: "docker" "exec" "-e" "SOURCE_DIR=/opt/rustwide/workdir" "-e" "CARGO_HOME=/opt/rustwide/cargo-home" "-e" "RUSTUP_HOME=/opt/rustwide/rustup-home" "-e" "CARGO_TARGET_DIR=/opt/rustwide/target" "-e" "CARGO_INCREMENTAL=0" "-e" "RUST_BACKTRACE=full" "-e" "RUSTFLAGS=--cap-lints=warn" "-e" "RUSTDOCFLAGS=--cap-lints=warn" "-w" "/opt/rustwide/workdir" "--user" "0:0" "035b6100b13ed6fa098326732e30719e12129a490643ed5e4c6514f14e31d281" "/opt/rustwide/cargo-home/bin/cargo" "+1.99.0-beta.8" "build" "--frozen" "--message-format=json" "--release", kill_on_drop: false }`
[INFO] [stderr]    Compiling typenum v1.20.0
[INFO] [stderr]    Compiling cmov v0.5.3
[INFO] [stderr]    Compiling const-oid v0.10.2
[INFO] [stderr]    Compiling regex-syntax v0.8.8
[INFO] [stderr]    Compiling aho-corasick v1.1.3
[INFO] [stderr]    Compiling simd-adler32 v0.3.7
[INFO] [stderr]    Compiling getrandom v0.4.2
[INFO] [stderr]    Compiling cpufeatures v0.3.0
[INFO] [stderr]    Compiling jobserver v0.1.34
[INFO] [stderr]    Compiling proc-macro2 v1.0.106
[INFO] [stderr]    Compiling zlib-rs v0.5.2
[INFO] [stderr]    Compiling zstd-safe v7.2.4
[INFO] [stderr]    Compiling colorchoice v1.0.4
[INFO] [stderr]    Compiling bitflags v2.9.4
[INFO] [stderr]    Compiling libbz2-rs-sys v0.2.2
[INFO] [stderr]    Compiling cpubits v0.1.1
[INFO] [stderr]    Compiling is_terminal_polyfill v1.70.1
[INFO] [stderr]    Compiling anstyle-query v1.1.4
[INFO] [stderr]    Compiling deranged v0.5.4
[INFO] [stderr]    Compiling parking_lot_core v0.9.12
[INFO] [stderr]    Compiling uuid v1.18.1
[INFO] [stderr]    Compiling anstream v1.0.0
[INFO] [stderr]    Compiling cc v1.2.41
[INFO] [stderr]    Compiling ctutils v0.4.2
[INFO] [stderr]    Compiling miniz_oxide v0.8.9
[INFO] [stderr]    Compiling bumpalo v3.19.0
[INFO] [stderr]    Compiling ppmd-rust v1.4.0
[INFO] [stderr]    Compiling cfb v0.7.3
[INFO] [stderr]    Compiling quote v1.0.45
[INFO] [stderr]    Compiling zopfli v0.8.3
[INFO] [stderr]    Compiling clap_builder v4.6.0
[INFO] [stderr]    Compiling indexmap v2.12.0
[INFO] [stderr]    Compiling syn v2.0.117
[INFO] [stderr]    Compiling rustix v1.1.4
[INFO] [stderr]    Compiling bzip2 v0.6.1
[INFO] [stderr]    Compiling console v0.16.3
[INFO] [stderr]    Compiling parking_lot v0.12.5
[INFO] [stderr]    Compiling hybrid-array v0.4.11
[INFO] [stderr]    Compiling generic-array v0.14.9
[INFO] [stderr]    Compiling tracing-log v0.2.0
[INFO] [stderr]    Compiling crypto-common v0.2.1
[INFO] [stderr]    Compiling block-buffer v0.12.0
[INFO] [stderr]    Compiling block-padding v0.4.2
[INFO] [stderr]    Compiling inout v0.2.2
[INFO] [stderr]    Compiling time v0.3.47
[INFO] [stderr]    Compiling signal-hook-registry v1.4.6
[INFO] [stderr]    Compiling bstr v1.12.3
[INFO] [stderr]    Compiling block-buffer v0.10.4
[INFO] [stderr]    Compiling crypto-common v0.1.6
[INFO] [stderr]    Compiling zstd-sys v2.0.16+zstd.1.5.7
[INFO] [stderr]    Compiling digest v0.10.7
[INFO] [stderr]    Compiling unrar_sys v0.5.8
[INFO] [stderr]    Compiling typed-path v0.12.3
[INFO] [stderr]    Compiling sha2 v0.10.9
[INFO] [stderr]    Compiling unit-prefix v0.5.2
[INFO] [stderr]    Compiling lzma-rust2 v0.16.2
[INFO] [stderr]    Compiling widestring v1.2.1
[INFO] [stderr]    Compiling constant_time_eq v0.4.2
[INFO] [stderr]    Compiling deflate64 v0.1.10
[INFO] [stderr]    Compiling digest v0.11.3
[INFO] [stderr]    Compiling regex-automata v0.4.13
[INFO] [stderr]    Compiling cipher v0.5.1
[INFO] [stderr]    Compiling libz-rs-sys v0.5.2
[INFO] [stderr]    Compiling hmac v0.13.0
[INFO] [stderr]    Compiling flate2 v1.1.4
[INFO] [stderr]    Compiling aes v0.9.1
[INFO] [stderr]    Compiling cbc v0.2.0
[INFO] [stderr]    Compiling pbkdf2 v0.13.0
[INFO] [stderr]    Compiling sha1 v0.11.0
[INFO] [stderr]    Compiling sha2 v0.11.0
[INFO] [stderr]    Compiling tempfile v3.27.0
[INFO] [stderr]    Compiling indicatif v0.18.4
[INFO] [stderr]    Compiling infer v0.19.0
[INFO] [stderr]    Compiling tracing-attributes v0.1.31
[INFO] [stderr]    Compiling tokio-macros v2.7.0
[INFO] [stderr]    Compiling thiserror-impl v2.0.18
[INFO] [stderr]    Compiling clap_derive v4.6.1
[INFO] [stderr]    Compiling tokio v1.52.1
[INFO] [stderr]    Compiling sevenz-rust2 v0.21.0
[INFO] [stderr]    Compiling tracing v0.1.44
[INFO] [stderr]    Compiling thiserror v2.0.18
[INFO] [stderr]    Compiling regex v1.12.2
[INFO] [stderr]    Compiling matchers v0.2.0
[INFO] [stderr]    Compiling tracing-subscriber v0.3.23
[INFO] [stderr] error: could not compile `regex-automata` (lib)
[INFO] [stderr] 
[INFO] [stderr] Caused by:
[INFO] [stderr]   process didn't exit successfully: `/opt/rustwide/rustup-home/toolchains/1.99.0-beta.8-x86_64-unknown-linux-gnu/bin/rustc --crate-name regex_automata --edition=2021 /opt/rustwide/cargo-home/registry/src/index.crates.io-1949cf8c6b5b557f/regex-automata-0.4.13/src/lib.rs --error-format=json --json=diagnostic-rendered-ansi,artifacts,future-incompat --crate-type lib --emit=dep-info,metadata,link -C opt-level=3 -C embed-bitcode=no --cfg 'feature="alloc"' --cfg 'feature="dfa-build"' --cfg 'feature="dfa-onepass"' --cfg 'feature="dfa-search"' --cfg 'feature="hybrid"' --cfg 'feature="meta"' --cfg 'feature="nfa"' --cfg 'feature="nfa-backtrack"' --cfg 'feature="nfa-pikevm"' --cfg 'feature="nfa-thompson"' --cfg 'feature="perf"' --cfg 'feature="perf-inline"' --cfg 'feature="perf-literal"' --cfg 'feature="perf-literal-multisubstring"' --cfg 'feature="perf-literal-substring"' --cfg 'feature="std"' --cfg 'feature="syntax"' --cfg 'feature="unicode"' --cfg 'feature="unicode-age"' --cfg 'feature="unicode-bool"' --cfg 'feature="unicode-case"' --cfg 'feature="unicode-gencat"' --cfg 'feature="unicode-perl"' --cfg 'feature="unicode-script"' --cfg 'feature="unicode-segment"' --cfg 'feature="unicode-word-boundary"' --check-cfg 'cfg(docsrs,test)' --check-cfg 'cfg(feature, values("alloc", "default", "dfa", "dfa-build", "dfa-onepass", "dfa-search", "hybrid", "internal-instrument", "internal-instrument-pikevm", "logging", "meta", "nfa", "nfa-backtrack", "nfa-pikevm", "nfa-thompson", "perf", "perf-inline", "perf-literal", "perf-literal-multisubstring", "perf-literal-substring", "std", "syntax", "unicode", "unicode-age", "unicode-bool", "unicode-case", "unicode-gencat", "unicode-perl", "unicode-script", "unicode-segment", "unicode-word-boundary"))' -C metadata=b1e3612b5eeebff7 -C extra-filename=-bcf6a825d23b1555 --out-dir /opt/rustwide/target/release/deps -C strip=debuginfo -L dependency=/opt/rustwide/target/release/deps --extern aho_corasick=/opt/rustwide/target/release/deps/libaho_corasick-d765d19e0e959138.rmeta --extern memchr=/opt/rustwide/target/release/deps/libmemchr-f5475d219327462e.rmeta --extern regex_syntax=/opt/rustwide/target/release/deps/libregex_syntax-3f2dd4f0badfd6e9.rmeta --cap-lints allow --cap-lints=warn` (signal: 9, SIGKILL: kill)
[INFO] [stderr] warning: build failed, waiting for other jobs to finish...
[INFO] [stderr] error: could not compile `tokio` (lib)
[INFO] [stderr] 
[INFO] [stderr] Caused by:
[INFO] [stderr]   process didn't exit successfully: `/opt/rustwide/rustup-home/toolchains/1.99.0-beta.8-x86_64-unknown-linux-gnu/bin/rustc --crate-name tokio --edition=2021 /opt/rustwide/cargo-home/registry/src/index.crates.io-1949cf8c6b5b557f/tokio-1.52.1/src/lib.rs --error-format=json --json=diagnostic-rendered-ansi,artifacts,future-incompat --crate-type lib --emit=dep-info,metadata,link -C opt-level=3 -C embed-bitcode=no --cfg 'feature="bytes"' --cfg 'feature="default"' --cfg 'feature="fs"' --cfg 'feature="full"' --cfg 'feature="io-std"' --cfg 'feature="io-util"' --cfg 'feature="libc"' --cfg 'feature="macros"' --cfg 'feature="mio"' --cfg 'feature="net"' --cfg 'feature="parking_lot"' --cfg 'feature="process"' --cfg 'feature="rt"' --cfg 'feature="rt-multi-thread"' --cfg 'feature="signal"' --cfg 'feature="signal-hook-registry"' --cfg 'feature="socket2"' --cfg 'feature="sync"' --cfg 'feature="time"' --cfg 'feature="tokio-macros"' --check-cfg 'cfg(docsrs,test)' --check-cfg 'cfg(feature, values("bytes", "default", "fs", "full", "io-std", "io-uring", "io-util", "libc", "macros", "mio", "net", "parking_lot", "process", "rt", "rt-multi-thread", "signal", "signal-hook-registry", "socket2", "sync", "taskdump", "test-util", "time", "tokio-macros", "tracing", "windows-sys"))' -C metadata=0cedeefa15fcce0d -C extra-filename=-9b2c42854c2adf88 --out-dir /opt/rustwide/target/release/deps -C strip=debuginfo -L dependency=/opt/rustwide/target/release/deps --extern bytes=/opt/rustwide/target/release/deps/libbytes-8e96b21583e366fa.rmeta --extern libc=/opt/rustwide/target/release/deps/liblibc-9127009e093ab63a.rmeta --extern mio=/opt/rustwide/target/release/deps/libmio-8a7d37a8f4f4fa6c.rmeta --extern parking_lot=/opt/rustwide/target/release/deps/libparking_lot-350e405ad957c61c.rmeta --extern pin_project_lite=/opt/rustwide/target/release/deps/libpin_project_lite-a042d89c9815bfb5.rmeta --extern signal_hook_registry=/opt/rustwide/target/release/deps/libsignal_hook_registry-57e1832a3f122099.rmeta --extern socket2=/opt/rustwide/target/release/deps/libsocket2-fe5468fb79b8252d.rmeta --extern tokio_macros=/opt/rustwide/target/release/deps/libtokio_macros-5504089b6eda0ee9.so --cap-lints allow --cap-lints=warn` (signal: 9, SIGKILL: kill)
[INFO] [stderr] error: could not compile `tracing-subscriber` (lib)
[INFO] [stderr] 
[INFO] [stderr] Caused by:
[INFO] [stderr]   process didn't exit successfully: `/opt/rustwide/rustup-home/toolchains/1.99.0-beta.8-x86_64-unknown-linux-gnu/bin/rustc --crate-name tracing_subscriber --edition=2018 /opt/rustwide/cargo-home/registry/src/index.crates.io-1949cf8c6b5b557f/tracing-subscriber-0.3.23/src/lib.rs --error-format=json --json=diagnostic-rendered-ansi,artifacts,future-incompat --crate-type lib --emit=dep-info,metadata,link -C opt-level=3 -C embed-bitcode=no --cfg 'feature="alloc"' --cfg 'feature="ansi"' --cfg 'feature="default"' --cfg 'feature="env-filter"' --cfg 'feature="fmt"' --cfg 'feature="matchers"' --cfg 'feature="nu-ansi-term"' --cfg 'feature="once_cell"' --cfg 'feature="registry"' --cfg 'feature="sharded-slab"' --cfg 'feature="smallvec"' --cfg 'feature="std"' --cfg 'feature="thread_local"' --cfg 'feature="tracing"' --cfg 'feature="tracing-log"' --check-cfg 'cfg(docsrs,test)' --check-cfg 'cfg(feature, values("alloc", "ansi", "chrono", "default", "env-filter", "fmt", "json", "local-time", "matchers", "nu-ansi-term", "once_cell", "parking_lot", "regex", "registry", "serde", "serde_json", "sharded-slab", "smallvec", "std", "thread_local", "time", "tracing", "tracing-log", "tracing-serde", "valuable", "valuable-serde", "valuable_crate"))' -C metadata=5d265a756e6aa593 -C extra-filename=-81f2bc8ad5e525d5 --out-dir /opt/rustwide/target/release/deps -C strip=debuginfo -L dependency=/opt/rustwide/target/release/deps --extern matchers=/opt/rustwide/target/release/deps/libmatchers-041be221a125f3b0.rmeta --extern nu_ansi_term=/opt/rustwide/target/release/deps/libnu_ansi_term-2394e1a75082de7a.rmeta --extern once_cell=/opt/rustwide/target/release/deps/libonce_cell-35d4cc1b6bbf4e72.rmeta --extern regex_automata=/opt/rustwide/target/release/deps/libregex_automata-bcf6a825d23b1555.rmeta --extern sharded_slab=/opt/rustwide/target/release/deps/libsharded_slab-18946f9d15d4fb19.rmeta --extern smallvec=/opt/rustwide/target/release/deps/libsmallvec-841086f162eea166.rmeta --extern thread_local=/opt/rustwide/target/release/deps/libthread_local-57dcbb25ec93501c.rmeta --extern tracing=/opt/rustwide/target/release/deps/libtracing-bd81a128de324c95.rmeta --extern tracing_core=/opt/rustwide/target/release/deps/libtracing_core-75cabdb7c32ac36b.rmeta --extern tracing_log=/opt/rustwide/target/release/deps/libtracing_log-73be41566c0044e1.rmeta --cap-lints allow --cap-lints=warn` (signal: 9, SIGKILL: kill)
[INFO] [stderr] warning: zstd-sys@2.0.16+zstd.1.5.7: cc: fatal error: Killed signal terminated program cc1
[INFO] [stderr] warning: zstd-sys@2.0.16+zstd.1.5.7: compilation terminated.
[INFO] [stderr] warning: zstd-sys@2.0.16+zstd.1.5.7: ToolExecError: command did not execute successfully (status code exit status: 1): LC_ALL="C" "cc" "-O3" "-ffunction-sections" "-fdata-sections" "-fPIC" "-m64" "-I" "zstd/lib/" "-I" "zstd/lib/common" "-fvisibility=hidden" "-ffunction-sections" "-fdata-sections" "-fmerge-all-constants" "-DZSTD_LIB_DEPRECATED=0" "-DXXH_PRIVATE_API=" "-DZSTDLIB_VISIBILITY=" "-DZSTDERRORLIB_VISIBILITY=" "-o" "/opt/rustwide/target/release/build/zstd-sys-9435bc85f7d7aa95/out/fb80479a5fb81f6a-zstd_lazy.o" "-c" "zstd/lib/compress/zstd_lazy.c"
[INFO] [stderr] error: failed to run custom build command for `zstd-sys v2.0.16+zstd.1.5.7`
[INFO] [stderr] note: To improve backtraces for build dependencies, set the CARGO_PROFILE_RELEASE_BUILD_OVERRIDE_DEBUG=true environment variable to enable debug information generation.
[INFO] [stderr] 
[INFO] [stderr] Caused by:
[INFO] [stderr]   process didn't exit successfully: `/opt/rustwide/target/release/build/zstd-sys-668b3b5865251a78/build-script-build` (exit status: 1)
[INFO] [stderr]   --- stdout
[INFO] [stderr]   cargo:rerun-if-env-changed=ZSTD_SYS_USE_PKG_CONFIG
[INFO] [stderr]   OUT_DIR = Some(/opt/rustwide/target/release/build/zstd-sys-9435bc85f7d7aa95/out)
[INFO] [stderr]   OPT_LEVEL = Some(3)
[INFO] [stderr]   TARGET = Some(x86_64-unknown-linux-gnu)
[INFO] [stderr]   CARGO_ENCODED_RUSTFLAGS = Some(--cap-lints=warn)
[INFO] [stderr]   HOST = Some(x86_64-unknown-linux-gnu)
[INFO] [stderr]   cargo:rerun-if-env-changed=CC_x86_64-unknown-linux-gnu
[INFO] [stderr]   CC_x86_64-unknown-linux-gnu = None
[INFO] [stderr]   cargo:rerun-if-env-changed=CC_x86_64_unknown_linux_gnu
[INFO] [stderr]   CC_x86_64_unknown_linux_gnu = None
[INFO] [stderr]   cargo:rerun-if-env-changed=HOST_CC
[INFO] [stderr]   HOST_CC = None
[INFO] [stderr]   cargo:rerun-if-env-changed=CC
[INFO] [stderr]   CC = None
[INFO] [stderr]   cargo:rerun-if-env-changed=CC_ENABLE_DEBUG_OUTPUT
[INFO] [stderr]   RUSTC_WRAPPER = None
[INFO] [stderr]   cargo:rerun-if-env-changed=CRATE_CC_NO_DEFAULTS
[INFO] [stderr]   CRATE_CC_NO_DEFAULTS = None
[INFO] [stderr]   DEBUG = Some(false)
[INFO] [stderr]   CARGO_CFG_TARGET_FEATURE = Some(fxsr,sse,sse2)
[INFO] [stderr]   cargo:rerun-if-env-changed=CFLAGS
[INFO] [stderr]   CFLAGS = None
[INFO] [stderr]   cargo:rerun-if-env-changed=HOST_CFLAGS
[INFO] [stderr]   HOST_CFLAGS = None
[INFO] [stderr]   cargo:rerun-if-env-changed=CFLAGS_x86_64_unknown_linux_gnu
[INFO] [stderr]   CFLAGS_x86_64_unknown_linux_gnu = None
[INFO] [stderr]   cargo:rerun-if-env-changed=CFLAGS_x86_64-unknown-linux-gnu
[INFO] [stderr]   CFLAGS_x86_64-unknown-linux-gnu = None
[INFO] [stderr]   OUT_DIR = Some(/opt/rustwide/target/release/build/zstd-sys-9435bc85f7d7aa95/out)
[INFO] [stderr]   cargo:rerun-if-env-changed=CC_ENABLE_DEBUG_OUTPUT
[INFO] [stderr]   cargo:rerun-if-env-changed=CRATE_CC_NO_DEFAULTS
[INFO] [stderr]   CRATE_CC_NO_DEFAULTS = None
[INFO] [stderr]   TARGET = Some(x86_64-unknown-linux-gnu)
[INFO] [stderr]   CARGO_CFG_TARGET_FEATURE = Some(fxsr,sse,sse2)
[INFO] [stderr]   HOST = Some(x86_64-unknown-linux-gnu)
[INFO] [stderr]   cargo:rerun-if-env-changed=CFLAGS
[INFO] [stderr]   CFLAGS = None
[INFO] [stderr]   cargo:rerun-if-env-changed=HOST_CFLAGS
[INFO] [stderr]   HOST_CFLAGS = None
[INFO] [stderr]   cargo:rerun-if-env-changed=CFLAGS_x86_64_unknown_linux_gnu
[INFO] [stderr]   CFLAGS_x86_64_unknown_linux_gnu = None
[INFO] [stderr]   cargo:rerun-if-env-changed=CFLAGS_x86_64-unknown-linux-gnu
[INFO] [stderr]   CFLAGS_x86_64-unknown-linux-gnu = None
[INFO] [stderr]   OUT_DIR = Some(/opt/rustwide/target/release/build/zstd-sys-9435bc85f7d7aa95/out)
[INFO] [stderr]   cargo:rerun-if-env-changed=CC_ENABLE_DEBUG_OUTPUT
[INFO] [stderr]   cargo:rerun-if-env-changed=CRATE_CC_NO_DEFAULTS
[INFO] [stderr]   CRATE_CC_NO_DEFAULTS = None
[INFO] [stderr]   TARGET = Some(x86_64-unknown-linux-gnu)
[INFO] [stderr]   CARGO_CFG_TARGET_FEATURE = Some(fxsr,sse,sse2)
[INFO] [stderr]   HOST = Some(x86_64-unknown-linux-gnu)
[INFO] [stderr]   cargo:rerun-if-env-changed=CFLAGS
[INFO] [stderr]   CFLAGS = None
[INFO] [stderr]   cargo:rerun-if-env-changed=HOST_CFLAGS
[INFO] [stderr]   HOST_CFLAGS = None
[INFO] [stderr]   cargo:rerun-if-env-changed=CFLAGS_x86_64_unknown_linux_gnu
[INFO] [stderr]   CFLAGS_x86_64_unknown_linux_gnu = None
[INFO] [stderr]   cargo:rerun-if-env-changed=CFLAGS_x86_64-unknown-linux-gnu
[INFO] [stderr]   CFLAGS_x86_64-unknown-linux-gnu = None
[INFO] [stderr]   OUT_DIR = Some(/opt/rustwide/target/release/build/zstd-sys-9435bc85f7d7aa95/out)
[INFO] [stderr]   cargo:rerun-if-env-changed=CC_ENABLE_DEBUG_OUTPUT
[INFO] [stderr]   cargo:rerun-if-env-changed=CRATE_CC_NO_DEFAULTS
[INFO] [stderr]   CRATE_CC_NO_DEFAULTS = None
[INFO] [stderr]   TARGET = Some(x86_64-unknown-linux-gnu)
[INFO] [stderr]   CARGO_CFG_TARGET_FEATURE = Some(fxsr,sse,sse2)
[INFO] [stderr]   HOST = Some(x86_64-unknown-linux-gnu)
[INFO] [stderr]   cargo:rerun-if-env-changed=CFLAGS
[INFO] [stderr]   CFLAGS = None
[INFO] [stderr]   cargo:rerun-if-env-changed=HOST_CFLAGS
[INFO] [stderr]   HOST_CFLAGS = None
[INFO] [stderr]   cargo:rerun-if-env-changed=CFLAGS_x86_64_unknown_linux_gnu
[INFO] [stderr]   CFLAGS_x86_64_unknown_linux_gnu = None
[INFO] [stderr]   cargo:rerun-if-env-changed=CFLAGS_x86_64-unknown-linux-gnu
[INFO] [stderr]   CFLAGS_x86_64-unknown-linux-gnu = None
[INFO] [stderr]   exit status: 0
[INFO] [stderr]   exit status: 0
[INFO] [stderr]   exit status: 0
[INFO] [stderr]   exit status: 0
[INFO] [stderr]   exit status: 0
[INFO] [stderr]   exit status: 0
[INFO] [stderr]   exit status: 0
[INFO] [stderr]   exit status: 0
[INFO] [stderr]   exit status: 0
[INFO] [stderr]   exit status: 0
[INFO] [stderr]   exit status: 0
[INFO] [stderr]   exit status: 0
[INFO] [stderr]   exit status: 0
[INFO] [stderr]   exit status: 0
[INFO] [stderr]   exit status: 0
[INFO] [stderr]   exit status: 0
[INFO] [stderr]   cargo:warning=cc: fatal error: Killed signal terminated program cc1
[INFO] [stderr]   cargo:warning=compilation terminated.
[INFO] [stderr]   exit status: 0
[INFO] [stderr]   exit status: 0
[INFO] [stderr]   exit status: 0
[INFO] [stderr]   exit status: 0
[INFO] [stderr]   exit status: 0
[INFO] [stderr]   exit status: 0
[INFO] [stderr]   exit status: 0
[INFO] [stderr]   exit status: 0
[INFO] [stderr]   exit status: 1
[INFO] [stderr]   cargo:warning=ToolExecError: command did not execute successfully (status code exit status: 1): LC_ALL="C" "cc" "-O3" "-ffunction-sections" "-fdata-sections" "-fPIC" "-m64" "-I" "zstd/lib/" "-I" "zstd/lib/common" "-fvisibility=hidden" "-ffunction-sections" "-fdata-sections" "-fmerge-all-constants" "-DZSTD_LIB_DEPRECATED=0" "-DXXH_PRIVATE_API=" "-DZSTDLIB_VISIBILITY=" "-DZSTDERRORLIB_VISIBILITY=" "-o" "/opt/rustwide/target/release/build/zstd-sys-9435bc85f7d7aa95/out/fb80479a5fb81f6a-zstd_lazy.o" "-c" "zstd/lib/compress/zstd_lazy.c"
[INFO] [stderr]   exit status: 0
[INFO] [stderr] 
[INFO] [stderr]   --- stderr
[INFO] [stderr] 
[INFO] [stderr] 
[INFO] [stderr]   error occurred in cc-rs: command did not execute successfully (status code exit status: 1): LC_ALL="C" "cc" "-O3" "-ffunction-sections" "-fdata-sections" "-fPIC" "-m64" "-I" "zstd/lib/" "-I" "zstd/lib/common" "-fvisibility=hidden" "-ffunction-sections" "-fdata-sections" "-fmerge-all-constants" "-DZSTD_LIB_DEPRECATED=0" "-DXXH_PRIVATE_API=" "-DZSTDLIB_VISIBILITY=" "-DZSTDERRORLIB_VISIBILITY=" "-o" "/opt/rustwide/target/release/build/zstd-sys-9435bc85f7d7aa95/out/fb80479a5fb81f6a-zstd_lazy.o" "-c" "zstd/lib/compress/zstd_lazy.c"
[INFO] [stderr] 
[INFO] [stderr] 
[INFO] [stderr] warning: unrar_sys@0.5.8: c++: fatal error: Killed signal terminated program cc1plus
[INFO] [stderr] warning: unrar_sys@0.5.8: compilation terminated.
[INFO] [stderr] warning: unrar_sys@0.5.8: ToolExecError: command did not execute successfully (status code exit status: 1): LC_ALL="C" "c++" "-O2" "-ffunction-sections" "-fdata-sections" "-fPIC" "-m64" "-std=c++14" "-fPIC" "-Wno-switch" "-Wno-parentheses" "-Wno-macro-redefined" "-Wno-dangling-else" "-Wno-logical-op-parentheses" "-Wno-unused-parameter" "-Wno-unused-variable" "-Wno-unused-function" "-Wno-missing-braces" "-Wno-unknown-pragmas" "-Wno-deprecated-declarations" "-D_FILE_OFFSET_BITS=64" "-D_LARGEFILE_SOURCE" "-DRAR_SMP" "-DRARDLL" "-o" "/opt/rustwide/target/release/build/unrar_sys-0c0fe0ab856e0ac1/out/0934600a39780889-filefn.o" "-c" "vendor/unrar/filefn.cpp"cargo:warning=c++: fatal error: Killed signal terminated program cc1plus
[INFO] [stderr] warning: unrar_sys@0.5.8: compilation terminated.
[INFO] [stderr] warning: unrar_sys@0.5.8: ToolExecError: command did not execute successfully (status code exit status: 1): LC_ALL="C" "c++" "-O2" "-ffunction-sections" "-fdata-sections" "-fPIC" "-m64" "-std=c++14" "-fPIC" "-Wno-switch" "-Wno-parentheses" "-Wno-macro-redefined" "-Wno-dangling-else" "-Wno-logical-op-parentheses" "-Wno-unused-parameter" "-Wno-unused-variable" "-Wno-unused-function" "-Wno-missing-braces" "-Wno-unknown-pragmas" "-Wno-deprecated-declarations" "-D_FILE_OFFSET_BITS=64" "-D_LARGEFILE_SOURCE" "-DRAR_SMP" "-DRARDLL" "-o" "/opt/rustwide/target/release/build/unrar_sys-0c0fe0ab856e0ac1/out/0934600a39780889-archive.o" "-c" "vendor/unrar/archive.cpp"cargo:warning=c++: fatal error: Killed signal terminated program cc1plus
[INFO] [stderr] warning: unrar_sys@0.5.8: compilation terminated.
[INFO] [stderr] warning: unrar_sys@0.5.8: ToolExecError: command did not execute successfully (status code exit status: 1): LC_ALL="C" "c++" "-O2" "-ffunction-sections" "-fdata-sections" "-fPIC" "-m64" "-std=c++14" "-fPIC" "-Wno-switch" "-Wno-parentheses" "-Wno-macro-redefined" "-Wno-dangling-else" "-Wno-logical-op-parentheses" "-Wno-unused-parameter" "-Wno-unused-variable" "-Wno-unused-function" "-Wno-missing-braces" "-Wno-unknown-pragmas" "-Wno-deprecated-declarations" "-D_FILE_OFFSET_BITS=64" "-D_LARGEFILE_SOURCE" "-DRAR_SMP" "-DRARDLL" "-o" "/opt/rustwide/target/release/build/unrar_sys-0c0fe0ab856e0ac1/out/0934600a39780889-arcread.o" "-c" "vendor/unrar/arcread.cpp"cargo:warning=c++: fatal error: Killed signal terminated program cc1plus
[INFO] [stderr] warning: unrar_sys@0.5.8: compilation terminated.
[INFO] [stderr] warning: unrar_sys@0.5.8: ToolExecError: command did not execute successfully (status code exit status: 1): LC_ALL="C" "c++" "-O2" "-ffunction-sections" "-fdata-sections" "-fPIC" "-m64" "-std=c++14" "-fPIC" "-Wno-switch" "-Wno-parentheses" "-Wno-macro-redefined" "-Wno-dangling-else" "-Wno-logical-op-parentheses" "-Wno-unused-parameter" "-Wno-unused-variable" "-Wno-unused-function" "-Wno-missing-braces" "-Wno-unknown-pragmas" "-Wno-deprecated-declarations" "-D_FILE_OFFSET_BITS=64" "-D_LARGEFILE_SOURCE" "-DRAR_SMP" "-DRARDLL" "-o" "/opt/rustwide/target/release/build/unrar_sys-0c0fe0ab856e0ac1/out/0934600a39780889-unicode.o" "-c" "vendor/unrar/unicode.cpp"cargo:warning=c++: fatal error: Killed signal terminated program cc1plus
[INFO] [stderr] warning: unrar_sys@0.5.8: compilation terminated.
[INFO] [stderr] warning: unrar_sys@0.5.8: ToolExecError: command did not execute successfully (status code exit status: 1): LC_ALL="C" "c++" "-O2" "-ffunction-sections" "-fdata-sections" "-fPIC" "-m64" "-std=c++14" "-fPIC" "-Wno-switch" "-Wno-parentheses" "-Wno-macro-redefined" "-Wno-dangling-else" "-Wno-logical-op-parentheses" "-Wno-unused-parameter" "-Wno-unused-variable" "-Wno-unused-function" "-Wno-missing-braces" "-Wno-unknown-pragmas" "-Wno-deprecated-declarations" "-D_FILE_OFFSET_BITS=64" "-D_LARGEFILE_SOURCE" "-DRAR_SMP" "-DRARDLL" "-o" "/opt/rustwide/target/release/build/unrar_sys-0c0fe0ab856e0ac1/out/0934600a39780889-crypt.o" "-c" "vendor/unrar/crypt.cpp"cargo:warning=c++: fatal error: Killed signal terminated program cc1plus
[INFO] [stderr] warning: unrar_sys@0.5.8: compilation terminated.
[INFO] [stderr] warning: unrar_sys@0.5.8: ToolExecError: command did not execute successfully (status code exit status: 1): LC_ALL="C" "c++" "-O2" "-ffunction-sections" "-fdata-sections" "-fPIC" "-m64" "-std=c++14" "-fPIC" "-Wno-switch" "-Wno-parentheses" "-Wno-macro-redefined" "-Wno-dangling-else" "-Wno-logical-op-parentheses" "-Wno-unused-parameter" "-Wno-unused-variable" "-Wno-unused-function" "-Wno-missing-braces" "-Wno-unknown-pragmas" "-Wno-deprecated-declarations" "-D_FILE_OFFSET_BITS=64" "-D_LARGEFILE_SOURCE" "-DRAR_SMP" "-DRARDLL" "-o" "/opt/rustwide/target/release/build/unrar_sys-0c0fe0ab856e0ac1/out/0934600a39780889-crc.o" "-c" "vendor/unrar/crc.cpp"cargo:warning=c++: fatal error: Killed signal terminated program cc1plus
[INFO] [stderr] warning: unrar_sys@0.5.8: compilation terminated.
[INFO] [stderr] warning: unrar_sys@0.5.8: ToolExecError: command did not execute successfully (status code exit status: 1): LC_ALL="C" "c++" "-O2" "-ffunction-sections" "-fdata-sections" "-fPIC" "-m64" "-std=c++14" "-fPIC" "-Wno-switch" "-Wno-parentheses" "-Wno-macro-redefined" "-Wno-dangling-else" "-Wno-logical-op-parentheses" "-Wno-unused-parameter" "-Wno-unused-variable" "-Wno-unused-function" "-Wno-missing-braces" "-Wno-unknown-pragmas" "-Wno-deprecated-declarations" "-D_FILE_OFFSET_BITS=64" "-D_LARGEFILE_SOURCE" "-DRAR_SMP" "-DRARDLL" "-o" "/opt/rustwide/target/release/build/unrar_sys-0c0fe0ab856e0ac1/out/0934600a39780889-rawread.o" "-c" "vendor/unrar/rawread.cpp"cargo:warning=c++: fatal error: Killed signal terminated program cc1plus
[INFO] [stderr] warning: unrar_sys@0.5.8: compilation terminated.
[INFO] [stderr] warning: unrar_sys@0.5.8: ToolExecError: command did not execute successfully (status code exit status: 1): LC_ALL="C" "c++" "-O2" "-ffunction-sections" "-fdata-sections" "-fPIC" "-m64" "-std=c++14" "-fPIC" "-Wno-switch" "-Wno-parentheses" "-Wno-macro-redefined" "-Wno-dangling-else" "-Wno-logical-op-parentheses" "-Wno-unused-parameter" "-Wno-unused-variable" "-Wno-unused-function" "-Wno-missing-braces" "-Wno-unknown-pragmas" "-Wno-deprecated-declarations" "-D_FILE_OFFSET_BITS=64" "-D_LARGEFILE_SOURCE" "-DRAR_SMP" "-DRARDLL" "-o" "/opt/rustwide/target/release/build/unrar_sys-0c0fe0ab856e0ac1/out/0934600a39780889-encname.o" "-c" "vendor/unrar/encname.cpp"cargo:warning=c++: fatal error: Killed signal terminated program cc1plus
[INFO] [stderr] warning: unrar_sys@0.5.8: compilation terminated.
[INFO] [stderr] warning: unrar_sys@0.5.8: ToolExecError: command did not execute successfully (status code exit status: 1): LC_ALL="C" "c++" "-O2" "-ffunction-sections" "-fdata-sections" "-fPIC" "-m64" "-std=c++14" "-fPIC" "-Wno-switch" "-Wno-parentheses" "-Wno-macro-redefined" "-Wno-dangling-else" "-Wno-logical-op-parentheses" "-Wno-unused-parameter" "-Wno-unused-variable" "-Wno-unused-function" "-Wno-missing-braces" "-Wno-unknown-pragmas" "-Wno-deprecated-declarations" "-D_FILE_OFFSET_BITS=64" "-D_LARGEFILE_SOURCE" "-DRAR_SMP" "-DRARDLL" "-o" "/opt/rustwide/target/release/build/unrar_sys-0c0fe0ab856e0ac1/out/0934600a39780889-match.o" "-c" "vendor/unrar/match.cpp"cargo:warning=c++: fatal error: Killed signal terminated program cc1plus
[INFO] [stderr] warning: unrar_sys@0.5.8: compilation terminated.
[INFO] [stderr] warning: unrar_sys@0.5.8: ToolExecError: command did not execute successfully (status code exit status: 1): LC_ALL="C" "c++" "-O2" "-ffunction-sections" "-fdata-sections" "-fPIC" "-m64" "-std=c++14" "-fPIC" "-Wno-switch" "-Wno-parentheses" "-Wno-macro-redefined" "-Wno-dangling-else" "-Wno-logical-op-parentheses" "-Wno-unused-parameter" "-Wno-unused-variable" "-Wno-unused-function" "-Wno-missing-braces" "-Wno-unknown-pragmas" "-Wno-deprecated-declarations" "-D_FILE_OFFSET_BITS=64" "-D_LARGEFILE_SOURCE" "-DRAR_SMP" "-DRARDLL" "-o" "/opt/rustwide/target/release/build/unrar_sys-0c0fe0ab856e0ac1/out/0934600a39780889-timefn.o" "-c" "vendor/unrar/timefn.cpp"cargo:warning=c++: fatal error: Killed signal terminated program cc1plus
[INFO] [stderr] warning: unrar_sys@0.5.8: compilation terminated.
[INFO] [stderr] warning: unrar_sys@0.5.8: ToolExecError: command did not execute successfully (status code exit status: 1): LC_ALL="C" "c++" "-O2" "-ffunction-sections" "-fdata-sections" "-fPIC" "-m64" "-std=c++14" "-fPIC" "-Wno-switch" "-Wno-parentheses" "-Wno-macro-redefined" "-Wno-dangling-else" "-Wno-logical-op-parentheses" "-Wno-unused-parameter" "-Wno-unused-variable" "-Wno-unused-function" "-Wno-missing-braces" "-Wno-unknown-pragmas" "-Wno-deprecated-declarations" "-D_FILE_OFFSET_BITS=64" "-D_LARGEFILE_SOURCE" "-DRAR_SMP" "-DRARDLL" "-o" "/opt/rustwide/target/release/build/unrar_sys-0c0fe0ab856e0ac1/out/0934600a39780889-rdwrfn.o" "-c" "vendor/unrar/rdwrfn.cpp"cargo:warning=c++: fatal error: Killed signal terminated program cc1plus
[INFO] [stderr] warning: unrar_sys@0.5.8: compilation terminated.
[INFO] [stderr] warning: unrar_sys@0.5.8: ToolExecError: command did not execute successfully (status code exit status: 1): LC_ALL="C" "c++" "-O2" "-ffunction-sections" "-fdata-sections" "-fPIC" "-m64" "-std=c++14" "-fPIC" "-Wno-switch" "-Wno-parentheses" "-Wno-macro-redefined" "-Wno-dangling-else" "-Wno-logical-op-parentheses" "-Wno-unused-parameter" "-Wno-unused-variable" "-Wno-unused-function" "-Wno-missing-braces" "-Wno-unknown-pragmas" "-Wno-deprecated-declarations" "-D_FILE_OFFSET_BITS=64" "-D_LARGEFILE_SOURCE" "-DRAR_SMP" "-DRARDLL" "-o" "/opt/rustwide/target/release/build/unrar_sys-0c0fe0ab856e0ac1/out/0934600a39780889-consio.o" "-c" "vendor/unrar/consio.cpp"cargo:warning=c++: fatal error: Killed signal terminated program cc1plus
[INFO] [stderr] warning: unrar_sys@0.5.8: compilation terminated.
[INFO] [stderr] warning: unrar_sys@0.5.8: c++: fatal error: Killed signal terminated program cc1plus
[INFO] [stderr] warning: unrar_sys@0.5.8: compilation terminated.
[INFO] [stderr] warning: unrar_sys@0.5.8: ToolExecError: command did not execute successfully (status code exit status: 1): LC_ALL="C" "c++" "-O2" "-ffunction-sections" "-fdata-sections" "-fPIC" "-m64" "-std=c++14" "-fPIC" "-Wno-switch" "-Wno-parentheses" "-Wno-macro-redefined" "-Wno-dangling-else" "-Wno-logical-op-parentheses" "-Wno-unused-parameter" "-Wno-unused-variable" "-Wno-unused-function" "-Wno-missing-braces" "-Wno-unknown-pragmas" "-Wno-deprecated-declarations" "-D_FILE_OFFSET_BITS=64" "-D_LARGEFILE_SOURCE" "-DRAR_SMP" "-DRARDLL" "-o" "/opt/rustwide/target/release/build/unrar_sys-0c0fe0ab856e0ac1/out/0934600a39780889-options.o" "-c" "vendor/unrar/options.cpp"
[INFO] [stderr] warning: unrar_sys@0.5.8: ToolExecError: command did not execute successfully (status code exit status: 1): LC_ALL="C" "c++" "-O2" "-ffunction-sections" "-fdata-sections" "-fPIC" "-m64" "-std=c++14" "-fPIC" "-Wno-switch" "-Wno-parentheses" "-Wno-macro-redefined" "-Wno-dangling-else" "-Wno-logical-op-parentheses" "-Wno-unused-parameter" "-Wno-unused-variable" "-Wno-unused-function" "-Wno-missing-braces" "-Wno-unknown-pragmas" "-Wno-deprecated-declarations" "-D_FILE_OFFSET_BITS=64" "-D_LARGEFILE_SOURCE" "-DRAR_SMP" "-DRARDLL" "-o" "/opt/rustwide/target/release/build/unrar_sys-0c0fe0ab856e0ac1/out/0934600a39780889-rarvm.o" "-c" "vendor/unrar/rarvm.cpp"cargo:warning=c++: fatal error: Killed signal terminated program cc1plus
[INFO] [stderr] warning: unrar_sys@0.5.8: compilation terminated.
[INFO] [stderr] warning: unrar_sys@0.5.8: ToolExecError: command did not execute successfully (status code exit status: 1): LC_ALL="C" "c++" "-O2" "-ffunction-sections" "-fdata-sections" "-fPIC" "-m64" "-std=c++14" "-fPIC" "-Wno-switch" "-Wno-parentheses" "-Wno-macro-redefined" "-Wno-dangling-else" "-Wno-logical-op-parentheses" "-Wno-unused-parameter" "-Wno-unused-variable" "-Wno-unused-function" "-Wno-missing-braces" "-Wno-unknown-pragmas" "-Wno-deprecated-declarations" "-D_FILE_OFFSET_BITS=64" "-D_LARGEFILE_SOURCE" "-DRAR_SMP" "-DRARDLL" "-o" "/opt/rustwide/target/release/build/unrar_sys-0c0fe0ab856e0ac1/out/0934600a39780889-secpassword.o" "-c" "vendor/unrar/secpassword.cpp"cargo:warning=c++: fatal error: Killed signal terminated program cc1plus
[INFO] [stderr] warning: unrar_sys@0.5.8: compilation terminated.
[INFO] [stderr] warning: unrar_sys@0.5.8: ToolExecError: command did not execute successfully (status code exit status: 1): LC_ALL="C" "c++" "-O2" "-ffunction-sections" "-fdata-sections" "-fPIC" "-m64" "-std=c++14" "-fPIC" "-Wno-switch" "-Wno-parentheses" "-Wno-macro-redefined" "-Wno-dangling-else" "-Wno-logical-op-parentheses" "-Wno-unused-parameter" "-Wno-unused-variable" "-Wno-unused-function" "-Wno-missing-braces" "-Wno-unknown-pragmas" "-Wno-deprecated-declarations" "-D_FILE_OFFSET_BITS=64" "-D_LARGEFILE_SOURCE" "-DRAR_SMP" "-DRARDLL" "-o" "/opt/rustwide/target/release/build/unrar_sys-0c0fe0ab856e0ac1/out/0934600a39780889-errhnd.o" "-c" "vendor/unrar/errhnd.cpp"cargo:warning=c++: fatal error: Killed signal terminated program cc1plus
[INFO] [stderr] warning: unrar_sys@0.5.8: compilation terminated.
[INFO] [stderr] warning: unrar_sys@0.5.8: ToolExecError: command did not execute successfully (status code exit status: 1): LC_ALL="C" "c++" "-O2" "-ffunction-sections" "-fdata-sections" "-fPIC" "-m64" "-std=c++14" "-fPIC" "-Wno-switch" "-Wno-parentheses" "-Wno-macro-redefined" "-Wno-dangling-else" "-Wno-logical-op-parentheses" "-Wno-unused-parameter" "-Wno-unused-variable" "-Wno-unused-function" "-Wno-missing-braces" "-Wno-unknown-pragmas" "-Wno-deprecated-declarations" "-D_FILE_OFFSET_BITS=64" "-D_LARGEFILE_SOURCE" "-DRAR_SMP" "-DRARDLL" "-o" "/opt/rustwide/target/release/build/unrar_sys-0c0fe0ab856e0ac1/out/0934600a39780889-sha256.o" "-c" "vendor/unrar/sha256.cpp"cargo:warning=c++: fatal error: Killed signal terminated program cc1plus
[INFO] [stderr] warning: unrar_sys@0.5.8: compilation terminated.
[INFO] [stderr] warning: unrar_sys@0.5.8: ToolExecError: command did not execute successfully (status code exit status: 1): LC_ALL="C" "c++" "-O2" "-ffunction-sections" "-fdata-sections" "-fPIC" "-m64" "-std=c++14" "-fPIC" "-Wno-switch" "-Wno-parentheses" "-Wno-macro-redefined" "-Wno-dangling-else" "-Wno-logical-op-parentheses" "-Wno-unused-parameter" "-Wno-unused-variable" "-Wno-unused-function" "-Wno-missing-braces" "-Wno-unknown-pragmas" "-Wno-deprecated-declarations" "-D_FILE_OFFSET_BITS=64" "-D_LARGEFILE_SOURCE" "-DRAR_SMP" "-DRARDLL" "-o" "/opt/rustwide/target/release/build/unrar_sys-0c0fe0ab856e0ac1/out/0934600a39780889-extract.o" "-c" "vendor/unrar/extract.cpp"cargo:warning=c++: fatal error: Killed signal terminated program cc1plus
[INFO] [stderr] warning: unrar_sys@0.5.8: compilation terminated.
[INFO] [stderr] warning: unrar_sys@0.5.8: ToolExecError: command did not execute successfully (status code exit status: 1): LC_ALL="C" "c++" "-O2" "-ffunction-sections" "-fdata-sections" "-fPIC" "-m64" "-std=c++14" "-fPIC" "-Wno-switch" "-Wno-parentheses" "-Wno-macro-redefined" "-Wno-dangling-else" "-Wno-logical-op-parentheses" "-Wno-unused-parameter" "-Wno-unused-variable" "-Wno-unused-function" "-Wno-missing-braces" "-Wno-unknown-pragmas" "-Wno-deprecated-declarations" "-D_FILE_OFFSET_BITS=64" "-D_LARGEFILE_SOURCE" "-DRAR_SMP" "-DRARDLL" "-o" "/opt/rustwide/target/release/build/unrar_sys-0c0fe0ab856e0ac1/out/0934600a39780889-rijndael.o" "-c" "vendor/unrar/rijndael.cpp"cargo:warning=c++: fatal error: Killed signal terminated program cc1plus
[INFO] [stderr] warning: unrar_sys@0.5.8: compilation terminated.
[INFO] [stderr] warning: unrar_sys@0.5.8: ToolExecError: command did not execute successfully (status code exit status: 1): LC_ALL="C" "c++" "-O2" "-ffunction-sections" "-fdata-sections" "-fPIC" "-m64" "-std=c++14" "-fPIC" "-Wno-switch" "-Wno-parentheses" "-Wno-macro-redefined" "-Wno-dangling-else" "-Wno-logical-op-parentheses" "-Wno-unused-parameter" "-Wno-unused-variable" "-Wno-unused-function" "-Wno-missing-braces" "-Wno-unknown-pragmas" "-Wno-deprecated-declarations" "-D_FILE_OFFSET_BITS=64" "-D_LARGEFILE_SOURCE" "-DRAR_SMP" "-DRARDLL" "-o" "/opt/rustwide/target/release/build/unrar_sys-0c0fe0ab856e0ac1/out/0934600a39780889-getbits.o" "-c" "vendor/unrar/getbits.cpp"cargo:warning=c++: fatal error: Killed signal terminated program cc1plus
[INFO] [stderr] warning: unrar_sys@0.5.8: compilation terminated.
[INFO] [stderr] warning: unrar_sys@0.5.8: ToolExecError: command did not execute successfully (status code exit status: 1): LC_ALL="C" "c++" "-O2" "-ffunction-sections" "-fdata-sections" "-fPIC" "-m64" "-std=c++14" "-fPIC" "-Wno-switch" "-Wno-parentheses" "-Wno-macro-redefined" "-Wno-dangling-else" "-Wno-logical-op-parentheses" "-Wno-unused-parameter" "-Wno-unused-variable" "-Wno-unused-function" "-Wno-missing-braces" "-Wno-unknown-pragmas" "-Wno-deprecated-declarations" "-D_FILE_OFFSET_BITS=64" "-D_LARGEFILE_SOURCE" "-DRAR_SMP" "-DRARDLL" "-o" "/opt/rustwide/target/release/build/unrar_sys-0c0fe0ab856e0ac1/out/0934600a39780889-blake2s.o" "-c" "vendor/unrar/blake2s.cpp"cargo:warning=c++: fatal error: Killed signal terminated program cc1plus
[INFO] [stderr] warning: unrar_sys@0.5.8: compilation terminated.
[INFO] [stderr] warning: unrar_sys@0.5.8: ToolExecError: command did not execute successfully (status code exit status: 1): LC_ALL="C" "c++" "-O2" "-ffunction-sections" "-fdata-sections" "-fPIC" "-m64" "-std=c++14" "-fPIC" "-Wno-switch" "-Wno-parentheses" "-Wno-macro-redefined" "-Wno-dangling-else" "-Wno-logical-op-parentheses" "-Wno-unused-parameter" "-Wno-unused-variable" "-Wno-unused-function" "-Wno-missing-braces" "-Wno-unknown-pragmas" "-Wno-deprecated-declarations" "-D_FILE_OFFSET_BITS=64" "-D_LARGEFILE_SOURCE" "-DRAR_SMP" "-DRARDLL" "-o" "/opt/rustwide/target/release/build/unrar_sys-0c0fe0ab856e0ac1/out/0934600a39780889-hash.o" "-c" "vendor/unrar/hash.cpp"cargo:warning=c++: fatal error: Killed signal terminated program cc1plus
[INFO] [stderr] warning: unrar_sys@0.5.8: compilation terminated.
[INFO] [stderr] warning: unrar_sys@0.5.8: ToolExecError: command did not execute successfully (status code exit status: 1): LC_ALL="C" "c++" "-O2" "-ffunction-sections" "-fdata-sections" "-fPIC" "-m64" "-std=c++14" "-fPIC" "-Wno-switch" "-Wno-parentheses" "-Wno-macro-redefined" "-Wno-dangling-else" "-Wno-logical-op-parentheses" "-Wno-unused-parameter" "-Wno-unused-variable" "-Wno-unused-function" "-Wno-missing-braces" "-Wno-unknown-pragmas" "-Wno-deprecated-declarations" "-D_FILE_OFFSET_BITS=64" "-D_LARGEFILE_SOURCE" "-DRAR_SMP" "-DRARDLL" "-o" "/opt/rustwide/target/release/build/unrar_sys-0c0fe0ab856e0ac1/out/0934600a39780889-sha1.o" "-c" "vendor/unrar/sha1.cpp"cargo:warning=c++: fatal error: Killed signal terminated program cc1plus
[INFO] [stderr] warning: unrar_sys@0.5.8: compilation terminated.
[INFO] [stderr] warning: unrar_sys@0.5.8: ToolExecError: command did not execute successfully (status code exit status: 1): LC_ALL="C" "c++" "-O2" "-ffunction-sections" "-fdata-sections" "-fPIC" "-m64" "-std=c++14" "-fPIC" "-Wno-switch" "-Wno-parentheses" "-Wno-macro-redefined" "-Wno-dangling-else" "-Wno-logical-op-parentheses" "-Wno-unused-parameter" "-Wno-unused-variable" "-Wno-unused-function" "-Wno-missing-braces" "-Wno-unknown-pragmas" "-Wno-deprecated-declarations" "-D_FILE_OFFSET_BITS=64" "-D_LARGEFILE_SOURCE" "-DRAR_SMP" "-DRARDLL" "-o" "/opt/rustwide/target/release/build/unrar_sys-0c0fe0ab856e0ac1/out/0934600a39780889-extinfo.o" "-c" "vendor/unrar/extinfo.cpp"cargo:warning=c++: fatal error: Killed signal terminated program cc1plus
[INFO] [stderr] warning: unrar_sys@0.5.8: compilation terminated.
[INFO] [stderr] warning: unrar_sys@0.5.8: ToolExecError: command did not execute successfully (status code exit status: 1): LC_ALL="C" "c++" "-O2" "-ffunction-sections" "-fdata-sections" "-fPIC" "-m64" "-std=c++14" "-fPIC" "-Wno-switch" "-Wno-parentheses" "-Wno-macro-redefined" "-Wno-dangling-else" "-Wno-logical-op-parentheses" "-Wno-unused-parameter" "-Wno-unused-variable" "-Wno-unused-function" "-Wno-missing-braces" "-Wno-unknown-pragmas" "-Wno-deprecated-declarations" "-D_FILE_OFFSET_BITS=64" "-D_LARGEFILE_SOURCE" "-DRAR_SMP" "-DRARDLL" "-o" "/opt/rustwide/target/release/build/unrar_sys-0c0fe0ab856e0ac1/out/0934600a39780889-volume.o" "-c" "vendor/unrar/volume.cpp"cargo:warning=c++: fatal error: Killed signal terminated program cc1plus
[INFO] [stderr] warning: unrar_sys@0.5.8: compilation terminated.
[INFO] [stderr] warning: unrar_sys@0.5.8: ToolExecError: command did not execute successfully (status code exit status: 1): LC_ALL="C" "c++" "-O2" "-ffunction-sections" "-fdata-sections" "-fPIC" "-m64" "-std=c++14" "-fPIC" "-Wno-switch" "-Wno-parentheses" "-Wno-macro-redefined" "-Wno-dangling-else" "-Wno-logical-op-parentheses" "-Wno-unused-parameter" "-Wno-unused-variable" "-Wno-unused-function" "-Wno-missing-braces" "-Wno-unknown-pragmas" "-Wno-deprecated-declarations" "-D_FILE_OFFSET_BITS=64" "-D_LARGEFILE_SOURCE" "-DRAR_SMP" "-DRARDLL" "-o" "/opt/rustwide/target/release/build/unrar_sys-0c0fe0ab856e0ac1/out/0934600a39780889-find.o" "-c" "vendor/unrar/find.cpp"cargo:warning=c++: fatal error: Killed signal terminated program cc1plus
[INFO] [stderr] warning: unrar_sys@0.5.8: compilation terminated.
[INFO] [stderr] warning: unrar_sys@0.5.8: ToolExecError: command did not execute successfully (status code exit status: 1): LC_ALL="C" "c++" "-O2" "-ffunction-sections" "-fdata-sections" "-fPIC" "-m64" "-std=c++14" "-fPIC" "-Wno-switch" "-Wno-parentheses" "-Wno-macro-redefined" "-Wno-dangling-else" "-Wno-logical-op-parentheses" "-Wno-unused-parameter" "-Wno-unused-variable" "-Wno-unused-function" "-Wno-missing-braces" "-Wno-unknown-pragmas" "-Wno-deprecated-declarations" "-D_FILE_OFFSET_BITS=64" "-D_LARGEFILE_SOURCE" "-DRAR_SMP" "-DRARDLL" "-o" "/opt/rustwide/target/release/build/unrar_sys-0c0fe0ab856e0ac1/out/0934600a39780889-cmddata.o" "-c" "vendor/unrar/cmddata.cpp"cargo:warning=c++: fatal error: Killed signal terminated program cc1plus
[INFO] [stderr] warning: unrar_sys@0.5.8: compilation terminated.
[INFO] [stderr] warning: unrar_sys@0.5.8: ToolExecError: command did not execute successfully (status code exit status: 1): LC_ALL="C" "c++" "-O2" "-ffunction-sections" "-fdata-sections" "-fPIC" "-m64" "-std=c++14" "-fPIC" "-Wno-switch" "-Wno-parentheses" "-Wno-macro-redefined" "-Wno-dangling-else" "-Wno-logical-op-parentheses" "-Wno-unused-parameter" "-Wno-unused-variable" "-Wno-unused-function" "-Wno-missing-braces" "-Wno-unknown-pragmas" "-Wno-deprecated-declarations" "-D_FILE_OFFSET_BITS=64" "-D_LARGEFILE_SOURCE" "-DRAR_SMP" "-DRARDLL" "-o" "/opt/rustwide/target/release/build/unrar_sys-0c0fe0ab856e0ac1/out/0934600a39780889-list.o" "-c" "vendor/unrar/list.cpp"cargo:warning=c++: fatal error: Killed signal terminated program cc1plus
[INFO] [stderr] warning: unrar_sys@0.5.8: compilation terminated.
[INFO] [stderr] warning: unrar_sys@0.5.8: ToolExecError: command did not execute successfully (status code exit status: 1): LC_ALL="C" "c++" "-O2" "-ffunction-sections" "-fdata-sections" "-fPIC" "-m64" "-std=c++14" "-fPIC" "-Wno-switch" "-Wno-parentheses" "-Wno-macro-redefined" "-Wno-dangling-else" "-Wno-logical-op-parentheses" "-Wno-unused-parameter" "-Wno-unused-variable" "-Wno-unused-function" "-Wno-missing-braces" "-Wno-unknown-pragmas" "-Wno-deprecated-declarations" "-D_FILE_OFFSET_BITS=64" "-D_LARGEFILE_SOURCE" "-DRAR_SMP" "-DRARDLL" "-o" "/opt/rustwide/target/release/build/unrar_sys-0c0fe0ab856e0ac1/out/0934600a39780889-unpack.o" "-c" "vendor/unrar/unpack.cpp"
[INFO] [stderr] error: failed to run custom build command for `unrar_sys v0.5.8`
[INFO] [stderr] note: To improve backtraces for build dependencies, set the CARGO_PROFILE_RELEASE_BUILD_OVERRIDE_DEBUG=true environment variable to enable debug information generation.
[INFO] [stderr] 
[INFO] [stderr] Caused by:
[INFO] [stderr]   process didn't exit successfully: `/opt/rustwide/target/release/build/unrar_sys-08a29c7ddefcc6b6/build-script-build` (exit status: 1)
[INFO] [stderr]   --- stdout
[INFO] [stderr]   cargo:rustc-link-lib=pthread
[INFO] [stderr]   OUT_DIR = Some(/opt/rustwide/target/release/build/unrar_sys-0c0fe0ab856e0ac1/out)
[INFO] [stderr]   TARGET = Some(x86_64-unknown-linux-gnu)
[INFO] [stderr]   CARGO_ENCODED_RUSTFLAGS = Some(--cap-lints=warn)
[INFO] [stderr]   HOST = Some(x86_64-unknown-linux-gnu)
[INFO] [stderr]   cargo:rerun-if-env-changed=CXX_x86_64-unknown-linux-gnu
[INFO] [stderr]   CXX_x86_64-unknown-linux-gnu = None
[INFO] [stderr]   cargo:rerun-if-env-changed=CXX_x86_64_unknown_linux_gnu
[INFO] [stderr]   CXX_x86_64_unknown_linux_gnu = None
[INFO] [stderr]   cargo:rerun-if-env-changed=HOST_CXX
[INFO] [stderr]   HOST_CXX = None
[INFO] [stderr]   cargo:rerun-if-env-changed=CXX
[INFO] [stderr]   CXX = None
[INFO] [stderr]   cargo:rerun-if-env-changed=CC_ENABLE_DEBUG_OUTPUT
[INFO] [stderr]   RUSTC_WRAPPER = None
[INFO] [stderr]   cargo:rerun-if-env-changed=CRATE_CC_NO_DEFAULTS
[INFO] [stderr]   CRATE_CC_NO_DEFAULTS = None
[INFO] [stderr]   DEBUG = Some(false)
[INFO] [stderr]   CARGO_CFG_TARGET_FEATURE = Some(fxsr,sse,sse2)
[INFO] [stderr]   cargo:rerun-if-env-changed=CXXFLAGS
[INFO] [stderr]   CXXFLAGS = None
[INFO] [stderr]   cargo:rerun-if-env-changed=HOST_CXXFLAGS
[INFO] [stderr]   HOST_CXXFLAGS = None
[INFO] [stderr]   cargo:rerun-if-env-changed=CXXFLAGS_x86_64_unknown_linux_gnu
[INFO] [stderr]   CXXFLAGS_x86_64_unknown_linux_gnu = None
[INFO] [stderr]   cargo:rerun-if-env-changed=CXXFLAGS_x86_64-unknown-linux-gnu
[INFO] [stderr]   CXXFLAGS_x86_64-unknown-linux-gnu = None
[INFO] [stderr]   OUT_DIR = Some(/opt/rustwide/target/release/build/unrar_sys-0c0fe0ab856e0ac1/out)
[INFO] [stderr]   cargo:rerun-if-env-changed=CC_ENABLE_DEBUG_OUTPUT
[INFO] [stderr]   cargo:rerun-if-env-changed=CRATE_CC_NO_DEFAULTS
[INFO] [stderr]   CRATE_CC_NO_DEFAULTS = None
[INFO] [stderr]   TARGET = Some(x86_64-unknown-linux-gnu)
[INFO] [stderr]   CARGO_CFG_TARGET_FEATURE = Some(fxsr,sse,sse2)
[INFO] [stderr]   HOST = Some(x86_64-unknown-linux-gnu)
[INFO] [stderr]   cargo:rerun-if-env-changed=CXXFLAGS
[INFO] [stderr]   CXXFLAGS = None
[INFO] [stderr]   cargo:rerun-if-env-changed=HOST_CXXFLAGS
[INFO] [stderr]   HOST_CXXFLAGS = None
[INFO] [stderr]   cargo:rerun-if-env-changed=CXXFLAGS_x86_64_unknown_linux_gnu
[INFO] [stderr]   CXXFLAGS_x86_64_unknown_linux_gnu = None
[INFO] [stderr]   cargo:rerun-if-env-changed=CXXFLAGS_x86_64-unknown-linux-gnu
[INFO] [stderr]   CXXFLAGS_x86_64-unknown-linux-gnu = None
[INFO] [stderr]   OUT_DIR = Some(/opt/rustwide/target/release/build/unrar_sys-0c0fe0ab856e0ac1/out)
[INFO] [stderr]   cargo:rerun-if-env-changed=CC_ENABLE_DEBUG_OUTPUT
[INFO] [stderr]   cargo:rerun-if-env-changed=CRATE_CC_NO_DEFAULTS
[INFO] [stderr]   CRATE_CC_NO_DEFAULTS = None
[INFO] [stderr]   TARGET = Some(x86_64-unknown-linux-gnu)
[INFO] [stderr]   CARGO_CFG_TARGET_FEATURE = Some(fxsr,sse,sse2)
[INFO] [stderr]   HOST = Some(x86_64-unknown-linux-gnu)
[INFO] [stderr]   cargo:rerun-if-env-changed=CXXFLAGS
[INFO] [stderr]   CXXFLAGS = None
[INFO] [stderr]   cargo:rerun-if-env-changed=HOST_CXXFLAGS
[INFO] [stderr]   HOST_CXXFLAGS = None
[INFO] [stderr]   cargo:rerun-if-env-changed=CXXFLAGS_x86_64_unknown_linux_gnu
[INFO] [stderr]   CXXFLAGS_x86_64_unknown_linux_gnu = None
[INFO] [stderr]   cargo:rerun-if-env-changed=CXXFLAGS_x86_64-unknown-linux-gnu
[INFO] [stderr]   CXXFLAGS_x86_64-unknown-linux-gnu = None
[INFO] [stderr]   OUT_DIR = Some(/opt/rustwide/target/release/build/unrar_sys-0c0fe0ab856e0ac1/out)
[INFO] [stderr]   cargo:rerun-if-env-changed=CC_ENABLE_DEBUG_OUTPUT
[INFO] [stderr]   cargo:rerun-if-env-changed=CRATE_CC_NO_DEFAULTS
[INFO] [stderr]   CRATE_CC_NO_DEFAULTS = None
[INFO] [stderr]   TARGET = Some(x86_64-unknown-linux-gnu)
[INFO] [stderr]   CARGO_CFG_TARGET_FEATURE = Some(fxsr,sse,sse2)
[INFO] [stderr]   HOST = Some(x86_64-unknown-linux-gnu)
[INFO] [stderr]   cargo:rerun-if-env-changed=CXXFLAGS
[INFO] [stderr]   CXXFLAGS = None
[INFO] [stderr]   cargo:rerun-if-env-changed=HOST_CXXFLAGS
[INFO] [stderr]   HOST_CXXFLAGS = None
[INFO] [stderr]   cargo:rerun-if-env-changed=CXXFLAGS_x86_64_unknown_linux_gnu
[INFO] [stderr]   CXXFLAGS_x86_64_unknown_linux_gnu = None
[INFO] [stderr]   cargo:rerun-if-env-changed=CXXFLAGS_x86_64-unknown-linux-gnu
[INFO] [stderr]   CXXFLAGS_x86_64-unknown-linux-gnu = None
[INFO] [stderr]   OUT_DIR = Some(/opt/rustwide/target/release/build/unrar_sys-0c0fe0ab856e0ac1/out)
[INFO] [stderr]   cargo:rerun-if-env-changed=CC_ENABLE_DEBUG_OUTPUT
[INFO] [stderr]   cargo:rerun-if-env-changed=CRATE_CC_NO_DEFAULTS
[INFO] [stderr]   CRATE_CC_NO_DEFAULTS = None
[INFO] [stderr]   TARGET = Some(x86_64-unknown-linux-gnu)
[INFO] [stderr]   CARGO_CFG_TARGET_FEATURE = Some(fxsr,sse,sse2)
[INFO] [stderr]   HOST = Some(x86_64-unknown-linux-gnu)
[INFO] [stderr]   cargo:rerun-if-env-changed=CXXFLAGS
[INFO] [stderr]   CXXFLAGS = None
[INFO] [stderr]   cargo:rerun-if-env-changed=HOST_CXXFLAGS
[INFO] [stderr]   HOST_CXXFLAGS = None
[INFO] [stderr]   cargo:rerun-if-env-changed=CXXFLAGS_x86_64_unknown_linux_gnu
[INFO] [stderr]   CXXFLAGS_x86_64_unknown_linux_gnu = None
[INFO] [stderr]   cargo:rerun-if-env-changed=CXXFLAGS_x86_64-unknown-linux-gnu
[INFO] [stderr]   CXXFLAGS_x86_64-unknown-linux-gnu = None
[INFO] [stderr]   OUT_DIR = Some(/opt/rustwide/target/release/build/unrar_sys-0c0fe0ab856e0ac1/out)
[INFO] [stderr]   cargo:rerun-if-env-changed=CC_ENABLE_DEBUG_OUTPUT
[INFO] [stderr]   cargo:rerun-if-env-changed=CRATE_CC_NO_DEFAULTS
[INFO] [stderr]   CRATE_CC_NO_DEFAULTS = None
[INFO] [stderr]   TARGET = Some(x86_64-unknown-linux-gnu)
[INFO] [stderr]   CARGO_CFG_TARGET_FEATURE = Some(fxsr,sse,sse2)
[INFO] [stderr]   HOST = Some(x86_64-unknown-linux-gnu)
[INFO] [stderr]   cargo:rerun-if-env-changed=CXXFLAGS
[INFO] [stderr]   CXXFLAGS = None
[INFO] [stderr]   cargo:rerun-if-env-changed=HOST_CXXFLAGS
[INFO] [stderr]   HOST_CXXFLAGS = None
[INFO] [stderr]   cargo:rerun-if-env-changed=CXXFLAGS_x86_64_unknown_linux_gnu
[INFO] [stderr]   CXXFLAGS_x86_64_unknown_linux_gnu = None
[INFO] [stderr]   cargo:rerun-if-env-changed=CXXFLAGS_x86_64-unknown-linux-gnu
[INFO] [stderr]   CXXFLAGS_x86_64-unknown-linux-gnu = None
[INFO] [stderr]   OUT_DIR = Some(/opt/rustwide/target/release/build/unrar_sys-0c0fe0ab856e0ac1/out)
[INFO] [stderr]   cargo:rerun-if-env-changed=CC_ENABLE_DEBUG_OUTPUT
[INFO] [stderr]   cargo:rerun-if-env-changed=CRATE_CC_NO_DEFAULTS
[INFO] [stderr]   CRATE_CC_NO_DEFAULTS = None
[INFO] [stderr]   TARGET = Some(x86_64-unknown-linux-gnu)
[INFO] [stderr]   CARGO_CFG_TARGET_FEATURE = Some(fxsr,sse,sse2)
[INFO] [stderr]   HOST = Some(x86_64-unknown-linux-gnu)
[INFO] [stderr]   cargo:rerun-if-env-changed=CXXFLAGS
[INFO] [stderr]   CXXFLAGS = None
[INFO] [stderr]   cargo:rerun-if-env-changed=HOST_CXXFLAGS
[INFO] [stderr]   HOST_CXXFLAGS = None
[INFO] [stderr]   cargo:rerun-if-env-changed=CXXFLAGS_x86_64_unknown_linux_gnu
[INFO] [stderr]   CXXFLAGS_x86_64_unknown_linux_gnu = None
[INFO] [stderr]   cargo:rerun-if-env-changed=CXXFLAGS_x86_64-unknown-linux-gnu
[INFO] [stderr]   CXXFLAGS_x86_64-unknown-linux-gnu = None
[INFO] [stderr]   OUT_DIR = Some(/opt/rustwide/target/release/build/unrar_sys-0c0fe0ab856e0ac1/out)
[INFO] [stderr]   cargo:rerun-if-env-changed=CC_ENABLE_DEBUG_OUTPUT
[INFO] [stderr]   cargo:rerun-if-env-changed=CRATE_CC_NO_DEFAULTS
[INFO] [stderr]   CRATE_CC_NO_DEFAULTS = None
[INFO] [stderr]   TARGET = Some(x86_64-unknown-linux-gnu)
[INFO] [stderr]   CARGO_CFG_TARGET_FEATURE = Some(fxsr,sse,sse2)
[INFO] [stderr]   HOST = Some(x86_64-unknown-linux-gnu)
[INFO] [stderr]   cargo:rerun-if-env-changed=CXXFLAGS
[INFO] [stderr]   CXXFLAGS = None
[INFO] [stderr]   cargo:rerun-if-env-changed=HOST_CXXFLAGS
[INFO] [stderr]   HOST_CXXFLAGS = None
[INFO] [stderr]   cargo:rerun-if-env-changed=CXXFLAGS_x86_64_unknown_linux_gnu
[INFO] [stderr]   CXXFLAGS_x86_64_unknown_linux_gnu = None
[INFO] [stderr]   cargo:rerun-if-env-changed=CXXFLAGS_x86_64-unknown-linux-gnu
[INFO] [stderr]   CXXFLAGS_x86_64-unknown-linux-gnu = None
[INFO] [stderr]   OUT_DIR = Some(/opt/rustwide/target/release/build/unrar_sys-0c0fe0ab856e0ac1/out)
[INFO] [stderr]   cargo:rerun-if-env-changed=CC_ENABLE_DEBUG_OUTPUT
[INFO] [stderr]   cargo:rerun-if-env-changed=CRATE_CC_NO_DEFAULTS
[INFO] [stderr]   CRATE_CC_NO_DEFAULTS = None
[INFO] [stderr]   TARGET = Some(x86_64-unknown-linux-gnu)
[INFO] [stderr]   CARGO_CFG_TARGET_FEATURE = Some(fxsr,sse,sse2)
[INFO] [stderr]   HOST = Some(x86_64-unknown-linux-gnu)
[INFO] [stderr]   cargo:rerun-if-env-changed=CXXFLAGS
[INFO] [stderr]   CXXFLAGS = None
[INFO] [stderr]   cargo:rerun-if-env-changed=HOST_CXXFLAGS
[INFO] [stderr]   HOST_CXXFLAGS = None
[INFO] [stderr]   cargo:rerun-if-env-changed=CXXFLAGS_x86_64_unknown_linux_gnu
[INFO] [stderr]   CXXFLAGS_x86_64_unknown_linux_gnu = None
[INFO] [stderr]   cargo:rerun-if-env-changed=CXXFLAGS_x86_64-unknown-linux-gnu
[INFO] [stderr]   CXXFLAGS_x86_64-unknown-linux-gnu = None
[INFO] [stderr]   OUT_DIR = Some(/opt/rustwide/target/release/build/unrar_sys-0c0fe0ab856e0ac1/out)
[INFO] [stderr]   cargo:rerun-if-env-changed=CC_ENABLE_DEBUG_OUTPUT
[INFO] [stderr]   cargo:rerun-if-env-changed=CRATE_CC_NO_DEFAULTS
[INFO] [stderr]   CRATE_CC_NO_DEFAULTS = None
[INFO] [stderr]   TARGET = Some(x86_64-unknown-linux-gnu)
[INFO] [stderr]   CARGO_CFG_TARGET_FEATURE = Some(fxsr,sse,sse2)
[INFO] [stderr]   HOST = Some(x86_64-unknown-linux-gnu)
[INFO] [stderr]   cargo:rerun-if-env-changed=CXXFLAGS
[INFO] [stderr]   CXXFLAGS = None
[INFO] [stderr]   cargo:rerun-if-env-changed=HOST_CXXFLAGS
[INFO] [stderr]   HOST_CXXFLAGS = None
[INFO] [stderr]   cargo:rerun-if-env-changed=CXXFLAGS_x86_64_unknown_linux_gnu
[INFO] [stderr]   CXXFLAGS_x86_64_unknown_linux_gnu = None
[INFO] [stderr]   cargo:rerun-if-env-changed=CXXFLAGS_x86_64-unknown-linux-gnu
[INFO] [stderr]   CXXFLAGS_x86_64-unknown-linux-gnu = None
[INFO] [stderr]   OUT_DIR = Some(/opt/rustwide/target/release/build/unrar_sys-0c0fe0ab856e0ac1/out)
[INFO] [stderr]   cargo:rerun-if-env-changed=CC_ENABLE_DEBUG_OUTPUT
[INFO] [stderr]   cargo:rerun-if-env-changed=CRATE_CC_NO_DEFAULTS
[INFO] [stderr]   CRATE_CC_NO_DEFAULTS = None
[INFO] [stderr]   TARGET = Some(x86_64-unknown-linux-gnu)
[INFO] [stderr]   CARGO_CFG_TARGET_FEATURE = Some(fxsr,sse,sse2)
[INFO] [stderr]   HOST = Some(x86_64-unknown-linux-gnu)
[INFO] [stderr]   cargo:rerun-if-env-changed=CXXFLAGS
[INFO] [stderr]   CXXFLAGS = None
[INFO] [stderr]   cargo:rerun-if-env-changed=HOST_CXXFLAGS
[INFO] [stderr]   HOST_CXXFLAGS = None
[INFO] [stderr]   cargo:rerun-if-env-changed=CXXFLAGS_x86_64_unknown_linux_gnu
[INFO] [stderr]   CXXFLAGS_x86_64_unknown_linux_gnu = None
[INFO] [stderr]   cargo:rerun-if-env-changed=CXXFLAGS_x86_64-unknown-linux-gnu
[INFO] [stderr]   CXXFLAGS_x86_64-unknown-linux-gnu = None
[INFO] [stderr]   OUT_DIR = Some(/opt/rustwide/target/release/build/unrar_sys-0c0fe0ab856e0ac1/out)
[INFO] [stderr]   cargo:rerun-if-env-changed=CC_ENABLE_DEBUG_OUTPUT
[INFO] [stderr]   cargo:rerun-if-env-changed=CRATE_CC_NO_DEFAULTS
[INFO] [stderr]   CRATE_CC_NO_DEFAULTS = None
[INFO] [stderr]   TARGET = Some(x86_64-unknown-linux-gnu)
[INFO] [stderr]   CARGO_CFG_TARGET_FEATURE = Some(fxsr,sse,sse2)
[INFO] [stderr]   HOST = Some(x86_64-unknown-linux-gnu)
[INFO] [stderr]   cargo:rerun-if-env-changed=CXXFLAGS
[INFO] [stderr]   CXXFLAGS = None
[INFO] [stderr]   cargo:rerun-if-env-changed=HOST_CXXFLAGS
[INFO] [stderr]   HOST_CXXFLAGS = None
[INFO] [stderr]   cargo:rerun-if-env-changed=CXXFLAGS_x86_64_unknown_linux_gnu
[INFO] [stderr]   CXXFLAGS_x86_64_unknown_linux_gnu = None
[INFO] [stderr]   cargo:rerun-if-env-changed=CXXFLAGS_x86_64-unknown-linux-gnu
[INFO] [stderr]   CXXFLAGS_x86_64-unknown-linux-gnu = None
[INFO] [stderr]   OUT_DIR = Some(/opt/rustwide/target/release/build/unrar_sys-0c0fe0ab856e0ac1/out)
[INFO] [stderr]   cargo:rerun-if-env-changed=CC_ENABLE_DEBUG_OUTPUT
[INFO] [stderr]   cargo:rerun-if-env-changed=CRATE_CC_NO_DEFAULTS
[INFO] [stderr]   CRATE_CC_NO_DEFAULTS = None
[INFO] [stderr]   TARGET = Some(x86_64-unknown-linux-gnu)
[INFO] [stderr]   CARGO_CFG_TARGET_FEATURE = Some(fxsr,sse,sse2)
[INFO] [stderr]   HOST = Some(x86_64-unknown-linux-gnu)
[INFO] [stderr]   cargo:rerun-if-env-changed=CXXFLAGS
[INFO] [stderr]   CXXFLAGS = None
[INFO] [stderr]   cargo:rerun-if-env-changed=HOST_CXXFLAGS
[INFO] [stderr]   HOST_CXXFLAGS = None
[INFO] [stderr]   cargo:rerun-if-env-changed=CXXFLAGS_x86_64_unknown_linux_gnu
[INFO] [stderr]   CXXFLAGS_x86_64_unknown_linux_gnu = None
[INFO] [stderr]   cargo:rerun-if-env-changed=CXXFLAGS_x86_64-unknown-linux-gnu
[INFO] [stderr]   CXXFLAGS_x86_64-unknown-linux-gnu = None
[INFO] [stderr]   OUT_DIR = Some(/opt/rustwide/target/release/build/unrar_sys-0c0fe0ab856e0ac1/out)
[INFO] [stderr]   cargo:rerun-if-env-changed=CC_ENABLE_DEBUG_OUTPUT
[INFO] [stderr]   cargo:rerun-if-env-changed=CRATE_CC_NO_DEFAULTS
[INFO] [stderr]   CRATE_CC_NO_DEFAULTS = None
[INFO] [stderr]   TARGET = Some(x86_64-unknown-linux-gnu)
[INFO] [stderr]   CARGO_CFG_TARGET_FEATURE = Some(fxsr,sse,sse2)
[INFO] [stderr]   HOST = Some(x86_64-unknown-linux-gnu)
[INFO] [stderr]   cargo:rerun-if-env-changed=CXXFLAGS
[INFO] [stderr]   CXXFLAGS = None
[INFO] [stderr]   cargo:rerun-if-env-changed=HOST_CXXFLAGS
[INFO] [stderr]   HOST_CXXFLAGS = None
[INFO] [stderr]   cargo:rerun-if-env-changed=CXXFLAGS_x86_64_unknown_linux_gnu
[INFO] [stderr]   CXXFLAGS_x86_64_unknown_linux_gnu = None
[INFO] [stderr]   cargo:rerun-if-env-changed=CXXFLAGS_x86_64-unknown-linux-gnu
[INFO] [stderr]   CXXFLAGS_x86_64-unknown-linux-gnu = None
[INFO] [stderr]   cargo:warning=c++: fatal error: Killed signal terminated program cc1plus
[INFO] [stderr]   cargo:warning=compilation terminated.
[INFO] [stderr]   exit status: 0
[INFO] [stderr]   exit status: 0
[INFO] [stderr]   exit status: 0
[INFO] [stderr]   exit status: 0
[INFO] [stderr]   exit status: 0
[INFO] [stderr]   exit status: 0
[INFO] [stderr]   exit status: 1
[INFO] [stderr]   cargo:warning=ToolExecError: command did not execute successfully (status code exit status: 1): LC_ALL="C" "c++" "-O2" "-ffunction-sections" "-fdata-sections" "-fPIC" "-m64" "-std=c++14" "-fPIC" "-Wno-switch" "-Wno-parentheses" "-Wno-macro-redefined" "-Wno-dangling-else" "-Wno-logical-op-parentheses" "-Wno-unused-parameter" "-Wno-unused-variable" "-Wno-unused-function" "-Wno-missing-braces" "-Wno-unknown-pragmas" "-Wno-deprecated-declarations" "-D_FILE_OFFSET_BITS=64" "-D_LARGEFILE_SOURCE" "-DRAR_SMP" "-DRARDLL" "-o" "/opt/rustwide/target/release/build/unrar_sys-0c0fe0ab856e0ac1/out/0934600a39780889-filefn.o" "-c" "vendor/unrar/filefn.cpp"cargo:warning=c++: fatal error: Killed signal terminated program cc1plus
[INFO] [stderr]   cargo:warning=compilation terminated.
[INFO] [stderr] 
[INFO] [stderr]   exit status: 1
[INFO] [stderr]   cargo:warning=ToolExecError: command did not execute successfully (status code exit status: 1): LC_ALL="C" "c++" "-O2" "-ffunction-sections" "-fdata-sections" "-fPIC" "-m64" "-std=c++14" "-fPIC" "-Wno-switch" "-Wno-parentheses" "-Wno-macro-redefined" "-Wno-dangling-else" "-Wno-logical-op-parentheses" "-Wno-unused-parameter" "-Wno-unused-variable" "-Wno-unused-function" "-Wno-missing-braces" "-Wno-unknown-pragmas" "-Wno-deprecated-declarations" "-D_FILE_OFFSET_BITS=64" "-D_LARGEFILE_SOURCE" "-DRAR_SMP" "-DRARDLL" "-o" "/opt/rustwide/target/release/build/unrar_sys-0c0fe0ab856e0ac1/out/0934600a39780889-archive.o" "-c" "vendor/unrar/archive.cpp"cargo:warning=c++: fatal error: Killed signal terminated program cc1plus
[INFO] [stderr]   cargo:warning=compilation terminated.
[INFO] [stderr] 
[INFO] [stderr]   exit status: 1
[INFO] [stderr]   cargo:warning=ToolExecError: command did not execute successfully (status code exit status: 1): LC_ALL="C" "c++" "-O2" "-ffunction-sections" "-fdata-sections" "-fPIC" "-m64" "-std=c++14" "-fPIC" "-Wno-switch" "-Wno-parentheses" "-Wno-macro-redefined" "-Wno-dangling-else" "-Wno-logical-op-parentheses" "-Wno-unused-parameter" "-Wno-unused-variable" "-Wno-unused-function" "-Wno-missing-braces" "-Wno-unknown-pragmas" "-Wno-deprecated-declarations" "-D_FILE_OFFSET_BITS=64" "-D_LARGEFILE_SOURCE" "-DRAR_SMP" "-DRARDLL" "-o" "/opt/rustwide/target/release/build/unrar_sys-0c0fe0ab856e0ac1/out/0934600a39780889-arcread.o" "-c" "vendor/unrar/arcread.cpp"cargo:warning=c++: fatal error: Killed signal terminated program cc1plus
[INFO] [stderr]   cargo:warning=compilation terminated.
[INFO] [stderr] 
[INFO] [stderr]   exit status: 1
[INFO] [stderr]   cargo:warning=ToolExecError: command did not execute successfully (status code exit status: 1): LC_ALL="C" "c++" "-O2" "-ffunction-sections" "-fdata-sections" "-fPIC" "-m64" "-std=c++14" "-fPIC" "-Wno-switch" "-Wno-parentheses" "-Wno-macro-redefined" "-Wno-dangling-else" "-Wno-logical-op-parentheses" "-Wno-unused-parameter" "-Wno-unused-variable" "-Wno-unused-function" "-Wno-missing-braces" "-Wno-unknown-pragmas" "-Wno-deprecated-declarations" "-D_FILE_OFFSET_BITS=64" "-D_LARGEFILE_SOURCE" "-DRAR_SMP" "-DRARDLL" "-o" "/opt/rustwide/target/release/build/unrar_sys-0c0fe0ab856e0ac1/out/0934600a39780889-unicode.o" "-c" "vendor/unrar/unicode.cpp"cargo:warning=c++: fatal error: Killed signal terminated program cc1plus
[INFO] [stderr]   cargo:warning=compilation terminated.
[INFO] [stderr] 
[INFO] [stderr]   exit status: 0
[INFO] [stderr]   exit status: 0
[INFO] [stderr]   exit status: 1
[INFO] [stderr]   cargo:warning=ToolExecError: command did not execute successfully (status code exit status: 1): LC_ALL="C" "c++" "-O2" "-ffunction-sections" "-fdata-sections" "-fPIC" "-m64" "-std=c++14" "-fPIC" "-Wno-switch" "-Wno-parentheses" "-Wno-macro-redefined" "-Wno-dangling-else" "-Wno-logical-op-parentheses" "-Wno-unused-parameter" "-Wno-unused-variable" "-Wno-unused-function" "-Wno-missing-braces" "-Wno-unknown-pragmas" "-Wno-deprecated-declarations" "-D_FILE_OFFSET_BITS=64" "-D_LARGEFILE_SOURCE" "-DRAR_SMP" "-DRARDLL" "-o" "/opt/rustwide/target/release/build/unrar_sys-0c0fe0ab856e0ac1/out/0934600a39780889-crypt.o" "-c" "vendor/unrar/crypt.cpp"cargo:warning=c++: fatal error: Killed signal terminated program cc1plus
[INFO] [stderr]   cargo:warning=compilation terminated.
[INFO] [stderr] 
[INFO] [stderr]   exit status: 1
[INFO] [stderr]   cargo:warning=ToolExecError: command did not execute successfully (status code exit status: 1): LC_ALL="C" "c++" "-O2" "-ffunction-sections" "-fdata-sections" "-fPIC" "-m64" "-std=c++14" "-fPIC" "-Wno-switch" "-Wno-parentheses" "-Wno-macro-redefined" "-Wno-dangling-else" "-Wno-logical-op-parentheses" "-Wno-unused-parameter" "-Wno-unused-variable" "-Wno-unused-function" "-Wno-missing-braces" "-Wno-unknown-pragmas" "-Wno-deprecated-declarations" "-D_FILE_OFFSET_BITS=64" "-D_LARGEFILE_SOURCE" "-DRAR_SMP" "-DRARDLL" "-o" "/opt/rustwide/target/release/build/unrar_sys-0c0fe0ab856e0ac1/out/0934600a39780889-crc.o" "-c" "vendor/unrar/crc.cpp"cargo:warning=c++: fatal error: Killed signal terminated program cc1plus
[INFO] [stderr]   cargo:warning=compilation terminated.
[INFO] [stderr] 
[INFO] [stderr]   exit status: 1
[INFO] [stderr]   cargo:warning=ToolExecError: command did not execute successfully (status code exit status: 1): LC_ALL="C" "c++" "-O2" "-ffunction-sections" "-fdata-sections" "-fPIC" "-m64" "-std=c++14" "-fPIC" "-Wno-switch" "-Wno-parentheses" "-Wno-macro-redefined" "-Wno-dangling-else" "-Wno-logical-op-parentheses" "-Wno-unused-parameter" "-Wno-unused-variable" "-Wno-unused-function" "-Wno-missing-braces" "-Wno-unknown-pragmas" "-Wno-deprecated-declarations" "-D_FILE_OFFSET_BITS=64" "-D_LARGEFILE_SOURCE" "-DRAR_SMP" "-DRARDLL" "-o" "/opt/rustwide/target/release/build/unrar_sys-0c0fe0ab856e0ac1/out/0934600a39780889-rawread.o" "-c" "vendor/unrar/rawread.cpp"cargo:warning=c++: fatal error: Killed signal terminated program cc1plus
[INFO] [stderr]   cargo:warning=compilation terminated.
[INFO] [stderr] 
[INFO] [stderr]   exit status: 1
[INFO] [stderr]   cargo:warning=ToolExecError: command did not execute successfully (status code exit status: 1): LC_ALL="C" "c++" "-O2" "-ffunction-sections" "-fdata-sections" "-fPIC" "-m64" "-std=c++14" "-fPIC" "-Wno-switch" "-Wno-parentheses" "-Wno-macro-redefined" "-Wno-dangling-else" "-Wno-logical-op-parentheses" "-Wno-unused-parameter" "-Wno-unused-variable" "-Wno-unused-function" "-Wno-missing-braces" "-Wno-unknown-pragmas" "-Wno-deprecated-declarations" "-D_FILE_OFFSET_BITS=64" "-D_LARGEFILE_SOURCE" "-DRAR_SMP" "-DRARDLL" "-o" "/opt/rustwide/target/release/build/unrar_sys-0c0fe0ab856e0ac1/out/0934600a39780889-encname.o" "-c" "vendor/unrar/encname.cpp"cargo:warning=c++: fatal error: Killed signal terminated program cc1plus
[INFO] [stderr]   cargo:warning=compilation terminated.
[INFO] [stderr] 
[INFO] [stderr]   exit status: 1
[INFO] [stderr]   cargo:warning=ToolExecError: command did not execute successfully (status code exit status: 1): LC_ALL="C" "c++" "-O2" "-ffunction-sections" "-fdata-sections" "-fPIC" "-m64" "-std=c++14" "-fPIC" "-Wno-switch" "-Wno-parentheses" "-Wno-macro-redefined" "-Wno-dangling-else" "-Wno-logical-op-parentheses" "-Wno-unused-parameter" "-Wno-unused-variable" "-Wno-unused-function" "-Wno-missing-braces" "-Wno-unknown-pragmas" "-Wno-deprecated-declarations" "-D_FILE_OFFSET_BITS=64" "-D_LARGEFILE_SOURCE" "-DRAR_SMP" "-DRARDLL" "-o" "/opt/rustwide/target/release/build/unrar_sys-0c0fe0ab856e0ac1/out/0934600a39780889-match.o" "-c" "vendor/unrar/match.cpp"cargo:warning=c++: fatal error: Killed signal terminated program cc1plus
[INFO] [stderr]   cargo:warning=compilation terminated.
[INFO] [stderr] 
[INFO] [stderr]   exit status: 1
[INFO] [stderr]   cargo:warning=ToolExecError: command did not execute successfully (status code exit status: 1): LC_ALL="C" "c++" "-O2" "-ffunction-sections" "-fdata-sections" "-fPIC" "-m64" "-std=c++14" "-fPIC" "-Wno-switch" "-Wno-parentheses" "-Wno-macro-redefined" "-Wno-dangling-else" "-Wno-logical-op-parentheses" "-Wno-unused-parameter" "-Wno-unused-variable" "-Wno-unused-function" "-Wno-missing-braces" "-Wno-unknown-pragmas" "-Wno-deprecated-declarations" "-D_FILE_OFFSET_BITS=64" "-D_LARGEFILE_SOURCE" "-DRAR_SMP" "-DRARDLL" "-o" "/opt/rustwide/target/release/build/unrar_sys-0c0fe0ab856e0ac1/out/0934600a39780889-timefn.o" "-c" "vendor/unrar/timefn.cpp"cargo:warning=c++: fatal error: Killed signal terminated program cc1plus
[INFO] [stderr]   cargo:warning=compilation terminated.
[INFO] [stderr] 
[INFO] [stderr]   exit status: 1
[INFO] [stderr]   cargo:warning=ToolExecError: command did not execute successfully (status code exit status: 1): LC_ALL="C" "c++" "-O2" "-ffunction-sections" "-fdata-sections" "-fPIC" "-m64" "-std=c++14" "-fPIC" "-Wno-switch" "-Wno-parentheses" "-Wno-macro-redefined" "-Wno-dangling-else" "-Wno-logical-op-parentheses" "-Wno-unused-parameter" "-Wno-unused-variable" "-Wno-unused-function" "-Wno-missing-braces" "-Wno-unknown-pragmas" "-Wno-deprecated-declarations" "-D_FILE_OFFSET_BITS=64" "-D_LARGEFILE_SOURCE" "-DRAR_SMP" "-DRARDLL" "-o" "/opt/rustwide/target/release/build/unrar_sys-0c0fe0ab856e0ac1/out/0934600a39780889-rdwrfn.o" "-c" "vendor/unrar/rdwrfn.cpp"cargo:warning=c++: fatal error: Killed signal terminated program cc1plus
[INFO] [stderr]   cargo:warning=compilation terminated.
[INFO] [stderr] 
[INFO] [stderr]   exit status: 1
[INFO] [stderr]   cargo:warning=ToolExecError: command did not execute successfully (status code exit status: 1): LC_ALL="C" "c++" "-O2" "-ffunction-sections" "-fdata-sections" "-fPIC" "-m64" "-std=c++14" "-fPIC" "-Wno-switch" "-Wno-parentheses" "-Wno-macro-redefined" "-Wno-dangling-else" "-Wno-logical-op-parentheses" "-Wno-unused-parameter" "-Wno-unused-variable" "-Wno-unused-function" "-Wno-missing-braces" "-Wno-unknown-pragmas" "-Wno-deprecated-declarations" "-D_FILE_OFFSET_BITS=64" "-D_LARGEFILE_SOURCE" "-DRAR_SMP" "-DRARDLL" "-o" "/opt/rustwide/target/release/build/unrar_sys-0c0fe0ab856e0ac1/out/0934600a39780889-consio.o" "-c" "vendor/unrar/consio.cpp"cargo:warning=c++: fatal error: Killed signal terminated program cc1plus
[INFO] [stderr]   cargo:warning=compilation terminated.
[INFO] [stderr]   cargo:warning=c++: fatal error: Killed signal terminated program cc1plus
[INFO] [stderr]   cargo:warning=compilation terminated.
[INFO] [stderr] 
[INFO] [stderr]   exit status: 1
[INFO] [stderr]   cargo:warning=ToolExecError: command did not execute successfully (status code exit status: 1): LC_ALL="C" "c++" "-O2" "-ffunction-sections" "-fdata-sections" "-fPIC" "-m64" "-std=c++14" "-fPIC" "-Wno-switch" "-Wno-parentheses" "-Wno-macro-redefined" "-Wno-dangling-else" "-Wno-logical-op-parentheses" "-Wno-unused-parameter" "-Wno-unused-variable" "-Wno-unused-function" "-Wno-missing-braces" "-Wno-unknown-pragmas" "-Wno-deprecated-declarations" "-D_FILE_OFFSET_BITS=64" "-D_LARGEFILE_SOURCE" "-DRAR_SMP" "-DRARDLL" "-o" "/opt/rustwide/target/release/build/unrar_sys-0c0fe0ab856e0ac1/out/0934600a39780889-options.o" "-c" "vendor/unrar/options.cpp"
[INFO] [stderr]   exit status: 1
[INFO] [stderr]   cargo:warning=ToolExecError: command did not execute successfully (status code exit status: 1): LC_ALL="C" "c++" "-O2" "-ffunction-sections" "-fdata-sections" "-fPIC" "-m64" "-std=c++14" "-fPIC" "-Wno-switch" "-Wno-parentheses" "-Wno-macro-redefined" "-Wno-dangling-else" "-Wno-logical-op-parentheses" "-Wno-unused-parameter" "-Wno-unused-variable" "-Wno-unused-function" "-Wno-missing-braces" "-Wno-unknown-pragmas" "-Wno-deprecated-declarations" "-D_FILE_OFFSET_BITS=64" "-D_LARGEFILE_SOURCE" "-DRAR_SMP" "-DRARDLL" "-o" "/opt/rustwide/target/release/build/unrar_sys-0c0fe0ab856e0ac1/out/0934600a39780889-rarvm.o" "-c" "vendor/unrar/rarvm.cpp"cargo:warning=c++: fatal error: Killed signal terminated program cc1plus
[INFO] [stderr]   cargo:warning=compilation terminated.
[INFO] [stderr] 
[INFO] [stderr]   exit status: 1
[INFO] [stderr]   cargo:warning=ToolExecError: command did not execute successfully (status code exit status: 1): LC_ALL="C" "c++" "-O2" "-ffunction-sections" "-fdata-sections" "-fPIC" "-m64" "-std=c++14" "-fPIC" "-Wno-switch" "-Wno-parentheses" "-Wno-macro-redefined" "-Wno-dangling-else" "-Wno-logical-op-parentheses" "-Wno-unused-parameter" "-Wno-unused-variable" "-Wno-unused-function" "-Wno-missing-braces" "-Wno-unknown-pragmas" "-Wno-deprecated-declarations" "-D_FILE_OFFSET_BITS=64" "-D_LARGEFILE_SOURCE" "-DRAR_SMP" "-DRARDLL" "-o" "/opt/rustwide/target/release/build/unrar_sys-0c0fe0ab856e0ac1/out/0934600a39780889-secpassword.o" "-c" "vendor/unrar/secpassword.cpp"cargo:warning=c++: fatal error: Killed signal terminated program cc1plus
[INFO] [stderr]   cargo:warning=compilation terminated.
[INFO] [stderr] 
[INFO] [stderr]   exit status: 1
[INFO] [stderr]   cargo:warning=ToolExecError: command did not execute successfully (status code exit status: 1): LC_ALL="C" "c++" "-O2" "-ffunction-sections" "-fdata-sections" "-fPIC" "-m64" "-std=c++14" "-fPIC" "-Wno-switch" "-Wno-parentheses" "-Wno-macro-redefined" "-Wno-dangling-else" "-Wno-logical-op-parentheses" "-Wno-unused-parameter" "-Wno-unused-variable" "-Wno-unused-function" "-Wno-missing-braces" "-Wno-unknown-pragmas" "-Wno-deprecated-declarations" "-D_FILE_OFFSET_BITS=64" "-D_LARGEFILE_SOURCE" "-DRAR_SMP" "-DRARDLL" "-o" "/opt/rustwide/target/release/build/unrar_sys-0c0fe0ab856e0ac1/out/0934600a39780889-errhnd.o" "-c" "vendor/unrar/errhnd.cpp"cargo:warning=c++: fatal error: Killed signal terminated program cc1plus
[INFO] [stderr]   cargo:warning=compilation terminated.
[INFO] [stderr] 
[INFO] [stderr]   exit status: 1
[INFO] [stderr]   cargo:warning=ToolExecError: command did not execute successfully (status code exit status: 1): LC_ALL="C" "c++" "-O2" "-ffunction-sections" "-fdata-sections" "-fPIC" "-m64" "-std=c++14" "-fPIC" "-Wno-switch" "-Wno-parentheses" "-Wno-macro-redefined" "-Wno-dangling-else" "-Wno-logical-op-parentheses" "-Wno-unused-parameter" "-Wno-unused-variable" "-Wno-unused-function" "-Wno-missing-braces" "-Wno-unknown-pragmas" "-Wno-deprecated-declarations" "-D_FILE_OFFSET_BITS=64" "-D_LARGEFILE_SOURCE" "-DRAR_SMP" "-DRARDLL" "-o" "/opt/rustwide/target/release/build/unrar_sys-0c0fe0ab856e0ac1/out/0934600a39780889-sha256.o" "-c" "vendor/unrar/sha256.cpp"cargo:warning=c++: fatal error: Killed signal terminated program cc1plus
[INFO] [stderr]   cargo:warning=compilation terminated.
[INFO] [stderr] 
[INFO] [stderr]   exit status: 1
[INFO] [stderr]   cargo:warning=ToolExecError: command did not execute successfully (status code exit status: 1): LC_ALL="C" "c++" "-O2" "-ffunction-sections" "-fdata-sections" "-fPIC" "-m64" "-std=c++14" "-fPIC" "-Wno-switch" "-Wno-parentheses" "-Wno-macro-redefined" "-Wno-dangling-else" "-Wno-logical-op-parentheses" "-Wno-unused-parameter" "-Wno-unused-variable" "-Wno-unused-function" "-Wno-missing-braces" "-Wno-unknown-pragmas" "-Wno-deprecated-declarations" "-D_FILE_OFFSET_BITS=64" "-D_LARGEFILE_SOURCE" "-DRAR_SMP" "-DRARDLL" "-o" "/opt/rustwide/target/release/build/unrar_sys-0c0fe0ab856e0ac1/out/0934600a39780889-extract.o" "-c" "vendor/unrar/extract.cpp"cargo:warning=c++: fatal error: Killed signal terminated program cc1plus
[INFO] [stderr]   cargo:warning=compilation terminated.
[INFO] [stderr] 
[INFO] [stderr]   exit status: 1
[INFO] [stderr]   cargo:warning=ToolExecError: command did not execute successfully (status code exit status: 1): LC_ALL="C" "c++" "-O2" "-ffunction-sections" "-fdata-sections" "-fPIC" "-m64" "-std=c++14" "-fPIC" "-Wno-switch" "-Wno-parentheses" "-Wno-macro-redefined" "-Wno-dangling-else" "-Wno-logical-op-parentheses" "-Wno-unused-parameter" "-Wno-unused-variable" "-Wno-unused-function" "-Wno-missing-braces" "-Wno-unknown-pragmas" "-Wno-deprecated-declarations" "-D_FILE_OFFSET_BITS=64" "-D_LARGEFILE_SOURCE" "-DRAR_SMP" "-DRARDLL" "-o" "/opt/rustwide/target/release/build/unrar_sys-0c0fe0ab856e0ac1/out/0934600a39780889-rijndael.o" "-c" "vendor/unrar/rijndael.cpp"cargo:warning=c++: fatal error: Killed signal terminated program cc1plus
[INFO] [stderr]   cargo:warning=compilation terminated.
[INFO] [stderr] 
[INFO] [stderr]   exit status: 1
[INFO] [stderr]   cargo:warning=ToolExecError: command did not execute successfully (status code exit status: 1): LC_ALL="C" "c++" "-O2" "-ffunction-sections" "-fdata-sections" "-fPIC" "-m64" "-std=c++14" "-fPIC" "-Wno-switch" "-Wno-parentheses" "-Wno-macro-redefined" "-Wno-dangling-else" "-Wno-logical-op-parentheses" "-Wno-unused-parameter" "-Wno-unused-variable" "-Wno-unused-function" "-Wno-missing-braces" "-Wno-unknown-pragmas" "-Wno-deprecated-declarations" "-D_FILE_OFFSET_BITS=64" "-D_LARGEFILE_SOURCE" "-DRAR_SMP" "-DRARDLL" "-o" "/opt/rustwide/target/release/build/unrar_sys-0c0fe0ab856e0ac1/out/0934600a39780889-getbits.o" "-c" "vendor/unrar/getbits.cpp"cargo:warning=c++: fatal error: Killed signal terminated program cc1plus
[INFO] [stderr]   cargo:warning=compilation terminated.
[INFO] [stderr] 
[INFO] [stderr]   exit status: 1
[INFO] [stderr]   cargo:warning=ToolExecError: command did not execute successfully (status code exit status: 1): LC_ALL="C" "c++" "-O2" "-ffunction-sections" "-fdata-sections" "-fPIC" "-m64" "-std=c++14" "-fPIC" "-Wno-switch" "-Wno-parentheses" "-Wno-macro-redefined" "-Wno-dangling-else" "-Wno-logical-op-parentheses" "-Wno-unused-parameter" "-Wno-unused-variable" "-Wno-unused-function" "-Wno-missing-braces" "-Wno-unknown-pragmas" "-Wno-deprecated-declarations" "-D_FILE_OFFSET_BITS=64" "-D_LARGEFILE_SOURCE" "-DRAR_SMP" "-DRARDLL" "-o" "/opt/rustwide/target/release/build/unrar_sys-0c0fe0ab856e0ac1/out/0934600a39780889-blake2s.o" "-c" "vendor/unrar/blake2s.cpp"cargo:warning=c++: fatal error: Killed signal terminated program cc1plus
[INFO] [stderr]   cargo:warning=compilation terminated.
[INFO] [stderr] 
[INFO] [stderr]   exit status: 1
[INFO] [stderr]   cargo:warning=ToolExecError: command did not execute successfully (status code exit status: 1): LC_ALL="C" "c++" "-O2" "-ffunction-sections" "-fdata-sections" "-fPIC" "-m64" "-std=c++14" "-fPIC" "-Wno-switch" "-Wno-parentheses" "-Wno-macro-redefined" "-Wno-dangling-else" "-Wno-logical-op-parentheses" "-Wno-unused-parameter" "-Wno-unused-variable" "-Wno-unused-function" "-Wno-missing-braces" "-Wno-unknown-pragmas" "-Wno-deprecated-declarations" "-D_FILE_OFFSET_BITS=64" "-D_LARGEFILE_SOURCE" "-DRAR_SMP" "-DRARDLL" "-o" "/opt/rustwide/target/release/build/unrar_sys-0c0fe0ab856e0ac1/out/0934600a39780889-hash.o" "-c" "vendor/unrar/hash.cpp"cargo:warning=c++: fatal error: Killed signal terminated program cc1plus
[INFO] [stderr]   cargo:warning=compilation terminated.
[INFO] [stderr] 
[INFO] [stderr]   exit status: 1
[INFO] [stderr]   cargo:warning=ToolExecError: command did not execute successfully (status code exit status: 1): LC_ALL="C" "c++" "-O2" "-ffunction-sections" "-fdata-sections" "-fPIC" "-m64" "-std=c++14" "-fPIC" "-Wno-switch" "-Wno-parentheses" "-Wno-macro-redefined" "-Wno-dangling-else" "-Wno-logical-op-parentheses" "-Wno-unused-parameter" "-Wno-unused-variable" "-Wno-unused-function" "-Wno-missing-braces" "-Wno-unknown-pragmas" "-Wno-deprecated-declarations" "-D_FILE_OFFSET_BITS=64" "-D_LARGEFILE_SOURCE" "-DRAR_SMP" "-DRARDLL" "-o" "/opt/rustwide/target/release/build/unrar_sys-0c0fe0ab856e0ac1/out/0934600a39780889-sha1.o" "-c" "vendor/unrar/sha1.cpp"cargo:warning=c++: fatal error: Killed signal terminated program cc1plus
[INFO] [stderr]   cargo:warning=compilation terminated.
[INFO] [stderr] 
[INFO] [stderr]   exit status: 1
[INFO] [stderr]   cargo:warning=ToolExecError: command did not execute successfully (status code exit status: 1): LC_ALL="C" "c++" "-O2" "-ffunction-sections" "-fdata-sections" "-fPIC" "-m64" "-std=c++14" "-fPIC" "-Wno-switch" "-Wno-parentheses" "-Wno-macro-redefined" "-Wno-dangling-else" "-Wno-logical-op-parentheses" "-Wno-unused-parameter" "-Wno-unused-variable" "-Wno-unused-function" "-Wno-missing-braces" "-Wno-unknown-pragmas" "-Wno-deprecated-declarations" "-D_FILE_OFFSET_BITS=64" "-D_LARGEFILE_SOURCE" "-DRAR_SMP" "-DRARDLL" "-o" "/opt/rustwide/target/release/build/unrar_sys-0c0fe0ab856e0ac1/out/0934600a39780889-extinfo.o" "-c" "vendor/unrar/extinfo.cpp"cargo:warning=c++: fatal error: Killed signal terminated program cc1plus
[INFO] [stderr]   cargo:warning=compilation terminated.
[INFO] [stderr] 
[INFO] [stderr]   exit status: 1
[INFO] [stderr]   cargo:warning=ToolExecError: command did not execute successfully (status code exit status: 1): LC_ALL="C" "c++" "-O2" "-ffunction-sections" "-fdata-sections" "-fPIC" "-m64" "-std=c++14" "-fPIC" "-Wno-switch" "-Wno-parentheses" "-Wno-macro-redefined" "-Wno-dangling-else" "-Wno-logical-op-parentheses" "-Wno-unused-parameter" "-Wno-unused-variable" "-Wno-unused-function" "-Wno-missing-braces" "-Wno-unknown-pragmas" "-Wno-deprecated-declarations" "-D_FILE_OFFSET_BITS=64" "-D_LARGEFILE_SOURCE" "-DRAR_SMP" "-DRARDLL" "-o" "/opt/rustwide/target/release/build/unrar_sys-0c0fe0ab856e0ac1/out/0934600a39780889-volume.o" "-c" "vendor/unrar/volume.cpp"cargo:warning=c++: fatal error: Killed signal terminated program cc1plus
[INFO] [stderr]   cargo:warning=compilation terminated.
[INFO] [stderr] 
[INFO] [stderr]   exit status: 1
[INFO] [stderr]   cargo:warning=ToolExecError: command did not execute successfully (status code exit status: 1): LC_ALL="C" "c++" "-O2" "-ffunction-sections" "-fdata-sections" "-fPIC" "-m64" "-std=c++14" "-fPIC" "-Wno-switch" "-Wno-parentheses" "-Wno-macro-redefined" "-Wno-dangling-else" "-Wno-logical-op-parentheses" "-Wno-unused-parameter" "-Wno-unused-variable" "-Wno-unused-function" "-Wno-missing-braces" "-Wno-unknown-pragmas" "-Wno-deprecated-declarations" "-D_FILE_OFFSET_BITS=64" "-D_LARGEFILE_SOURCE" "-DRAR_SMP" "-DRARDLL" "-o" "/opt/rustwide/target/release/build/unrar_sys-0c0fe0ab856e0ac1/out/0934600a39780889-find.o" "-c" "vendor/unrar/find.cpp"cargo:warning=c++: fatal error: Killed signal terminated program cc1plus
[INFO] [stderr]   cargo:warning=compilation terminated.
[INFO] [stderr] 
[INFO] [stderr]   exit status: 1
[INFO] [stderr]   cargo:warning=ToolExecError: command did not execute successfully (status code exit status: 1): LC_ALL="C" "c++" "-O2" "-ffunction-sections" "-fdata-sections" "-fPIC" "-m64" "-std=c++14" "-fPIC" "-Wno-switch" "-Wno-parentheses" "-Wno-macro-redefined" "-Wno-dangling-else" "-Wno-logical-op-parentheses" "-Wno-unused-parameter" "-Wno-unused-variable" "-Wno-unused-function" "-Wno-missing-braces" "-Wno-unknown-pragmas" "-Wno-deprecated-declarations" "-D_FILE_OFFSET_BITS=64" "-D_LARGEFILE_SOURCE" "-DRAR_SMP" "-DRARDLL" "-o" "/opt/rustwide/target/release/build/unrar_sys-0c0fe0ab856e0ac1/out/0934600a39780889-cmddata.o" "-c" "vendor/unrar/cmddata.cpp"cargo:warning=c++: fatal error: Killed signal terminated program cc1plus
[INFO] [stderr]   cargo:warning=compilation terminated.
[INFO] [stderr] 
[INFO] [stderr]   exit status: 1
[INFO] [stderr]   cargo:warning=ToolExecError: command did not execute successfully (status code exit status: 1): LC_ALL="C" "c++" "-O2" "-ffunction-sections" "-fdata-sections" "-fPIC" "-m64" "-std=c++14" "-fPIC" "-Wno-switch" "-Wno-parentheses" "-Wno-macro-redefined" "-Wno-dangling-else" "-Wno-logical-op-parentheses" "-Wno-unused-parameter" "-Wno-unused-variable" "-Wno-unused-function" "-Wno-missing-braces" "-Wno-unknown-pragmas" "-Wno-deprecated-declarations" "-D_FILE_OFFSET_BITS=64" "-D_LARGEFILE_SOURCE" "-DRAR_SMP" "-DRARDLL" "-o" "/opt/rustwide/target/release/build/unrar_sys-0c0fe0ab856e0ac1/out/0934600a39780889-list.o" "-c" "vendor/unrar/list.cpp"cargo:warning=c++: fatal error: Killed signal terminated program cc1plus
[INFO] [stderr]   cargo:warning=compilation terminated.
[INFO] [stderr] 
[INFO] [stderr]   exit status: 1
[INFO] [stderr]   cargo:warning=ToolExecError: command did not execute successfully (status code exit status: 1): LC_ALL="C" "c++" "-O2" "-ffunction-sections" "-fdata-sections" "-fPIC" "-m64" "-std=c++14" "-fPIC" "-Wno-switch" "-Wno-parentheses" "-Wno-macro-redefined" "-Wno-dangling-else" "-Wno-logical-op-parentheses" "-Wno-unused-parameter" "-Wno-unused-variable" "-Wno-unused-function" "-Wno-missing-braces" "-Wno-unknown-pragmas" "-Wno-deprecated-declarations" "-D_FILE_OFFSET_BITS=64" "-D_LARGEFILE_SOURCE" "-DRAR_SMP" "-DRARDLL" "-o" "/opt/rustwide/target/release/build/unrar_sys-0c0fe0ab856e0ac1/out/0934600a39780889-unpack.o" "-c" "vendor/unrar/unpack.cpp"
[INFO] [stderr]   exit status: 0
[INFO] [stderr]   exit status: 0
[INFO] [stderr]   exit status: 0
[INFO] [stderr]   exit status: 0
[INFO] [stderr]   exit status: 0
[INFO] [stderr]   exit status: 0
[INFO] [stderr]   exit status: 0
[INFO] [stderr]   exit status: 0
[INFO] [stderr] 
[INFO] [stderr]   --- stderr
[INFO] [stderr] 
[INFO] [stderr] 
[INFO] [stderr]   error occurred in cc-rs: command did not execute successfully (status code exit status: 1): LC_ALL="C" "c++" "-O2" "-ffunction-sections" "-fdata-sections" "-fPIC" "-m64" "-std=c++14" "-fPIC" "-Wno-switch" "-Wno-parentheses" "-Wno-macro-redefined" "-Wno-dangling-else" "-Wno-logical-op-parentheses" "-Wno-unused-parameter" "-Wno-unused-variable" "-Wno-unused-function" "-Wno-missing-braces" "-Wno-unknown-pragmas" "-Wno-deprecated-declarations" "-D_FILE_OFFSET_BITS=64" "-D_LARGEFILE_SOURCE" "-DRAR_SMP" "-DRARDLL" "-o" "/opt/rustwide/target/release/build/unrar_sys-0c0fe0ab856e0ac1/out/0934600a39780889-unpack.o" "-c" "vendor/unrar/unpack.cpp"
[INFO] [stderr] 
[INFO] [stderr] 
[INFO] running `Command { std: "docker" "inspect" "035b6100b13ed6fa098326732e30719e12129a490643ed5e4c6514f14e31d281", kill_on_drop: false }`
[INFO] running `Command { std: "docker" "rm" "-f" "035b6100b13ed6fa098326732e30719e12129a490643ed5e4c6514f14e31d281", kill_on_drop: false }`
[INFO] [stdout] 035b6100b13ed6fa098326732e30719e12129a490643ed5e4c6514f14e31d281
