[INFO] cloning repository https://github.com/thefcraft/tfbin
[INFO] running `Command { std: "git" "-c" "credential.helper=" "-c" "credential.helper=/workspace/cargo-home/bin/git-credential-null" "clone" "--bare" "https://github.com/thefcraft/tfbin" "/workspace/cache/git-repos/https%3A%2F%2Fgithub.com%2Fthefcraft%2Ftfbin", kill_on_drop: false }`
[INFO] [stderr] Cloning into bare repository '/workspace/cache/git-repos/https%3A%2F%2Fgithub.com%2Fthefcraft%2Ftfbin'...
[INFO] running `Command { std: "git" "rev-parse" "HEAD", kill_on_drop: false }`
[INFO] [stdout] c3c6d5f630c4bc780b64927dd85b164cc8f9c198
[INFO] testing thefcraft/tfbin against 1.99.0-beta.8+cargoflags=--release for beta-release-1.100-2
[INFO] running `Command { std: "git" "clone" "/workspace/cache/git-repos/https%3A%2F%2Fgithub.com%2Fthefcraft%2Ftfbin" "/workspace/builds/worker-7-tc1/source", kill_on_drop: false }`
[INFO] [stderr] Cloning into '/workspace/builds/worker-7-tc1/source'...
[INFO] [stderr] done.
[INFO] started tweaking git repo https://github.com/thefcraft/tfbin
[INFO] finished tweaking git repo https://github.com/thefcraft/tfbin
[INFO] tweaked toml for git repo https://github.com/thefcraft/tfbin written to /workspace/builds/worker-7-tc1/source/Cargo.toml
[INFO] validating manifest of git repo https://github.com/thefcraft/tfbin on toolchain 1.99.0-beta.8
[INFO] running `Command { std: CARGO_HOME="/workspace/cargo-home" RUSTUP_HOME="/workspace/rustup-home" "/workspace/cargo-home/bin/cargo" "+1.99.0-beta.8" "metadata" "--manifest-path" "Cargo.toml" "--no-deps", kill_on_drop: false }`
[INFO] crate git repo https://github.com/thefcraft/tfbin already has a lockfile, it will not be regenerated
[INFO] running `Command { std: CARGO_HOME="/workspace/cargo-home" RUSTUP_HOME="/workspace/rustup-home" "/workspace/cargo-home/bin/cargo" "+1.99.0-beta.8" "fetch" "--manifest-path" "Cargo.toml", kill_on_drop: false }`
[INFO] [stderr]     Updating crates.io index
[INFO] [stderr]  Downloading crates ...
[INFO] [stderr]   Downloaded wfd v0.1.7
[INFO] [stderr]   Downloaded native-dialog v0.5.8
[INFO] [stderr]   Downloaded tui v0.19.0
[INFO] running `Command { std: "docker" "create" "-v" "/var/lib/crater-agent-workspace/builds/worker-7-tc1/source:/opt/rustwide/workdir:ro,Z" "-v" "/var/lib/crater-agent-workspace/builds/worker-7-tc1/target:/opt/rustwide/target:rw,Z" "-v" "/var/lib/crater-agent-workspace/cargo-home:/opt/rustwide/cargo-home:ro,Z" "-v" "/var/lib/crater-agent-workspace/rustup-home:/opt/rustwide/rustup-home:ro,Z" "-m" "1610612736" "--network" "none" "ghcr.io/rust-lang/crates-build-env/linux@sha256:77db811e55d90add9212f6832c23229e3de5f1c1f9905e8cb07319ea15df73ac" "sleep" "infinity", kill_on_drop: false }`
[INFO] [stdout] a57205932471530a492e89a315e0544a07c57f12bd1cde237ea08191d9cf8207
[INFO] running `Command { std: "docker" "start" "a57205932471530a492e89a315e0544a07c57f12bd1cde237ea08191d9cf8207", kill_on_drop: false }`
[INFO] running `Command { std: "docker" "inspect" "a57205932471530a492e89a315e0544a07c57f12bd1cde237ea08191d9cf8207", kill_on_drop: false }`
[INFO] running `Command { std: "docker" "exec" "-e" "SOURCE_DIR=/opt/rustwide/workdir" "-e" "CARGO_HOME=/opt/rustwide/cargo-home" "-e" "RUSTUP_HOME=/opt/rustwide/rustup-home" "-e" "CARGO_TARGET_DIR=/opt/rustwide/target" "-w" "/opt/rustwide/workdir" "--user" "0:0" "a57205932471530a492e89a315e0544a07c57f12bd1cde237ea08191d9cf8207" "/opt/rustwide/cargo-home/bin/cargo" "+1.99.0-beta.8" "metadata" "--no-deps" "--format-version=1", kill_on_drop: false }`
[INFO] running `Command { std: "docker" "inspect" "a57205932471530a492e89a315e0544a07c57f12bd1cde237ea08191d9cf8207", kill_on_drop: false }`
[INFO] running `Command { std: "docker" "exec" "-e" "SOURCE_DIR=/opt/rustwide/workdir" "-e" "CARGO_HOME=/opt/rustwide/cargo-home" "-e" "RUSTUP_HOME=/opt/rustwide/rustup-home" "-e" "CARGO_TARGET_DIR=/opt/rustwide/target" "-e" "CARGO_INCREMENTAL=0" "-e" "RUST_BACKTRACE=full" "-e" "RUSTFLAGS=--cap-lints=warn" "-e" "RUSTDOCFLAGS=--cap-lints=warn" "-w" "/opt/rustwide/workdir" "--user" "0:0" "a57205932471530a492e89a315e0544a07c57f12bd1cde237ea08191d9cf8207" "/opt/rustwide/cargo-home/bin/cargo" "+1.99.0-beta.8" "build" "--frozen" "--message-format=json" "--release", kill_on_drop: false }`
[INFO] [stderr]    Compiling libc v0.2.155
[INFO] [stderr]    Compiling proc-macro2 v1.0.86
[INFO] [stderr]    Compiling autocfg v1.3.0
[INFO] [stderr]    Compiling signal-hook v0.3.17
[INFO] [stderr]    Compiling parking_lot_core v0.9.10
[INFO] [stderr]    Compiling log v0.4.22
[INFO] [stderr]    Compiling rustix v0.38.34
[INFO] [stderr]    Compiling smallvec v1.13.2
[INFO] [stderr]    Compiling bitflags v2.6.0
[INFO] [stderr]    Compiling linux-raw-sys v0.4.14
[INFO] [stderr]    Compiling lock_api v0.4.12
[INFO] [stderr]    Compiling thiserror v1.0.63
[INFO] [stderr]    Compiling cty v0.2.2
[INFO] [stderr]    Compiling raw-window-handle v0.4.3
[INFO] [stderr]    Compiling home v0.5.9
[INFO] [stderr]    Compiling either v1.13.0
[INFO] [stderr]    Compiling unicode-segmentation v1.11.0
[INFO] [stderr]    Compiling unicode-width v0.1.13
[INFO] [stderr]    Compiling cassowary v0.3.0
[INFO] [stderr]    Compiling quote v1.0.36
[INFO] [stderr]    Compiling syn v2.0.72
[INFO] [stderr]    Compiling signal-hook-registry v1.4.2
[INFO] [stderr]    Compiling mio v0.8.11
[INFO] [stderr]    Compiling dirs-sys-next v0.1.2
[INFO] [stderr]    Compiling raw-window-handle v0.3.4
[INFO] [stderr]    Compiling parking_lot v0.12.3
[INFO] [stderr]    Compiling dirs-next v2.0.0
[INFO] [stderr]    Compiling signal-hook-mio v0.2.4
[INFO] [stderr]    Compiling crossterm v0.25.0
[INFO] [stderr]    Compiling tui v0.19.0
[INFO] [stderr]    Compiling which v4.4.2
[INFO] [stderr]    Compiling thiserror-impl v1.0.63
[INFO] [stderr]    Compiling native-dialog v0.5.8
[INFO] [stderr]    Compiling tfbin v0.1.0 (/opt/rustwide/workdir)
[INFO] [stdout] error[E0433]: cannot find `windows` in `os`
[INFO] [stdout]  --> src/main.rs:7:14
[INFO] [stdout]   |
[INFO] [stdout] 7 | use std::os::windows::fs::FileExt;
[INFO] [stdout]   |              ^^^^^^^ could not find `windows` in `os`
[INFO] [stdout] 
[INFO] [stdout] 
[INFO] [stdout] warning: unused import: `path`
[INFO] [stdout]  --> src/main.rs:3:15
[INFO] [stdout]   |
[INFO] [stdout] 3 | use std::{fs, path};
[INFO] [stdout]   |               ^^^^
[INFO] [stdout]   |
[INFO] [stdout]   = note: `#[warn(unused_imports)]` (part of `#[warn(unused)]`) on by default
[INFO] [stdout] 
[INFO] [stdout] 
[INFO] [stdout] warning: unused import: `std::process::exit`
[INFO] [stdout]  --> src/main.rs:9:5
[INFO] [stdout]   |
[INFO] [stdout] 9 | use std::process::exit;
[INFO] [stdout]   |     ^^^^^^^^^^^^^^^^^^
[INFO] [stdout] 
[INFO] [stdout] 
[INFO] [stdout] warning: unused import: `crossterm::terminal`
[INFO] [stdout]   --> src/main.rs:13:5
[INFO] [stdout]    |
[INFO] [stdout] 13 | use crossterm::terminal;
[INFO] [stdout]    |     ^^^^^^^^^^^^^^^^^^^
[INFO] [stdout] 
[INFO] [stdout] 
[INFO] [stdout] warning: type `file_folder` should have an upper camel case name
[INFO] [stdout]    --> src/main.rs:481:6
[INFO] [stdout]     |
[INFO] [stdout] 481 | enum file_folder<'a> {
[INFO] [stdout]     |      ^^^^^^^^^^^ help: convert the identifier to upper camel case: `FileFolder`
[INFO] [stdout]     |
[INFO] [stdout]     = note: `#[warn(non_camel_case_types)]` (part of `#[warn(nonstandard_style)]`) on by default
[INFO] [stdout] 
[INFO] [stdout] 
[INFO] [stdout] warning: variant `folder` should have an upper camel case name
[INFO] [stdout]    --> src/main.rs:482:5
[INFO] [stdout]     |
[INFO] [stdout] 482 |     folder(&'a TFDIR<'a>),
[INFO] [stdout]     |     ^^^^^^ help: convert the identifier to upper camel case (notice the capitalization): `Folder`
[INFO] [stdout] 
[INFO] [stdout] 
[INFO] [stdout] warning: variant `file` should have an upper camel case name
[INFO] [stdout]    --> src/main.rs:483:5
[INFO] [stdout]     |
[INFO] [stdout] 483 |     file(&'a TFFILE<'a>),
[INFO] [stdout]     |     ^^^^ help: convert the identifier to upper camel case (notice the capitalization): `File`
[INFO] [stdout] 
[INFO] [stdout] 
[INFO] [stdout] warning: unused import: `Span`
[INFO] [stdout]    --> src/main.rs:587:12
[INFO] [stdout]     |
[INFO] [stdout] 587 |     text::{Span, Spans},
[INFO] [stdout]     |            ^^^^
[INFO] [stdout] 
[INFO] [stdout] 
[INFO] [stdout] warning: type `App_pre` should have an upper camel case name
[INFO] [stdout]    --> src/main.rs:604:8
[INFO] [stdout]     |
[INFO] [stdout] 604 | struct App_pre{
[INFO] [stdout]     |        ^^^^^^^ help: convert the identifier to upper camel case: `AppPre`
[INFO] [stdout] 
[INFO] [stdout] 
[INFO] [stdout] warning: unused imports: `KeyEvent` and `KeyModifiers`
[INFO] [stdout]     --> src/main.rs:1178:13
[INFO] [stdout]      |
[INFO] [stdout] 1178 |     event::{KeyEvent, KeyModifiers},
[INFO] [stdout]      |             ^^^^^^^^  ^^^^^^^^^^^^
[INFO] [stdout] 
[INFO] [stdout] 
[INFO] [stdout] error[E0599]: no method named `seek_read` found for mutable reference `&mut File` in the current scope
[INFO] [stdout]    --> src/main.rs:242:15
[INFO] [stdout]     |
[INFO] [stdout] 242 |             f.seek_read(&mut key_hash_sha256_pow_10, offset)?;    
[INFO] [stdout]     |               ^^^^^^^^^
[INFO] [stdout]     |
[INFO] [stdout] help: there is a method `seek_relative` with a similar name, but with different arguments
[INFO] [stdout]    --> /rustc/dfb0accb7f508ae8be965d8629557221c889dd98/library/core/src/io/seek.rs:171:4
[INFO] [stdout] 
[INFO] [stdout] 
[INFO] [stdout] error[E0599]: no method named `seek_read` found for mutable reference `&mut File` in the current scope
[INFO] [stdout]    --> src/main.rs:250:7
[INFO] [stdout]     |
[INFO] [stdout] 250 |     f.seek_read(&mut buffer, offset)?;
[INFO] [stdout]     |       ^^^^^^^^^
[INFO] [stdout]     |
[INFO] [stdout] help: there is a method `seek_relative` with a similar name, but with different arguments
[INFO] [stdout]    --> /rustc/dfb0accb7f508ae8be965d8629557221c889dd98/library/core/src/io/seek.rs:171:4
[INFO] [stdout] 
[INFO] [stdout] 
[INFO] [stdout] error[E0599]: no method named `seek_read` found for mutable reference `&mut File` in the current scope
[INFO] [stdout]    --> src/main.rs:257:11
[INFO] [stdout]     |
[INFO] [stdout] 257 |         f.seek_read(&mut buffer, offset)?;
[INFO] [stdout]     |           ^^^^^^^^^
[INFO] [stdout]     |
[INFO] [stdout] help: there is a method `seek_relative` with a similar name, but with different arguments
[INFO] [stdout]    --> /rustc/dfb0accb7f508ae8be965d8629557221c889dd98/library/core/src/io/seek.rs:171:4
[INFO] [stdout] 
[INFO] [stdout] 
[INFO] [stdout] error[E0599]: no method named `seek_read` found for mutable reference `&mut File` in the current scope
[INFO] [stdout]    --> src/main.rs:259:11
[INFO] [stdout]     |
[INFO] [stdout] 259 |         f.seek_read(&mut buffer, offset+8)?;
[INFO] [stdout]     |           ^^^^^^^^^
[INFO] [stdout]     |
[INFO] [stdout] help: there is a method `seek_relative` with a similar name, but with different arguments
[INFO] [stdout]    --> /rustc/dfb0accb7f508ae8be965d8629557221c889dd98/library/core/src/io/seek.rs:171:4
[INFO] [stdout] 
[INFO] [stdout] 
[INFO] [stdout] error[E0599]: no method named `seek_read` found for mutable reference `&mut File` in the current scope
[INFO] [stdout]    --> src/main.rs:262:11
[INFO] [stdout]     |
[INFO] [stdout] 262 |         f.seek_read(&mut bytes, offset+16)?; // name
[INFO] [stdout]     |           ^^^^^^^^^
[INFO] [stdout]     |
[INFO] [stdout] help: there is a method `seek_relative` with a similar name, but with different arguments
[INFO] [stdout]    --> /rustc/dfb0accb7f508ae8be965d8629557221c889dd98/library/core/src/io/seek.rs:171:4
[INFO] [stdout] 
[INFO] [stdout] 
[INFO] [stdout] error[E0599]: no method named `seek_read` found for mutable reference `&mut File` in the current scope
[INFO] [stdout]    --> src/main.rs:280:11
[INFO] [stdout]     |
[INFO] [stdout] 280 |         f.seek_read(&mut data, offset)?;
[INFO] [stdout]     |           ^^^^^^^^^
[INFO] [stdout]     |
[INFO] [stdout] help: there is a method `seek_relative` with a similar name, but with different arguments
[INFO] [stdout]    --> /rustc/dfb0accb7f508ae8be965d8629557221c889dd98/library/core/src/io/seek.rs:171:4
[INFO] [stdout] 
[INFO] [stdout] 
[INFO] [stdout] error[E0599]: no method named `seek_read` found for mutable reference `&mut File` in the current scope
[INFO] [stdout]    --> src/main.rs:293:7
[INFO] [stdout]     |
[INFO] [stdout] 293 |     f.seek_read(&mut buffer, offset)?;
[INFO] [stdout]     |       ^^^^^^^^^
[INFO] [stdout]     |
[INFO] [stdout] help: there is a method `seek_relative` with a similar name, but with different arguments
[INFO] [stdout]    --> /rustc/dfb0accb7f508ae8be965d8629557221c889dd98/library/core/src/io/seek.rs:171:4
[INFO] [stdout] 
[INFO] [stdout] 
[INFO] [stdout] error[E0599]: no method named `seek_read` found for mutable reference `&mut File` in the current scope
[INFO] [stdout]    --> src/main.rs:297:11
[INFO] [stdout]     |
[INFO] [stdout] 297 |         f.seek_read(&mut buffer, offset+8)?;
[INFO] [stdout]     |           ^^^^^^^^^
[INFO] [stdout]     |
[INFO] [stdout] help: there is a method `seek_relative` with a similar name, but with different arguments
[INFO] [stdout]    --> /rustc/dfb0accb7f508ae8be965d8629557221c889dd98/library/core/src/io/seek.rs:171:4
[INFO] [stdout] 
[INFO] [stdout] 
[INFO] [stdout] error[E0599]: no method named `seek_read` found for mutable reference `&mut File` in the current scope
[INFO] [stdout]    --> src/main.rs:299:11
[INFO] [stdout]     |
[INFO] [stdout] 299 |         f.seek_read(&mut buffer, offset+16)?;
[INFO] [stdout]     |           ^^^^^^^^^
[INFO] [stdout]     |
[INFO] [stdout] help: there is a method `seek_relative` with a similar name, but with different arguments
[INFO] [stdout]    --> /rustc/dfb0accb7f508ae8be965d8629557221c889dd98/library/core/src/io/seek.rs:171:4
[INFO] [stdout] 
[INFO] [stdout] 
[INFO] [stdout] error[E0599]: no method named `seek_read` found for mutable reference `&mut File` in the current scope
[INFO] [stdout]    --> src/main.rs:302:11
[INFO] [stdout]     |
[INFO] [stdout] 302 |         f.seek_read(&mut bytes, offset+24)?; // name
[INFO] [stdout]     |           ^^^^^^^^^
[INFO] [stdout]     |
[INFO] [stdout] help: there is a method `seek_relative` with a similar name, but with different arguments
[INFO] [stdout]    --> /rustc/dfb0accb7f508ae8be965d8629557221c889dd98/library/core/src/io/seek.rs:171:4
[INFO] [stdout] 
[INFO] [stdout] 
[INFO] [stdout] error[E0599]: no method named `seek_read` found for mutable reference `&mut File` in the current scope
[INFO] [stdout]    --> src/main.rs:343:11
[INFO] [stdout]     |
[INFO] [stdout] 343 |         f.seek_read(&mut key_hash_sha256_pow_10, 1)?;    
[INFO] [stdout]     |           ^^^^^^^^^
[INFO] [stdout]     |
[INFO] [stdout] help: there is a method `seek_relative` with a similar name, but with different arguments
[INFO] [stdout]    --> /rustc/dfb0accb7f508ae8be965d8629557221c889dd98/library/core/src/io/seek.rs:171:4
[INFO] [stdout] 
[INFO] [stdout] 
[INFO] [stdout] error[E0599]: no method named `seek_read` found for reference `&'a File` in the current scope
[INFO] [stdout]    --> src/main.rs:377:11
[INFO] [stdout]     |
[INFO] [stdout] 377 |         f.seek_read(&mut buffer, offset).unwrap();
[INFO] [stdout]     |           ^^^^^^^^^
[INFO] [stdout]     |
[INFO] [stdout] help: there is a method `seek_relative` with a similar name, but with different arguments
[INFO] [stdout]    --> /rustc/dfb0accb7f508ae8be965d8629557221c889dd98/library/core/src/io/seek.rs:171:4
[INFO] [stdout] 
[INFO] [stdout] 
[INFO] [stdout] error[E0599]: no method named `seek_read` found for reference `&'a File` in the current scope
[INFO] [stdout]    --> src/main.rs:380:11
[INFO] [stdout]     |
[INFO] [stdout] 380 |         f.seek_read(&mut buffer, offset+8).unwrap();
[INFO] [stdout]     |           ^^^^^^^^^
[INFO] [stdout]     |
[INFO] [stdout] help: there is a method `seek_relative` with a similar name, but with different arguments
[INFO] [stdout]    --> /rustc/dfb0accb7f508ae8be965d8629557221c889dd98/library/core/src/io/seek.rs:171:4
[INFO] [stdout] 
[INFO] [stdout] 
[INFO] [stdout] error[E0599]: no method named `seek_read` found for reference `&'a File` in the current scope
[INFO] [stdout]    --> src/main.rs:384:11
[INFO] [stdout]     |
[INFO] [stdout] 384 |         f.seek_read(&mut bytes, offset+16).unwrap(); // name
[INFO] [stdout]     |           ^^^^^^^^^
[INFO] [stdout]     |
[INFO] [stdout] help: there is a method `seek_relative` with a similar name, but with different arguments
[INFO] [stdout]    --> /rustc/dfb0accb7f508ae8be965d8629557221c889dd98/library/core/src/io/seek.rs:171:4
[INFO] [stdout] 
[INFO] [stdout] 
[INFO] [stdout] error[E0599]: no method named `seek_read` found for reference `&'a File` in the current scope
[INFO] [stdout]    --> src/main.rs:403:16
[INFO] [stdout]     |
[INFO] [stdout] 403 |         self.f.seek_read(&mut data, self.offset_data).unwrap();
[INFO] [stdout]     |                ^^^^^^^^^
[INFO] [stdout]     |
[INFO] [stdout] help: there is a method `seek_relative` with a similar name, but with different arguments
[INFO] [stdout]    --> /rustc/dfb0accb7f508ae8be965d8629557221c889dd98/library/core/src/io/seek.rs:171:4
[INFO] [stdout] 
[INFO] [stdout] 
[INFO] [stdout] error[E0599]: no method named `seek_read` found for reference `&'a File` in the current scope
[INFO] [stdout]    --> src/main.rs:426:11
[INFO] [stdout]     |
[INFO] [stdout] 426 |         f.seek_read(&mut buffer, offset).unwrap();
[INFO] [stdout]     |           ^^^^^^^^^
[INFO] [stdout]     |
[INFO] [stdout] help: there is a method `seek_relative` with a similar name, but with different arguments
[INFO] [stdout]    --> /rustc/dfb0accb7f508ae8be965d8629557221c889dd98/library/core/src/io/seek.rs:171:4
[INFO] [stdout] 
[INFO] [stdout] 
[INFO] [stdout] error[E0599]: no method named `seek_read` found for reference `&'a File` in the current scope
[INFO] [stdout]    --> src/main.rs:436:11
[INFO] [stdout]     |
[INFO] [stdout] 436 |         f.seek_read(&mut buffer, offset).unwrap();
[INFO] [stdout]     |           ^^^^^^^^^
[INFO] [stdout]     |
[INFO] [stdout] help: there is a method `seek_relative` with a similar name, but with different arguments
[INFO] [stdout]    --> /rustc/dfb0accb7f508ae8be965d8629557221c889dd98/library/core/src/io/seek.rs:171:4
[INFO] [stdout] 
[INFO] [stdout] 
[INFO] [stdout] error[E0599]: no method named `seek_read` found for reference `&'a File` in the current scope
[INFO] [stdout]    --> src/main.rs:443:15
[INFO] [stdout]     |
[INFO] [stdout] 443 |             f.seek_read(&mut buffer, offset).unwrap();
[INFO] [stdout]     |               ^^^^^^^^^
[INFO] [stdout]     |
[INFO] [stdout] help: there is a method `seek_relative` with a similar name, but with different arguments
[INFO] [stdout]    --> /rustc/dfb0accb7f508ae8be965d8629557221c889dd98/library/core/src/io/seek.rs:171:4
[INFO] [stdout] 
[INFO] [stdout] 
[INFO] [stdout] error[E0599]: no method named `seek_read` found for reference `&'a File` in the current scope
[INFO] [stdout]    --> src/main.rs:445:15
[INFO] [stdout]     |
[INFO] [stdout] 445 |             f.seek_read(&mut buffer, offset+8).unwrap();
[INFO] [stdout]     |               ^^^^^^^^^
[INFO] [stdout]     |
[INFO] [stdout] help: there is a method `seek_relative` with a similar name, but with different arguments
[INFO] [stdout]    --> /rustc/dfb0accb7f508ae8be965d8629557221c889dd98/library/core/src/io/seek.rs:171:4
[INFO] [stdout] 
[INFO] [stdout] 
[INFO] [stdout] error[E0599]: no method named `seek_read` found for reference `&'a File` in the current scope
[INFO] [stdout]    --> src/main.rs:448:15
[INFO] [stdout]     |
[INFO] [stdout] 448 |             f.seek_read(&mut bytes, offset+16).unwrap(); // name
[INFO] [stdout]     |               ^^^^^^^^^
[INFO] [stdout]     |
[INFO] [stdout] help: there is a method `seek_relative` with a similar name, but with different arguments
[INFO] [stdout]    --> /rustc/dfb0accb7f508ae8be965d8629557221c889dd98/library/core/src/io/seek.rs:171:4
[INFO] [stdout] 
[INFO] [stdout] 
[INFO] [stdout] error[E0599]: no method named `seek_read` found for reference `&'a File` in the current scope
[INFO] [stdout]    --> src/main.rs:510:15
[INFO] [stdout]     |
[INFO] [stdout] 510 |             f.seek_read(&mut key_hash_sha256_pow_10, 1).unwrap();    
[INFO] [stdout]     |               ^^^^^^^^^
[INFO] [stdout]     |
[INFO] [stdout] help: there is a method `seek_relative` with a similar name, but with different arguments
[INFO] [stdout]    --> /rustc/dfb0accb7f508ae8be965d8629557221c889dd98/library/core/src/io/seek.rs:171:4
[INFO] [stdout] 
[INFO] [stdout] 
[INFO] [stdout] warning: value assigned to `perc` is never read
[INFO] [stdout]    --> src/main.rs:69:20
[INFO] [stdout]     |
[INFO] [stdout]  69 |     let mut perc = 0.0;
[INFO] [stdout]     |                    ^^^ this value is reassigned later and never used
[INFO] [stdout] ...
[INFO] [stdout] 154 |             perc = (i as f64) / (n as f64);
[INFO] [stdout]     |             ------------------------------ `perc` is overwritten here before the previous value is read
[INFO] [stdout]     |
[INFO] [stdout]     = note: `#[warn(unused_assignments)]` (part of `#[warn(unused)]`) on by default
[INFO] [stdout] 
[INFO] [stdout] 
[INFO] [stdout] warning: value assigned to `lpad` is never read
[INFO] [stdout]    --> src/main.rs:70:20
[INFO] [stdout]     |
[INFO] [stdout]  70 |     let mut lpad = 0.0;
[INFO] [stdout]     |                    ^^^ this value is reassigned later and never used
[INFO] [stdout] ...
[INFO] [stdout] 155 |             lpad = (perc * 20.0).floor();
[INFO] [stdout]     |             ---------------------------- `lpad` is overwritten here before the previous value is read
[INFO] [stdout] 
[INFO] [stdout] 
[INFO] [stdout] warning: value assigned to `quit_pre` is never read
[INFO] [stdout]    --> src/main.rs:920:24
[INFO] [stdout]     |
[INFO] [stdout] 920 |     let mut quit_pre = false;
[INFO] [stdout]     |                        ^^^^^ this value is reassigned later and never used
[INFO] [stdout] ...
[INFO] [stdout] 957 |                     quit_pre = true;
[INFO] [stdout]     |                     --------------- `quit_pre` is overwritten here before the previous value is read
[INFO] [stdout] 
[INFO] [stdout] 
[INFO] [stdout] warning: unused variable: `terminal`
[INFO] [stdout]     --> src/main.rs:1181:19
[INFO] [stdout]      |
[INFO] [stdout] 1181 | fn input_password(terminal: Terminal<CrosstermBackend<std::io::Stdout>>){
[INFO] [stdout]      |                   ^^^^^^^^ help: if this is intentional, prefix it with an underscore: `_terminal`
[INFO] [stdout]      |
[INFO] [stdout]      = note: `#[warn(unused_variables)]` (part of `#[warn(unused)]`) on by default
[INFO] [stdout] 
[INFO] [stdout] 
[INFO] [stdout] Some errors have detailed explanations: E0433, E0599.
[INFO] [stdout] 
[INFO] [stdout] For more information about an error, try `rustc --explain E0433`.
[INFO] [stdout] 
[INFO] [stderr] error: could not compile `tfbin` (bin "tfbin") due to 22 previous errors; 13 warnings emitted
[INFO] running `Command { std: "docker" "inspect" "a57205932471530a492e89a315e0544a07c57f12bd1cde237ea08191d9cf8207", kill_on_drop: false }`
[INFO] running `Command { std: "docker" "rm" "-f" "a57205932471530a492e89a315e0544a07c57f12bd1cde237ea08191d9cf8207", kill_on_drop: false }`
[INFO] [stdout] a57205932471530a492e89a315e0544a07c57f12bd1cde237ea08191d9cf8207
