[INFO] cloning repository https://github.com/soof-golan/vid-rs-py-perf
[INFO] running `Command { std: "git" "-c" "credential.helper=" "-c" "credential.helper=/workspace/cargo-home/bin/git-credential-null" "clone" "--bare" "https://github.com/soof-golan/vid-rs-py-perf" "/workspace/cache/git-repos/https%3A%2F%2Fgithub.com%2Fsoof-golan%2Fvid-rs-py-perf", kill_on_drop: false }`
[INFO] [stderr] Cloning into bare repository '/workspace/cache/git-repos/https%3A%2F%2Fgithub.com%2Fsoof-golan%2Fvid-rs-py-perf'...
[INFO] running `Command { std: "git" "rev-parse" "HEAD", kill_on_drop: false }`
[INFO] [stdout] 7e17c6e91d04c1a11c593307a00acd786ee09760
[INFO] testing soof-golan/vid-rs-py-perf against 1.100.0-beta.1+cargoflags=--release for beta-release-1.100-2
[INFO] running `Command { std: "git" "clone" "/workspace/cache/git-repos/https%3A%2F%2Fgithub.com%2Fsoof-golan%2Fvid-rs-py-perf" "/workspace/builds/worker-3-tc2/source", kill_on_drop: false }`
[INFO] [stderr] Cloning into '/workspace/builds/worker-3-tc2/source'...
[INFO] [stderr] done.
[INFO] started tweaking git repo https://github.com/soof-golan/vid-rs-py-perf
[INFO] finished tweaking git repo https://github.com/soof-golan/vid-rs-py-perf
[INFO] tweaked toml for git repo https://github.com/soof-golan/vid-rs-py-perf written to /workspace/builds/worker-3-tc2/source/Cargo.toml
[INFO] validating manifest of git repo https://github.com/soof-golan/vid-rs-py-perf on toolchain 1.100.0-beta.1
[INFO] running `Command { std: CARGO_HOME="/workspace/cargo-home" RUSTUP_HOME="/workspace/rustup-home" "/workspace/cargo-home/bin/cargo" "+1.100.0-beta.1" "metadata" "--manifest-path" "Cargo.toml" "--no-deps", kill_on_drop: false }`
[INFO] crate git repo https://github.com/soof-golan/vid-rs-py-perf already has a lockfile, it will not be regenerated
[INFO] running `Command { std: CARGO_HOME="/workspace/cargo-home" RUSTUP_HOME="/workspace/rustup-home" "/workspace/cargo-home/bin/cargo" "+1.100.0-beta.1" "fetch" "--manifest-path" "Cargo.toml", kill_on_drop: false }`
[INFO] running `Command { std: "docker" "create" "-v" "/var/lib/crater-agent-workspace/builds/worker-3-tc2/source:/opt/rustwide/workdir:ro,Z" "-v" "/var/lib/crater-agent-workspace/builds/worker-3-tc2/target:/opt/rustwide/target:rw,Z" "-v" "/var/lib/crater-agent-workspace/cargo-home:/opt/rustwide/cargo-home:ro,Z" "-v" "/var/lib/crater-agent-workspace/rustup-home:/opt/rustwide/rustup-home:ro,Z" "-m" "1610612736" "--network" "none" "ghcr.io/rust-lang/crates-build-env/linux@sha256:77db811e55d90add9212f6832c23229e3de5f1c1f9905e8cb07319ea15df73ac" "sleep" "infinity", kill_on_drop: false }`
[INFO] [stdout] 6800349f61bdfc6480b2e0b87f7373a418a0a442acfc9cf3e5cf61fd38d646f7
[INFO] running `Command { std: "docker" "start" "6800349f61bdfc6480b2e0b87f7373a418a0a442acfc9cf3e5cf61fd38d646f7", kill_on_drop: false }`
[INFO] running `Command { std: "docker" "inspect" "6800349f61bdfc6480b2e0b87f7373a418a0a442acfc9cf3e5cf61fd38d646f7", kill_on_drop: false }`
[INFO] running `Command { std: "docker" "exec" "-e" "SOURCE_DIR=/opt/rustwide/workdir" "-e" "CARGO_HOME=/opt/rustwide/cargo-home" "-e" "RUSTUP_HOME=/opt/rustwide/rustup-home" "-e" "CARGO_TARGET_DIR=/opt/rustwide/target" "-w" "/opt/rustwide/workdir" "--user" "0:0" "6800349f61bdfc6480b2e0b87f7373a418a0a442acfc9cf3e5cf61fd38d646f7" "/opt/rustwide/cargo-home/bin/cargo" "+1.100.0-beta.1" "metadata" "--no-deps" "--format-version=1", kill_on_drop: false }`
[INFO] running `Command { std: "docker" "inspect" "6800349f61bdfc6480b2e0b87f7373a418a0a442acfc9cf3e5cf61fd38d646f7", kill_on_drop: false }`
[INFO] running `Command { std: "docker" "exec" "-e" "SOURCE_DIR=/opt/rustwide/workdir" "-e" "CARGO_HOME=/opt/rustwide/cargo-home" "-e" "RUSTUP_HOME=/opt/rustwide/rustup-home" "-e" "CARGO_TARGET_DIR=/opt/rustwide/target" "-e" "CARGO_INCREMENTAL=0" "-e" "RUST_BACKTRACE=full" "-e" "RUSTFLAGS=--cap-lints=warn" "-e" "RUSTDOCFLAGS=--cap-lints=warn" "-w" "/opt/rustwide/workdir" "--user" "0:0" "6800349f61bdfc6480b2e0b87f7373a418a0a442acfc9cf3e5cf61fd38d646f7" "/opt/rustwide/cargo-home/bin/cargo" "+1.100.0-beta.1" "build" "--frozen" "--message-format=json" "--release", kill_on_drop: false }`
[INFO] [stderr]    Compiling target-lexicon v0.12.12
[INFO] [stderr]    Compiling once_cell v1.18.0
[INFO] [stderr]    Compiling proc-macro2 v1.0.69
[INFO] [stderr]    Compiling unindent v0.1.11
[INFO] [stderr]    Compiling indoc v1.0.9
[INFO] [stderr]    Compiling pyo3-build-config v0.19.2
[INFO] [stderr]    Compiling quote v1.0.33
[INFO] [stderr]    Compiling syn v1.0.109
[INFO] [stderr]    Compiling pyo3-ffi v0.19.2
[INFO] [stderr]    Compiling pyo3 v0.19.2
[INFO] [stderr]    Compiling pyo3-macros-backend v0.19.2
[INFO] [stderr]    Compiling pyo3-macros v0.19.2
[INFO] [stderr]    Compiling rs-py-perf v0.1.0 (/opt/rustwide/workdir)
[INFO] [stdout] error[E0425]: cannot find value `key` in this scope
[INFO] [stdout]   --> src/lib.rs:84:30
[INFO] [stdout]    |
[INFO] [stdout] 84 |         self.callables.entry(key)
[INFO] [stdout]    |                              ^^^ not found in this scope
[INFO] [stdout] 
[INFO] [stdout] 
[INFO] [stdout] warning: unused import: `std::sync::Arc`
[INFO] [stdout]  --> src/lib.rs:2:5
[INFO] [stdout]   |
[INFO] [stdout] 2 | use std::sync::Arc;
[INFO] [stdout]   |     ^^^^^^^^^^^^^^
[INFO] [stdout]   |
[INFO] [stdout]   = note: `#[warn(unused_imports)]` (part of `#[warn(unused)]`) on by default
[INFO] [stdout] 
[INFO] [stdout] 
[INFO] [stdout] warning: unused import: `std::thread::Thread`
[INFO] [stdout]  --> src/lib.rs:4:5
[INFO] [stdout]   |
[INFO] [stdout] 4 | use std::thread::Thread;
[INFO] [stdout]   |     ^^^^^^^^^^^^^^^^^^^
[INFO] [stdout] 
[INFO] [stdout] 
[INFO] [stdout] warning: unused imports: `PyObject_Hash` and `hashfunc`
[INFO] [stdout]  --> src/lib.rs:5:17
[INFO] [stdout]   |
[INFO] [stdout] 5 | use pyo3::ffi::{hashfunc, PyObject_Hash};
[INFO] [stdout]   |                 ^^^^^^^^  ^^^^^^^^^^^^^
[INFO] [stdout] 
[INFO] [stdout] 
[INFO] [stdout] error[E0308]: mismatched types
[INFO] [stdout]   --> src/lib.rs:85:24
[INFO] [stdout]    |
[INFO] [stdout] 85 |             .or_insert(AtomicI64::new(0)).fetch_add(1, std::sync::atomic::Ordering::Relaxed);
[INFO] [stdout]    |              --------- ^^^^^^^^^^^^^^^^^ expected `i64`, found `Atomic<i64>`
[INFO] [stdout]    |              |
[INFO] [stdout]    |              arguments to this method are incorrect
[INFO] [stdout]    |
[INFO] [stdout]    = note: expected type `i64`
[INFO] [stdout]             found struct `Atomic<i64>`
[INFO] [stdout] help: the return type of this call is `Atomic<i64>` due to the type of the argument passed
[INFO] [stdout]   --> src/lib.rs:84:9
[INFO] [stdout]    |
[INFO] [stdout] 84 | /         self.callables.entry(key)
[INFO] [stdout] 85 | |             .or_insert(AtomicI64::new(0)).fetch_add(1, std::sync::atomic::Ordering::Relaxed);
[INFO] [stdout]    | |________________________-----------------^
[INFO] [stdout]    |                          |
[INFO] [stdout]    |                          this argument influences the return type of `or_insert`
[INFO] [stdout] note: method defined here
[INFO] [stdout]   --> /rustc/e3feeb59cd1bdd011a2bfcc0747b55125d9b8527/library/std/src/collections/hash/map.rs:2515:11
[INFO] [stdout] 
[INFO] [stdout] 
[INFO] [stdout] error[E0599]: no method named `fetch_add` found for mutable reference `&mut i64` in the current scope
[INFO] [stdout]   --> src/lib.rs:85:43
[INFO] [stdout]    |
[INFO] [stdout] 84 |         self.callables.entry(key)
[INFO] [stdout] 85 |             .or_insert(AtomicI64::new(0)).fetch_add(1, std::sync::atomic::Ordering::Relaxed);
[INFO] [stdout]    |                                           ^^^^^^^^^ method not found in `&mut i64`
[INFO] [stdout] 
[INFO] [stdout] 
[INFO] [stdout] Some errors have detailed explanations: E0308, E0425, E0599.
[INFO] [stdout] 
[INFO] [stdout] For more information about an error, try `rustc --explain E0308`.
[INFO] [stdout] 
[INFO] [stderr] error: could not compile `rs-py-perf` (lib) due to 3 previous errors; 3 warnings emitted
[INFO] running `Command { std: "docker" "inspect" "6800349f61bdfc6480b2e0b87f7373a418a0a442acfc9cf3e5cf61fd38d646f7", kill_on_drop: false }`
[INFO] running `Command { std: "docker" "rm" "-f" "6800349f61bdfc6480b2e0b87f7373a418a0a442acfc9cf3e5cf61fd38d646f7", kill_on_drop: false }`
[INFO] [stdout] 6800349f61bdfc6480b2e0b87f7373a418a0a442acfc9cf3e5cf61fd38d646f7
