[INFO] cloning repository https://github.com/sonicXconst1/chatex_agnostic
[INFO] running `Command { std: "git" "-c" "credential.helper=" "-c" "credential.helper=/workspace/cargo-home/bin/git-credential-null" "clone" "--bare" "https://github.com/sonicXconst1/chatex_agnostic" "/workspace/cache/git-repos/https%3A%2F%2Fgithub.com%2FsonicXconst1%2Fchatex_agnostic", kill_on_drop: false }`
[INFO] [stderr] Cloning into bare repository '/workspace/cache/git-repos/https%3A%2F%2Fgithub.com%2FsonicXconst1%2Fchatex_agnostic'...
[INFO] running `Command { std: "git" "rev-parse" "HEAD", kill_on_drop: false }`
[INFO] [stdout] 27cc1ccadda3c39c77f574758b2959ef24b5f7ef
[INFO] testing sonicXconst1/chatex_agnostic against 1.100.0-beta.1+cargoflags=--release for beta-release-1.100-2
[INFO] running `Command { std: "git" "clone" "/workspace/cache/git-repos/https%3A%2F%2Fgithub.com%2FsonicXconst1%2Fchatex_agnostic" "/workspace/builds/worker-7-tc2/source", kill_on_drop: false }`
[INFO] [stderr] Cloning into '/workspace/builds/worker-7-tc2/source'...
[INFO] [stderr] done.
[INFO] started tweaking git repo https://github.com/sonicXconst1/chatex_agnostic
[INFO] finished tweaking git repo https://github.com/sonicXconst1/chatex_agnostic
[INFO] tweaked toml for git repo https://github.com/sonicXconst1/chatex_agnostic written to /workspace/builds/worker-7-tc2/source/Cargo.toml
[INFO] validating manifest of git repo https://github.com/sonicXconst1/chatex_agnostic on toolchain 1.100.0-beta.1
[INFO] running `Command { std: CARGO_HOME="/workspace/cargo-home" RUSTUP_HOME="/workspace/rustup-home" "/workspace/cargo-home/bin/cargo" "+1.100.0-beta.1" "metadata" "--manifest-path" "Cargo.toml" "--no-deps", kill_on_drop: false }`
[INFO] running `Command { std: CARGO_HOME="/workspace/cargo-home" RUSTUP_HOME="/workspace/rustup-home" "/workspace/cargo-home/bin/cargo" "+1.100.0-beta.1" "generate-lockfile" "--manifest-path" "Cargo.toml", kill_on_drop: false }`
[INFO] [stderr]     Updating git repository `https://github.com/sonicxconst1/agnostic.git`
[INFO] [stderr]     Updating git repository `https://github.com/sonicxconst1/sdk-rust.git`
[INFO] [stderr]     Updating crates.io index
[INFO] [stderr]      Locking 178 packages to highest compatible versions
[INFO] [stderr]       Adding generic-array v0.14.7 (available: v0.14.9)
[INFO] [stderr]       Adding hyper v0.14.32 (available: v1.12.0)
[INFO] running `Command { std: CARGO_HOME="/workspace/cargo-home" RUSTUP_HOME="/workspace/rustup-home" "/workspace/cargo-home/bin/cargo" "+1.100.0-beta.1" "fetch" "--manifest-path" "Cargo.toml", kill_on_drop: false }`
[INFO] running `Command { std: "docker" "create" "-v" "/var/lib/crater-agent-workspace/builds/worker-7-tc2/source:/opt/rustwide/workdir:ro,Z" "-v" "/var/lib/crater-agent-workspace/builds/worker-7-tc2/target:/opt/rustwide/target:rw,Z" "-v" "/var/lib/crater-agent-workspace/cargo-home:/opt/rustwide/cargo-home:ro,Z" "-v" "/var/lib/crater-agent-workspace/rustup-home:/opt/rustwide/rustup-home:ro,Z" "-m" "1610612736" "--network" "none" "ghcr.io/rust-lang/crates-build-env/linux@sha256:77db811e55d90add9212f6832c23229e3de5f1c1f9905e8cb07319ea15df73ac" "sleep" "infinity", kill_on_drop: false }`
[INFO] [stdout] 75d1cb73e012da7530b0f6c83b84cfc0022ce632c615dcf5a9bd8a181244ab1c
[INFO] running `Command { std: "docker" "start" "75d1cb73e012da7530b0f6c83b84cfc0022ce632c615dcf5a9bd8a181244ab1c", kill_on_drop: false }`
[INFO] running `Command { std: "docker" "inspect" "75d1cb73e012da7530b0f6c83b84cfc0022ce632c615dcf5a9bd8a181244ab1c", kill_on_drop: false }`
[INFO] running `Command { std: "docker" "exec" "-e" "SOURCE_DIR=/opt/rustwide/workdir" "-e" "CARGO_HOME=/opt/rustwide/cargo-home" "-e" "RUSTUP_HOME=/opt/rustwide/rustup-home" "-e" "CARGO_TARGET_DIR=/opt/rustwide/target" "-w" "/opt/rustwide/workdir" "--user" "0:0" "75d1cb73e012da7530b0f6c83b84cfc0022ce632c615dcf5a9bd8a181244ab1c" "/opt/rustwide/cargo-home/bin/cargo" "+1.100.0-beta.1" "metadata" "--no-deps" "--format-version=1", kill_on_drop: false }`
[INFO] running `Command { std: "docker" "inspect" "75d1cb73e012da7530b0f6c83b84cfc0022ce632c615dcf5a9bd8a181244ab1c", kill_on_drop: false }`
[INFO] running `Command { std: "docker" "exec" "-e" "SOURCE_DIR=/opt/rustwide/workdir" "-e" "CARGO_HOME=/opt/rustwide/cargo-home" "-e" "RUSTUP_HOME=/opt/rustwide/rustup-home" "-e" "CARGO_TARGET_DIR=/opt/rustwide/target" "-e" "CARGO_INCREMENTAL=0" "-e" "RUST_BACKTRACE=full" "-e" "RUSTFLAGS=--cap-lints=warn" "-e" "RUSTDOCFLAGS=--cap-lints=warn" "-w" "/opt/rustwide/workdir" "--user" "0:0" "75d1cb73e012da7530b0f6c83b84cfc0022ce632c615dcf5a9bd8a181244ab1c" "/opt/rustwide/cargo-home/bin/cargo" "+1.100.0-beta.1" "build" "--frozen" "--message-format=json" "--release", kill_on_drop: false }`
[INFO] [stderr]    Compiling futures-core v0.3.34
[INFO] [stderr]    Compiling futures-sink v0.3.34
[INFO] [stderr]    Compiling log v0.4.34
[INFO] [stderr]    Compiling syn v3.0.9
[INFO] [stderr]    Compiling syn v2.0.119
[INFO] [stderr]    Compiling errno v0.3.14
[INFO] [stderr]    Compiling socket2 v0.6.5
[INFO] [stderr]    Compiling mio v1.2.4
[INFO] [stderr]    Compiling openssl-sys v0.9.117
[INFO] [stderr]    Compiling signal-hook-registry v1.4.8
[INFO] [stderr]    Compiling futures-channel v0.3.34
[INFO] [stderr]    Compiling futures-task v0.3.34
[INFO] [stderr]    Compiling futures-io v0.3.34
[INFO] [stderr]    Compiling smallvec v1.16.3
[INFO] [stderr]    Compiling equivalent v1.0.3
[INFO] [stderr]    Compiling litemap v0.8.3
[INFO] [stderr]    Compiling writeable v0.6.4
[INFO] [stderr]    Compiling indexmap v2.14.2
[INFO] [stderr]    Compiling icu_normalizer_data v2.3.0
[INFO] [stderr]    Compiling icu_properties_data v2.3.0
[INFO] [stderr]    Compiling want v0.3.2
[INFO] [stderr]    Compiling openssl v0.10.81
[INFO] [stderr]    Compiling bitflags v2.13.2
[INFO] [stderr]    Compiling native-tls v0.2.18
[INFO] [stderr]    Compiling num-traits v0.2.19
[INFO] [stderr]    Compiling serde_json v1.0.154
[INFO] [stderr]    Compiling iso_currency v0.4.4
[INFO] [stderr]    Compiling iso_country v0.1.4
[INFO] [stderr]    Compiling form_urlencoded v1.2.2
[INFO] [stderr]    Compiling chrono v0.4.45
[INFO] [stderr]    Compiling synstructure v0.14.0
[INFO] [stderr]    Compiling tracing-attributes v0.1.31
[INFO] [stderr]    Compiling openssl-macros v0.1.1
[INFO] [stderr]    Compiling thiserror-impl v1.0.69
[INFO] [stderr]    Compiling serde_derive v1.0.229
[INFO] [stderr]    Compiling zerofrom-derive v0.1.8
[INFO] [stderr]    Compiling yoke-derive v0.8.4
[INFO] [stderr]    Compiling zerovec-derive v0.11.6
[INFO] [stderr]    Compiling displaydoc v0.2.7
[INFO] [stderr]    Compiling tokio-macros v2.7.2
[INFO] [stderr]    Compiling futures-macro v0.3.34
[INFO] [stderr]    Compiling tracing v0.1.44
[INFO] [stderr]    Compiling thiserror v1.0.69
[INFO] [stderr]    Compiling futures-util v0.3.34
[INFO] [stderr]    Compiling zerofrom v0.1.8
[INFO] [stderr]    Compiling yoke v0.8.3
[INFO] [stderr]    Compiling zerovec v0.11.8
[INFO] [stderr]    Compiling zerotrie v0.2.5
[INFO] [stderr]    Compiling serde v1.0.229
[INFO] [stderr]    Compiling tinystr v0.8.4
[INFO] [stderr]    Compiling potential_utf v0.1.6
[INFO] [stderr]    Compiling bytes v1.12.1
[INFO] [stderr]    Compiling isocountry v0.3.2
[INFO] [stderr]    Compiling isolanguage-1 v0.2.2
[INFO] [stderr]    Compiling icu_collections v2.3.0
[INFO] [stderr]    Compiling tokio v1.53.3
[INFO] [stderr]    Compiling icu_locale_core v2.3.0
[INFO] [stderr]    Compiling http v1.5.0
[INFO] [stderr]    Compiling http v0.2.12
[INFO] [stderr]    Compiling http-body v1.1.0
[INFO] [stderr]    Compiling http-body-util v0.1.5
[INFO] [stderr]    Compiling icu_provider v2.3.1
[INFO] [stderr]    Compiling icu_properties v2.3.0
[INFO] [stderr]    Compiling icu_normalizer v2.3.0
[INFO] [stderr]    Compiling idna_adapter v1.2.2
[INFO] [stderr]    Compiling futures-executor v0.3.34
[INFO] [stderr]    Compiling futures v0.3.34
[INFO] [stderr]    Compiling idna v1.1.0
[INFO] [stderr]    Compiling http-body v0.4.6
[INFO] [stderr]    Compiling url v2.5.8
[INFO] [stderr]    Compiling agnostic v0.1.0 (https://github.com/sonicxconst1/agnostic.git?branch=master#f25327fa)
[INFO] [stderr]    Compiling tokio-util v0.7.20
[INFO] [stderr]    Compiling tokio-native-tls v0.3.1
[INFO] [stderr]    Compiling h2 v0.4.20
[INFO] [stderr]    Compiling h2 v0.3.27
[INFO] [stderr]    Compiling hyper v1.12.0
[INFO] [stderr]    Compiling hyper v0.14.32
[INFO] [stderr]    Compiling hyper-util v0.1.21
[INFO] [stderr]    Compiling hyper-tls v0.6.0
[INFO] [stderr]    Compiling chatex-sdk-rust v0.1.0 (https://github.com/sonicxconst1/sdk-rust.git?branch=main#20c310cb)
[INFO] [stderr]    Compiling chatex_agnostic v0.1.0 (/opt/rustwide/workdir)
[INFO] [stderr]     Finished `release` profile [optimized] target(s) in 1m 43s
[INFO] running `Command { std: "docker" "inspect" "75d1cb73e012da7530b0f6c83b84cfc0022ce632c615dcf5a9bd8a181244ab1c", kill_on_drop: false }`
[INFO] running `Command { std: "docker" "exec" "-e" "SOURCE_DIR=/opt/rustwide/workdir" "-e" "CARGO_HOME=/opt/rustwide/cargo-home" "-e" "RUSTUP_HOME=/opt/rustwide/rustup-home" "-e" "CARGO_TARGET_DIR=/opt/rustwide/target" "-e" "CARGO_INCREMENTAL=0" "-e" "RUST_BACKTRACE=full" "-e" "RUSTFLAGS=--cap-lints=warn" "-e" "RUSTDOCFLAGS=--cap-lints=warn" "-w" "/opt/rustwide/workdir" "--user" "0:0" "75d1cb73e012da7530b0f6c83b84cfc0022ce632c615dcf5a9bd8a181244ab1c" "/opt/rustwide/cargo-home/bin/cargo" "+1.100.0-beta.1" "test" "--frozen" "--no-run" "--message-format=json" "--release", kill_on_drop: false }`
[INFO] [stderr]    Compiling parking v2.2.1
[INFO] [stderr]    Compiling aho-corasick v1.1.5
[INFO] [stderr]    Compiling crossbeam-utils v0.8.23
[INFO] [stderr]    Compiling thiserror v2.0.21
[INFO] [stderr]    Compiling sha1 v0.10.7
[INFO] [stderr]    Compiling headers-core v0.3.0
[INFO] [stderr]    Compiling thiserror-impl v2.0.21
[INFO] [stderr]    Compiling tabwriter v1.4.1
[INFO] [stderr]    Compiling assert-json-diff v2.0.2
[INFO] [stderr]    Compiling event-listener v5.4.2
[INFO] [stderr]    Compiling headers v0.4.2
[INFO] [stderr]    Compiling tokio-stream v0.1.19
[INFO] [stderr]    Compiling event-listener-strategy v0.5.4
[INFO] [stderr]    Compiling async-lock v3.4.2
[INFO] [stderr]    Compiling path-tree v0.8.3
[INFO] [stderr]    Compiling async-trait v0.1.92
[INFO] [stderr]    Compiling similar v2.7.0
[INFO] [stderr]    Compiling stringmetrics v2.2.2
[INFO] [stderr]    Compiling tokio-test v0.4.6
[INFO] [stderr]    Compiling async-object-pool v0.2.0
[INFO] [stderr]    Compiling regex-automata v0.4.18
[INFO] [stderr]    Compiling regex v1.13.1
[INFO] [stderr]    Compiling serde_regex v1.2.0
[INFO] [stderr]    Compiling httpmock v0.8.3
[INFO] [stderr]    Compiling chatex_agnostic v0.1.0 (/opt/rustwide/workdir)
[INFO] [stdout] error[E0433]: cannot find `HttpConnector` in `client`
[INFO] [stdout]   --> src/test.rs:15:28
[INFO] [stdout]    |
[INFO] [stdout] 15 |             hyper::client::HttpConnector::new(),
[INFO] [stdout]    |                            ^^^^^^^^^^^^^ could not find `HttpConnector` in `client`
[INFO] [stdout]    |
[INFO] [stdout] note: found an item that was configured out
[INFO] [stdout]   --> /opt/rustwide/cargo-home/registry/src/index.crates.io-1949cf8c6b5b557f/hyper-0.14.32/src/client/mod.rs:52:24
[INFO] [stdout]    |
[INFO] [stdout] 51 | #[cfg(feature = "tcp")]
[INFO] [stdout]    |       --------------- the item is gated behind the `tcp` feature
[INFO] [stdout] 52 | pub use self::connect::HttpConnector;
[INFO] [stdout]    |                        ^^^^^^^^^^^^^
[INFO] [stdout] 
[INFO] [stdout] 
[INFO] [stdout] error[E0425]: cannot find type `HttpConnector` in module `hyper::client`
[INFO] [stdout]   --> src/test.rs:4:37
[INFO] [stdout]    |
[INFO] [stdout]  4 | pub type Connector = hyper::client::HttpConnector;
[INFO] [stdout]    |                                     ^^^^^^^^^^^^^ not found in `hyper::client`
[INFO] [stdout]    |
[INFO] [stdout] note: found an item that was configured out
[INFO] [stdout]   --> /opt/rustwide/cargo-home/registry/src/index.crates.io-1949cf8c6b5b557f/hyper-0.14.32/src/client/mod.rs:52:24
[INFO] [stdout]    |
[INFO] [stdout] 51 | #[cfg(feature = "tcp")]
[INFO] [stdout]    |       --------------- the item is gated behind the `tcp` feature
[INFO] [stdout] 52 | pub use self::connect::HttpConnector;
[INFO] [stdout]    |                        ^^^^^^^^^^^^^
[INFO] [stdout] 
[INFO] [stdout] 
[INFO] [stdout] error[E0425]: cannot find type `MockRef` in crate `httpmock`
[INFO] [stdout]   --> src/test.rs:26:50
[INFO] [stdout]    |
[INFO] [stdout] 26 |     pub fn mock_access_token(&self) -> httpmock::MockRef {
[INFO] [stdout]    |                                                  ^^^^^^^ not found in `httpmock`
[INFO] [stdout] 
[INFO] [stdout] 
[INFO] [stdout] Some errors have detailed explanations: E0425, E0433.
[INFO] [stdout] 
[INFO] [stdout] For more information about an error, try `rustc --explain E0425`.
[INFO] [stdout] 
[INFO] [stderr] error: could not compile `chatex_agnostic` (lib test) due to 3 previous errors
[INFO] running `Command { std: "docker" "inspect" "75d1cb73e012da7530b0f6c83b84cfc0022ce632c615dcf5a9bd8a181244ab1c", kill_on_drop: false }`
[INFO] running `Command { std: "docker" "rm" "-f" "75d1cb73e012da7530b0f6c83b84cfc0022ce632c615dcf5a9bd8a181244ab1c", kill_on_drop: false }`
[INFO] [stdout] 75d1cb73e012da7530b0f6c83b84cfc0022ce632c615dcf5a9bd8a181244ab1c
