[INFO] cloning repository https://github.com/smores56/grease_api
[INFO] running `Command { std: "git" "-c" "credential.helper=" "-c" "credential.helper=/workspace/cargo-home/bin/git-credential-null" "clone" "--bare" "https://github.com/smores56/grease_api" "/workspace/cache/git-repos/https%3A%2F%2Fgithub.com%2Fsmores56%2Fgrease_api", kill_on_drop: false }`
[INFO] [stderr] Cloning into bare repository '/workspace/cache/git-repos/https%3A%2F%2Fgithub.com%2Fsmores56%2Fgrease_api'...
[INFO] running `Command { std: "git" "rev-parse" "HEAD", kill_on_drop: false }`
[INFO] [stdout] 6b15775d8b4c295f13d79ef9eb1cc1c4bf233d4a
[INFO] testing smores56/grease_api against 1.99.0-beta.8+cargoflags=--release for beta-release-1.100-2
[INFO] running `Command { std: "git" "clone" "/workspace/cache/git-repos/https%3A%2F%2Fgithub.com%2Fsmores56%2Fgrease_api" "/workspace/builds/worker-7-tc1/source", kill_on_drop: false }`
[INFO] [stderr] Cloning into '/workspace/builds/worker-7-tc1/source'...
[INFO] [stderr] done.
[INFO] removed /workspace/builds/worker-7-tc1/source/.cargo/config
[INFO] started tweaking git repo https://github.com/smores56/grease_api
[INFO] finished tweaking git repo https://github.com/smores56/grease_api
[INFO] tweaked toml for git repo https://github.com/smores56/grease_api written to /workspace/builds/worker-7-tc1/source/Cargo.toml
[INFO] validating manifest of git repo https://github.com/smores56/grease_api on toolchain 1.99.0-beta.8
[INFO] running `Command { std: CARGO_HOME="/workspace/cargo-home" RUSTUP_HOME="/workspace/rustup-home" "/workspace/cargo-home/bin/cargo" "+1.99.0-beta.8" "metadata" "--manifest-path" "Cargo.toml" "--no-deps", kill_on_drop: false }`
[INFO] crate git repo https://github.com/smores56/grease_api already has a lockfile, it will not be regenerated
[INFO] running `Command { std: CARGO_HOME="/workspace/cargo-home" RUSTUP_HOME="/workspace/rustup-home" "/workspace/cargo-home/bin/cargo" "+1.99.0-beta.8" "fetch" "--manifest-path" "Cargo.toml", kill_on_drop: false }`
[INFO] [stderr]     Updating crates.io index
[INFO] [stderr]  Downloading crates ...
[INFO] [stderr]   Downloaded tower-http v0.3.4
[INFO] [stderr]   Downloaded sqlx-rt v0.6.1
[INFO] [stderr]   Downloaded either v1.7.0
[INFO] [stderr]   Downloaded thiserror v1.0.32
[INFO] [stderr]   Downloaded thiserror-impl v1.0.32
[INFO] [stderr]   Downloaded serde_derive v1.0.143
[INFO] [stderr]   Downloaded pin-project v1.0.11
[INFO] [stderr]   Downloaded pin-project-internal v1.0.11
[INFO] [stderr]   Downloaded sqlx-macros v0.6.1
[INFO] [stderr]   Downloaded hashlink v0.8.0
[INFO] [stderr]   Downloaded serde v1.0.143
[INFO] [stderr]   Downloaded dotenvy v0.15.1
[INFO] [stderr]   Downloaded time v0.3.13
[INFO] [stderr]   Downloaded sqlx v0.6.1
[INFO] [stderr]   Downloaded webpki-roots v0.22.4
[INFO] [stderr]   Downloaded mailgun_v3 v0.13.0
[INFO] [stderr]   Downloaded rustls v0.20.6
[INFO] [stderr]   Downloaded sqlx-core v0.6.1
[INFO] [stderr]   Downloaded libc v0.2.131
[INFO] [stderr]   Downloaded openssl v0.10.41
[INFO] [stderr]   Downloaded openssl-sys v0.9.75
[INFO] [stderr]   Downloaded hyper v0.14.20
[INFO] [stderr]   Downloaded bcrypt v0.12.1
[INFO] [stderr]   Downloaded iana-time-zone v0.1.44
[INFO] [stderr]   Downloaded chrono v0.4.21
[INFO] [stderr]   Downloaded axum v0.5.15
[INFO] [stderr]   Downloaded axum-core v0.2.7
[INFO] [stderr]   Downloaded async-graphql v4.0.8
[INFO] [stderr]   Downloaded async-trait v0.1.57
[INFO] [stderr]   Downloaded multer v2.0.3
[INFO] [stderr]   Downloaded pest_generator v2.2.1
[INFO] [stderr]   Downloaded pest_meta v2.2.1
[INFO] [stderr]   Downloaded async-graphql-derive v4.0.8
[INFO] [stderr]   Downloaded async-graphql-value v4.0.8
[INFO] [stderr]   Downloaded async-graphql-parser v4.0.8
[INFO] [stderr]   Downloaded anyhow v1.0.61
[INFO] [stderr]   Downloaded ucd-trie v0.1.4
[INFO] [stderr]   Downloaded pest v2.2.1
[INFO] [stderr]   Downloaded darling v0.14.1
[INFO] [stderr]   Downloaded darling_macro v0.14.1
[INFO] [stderr]   Downloaded darling_core v0.14.1
[INFO] running `Command { std: "docker" "create" "-v" "/var/lib/crater-agent-workspace/builds/worker-7-tc1/source:/opt/rustwide/workdir:ro,Z" "-v" "/var/lib/crater-agent-workspace/builds/worker-7-tc1/target:/opt/rustwide/target:rw,Z" "-v" "/var/lib/crater-agent-workspace/cargo-home:/opt/rustwide/cargo-home:ro,Z" "-v" "/var/lib/crater-agent-workspace/rustup-home:/opt/rustwide/rustup-home:ro,Z" "-m" "1610612736" "--network" "none" "ghcr.io/rust-lang/crates-build-env/linux@sha256:77db811e55d90add9212f6832c23229e3de5f1c1f9905e8cb07319ea15df73ac" "sleep" "infinity", kill_on_drop: false }`
[INFO] [stdout] 1b741b023549deb2905da4915a8035b46b525a6e368a4c2a775275c6f40103ae
[INFO] running `Command { std: "docker" "start" "1b741b023549deb2905da4915a8035b46b525a6e368a4c2a775275c6f40103ae", kill_on_drop: false }`
[INFO] running `Command { std: "docker" "inspect" "1b741b023549deb2905da4915a8035b46b525a6e368a4c2a775275c6f40103ae", kill_on_drop: false }`
[INFO] running `Command { std: "docker" "exec" "-e" "SOURCE_DIR=/opt/rustwide/workdir" "-e" "CARGO_HOME=/opt/rustwide/cargo-home" "-e" "RUSTUP_HOME=/opt/rustwide/rustup-home" "-e" "CARGO_TARGET_DIR=/opt/rustwide/target" "-w" "/opt/rustwide/workdir" "--user" "0:0" "1b741b023549deb2905da4915a8035b46b525a6e368a4c2a775275c6f40103ae" "/opt/rustwide/cargo-home/bin/cargo" "+1.99.0-beta.8" "metadata" "--no-deps" "--format-version=1", kill_on_drop: false }`
[INFO] running `Command { std: "docker" "inspect" "1b741b023549deb2905da4915a8035b46b525a6e368a4c2a775275c6f40103ae", kill_on_drop: false }`
[INFO] running `Command { std: "docker" "exec" "-e" "SOURCE_DIR=/opt/rustwide/workdir" "-e" "CARGO_HOME=/opt/rustwide/cargo-home" "-e" "RUSTUP_HOME=/opt/rustwide/rustup-home" "-e" "CARGO_TARGET_DIR=/opt/rustwide/target" "-e" "CARGO_INCREMENTAL=0" "-e" "RUST_BACKTRACE=full" "-e" "RUSTFLAGS=--cap-lints=warn" "-e" "RUSTDOCFLAGS=--cap-lints=warn" "-w" "/opt/rustwide/workdir" "--user" "0:0" "1b741b023549deb2905da4915a8035b46b525a6e368a4c2a775275c6f40103ae" "/opt/rustwide/cargo-home/bin/cargo" "+1.99.0-beta.8" "build" "--frozen" "--message-format=json" "--release", kill_on_drop: false }`
[INFO] [stderr]    Compiling proc-macro2 v1.0.43
[INFO] [stderr]    Compiling quote v1.0.21
[INFO] [stderr]    Compiling libc v0.2.131
[INFO] [stderr]    Compiling unicode-ident v1.0.3
[INFO] [stderr]    Compiling syn v1.0.99
[INFO] [stderr]    Compiling serde_derive v1.0.143
[INFO] [stderr]    Compiling serde v1.0.143
[INFO] [stderr]    Compiling cc v1.0.73
[INFO] [stderr]    Compiling once_cell v1.13.0
[INFO] [stderr]    Compiling typenum v1.15.0
[INFO] [stderr]    Compiling generic-array v0.14.6
[INFO] [stderr]    Compiling futures-core v0.3.21
[INFO] [stderr]    Compiling ahash v0.7.6
[INFO] [stderr]    Compiling itoa v1.0.3
[INFO] [stderr]    Compiling memchr v2.5.0
[INFO] [stderr]    Compiling tokio v1.20.1
[INFO] [stderr]    Compiling serde_json v1.0.83
[INFO] [stderr]    Compiling num-traits v0.2.15
[INFO] [stderr]    Compiling slab v0.4.7
[INFO] [stderr]    Compiling getrandom v0.2.7
[INFO] [stderr]    Compiling mio v0.8.4
[INFO] [stderr]    Compiling num_cpus v1.13.1
[INFO] [stderr]    Compiling socket2 v0.4.4
[INFO] [stderr]    Compiling ring v0.16.20
[INFO] [stderr]    Compiling futures-task v0.3.21
[INFO] [stderr]    Compiling futures-sink v0.3.21
[INFO] [stderr]    Compiling unicase v2.6.0
[INFO] [stderr]    Compiling futures-util v0.3.21
[INFO] [stderr]    Compiling futures-io v0.3.21
[INFO] [stderr]    Compiling hashbrown v0.12.3
[INFO] [stderr]    Compiling indexmap v1.9.1
[INFO] [stderr]    Compiling lock_api v0.4.7
[INFO] [stderr]    Compiling rustls v0.20.6
[INFO] [stderr]    Compiling parking_lot_core v0.8.5
[INFO] [stderr]    Compiling pkg-config v0.3.25
[INFO] [stderr]    Compiling mime_guess v2.0.4
[INFO] [stderr]    Compiling crypto-common v0.1.6
[INFO] [stderr]    Compiling openssl-sys v0.9.75
[INFO] [stderr]    Compiling block-buffer v0.10.2
[INFO] [stderr]    Compiling tracing-core v0.1.29
[INFO] [stderr]    Compiling log v0.4.17
[INFO] [stderr]    Compiling ucd-trie v0.1.4
[INFO] [stderr]    Compiling subtle v2.4.1
[INFO] [stderr]    Compiling ryu v1.0.11
[INFO] [stderr]    Compiling crossbeam-utils v0.8.11
[INFO] [stderr]    Compiling digest v0.10.3
[INFO] [stderr]    Compiling tracing v0.1.36
[INFO] [stderr]    Compiling httparse v1.7.1
[INFO] [stderr]    Compiling matches v0.1.9
[INFO] [stderr]    Compiling futures-channel v0.3.21
[INFO] [stderr]    Compiling tinyvec v1.6.0
[INFO] [stderr]    Compiling crossbeam-queue v0.3.6
[INFO] [stderr]    Compiling pin-project-lite v0.2.9
[INFO] [stderr]    Compiling nom v7.1.1
[INFO] [stderr]    Compiling unicode-normalization v0.1.21
[INFO] [stderr]    Compiling webpki v0.22.0
[INFO] [stderr]    Compiling form_urlencoded v1.0.1
[INFO] [stderr]    Compiling unicode-bidi v0.3.8
[INFO] [stderr]    Compiling tower-service v0.3.2
[INFO] [stderr]    Compiling openssl v0.10.41
[INFO] [stderr]    Compiling sct v0.7.0
[INFO] [stderr]    Compiling instant v0.1.12
[INFO] [stderr]    Compiling try-lock v0.2.3
[INFO] [stderr]    Compiling cpufeatures v0.2.2
[INFO] [stderr]    Compiling native-tls v0.2.10
[INFO] [stderr]    Compiling smallvec v1.9.0
[INFO] [stderr]    Compiling time-macros v0.2.4
[INFO] [stderr]    Compiling encoding_rs v0.8.31
[INFO] [stderr]    Compiling httpdate v1.0.2
[INFO] [stderr]    Compiling want v0.3.0
[INFO] [stderr]    Compiling idna v0.2.3
[INFO] [stderr]    Compiling rand_core v0.6.3
[INFO] [stderr]    Compiling dirs-sys v0.3.7
[INFO] [stderr]    Compiling strsim v0.10.0
[INFO] [stderr]    Compiling ppv-lite86 v0.2.16
[INFO] [stderr]    Compiling async-trait v0.1.57
[INFO] [stderr]    Compiling rand_chacha v0.3.1
[INFO] [stderr]    Compiling thiserror-impl v1.0.32
[INFO] [stderr]    Compiling tokio-macros v1.8.0
[INFO] [stderr]    Compiling openssl-macros v0.1.0
[INFO] [stderr]    Compiling thiserror v1.0.32
[INFO] [stderr]    Compiling pest v2.2.1
[INFO] [stderr]    Compiling pin-project-internal v1.0.11
[INFO] [stderr]    Compiling darling_core v0.14.1
[INFO] [stderr]    Compiling pest_meta v2.2.1
[INFO] [stderr]    Compiling pest_generator v2.2.1
[INFO] [stderr]    Compiling url v2.2.2
[INFO] [stderr]    Compiling async-graphql-parser v4.0.8
[INFO] [stderr]    Compiling dirs v4.0.0
[INFO] [stderr]    Compiling parking_lot v0.11.2
[INFO] [stderr]    Compiling sha-1 v0.10.0
[INFO] [stderr]    Compiling hmac v0.12.1
[INFO] [stderr]    Compiling aho-corasick v0.7.18
[INFO] [stderr]    Compiling num-integer v0.1.45
[INFO] [stderr]    Compiling paste v1.0.8
[INFO] [stderr]    Compiling mime v0.3.16
[INFO] [stderr]    Compiling crc-catalog v2.1.0
[INFO] [stderr]    Compiling num_threads v0.1.6
[INFO] [stderr]    Compiling regex-syntax v0.6.27
[INFO] [stderr]    Compiling time v0.3.13
[INFO] [stderr]    Compiling bytes v1.2.1
[INFO] [stderr]    Compiling http v0.2.8
[INFO] [stderr]    Compiling http-body v0.4.5
[INFO] [stderr]    Compiling toml v0.5.9
[INFO] [stderr]    Compiling either v1.7.0
[INFO] [stderr]    Compiling itertools v0.10.3
[INFO] [stderr]    Compiling async-graphql-value v4.0.8
[INFO] [stderr]    Compiling regex v1.6.0
[INFO] [stderr]    Compiling serde_urlencoded v0.7.1
[INFO] [stderr]    Compiling crc v3.0.0
[INFO] [stderr]    Compiling rustls-pemfile v1.0.1
[INFO] [stderr]    Compiling sqlformat v0.1.8
[INFO] [stderr]    Compiling hkdf v0.12.3
[INFO] [stderr]    Compiling futures-intrusive v0.4.0
[INFO] [stderr]    Compiling tokio-util v0.7.3
[INFO] [stderr]    Compiling tokio-rustls v0.23.4
[INFO] [stderr]    Compiling tokio-native-tls v0.3.0
[INFO] [stderr]    Compiling tokio-stream v0.1.9
[INFO] [stderr]    Compiling atoi v1.0.0
[INFO] [stderr]    Compiling dotenvy v0.15.1
[INFO] [stderr]    Compiling sqlx-rt v0.6.1
[INFO] [stderr]    Compiling darling_macro v0.14.1
[INFO] [stderr]    Compiling h2 v0.3.13
[INFO] [stderr]    Compiling pin-project v1.0.11
[INFO] [stderr]    Compiling rand v0.8.5
[INFO] [stderr]    Compiling sha2 v0.10.2
[INFO] [stderr]    Compiling stringprep v0.1.2
[INFO] [stderr]    Compiling webpki-roots v0.22.4
[INFO] [stderr]    Compiling md-5 v0.10.1
[INFO] [stderr]    Compiling hashlink v0.8.0
[INFO] [stderr]    Compiling inout v0.1.3
[INFO] [stderr]    Compiling multer v2.0.3
[INFO] [stderr]    Compiling whoami v1.2.1
[INFO] [stderr]    Compiling unicode-segmentation v1.9.0
[INFO] [stderr]    Compiling byteorder v1.4.3
[INFO] [stderr]    Compiling tower-layer v0.3.1
[INFO] [stderr]    Compiling askama_escape v0.10.3
[INFO] [stderr]    Compiling bitflags v1.3.2
[INFO] [stderr]    Compiling heck v0.4.0
[INFO] [stderr]    Compiling askama_shared v0.12.2
[INFO] [stderr]    Compiling tower v0.4.13
[INFO] [stderr]    Compiling sqlx-core v0.6.1
[INFO] [stderr]    Compiling Inflector v0.11.4
[INFO] [stderr]    Compiling cipher v0.4.3
[INFO] [stderr]    Compiling darling v0.14.1
[INFO] [stderr]    Compiling hyper v0.14.20
[INFO] [stderr]    Compiling proc-macro-crate v1.2.1
[INFO] [stderr]    Compiling headers-core v0.2.0
[INFO] [stderr]    Compiling async-stream-impl v0.3.3
[INFO] [stderr]    Compiling spin v0.9.4
[INFO] [stderr]    Compiling ipnet v2.5.0
[INFO] [stderr]    Compiling humansize v1.1.1
[INFO] [stderr]    Compiling iana-time-zone v0.1.44
[INFO] [stderr]    Compiling ascii_utils v0.9.3
[INFO] [stderr]    Compiling hyper-tls v0.5.0
[INFO] [stderr]    Compiling fastrand v1.8.0
[INFO] [stderr]    Compiling anyhow v1.0.61
[INFO] [stderr]    Compiling http-range-header v0.3.0
[INFO] [stderr]    Compiling tower-http v0.3.4
[INFO] [stderr]    Compiling tempfile v3.3.0
[INFO] [stderr]    Compiling reqwest v0.11.11
[INFO] [stderr]    Compiling fast_chemail v0.9.6
[INFO] [stderr]    Compiling chrono v0.4.21
[INFO] [stderr]    Compiling sqlx-macros v0.6.1
[INFO] [stderr]    Compiling async-stream v0.3.3
[INFO] [stderr]    Compiling async-graphql-derive v4.0.8
[INFO] [stderr]    Compiling headers v0.3.7
[INFO] [stderr]    Compiling askama_derive v0.11.2
[INFO] [stderr]    Compiling blowfish v0.9.1
[INFO] [stderr]    Compiling axum-core v0.2.7
[INFO] [stderr]    Compiling zeroize v1.5.7
[INFO] [stderr]    Compiling matchit v0.5.0
[INFO] [stderr]    Compiling sync_wrapper v0.1.1
[INFO] [stderr]    Compiling bcrypt v0.12.1
[INFO] [stderr]    Compiling axum v0.5.15
[INFO] [stderr]    Compiling askama v0.11.1
[INFO] [stderr]    Compiling sqlx v0.6.1
[INFO] [stderr]    Compiling mailgun_v3 v0.13.0
[INFO] [stderr]    Compiling async-graphql v4.0.8
[INFO] [stderr]    Compiling base64 v0.10.1
[INFO] [stderr]    Compiling uuid v0.8.2
[INFO] [stderr]    Compiling grease v0.1.0 (/opt/rustwide/workdir)
[INFO] [stdout] error[E0554]: `#![feature]` may not be used on the beta release channel
[INFO] [stdout]  --> src/main.rs:3:1
[INFO] [stdout]   |
[INFO] [stdout] 3 | #![feature(extract_if, fs_try_exists)]
[INFO] [stdout]   | ^^^^^^^^^^^^^^^^^^^^^^^^^^^^^^^^^^^^^^
[INFO] [stdout] 
[INFO] [stdout] 
[INFO] [stdout] warning: unexpected `cfg` condition value: `postgres`
[INFO] [stdout]   --> src/models/mod.rs:28:10
[INFO] [stdout]    |
[INFO] [stdout] 28 | #[derive(sqlx::Type, Clone, PartialEq, Eq, PartialOrd, Ord, Debug)]
[INFO] [stdout]    |          ^^^^^^^^^^
[INFO] [stdout]    |
[INFO] [stdout]    = note: no expected values for `feature`
[INFO] [stdout]    = note: using a cfg inside a derive macro will use the cfgs from the destination crate and not the ones from the defining crate
[INFO] [stdout]    = help: try referring to `sqlx::Type` crate for guidance on how handle this unexpected cfg
[INFO] [stdout]    = note: see <https://doc.rust-lang.org/nightly/rustc/check-cfg/cargo-specifics.html> for more information about checking conditional configuration
[INFO] [stdout]    = note: `#[warn(unexpected_cfgs)]` on by default
[INFO] [stdout]    = note: this warning originates in the derive macro `sqlx::Type` (in Nightly builds, run with -Z macro-backtrace for more info)
[INFO] [stdout] 
[INFO] [stdout] 
[INFO] [stdout] warning: unexpected `cfg` condition value: `postgres`
[INFO] [stdout]   --> src/models/mod.rs:50:10
[INFO] [stdout]    |
[INFO] [stdout] 50 | #[derive(sqlx::Type, Clone, PartialEq, Eq, PartialOrd, Ord)]
[INFO] [stdout]    |          ^^^^^^^^^^
[INFO] [stdout]    |
[INFO] [stdout]    = note: no expected values for `feature`
[INFO] [stdout]    = note: using a cfg inside a derive macro will use the cfgs from the destination crate and not the ones from the defining crate
[INFO] [stdout]    = help: try referring to `sqlx::Type` crate for guidance on how handle this unexpected cfg
[INFO] [stdout]    = note: see <https://doc.rust-lang.org/nightly/rustc/check-cfg/cargo-specifics.html> for more information about checking conditional configuration
[INFO] [stdout]    = note: this warning originates in the derive macro `sqlx::Type` (in Nightly builds, run with -Z macro-backtrace for more info)
[INFO] [stdout] 
[INFO] [stdout] 
[INFO] [stdout] warning: unexpected `cfg` condition value: `postgres`
[INFO] [stdout]   --> src/models/event/uniform.rs:21:10
[INFO] [stdout]    |
[INFO] [stdout] 21 | #[derive(sqlx::Type)]
[INFO] [stdout]    |          ^^^^^^^^^^
[INFO] [stdout]    |
[INFO] [stdout]    = note: no expected values for `feature`
[INFO] [stdout]    = note: using a cfg inside a derive macro will use the cfgs from the destination crate and not the ones from the defining crate
[INFO] [stdout]    = help: try referring to `sqlx::Type` crate for guidance on how handle this unexpected cfg
[INFO] [stdout]    = note: see <https://doc.rust-lang.org/nightly/rustc/check-cfg/cargo-specifics.html> for more information about checking conditional configuration
[INFO] [stdout]    = note: this warning originates in the derive macro `sqlx::Type` (in Nightly builds, run with -Z macro-backtrace for more info)
[INFO] [stdout] 
[INFO] [stdout] 
[INFO] [stdout] warning: the feature `fs_try_exists` has been stable since 1.81.0 and no longer requires an attribute to enable
[INFO] [stdout]  --> src/main.rs:3:24
[INFO] [stdout]   |
[INFO] [stdout] 3 | #![feature(extract_if, fs_try_exists)]
[INFO] [stdout]   |                        ^^^^^^^^^^^^^
[INFO] [stdout]   |
[INFO] [stdout]   = note: `#[warn(stable_features)]` on by default
[INFO] [stdout] 
[INFO] [stdout] 
[INFO] [stdout] warning: the feature `extract_if` has been stable since 1.87.0 and no longer requires an attribute to enable
[INFO] [stdout]  --> src/main.rs:3:12
[INFO] [stdout]   |
[INFO] [stdout] 3 | #![feature(extract_if, fs_try_exists)]
[INFO] [stdout]   |            ^^^^^^^^^^
[INFO] [stdout] 
[INFO] [stdout] 
[INFO] [stdout] error[E0282]: type annotations needed
[INFO] [stdout]   --> src/models/grades/context.rs:73:48
[INFO] [stdout]    |
[INFO] [stdout] 73 |                     let gig = gigs.extract_if(|gig| gig.event == event.id).next();
[INFO] [stdout]    |                                                ^^^  --- type must be known at this point
[INFO] [stdout]    |
[INFO] [stdout] help: consider giving this closure parameter an explicit type
[INFO] [stdout]    |
[INFO] [stdout] 73 |                     let gig = gigs.extract_if(|gig: /* Type */| gig.event == event.id).next();
[INFO] [stdout]    |                                                   ++++++++++++
[INFO] [stdout] 
[INFO] [stdout] 
[INFO] [stdout] error[E0061]: this method takes 2 arguments but 1 argument was supplied
[INFO] [stdout]   --> src/models/grades/context.rs:73:36
[INFO] [stdout]    |
[INFO] [stdout] 73 |                     let gig = gigs.extract_if(|gig| gig.event == event.id).next();
[INFO] [stdout]    |                                    ^^^^^^^^^^----------------------------- argument #2 is missing
[INFO] [stdout]    |
[INFO] [stdout] note: method defined here
[INFO] [stdout]   --> /rustc/dfb0accb7f508ae8be965d8629557221c889dd98/library/alloc/src/vec/mod.rs:4279:11
[INFO] [stdout] help: provide the argument
[INFO] [stdout]    |
[INFO] [stdout] 73 |                     let gig = gigs.extract_if(|gig| gig.event == event.id, /* filter */).next();
[INFO] [stdout]    |                                                                          ++++++++++++++
[INFO] [stdout] 
[INFO] [stdout] 
[INFO] [stdout] error[E0282]: type annotations needed
[INFO] [stdout]   --> src/models/song.rs:74:46
[INFO] [stdout]    |
[INFO] [stdout] 74 |                 links: all_links.extract_if(|l| &l.r#type == &t.name).collect(),
[INFO] [stdout]    |                                              ^   - type must be known at this point
[INFO] [stdout]    |
[INFO] [stdout] help: consider giving this closure parameter an explicit type
[INFO] [stdout]    |
[INFO] [stdout] 74 |                 links: all_links.extract_if(|l: /* Type */| &l.r#type == &t.name).collect(),
[INFO] [stdout]    |                                               ++++++++++++
[INFO] [stdout] 
[INFO] [stdout] 
[INFO] [stdout] error[E0061]: this method takes 2 arguments but 1 argument was supplied
[INFO] [stdout]   --> src/models/song.rs:74:34
[INFO] [stdout]    |
[INFO] [stdout] 74 |                 links: all_links.extract_if(|l| &l.r#type == &t.name).collect(),
[INFO] [stdout]    |                                  ^^^^^^^^^^-------------------------- argument #2 is missing
[INFO] [stdout]    |
[INFO] [stdout] note: method defined here
[INFO] [stdout]   --> /rustc/dfb0accb7f508ae8be965d8629557221c889dd98/library/alloc/src/vec/mod.rs:4279:11
[INFO] [stdout] help: provide the argument
[INFO] [stdout]    |
[INFO] [stdout] 74 |                 links: all_links.extract_if(|l| &l.r#type == &t.name, /* filter */).collect(),
[INFO] [stdout]    |                                                                     ++++++++++++++
[INFO] [stdout] 
[INFO] [stdout] 
[INFO] [stdout] error[E0282]: type annotations needed
[INFO] [stdout]    --> src/models/song.rs:191:34
[INFO] [stdout]     |
[INFO] [stdout] 191 |                     .extract_if(|pv| pv.song == ps.id)
[INFO] [stdout]     |                                  ^^  -- type must be known at this point
[INFO] [stdout]     |
[INFO] [stdout] help: consider giving this closure parameter an explicit type
[INFO] [stdout]     |
[INFO] [stdout] 191 |                     .extract_if(|pv: /* Type */| pv.song == ps.id)
[INFO] [stdout]     |                                    ++++++++++++
[INFO] [stdout] 
[INFO] [stdout] 
[INFO] [stdout] error[E0061]: this method takes 2 arguments but 1 argument was supplied
[INFO] [stdout]    --> src/models/song.rs:191:22
[INFO] [stdout]     |
[INFO] [stdout] 191 |                     .extract_if(|pv| pv.song == ps.id)
[INFO] [stdout]     |                      ^^^^^^^^^^----------------------- argument #2 is missing
[INFO] [stdout]     |
[INFO] [stdout] note: method defined here
[INFO] [stdout]    --> /rustc/dfb0accb7f508ae8be965d8629557221c889dd98/library/alloc/src/vec/mod.rs:4279:11
[INFO] [stdout] help: provide the argument
[INFO] [stdout]     |
[INFO] [stdout] 191 |                     .extract_if(|pv| pv.song == ps.id, /* filter */)
[INFO] [stdout]     |                                                      ++++++++++++++
[INFO] [stdout] 
[INFO] [stdout] 
[INFO] [stdout] Some errors have detailed explanations: E0061, E0282, E0554.
[INFO] [stdout] 
[INFO] [stdout] For more information about an error, try `rustc --explain E0061`.
[INFO] [stdout] 
[INFO] [stderr] error: could not compile `grease` (bin "grease") due to 7 previous errors; 5 warnings emitted
[INFO] running `Command { std: "docker" "inspect" "1b741b023549deb2905da4915a8035b46b525a6e368a4c2a775275c6f40103ae", kill_on_drop: false }`
[INFO] running `Command { std: "docker" "rm" "-f" "1b741b023549deb2905da4915a8035b46b525a6e368a4c2a775275c6f40103ae", kill_on_drop: false }`
[INFO] [stdout] 1b741b023549deb2905da4915a8035b46b525a6e368a4c2a775275c6f40103ae
