[INFO] cloning repository https://github.com/shun159/gethostlatency
[INFO] running `Command { std: "git" "-c" "credential.helper=" "-c" "credential.helper=/workspace/cargo-home/bin/git-credential-null" "clone" "--bare" "https://github.com/shun159/gethostlatency" "/workspace/cache/git-repos/https%3A%2F%2Fgithub.com%2Fshun159%2Fgethostlatency", kill_on_drop: false }`
[INFO] [stderr] Cloning into bare repository '/workspace/cache/git-repos/https%3A%2F%2Fgithub.com%2Fshun159%2Fgethostlatency'...
[INFO] running `Command { std: "git" "rev-parse" "HEAD", kill_on_drop: false }`
[INFO] [stdout] 514fb284b3ba989744efce2870cb70d13b1b8546
[INFO] testing shun159/gethostlatency against 1.99.0-beta.8+cargoflags=--release for beta-release-1.100-2
[INFO] running `Command { std: "git" "clone" "/workspace/cache/git-repos/https%3A%2F%2Fgithub.com%2Fshun159%2Fgethostlatency" "/workspace/builds/worker-6-tc1/source", kill_on_drop: false }`
[INFO] [stderr] Cloning into '/workspace/builds/worker-6-tc1/source'...
[INFO] [stderr] done.
[INFO] started tweaking git repo https://github.com/shun159/gethostlatency
[INFO] finished tweaking git repo https://github.com/shun159/gethostlatency
[INFO] tweaked toml for git repo https://github.com/shun159/gethostlatency written to /workspace/builds/worker-6-tc1/source/Cargo.toml
[INFO] validating manifest of git repo https://github.com/shun159/gethostlatency on toolchain 1.99.0-beta.8
[INFO] running `Command { std: CARGO_HOME="/workspace/cargo-home" RUSTUP_HOME="/workspace/rustup-home" "/workspace/cargo-home/bin/cargo" "+1.99.0-beta.8" "metadata" "--manifest-path" "Cargo.toml" "--no-deps", kill_on_drop: false }`
[INFO] crate git repo https://github.com/shun159/gethostlatency already has a lockfile, it will not be regenerated
[INFO] running `Command { std: CARGO_HOME="/workspace/cargo-home" RUSTUP_HOME="/workspace/rustup-home" "/workspace/cargo-home/bin/cargo" "+1.99.0-beta.8" "fetch" "--manifest-path" "Cargo.toml", kill_on_drop: false }`
[INFO] [stderr]     Updating crates.io index
[INFO] [stderr]     Updating git repository `https://github.com/shun159/sym_finder`
[INFO] [stderr]  Downloading crates ...
[INFO] [stderr]   Downloaded proc-macro2 v1.0.26
[INFO] [stderr]   Downloaded num_enum v0.5.1
[INFO] [stderr]   Downloaded goblin v0.2.3
[INFO] [stderr]   Downloaded num_enum_derive v0.5.1
[INFO] [stderr]   Downloaded vsprintf v2.0.0
[INFO] [stderr]   Downloaded anyhow v1.0.40
[INFO] [stderr]   Downloaded serde v1.0.125
[INFO] [stderr]   Downloaded goblin v0.3.4
[INFO] [stderr]   Downloaded nix v0.17.0
[INFO] [stderr]   Downloaded syn v1.0.71
[INFO] [stderr]   Downloaded libbpf-rs v0.11.0
[INFO] [stderr]   Downloaded libbpf-sys v0.3.0-2
[INFO] running `Command { std: "docker" "create" "-v" "/var/lib/crater-agent-workspace/builds/worker-6-tc1/source:/opt/rustwide/workdir:ro,Z" "-v" "/var/lib/crater-agent-workspace/builds/worker-6-tc1/target:/opt/rustwide/target:rw,Z" "-v" "/var/lib/crater-agent-workspace/cargo-home:/opt/rustwide/cargo-home:ro,Z" "-v" "/var/lib/crater-agent-workspace/rustup-home:/opt/rustwide/rustup-home:ro,Z" "-m" "1610612736" "--network" "none" "ghcr.io/rust-lang/crates-build-env/linux@sha256:77db811e55d90add9212f6832c23229e3de5f1c1f9905e8cb07319ea15df73ac" "sleep" "infinity", kill_on_drop: false }`
[INFO] [stdout] e8b6c66707fd11e28c73f107558ec42e060b16ae6268d76bbf1a0296fd14e2d0
[INFO] running `Command { std: "docker" "start" "e8b6c66707fd11e28c73f107558ec42e060b16ae6268d76bbf1a0296fd14e2d0", kill_on_drop: false }`
[INFO] running `Command { std: "docker" "inspect" "e8b6c66707fd11e28c73f107558ec42e060b16ae6268d76bbf1a0296fd14e2d0", kill_on_drop: false }`
[INFO] running `Command { std: "docker" "exec" "-e" "SOURCE_DIR=/opt/rustwide/workdir" "-e" "CARGO_HOME=/opt/rustwide/cargo-home" "-e" "RUSTUP_HOME=/opt/rustwide/rustup-home" "-e" "CARGO_TARGET_DIR=/opt/rustwide/target" "-w" "/opt/rustwide/workdir" "--user" "0:0" "e8b6c66707fd11e28c73f107558ec42e060b16ae6268d76bbf1a0296fd14e2d0" "/opt/rustwide/cargo-home/bin/cargo" "+1.99.0-beta.8" "metadata" "--no-deps" "--format-version=1", kill_on_drop: false }`
[INFO] running `Command { std: "docker" "inspect" "e8b6c66707fd11e28c73f107558ec42e060b16ae6268d76bbf1a0296fd14e2d0", kill_on_drop: false }`
[INFO] running `Command { std: "docker" "exec" "-e" "SOURCE_DIR=/opt/rustwide/workdir" "-e" "CARGO_HOME=/opt/rustwide/cargo-home" "-e" "RUSTUP_HOME=/opt/rustwide/rustup-home" "-e" "CARGO_TARGET_DIR=/opt/rustwide/target" "-e" "CARGO_INCREMENTAL=0" "-e" "RUST_BACKTRACE=full" "-e" "RUSTFLAGS=--cap-lints=warn" "-e" "RUSTDOCFLAGS=--cap-lints=warn" "-w" "/opt/rustwide/workdir" "--user" "0:0" "e8b6c66707fd11e28c73f107558ec42e060b16ae6268d76bbf1a0296fd14e2d0" "/opt/rustwide/cargo-home/bin/cargo" "+1.99.0-beta.8" "build" "--frozen" "--message-format=json" "--release", kill_on_drop: false }`
[INFO] [stderr]    Compiling proc-macro2 v1.0.26
[INFO] [stderr]    Compiling syn v1.0.71
[INFO] [stderr]    Compiling libc v0.2.94
[INFO] [stderr]    Compiling version_check v0.9.3
[INFO] [stderr]    Compiling serde v1.0.125
[INFO] [stderr]    Compiling memchr v2.4.0
[INFO] [stderr]    Compiling nix v0.17.0
[INFO] [stderr]    Compiling plain v0.2.3
[INFO] [stderr]    Compiling num-traits v0.2.14
[INFO] [stderr]    Compiling libbpf-sys v0.3.0-2
[INFO] [stderr]    Compiling num-integer v0.1.44
[INFO] [stderr]    Compiling vsprintf v2.0.0
[INFO] [stderr]    Compiling anyhow v1.0.40
[INFO] [stderr]    Compiling void v1.0.2
[INFO] [stderr]    Compiling regex-syntax v0.6.25
[INFO] [stderr]    Compiling proc-macro-error-attr v1.0.4
[INFO] [stderr]    Compiling proc-macro-error v1.0.4
[INFO] [stderr]    Compiling quote v1.0.9
[INFO] [stderr]    Compiling aho-corasick v0.7.18
[INFO] [stderr]    Compiling atty v0.2.14
[INFO] [stderr]    Compiling time v0.1.44
[INFO] [stderr]    Compiling clap v2.33.3
[INFO] [stderr]    Compiling chrono v0.4.19
[INFO] [stderr]    Compiling regex v1.5.4
[INFO] [stderr]    Compiling toml v0.5.8
[INFO] [stderr]    Compiling proc-macro-crate v0.1.5
[INFO] [stderr]    Compiling scroll_derive v0.10.5
[INFO] [stderr]    Compiling derivative v2.2.0
[INFO] [stderr]    Compiling thiserror-impl v1.0.24
[INFO] [stderr]    Compiling num_enum_derive v0.5.1
[INFO] [stderr]    Compiling strum_macros v0.18.0
[INFO] [stderr]    Compiling structopt-derive v0.4.14
[INFO] [stderr]    Compiling scroll v0.10.2
[INFO] [stderr]    Compiling thiserror v1.0.24
[INFO] [stderr]    Compiling goblin v0.2.3
[INFO] [stderr]    Compiling goblin v0.3.4
[INFO] [stderr]    Compiling structopt v0.3.21
[INFO] [stderr]    Compiling num_enum v0.5.1
[INFO] [stderr]    Compiling libbpf-rs v0.11.0
[INFO] [stderr]    Compiling sym_finder v0.1.0 (https://github.com/shun159/sym_finder?branch=master#d4ac94f4)
[INFO] [stderr]    Compiling gethostlatency v0.1.0 (/opt/rustwide/workdir)
[INFO] [stdout] error[E0596]: cannot borrow data in a `&` reference as mutable
[INFO] [stdout]    --> src/main.rs:98:16
[INFO] [stdout]     |
[INFO] [stdout]  98 |       let _res = skel
[INFO] [stdout]     |  ________________^
[INFO] [stdout]  99 | |         .progs()
[INFO] [stdout] 100 | |         .handle__entry_gethostbyname()
[INFO] [stdout]     | |______________________________________^ cannot borrow as mutable
[INFO] [stdout] 
[INFO] [stdout] 
[INFO] [stdout] error[E0596]: cannot borrow data in a `&` reference as mutable
[INFO] [stdout]    --> src/main.rs:102:16
[INFO] [stdout]     |
[INFO] [stdout] 102 |       let _res = skel
[INFO] [stdout]     |  ________________^
[INFO] [stdout] 103 | |         .progs()
[INFO] [stdout] 104 | |         .handle__return_gethostbyname()
[INFO] [stdout]     | |_______________________________________^ cannot borrow as mutable
[INFO] [stdout] 
[INFO] [stdout] 
[INFO] [stdout] error[E0596]: cannot borrow data in a `&` reference as mutable
[INFO] [stdout]    --> src/main.rs:110:16
[INFO] [stdout]     |
[INFO] [stdout] 110 |       let _res = skel
[INFO] [stdout]     |  ________________^
[INFO] [stdout] 111 | |         .progs()
[INFO] [stdout] 112 | |         .handle__entry_gethostbyname2()
[INFO] [stdout]     | |_______________________________________^ cannot borrow as mutable
[INFO] [stdout] 
[INFO] [stdout] 
[INFO] [stdout] error[E0596]: cannot borrow data in a `&` reference as mutable
[INFO] [stdout]    --> src/main.rs:114:16
[INFO] [stdout]     |
[INFO] [stdout] 114 |       let _res = skel
[INFO] [stdout]     |  ________________^
[INFO] [stdout] 115 | |         .progs()
[INFO] [stdout] 116 | |         .handle__return_gethostbyname2()
[INFO] [stdout]     | |________________________________________^ cannot borrow as mutable
[INFO] [stdout] 
[INFO] [stdout] 
[INFO] [stdout] error[E0596]: cannot borrow data in a `&` reference as mutable
[INFO] [stdout]    --> src/main.rs:122:16
[INFO] [stdout]     |
[INFO] [stdout] 122 |       let _res = skel
[INFO] [stdout]     |  ________________^
[INFO] [stdout] 123 | |         .progs()
[INFO] [stdout] 124 | |         .handle__entry_getaddrinfo()
[INFO] [stdout]     | |____________________________________^ cannot borrow as mutable
[INFO] [stdout] 
[INFO] [stdout] 
[INFO] [stdout] error[E0596]: cannot borrow data in a `&` reference as mutable
[INFO] [stdout]    --> src/main.rs:126:16
[INFO] [stdout]     |
[INFO] [stdout] 126 |       let _res = skel
[INFO] [stdout]     |  ________________^
[INFO] [stdout] 127 | |         .progs()
[INFO] [stdout] 128 | |         .handle__return_getaddrinfo()
[INFO] [stdout]     | |_____________________________________^ cannot borrow as mutable
[INFO] [stdout] 
[INFO] [stdout] 
[INFO] [stdout] For more information about this error, try `rustc --explain E0596`.
[INFO] [stdout] 
[INFO] [stderr] error: could not compile `gethostlatency` (bin "gethostlatency") due to 6 previous errors
[INFO] running `Command { std: "docker" "inspect" "e8b6c66707fd11e28c73f107558ec42e060b16ae6268d76bbf1a0296fd14e2d0", kill_on_drop: false }`
[INFO] running `Command { std: "docker" "rm" "-f" "e8b6c66707fd11e28c73f107558ec42e060b16ae6268d76bbf1a0296fd14e2d0", kill_on_drop: false }`
[INFO] [stdout] e8b6c66707fd11e28c73f107558ec42e060b16ae6268d76bbf1a0296fd14e2d0
